01-29 11:26:53.059 2145 2191 D DistCache: Service discovery onServiceFound: name: DCache, type: _dcache._tcp., host: null, port: 0, txtRecord:
01-29 11:26:53.059 2145 2191 D DistCache: Service Found: _dcache._tcp.
01-29 11:26:53.059 2145 2191 D DistCache: Service discovery onServiceFound: name: DCache, type: _dcache._tcp., host: null, port: 0, txtRecord:
01-29 11:26:53.059 2145 2191 D DistCache: Service Found: _dcache._tcp.
01-29 11:26:53.060 478 579 E NsdServiceInfo: While parsing txt records (pos = 1): Zero sized txt record
01-29 11:26:53.060 255 398 W netd : dnssd_clientstub DNSServiceProcessResult called with NULL DNSServiceRef
01-29 11:26:53.060 2145 2191 E DistCache: Resolve failed: 3
01-29 11:26:53.060 2145 2191 E DistCache: Resolve failed: 3
01-29 11:26:53.060 255 398 W netd : dnssd_clientstub DNSServiceProcessResult called with NULL DNSServiceRef
01-29 11:26:53.060 2145 2191 I DistCache: Resolve Succeeded. name: DCache, type: ._dcache._tcp, host: /10.0.2.16, port: 43263, txtRecord:
01-29 11:26:53.061 2145 2168 D DistCache: /10.0.2.16 is local device
01-29 11:26:53.244 2145 2168 D UstadCache: CacheTrimmer: Trim cache run: max (evictable) size = 100000000 bytes
01-29 11:26:53.244 2145 2168 V UstadCache: CacheTrimmer: deleting
01-29 11:26:53.303 2021 2041 D UiDevice: Searching for node with selector: BySelector [TEXT='\QGet Started\E'].
01-29 11:26:53.383 2145 2188 D DistCache: DistributedCacheHashtable(43263 unknown Android SDK built for x86_64): sending pings to 0 nodes
01-29 11:26:53.405 2021 2041 D UiDevice: Searching for node with selector: BySelector [TEXT='\QGet Started\E'].
01-29 11:26:56.069 2021 2041 I chatty : uid=10131(com.ustadmobile.app_android_baselineprofile) roidJUnitRunner identical 26 lines
01-29 11:26:56.172 2021 2041 D UiDevice: Searching for node with selector: BySelector [TEXT='\QGet Started\E'].
01-29 11:26:56.250 350 350 I perfetto: probes_producer.cc:329 Producer stop (id=17)
01-29 11:26:56.250 361 361 I perfetto: ng_service_impl.cc:1948 Tracing session 17 ended, total sessions:1
01-29 11:26:56.274 2021 2041 D UiDevice: Searching for node with selector: BySelector [TEXT='\QGet Started\E'].
01-29 11:26:56.377 2021 2041 D UiDevice: Searching for node with selector: BySelector [TEXT='\QGet Started\E'].
01-29 11:26:56.384 2145 2188 D DistCache: DistributedCacheHashtable(43263 unknown Android SDK built for x86_64): sending pings to 0 nodes
01-29 11:26:56.479 2021 2041 D UiDevice: Searching for node with selector: BySelector [TEXT='\QGet Started\E'].
01-29 11:26:56.890 2021 2041 I chatty : uid=10131(com.ustadmobile.app_android_baselineprofile) roidJUnitRunner identical 4 lines
01-29 11:26:56.992 2021 2041 D UiDevice: Searching for node with selector: BySelector [TEXT='\QGet Started\E'].
01-29 11:26:57.034 350 350 I perfetto: probes_producer.cc:329 Producer stop (id=18)
01-29 11:26:57.035 350 350 I perfetto: ftrace_procfs.cc:183 disabled ftrace
01-29 11:26:57.035 361 361 I perfetto: ng_service_impl.cc:1948 Tracing session 18 ended, total sessions:0
01-29 11:26:57.095 2021 2041 D UiDevice: Searching for node with selector: BySelector [TEXT='\QGet Started\E'].
01-29 11:26:59.247 2021 2041 I chatty : uid=10131(com.ustadmobile.app_android_baselineprofile) roidJUnitRunner identical 21 lines
01-29 11:26:59.349 2021 2041 D UiDevice: Searching for node with selector: BySelector [TEXT='\QGet Started\E'].
01-29 11:26:59.385 2145 2188 D DistCache: DistributedCacheHashtable(43263 unknown Android SDK built for x86_64): sending pings to 0 nodes
01-29 11:26:59.452 2021 2041 D UiDevice: Searching for node with selector: BySelector [TEXT='\QGet Started\E'].
01-29 11:26:59.862 2021 2041 I chatty : uid=10131(com.ustadmobile.app_android_baselineprofile) roidJUnitRunner identical 4 lines
01-29 11:26:59.965 2021 2041 D UiDevice: Searching for node with selector: BySelector [TEXT='\QGet Started\E'].
01-29 11:27:00.001 638 638 D KeyguardClockSwitch: Updating clock: 1127
01-29 11:27:00.067 2021 2041 D UiDevice: Searching for node with selector: BySelector [TEXT='\QGet Started\E'].
01-29 11:27:02.138 2021 2041 I chatty : uid=10131(com.ustadmobile.app_android_baselineprofile) roidJUnitRunner identical 15 lines
01-29 11:27:02.241 2021 2041 D UiDevice: Searching for node with selector: BySelector [TEXT='\QGet Started\E'].
01-29 11:27:02.385 2145 2188 D DistCache: DistributedCacheHashtable(43263 unknown Android SDK built for x86_64): sending pings to 0 nodes
01-29 11:27:03.243 2021 2041 D UiDevice: Retrieving node with selector: BySelector [TEXT='\QGet Started\E'].
01-29 11:27:03.246 2021 2041 D UiDevice: Node not found with selector: BySelector [TEXT='\QGet Started\E'].
01-29 11:27:05.386 2145 2188 D DistCache: DistributedCacheHashtable(43263 unknown Android SDK built for x86_64): sending pings to 0 nodes
01-29 11:27:08.246 2021 2041 D Benchmark: Profile Installer - Save Profile
01-29 11:27:08.253 2145 2145 I Process : Sending signal. PID: 2145 SIG: 10
01-29 11:27:08.253 2145 2145 D ProfileInstaller:
01-29 11:27:08.253 2145 2153 I aktabmobile.ap: Thread[4,tid=2153,WaitingInMainSignalCatcherLoop,Thread*=0x7e5233e1f380,peer=0x13402500,"Signal Catcher"]: reacting to signal 10
01-29 11:27:08.253 2145 2153 I aktabmobile.ap:
01-29 11:27:08.253 2145 2153 I aktabmobile.ap: SIGUSR1 forcing GC (no HPROF) and profile save
01-29 11:27:08.257 3392 3394 I cmd : oneway function results will be dropped but finished with status OK and parcel size 4
01-29 11:27:08.265 2145 2153 I aktabmobile.ap: Explicit concurrent copying GC freed 126252(4672KB) AllocSpace objects, 5(132KB) LOS objects, 49% free, 7025KB/13MB, paused 8us total 12.633ms
01-29 11:27:08.387 2145 2188 D DistCache: DistributedCacheHashtable(43263 unknown Android SDK built for x86_64): sending pings to 0 nodes
01-29 11:27:08.758 2021 2041 D Benchmark: Killing process tj.maktabmobile.app
01-29 11:27:08.758 2021 2041 D UiDevice: Executing shell command: killall tj.maktabmobile.app
01-29 11:27:08.788 478 563 I PackageDexOptimizer: Running dexopt (dexoptNeeded=-3) on: /data/app/~~udvmEuEJhL3rR0pnxkb45Q==/tj.maktabmobile.app-qWZ3Bw-qpBT7rr6Ga6g6aQ==/base.apk pkg=tj.maktabmobile.app isa=x86_64 dexoptFlags=boot_complete,profile_guided,force,enable_hidden_api_checks targetFilter=speed-profile oatDir=/data/app/~~udvmEuEJhL3rR0pnxkb45Q==/tj.maktabmobile.app-qWZ3Bw-qpBT7rr6Ga6g6aQ==/oat classLoaderContext=PCL[]{PCL[/system_ext/framework/androidx.window.sidecar.jar]}
01-29 11:27:08.790 380 380 V installd: DexInv: --- BEGIN '/data/app/~~udvmEuEJhL3rR0pnxkb45Q==/tj.maktabmobile.app-qWZ3Bw-qpBT7rr6Ga6g6aQ==/base.apk' ---
01-29 11:27:08.795 3406 3406 W dex2oat32: Unexpected CPU variant for X86 using defaults: x86_64
01-29 11:27:08.874 3406 3406 I dex2oat32: /apex/com.android.art/bin/dex2oat32 --input-vdex-fd=9 --output-vdex-fd=10 --updatable-bcp-packages-file=/system/etc/updatable-bcp-packages.txt --resolve-startup-const-strings=true --max-image-block-size=524288 --compiler-filter=speed-profile --profile-file-fd=12 --classpath-dir=/data/app/~~udvmEuEJhL3rR0pnxkb45Q==/tj.maktabmobile.app-qWZ3Bw-qpBT7rr6Ga6g6aQ== --class-loader-context=PCL[]{PCL[/system_ext/framework/androidx.window.sidecar.jar]} --generate-mini-debug-info --compilation-reason=unknown
01-29 11:27:08.874 3406 3406 I dex2oat32: setting boot class path to /apex/com.android.art/javalib/core-oj.jar:/apex/com.android.art/javalib/core-libart.jar:/apex/com.android.art/javalib/core-icu4j.jar:/apex/com.android.art/javalib/okhttp.jar:/apex/com.android.art/javalib/bouncycastle.jar:/apex/com.android.art/javalib/apache-xml.jar:/system/framework/framework.jar:/system/framework/ext.jar:/system/framework/telephony-common.jar:/system/framework/voip-common.jar:/system/framework/ims-common.jar:/system/framework/framework-atb-backward-compatibility.jar
01-29 11:27:11.388 2145 2188 D DistCache: DistributedCacheHashtable(43263 unknown Android SDK built for x86_64): sending pings to 0 nodes
01-29 11:27:12.904 3406 3406 W dex2oat32: Could not reserve sentinel fault page
01-29 11:27:13.277 445 445 E netmgr : qemu_pipe_open_ns:62: Could not connect to the 'pipe:qemud:network' service: Invalid argument
01-29 11:27:13.277 445 445 E netmgr : Failed to open QEMU pipe 'qemud:network': Invalid argument
01-29 11:27:13.305 447 447 E wifi_forwarder: qemu_pipe_open_ns:62: Could not connect to the 'pipe:qemud:wififorward' service: Invalid argument
01-29 11:27:13.305 447 447 E wifi_forwarder: RemoteConnection failed to initialize: RemoteConnection failed to open pipe
01-29 11:27:13.495 3406 3406 W dex2oat32: Class androidx.compose.runtime.snapshots.SnapshotStateMap failed lock verification and will run slower.
01-29 11:27:13.495 3406 3406 W dex2oat32: Common causes for lock verification issues are non-optimized dex code
01-29 11:27:13.495 3406 3406 W dex2oat32: and incorrect proguard optimizations.
01-29 11:27:13.495 3406 3408 W dex2oat32: Class androidx.compose.runtime.snapshots.SnapshotStateList failed lock verification and will run slower.
01-29 11:27:13.553 3406 3408 W dex2oat32: Accessing hidden method Landroid/graphics/Canvas;->drawPatch(Landroid/graphics/NinePatch;Landroid/graphics/Rect;Landroid/graphics/Paint;)V (greylist-max-o, linking, denied)
01-29 11:27:13.553 3406 3408 W dex2oat32: Accessing hidden method Landroid/graphics/Canvas;->drawPatch(Landroid/graphics/NinePatch;Landroid/graphics/RectF;Landroid/graphics/Paint;)V (greylist-max-o, linking, denied)
01-29 11:27:13.557 3406 3408 W dex2oat32: Accessing hidden method Landroid/graphics/Bitmap;->getHardwareBuffer()Landroid/hardware/HardwareBuffer; (blacklist, linking, denied)
01-29 11:27:13.688 3406 3406 W dex2oat32: Accessing hidden method Landroid/app/job/JobParameters;->getStopReason()I (greylist-max-o, linking, denied)
01-29 11:27:14.389 2145 2188 D DistCache: DistributedCacheHashtable(43263 unknown Android SDK built for x86_64): sending pings to 0 nodes
01-29 11:27:15.458 3406 3406 I dex2oat32: Explicit concurrent copying GC freed 275897(40MB) AllocSpace objects, 0(0B) LOS objects, 49% free, 2264KB/4528KB, paused 13us total 7.039ms
01-29 11:27:15.483 3406 3406 W dex2oat32: Accessing hidden field Ljava/nio/file/FileSystemException;->file:Ljava/lang/String; (greylist-max-o, linking, denied)
01-29 11:27:15.483 3406 3406 W dex2oat32: Accessing hidden field Ljava/nio/file/FileSystemException;->other:Ljava/lang/String; (greylist-max-o, linking, denied)
01-29 11:27:15.483 3406 3406 W dex2oat32: Accessing hidden field Ljava/nio/file/InvalidPathException;->index:I (greylist-max-o, linking, denied)
01-29 11:27:15.483 3406 3406 W dex2oat32: Accessing hidden field Ljava/nio/file/InvalidPathException;->input:Ljava/lang/String; (greylist-max-o, linking, denied)
01-29 11:27:15.485 3406 3406 W dex2oat32: Accessing hidden method Landroid/graphics/Bitmap;->getHardwareBuffer()Landroid/hardware/HardwareBuffer; (blacklist, linking, denied)
01-29 11:27:15.485 3406 3406 W dex2oat32: Accessing hidden method Landroid/graphics/Canvas;->drawPatch(Landroid/graphics/NinePatch;Landroid/graphics/Rect;Landroid/graphics/Paint;)V (greylist-max-o, linking, denied)
01-29 11:27:15.485 3406 3406 W dex2oat32: Accessing hidden method Landroid/graphics/Canvas;->drawPatch(Landroid/graphics/NinePatch;Landroid/graphics/RectF;Landroid/graphics/Paint;)V (greylist-max-o, linking, denied)
01-29 11:27:15.497 3406 3406 W dex2oat32: Accessing hidden method Landroid/app/job/JobParameters;->getStopReason()I (greylist-max-o, linking, denied)
01-29 11:27:16.473 3406 3406 I dex2oat32: dex2oat took 7.678s (9.473s cpu) (threads: 2) arena alloc=4081KB (4179784B) java alloc=2280KB (2335144B) native alloc=81MB (85727056B) free=83MB (87518576B)
01-29 11:27:16.488 380 380 V installd: DexInv: --- END '/data/app/~~udvmEuEJhL3rR0pnxkb45Q==/tj.maktabmobile.app-qWZ3Bw-qpBT7rr6Ga6g6aQ==/base.apk' (success) ---
01-29 11:27:16.494 3402 3404 I cmd : oneway function results will be dropped but finished with status OK and parcel size 4
01-29 11:27:16.503 2021 2041 D Benchmark: Reference profile location: /data/misc/profiles/ref/tj.maktabmobile.app/primary.prof
01-29 11:27:16.525 2021 2041 D Benchmark: APK Path: /data/app/~~udvmEuEJhL3rR0pnxkb45Q==/tj.maktabmobile.app-qWZ3Bw-qpBT7rr6Ga6g6aQ==/base.apk
01-29 11:27:16.525 2021 2041 D Benchmark: Converting to human readable profile format
01-29 11:27:16.525 2021 2041 D Benchmark: Using profile location: /data/misc/profiles/ref/tj.maktabmobile.app/primary.prof
01-29 11:27:16.788 3434 3434 W profman : profman took 254.567ms
01-29 11:27:16.804 2021 2041 D Benchmark: Using profile location: /data/misc/profiles/cur/0/tj.maktabmobile.app/primary.prof
01-29 11:27:17.055 3445 3445 W profman : profman took 242.681ms
01-29 11:27:17.389 2145 2188 D DistCache: DistributedCacheHashtable(43263 unknown Android SDK built for x86_64): sending pings to 0 nodes
01-29 11:27:17.967 2021 2041 D Benchmark: Unstable profiles during iteration 10
01-29 11:27:17.967 2021 2041 D Benchmark: Killing package tj.maktabmobile.app
01-29 11:27:17.967 2021 2041 D Benchmark: Killing process tj.maktabmobile.app
01-29 11:27:17.967 2021 2041 D UiDevice: Executing shell command: killall tj.maktabmobile.app
01-29 11:27:17.978 2021 2041 D Benchmark: Compile iteration (11) for tj.maktabmobile.app
01-29 11:27:17.978 2021 2041 D UiDevice: Pressing home button.
01-29 11:27:17.997 478 498 D EventSequenceValidator: inc AccIntentStartedEvents to 2
01-29 11:27:17.998 638 638 V ShadeControllerImpl: NotificationShadeWindow: com.android.systemui.statusbar.phone.NotificationShadeWindowView{90561f7 I.E...... ......ID 0,0-1080,1920} canPanelBeCollapsed(): false
01-29 11:27:17.998 478 496 W InputReader: Device virtio_input_multi_touch_10 is associated with display ADISPLAY_ID_NONE.
01-29 11:27:17.998 478 496 W InputReader: Device virtio_input_multi_touch_7 is associated with display ADISPLAY_ID_NONE.
01-29 11:27:17.998 478 496 W InputReader: Device virtio_input_multi_touch_11 is associated with display ADISPLAY_ID_NONE.
01-29 11:27:17.998 478 496 W InputReader: Device virtio_input_multi_touch_5 is associated with display ADISPLAY_ID_NONE.
01-29 11:27:17.998 478 496 W InputReader: Device virtio_input_multi_touch_2 is associated with display ADISPLAY_ID_NONE.
01-29 11:27:17.998 478 496 W InputReader: Device virtio_input_multi_touch_6 is associated with display ADISPLAY_ID_NONE.
01-29 11:27:17.998 478 496 W InputReader: Device virtio_input_multi_touch_8 is associated with display ADISPLAY_ID_NONE.
01-29 11:27:17.998 478 496 W InputReader: Device virtio_input_multi_touch_9 is associated with display ADISPLAY_ID_NONE.
01-29 11:27:17.998 478 496 W InputReader: Device virtio_input_multi_touch_3 is associated with display ADISPLAY_ID_NONE.
01-29 11:27:17.998 478 496 W InputReader: Device virtio_input_multi_touch_4 is associated with display ADISPLAY_ID_NONE.
01-29 11:27:17.998 478 496 W InputReader: Device virtio_input_multi_touch_10 is associated with display ADISPLAY_ID_NONE.
01-29 11:27:17.998 478 496 W InputReader: Device virtio_input_multi_touch_7 is associated with display ADISPLAY_ID_NONE.
01-29 11:27:17.998 478 496 W InputReader: Device virtio_input_multi_touch_11 is associated with display ADISPLAY_ID_NONE.
01-29 11:27:17.998 478 496 W InputReader: Device virtio_input_multi_touch_5 is associated with display ADISPLAY_ID_NONE.
01-29 11:27:17.998 478 496 W InputReader: Device virtio_input_multi_touch_2 is associated with display ADISPLAY_ID_NONE.
01-29 11:27:17.998 478 496 W InputReader: Device virtio_input_multi_touch_6 is associated with display ADISPLAY_ID_NONE.
01-29 11:27:17.998 478 496 W InputReader: Device virtio_input_multi_touch_8 is associated with display ADISPLAY_ID_NONE.
01-29 11:27:17.998 478 496 W InputReader: Device virtio_input_multi_touch_9 is associated with display ADISPLAY_ID_NONE.
01-29 11:27:17.998 478 496 W InputReader: Device virtio_input_multi_touch_3 is associated with display ADISPLAY_ID_NONE.
01-29 11:27:17.998 478 496 W InputReader: Device virtio_input_multi_touch_4 is associated with display ADISPLAY_ID_NONE.
01-29 11:27:17.998 361 361 I perfetto: ing_service_impl.cc:758 Configured tracing session 19, #sources:1, duration:5000 ms, #buffers:1, total buffer size:4096 KB, total sessions:1, uid:1071 session name: ""
01-29 11:27:17.998 350 350 I perfetto: probes_producer.cc:230 Ftrace setup (target_buf=19)
01-29 11:27:18.014 350 350 I perfetto: ftrace_procfs.cc:176 enabled ftrace
01-29 11:27:18.015 987 987 D TaplTarget: Launcher.onNewIntent: Intent { act=android.intent.action.MAIN cat=[android.intent.category.HOME] flg=0x10400100 cmp=com.android.launcher3/.uioverrides.QuickstepLauncher (has extras) }
01-29 11:27:18.015 638 638 V ShadeControllerImpl: NotificationShadeWindow: com.android.systemui.statusbar.phone.NotificationShadeWindowView{90561f7 I.E...... ......ID 0,0-1080,1920} canPanelBeCollapsed(): false
01-29 11:27:18.032 273 1473 D goldfish-address-space: claimShared: Ask to claim region [0x3f4000000 0x3f47e9000]
01-29 11:27:18.033 273 1473 D goldfish-address-space: claimShared: Ask to claim region [0x3f775f000 0x3f7f48000]
01-29 11:27:18.033 273 1473 D goldfish-address-space: claimShared: Ask to claim region [0x3f57bb000 0x3f5fa4000]
01-29 11:27:18.039 273 1473 D goldfish-address-space: claimShared: Ask to claim region [0x3f5fa4000 0x3f678d000]
01-29 11:27:18.045 478 498 D EventSequenceValidator: dec AccIntentStartedEvents to 1
01-29 11:27:18.055 478 504 D ArtManagerInternalImpl: /data/misc/iorapd/com.android.launcher3/30/com.android.launcher3.uioverrides.QuickstepLauncher/compiled_traces/compiled_trace.pb doesn't exist
01-29 11:27:18.716 255 398 W netd : dnssd_clientstub DNSServiceProcessResult called with NULL DNSServiceRef
01-29 11:27:18.717 2145 2191 I DistCache: Discovery stopped: _dcache._tcp
01-29 11:27:18.728 478 2340 D HostConnection: HostConnection::get() New Host Connection established 0x7e5153e17890, tid 2340
01-29 11:27:18.731 478 2340 D HostConnection: HostComposition ext ANDROID_EMU_CHECKSUM_HELPER_v1 ANDROID_EMU_native_sync_v2 ANDROID_EMU_dma_v1 ANDROID_EMU_direct_mem ANDROID_EMU_host_composition_v1 ANDROID_EMU_host_composition_v2 ANDROID_EMU_vulkan ANDROID_EMU_deferred_vulkan_commands ANDROID_EMU_vulkan_null_optional_strings ANDROID_EMU_vulkan_create_resources_with_requirements ANDROID_EMU_YUV_Cache ANDROID_EMU_vulkan_ignored_handles ANDROID_EMU_has_shared_slots_host_memory_allocator ANDROID_EMU_vulkan_free_memory_sync ANDROID_EMU_vulkan_shader_float16_int8 ANDROID_EMU_vulkan_async_queue_submit ANDROID_EMU_sync_buffer_data ANDROID_EMU_vulkan_async_qsri ANDROID_EMU_read_color_buffer_dma GL_OES_EGL_image_external_essl3 GL_OES_vertex_array_object GL_KHR_texture_compression_astc_ldr ANDROID_EMU_host_side_tracing ANDROID_EMU_gles_max_version_3_0
01-29 11:27:18.731 478 2340 D EGL_emulation: eglCreateContext: 0x7e5143ed00d0: maj 3 min 0 rcv 3
01-29 11:27:18.733 478 2340 D EGL_emulation: eglMakeCurrent: 0x7e5143ed00d0: ver 3 0 (tinfo 0x7e50e3ee3700) (first time)
01-29 11:27:18.780 2021 2041 I System.out: 0 Flags,IntendedVsync,Vsync,OldestInputEvent,NewestInputEvent,HandleInputStart,AnimationStart,PerformTraversalsStart,DrawStart,SyncQueued,SyncStart,IssueDrawCommandsStart,SwapBuffers,FrameCompleted,DequeueBufferDuration,QueueBufferDuration,GpuCompleted,
01-29 11:27:18.780 2021 2041 I System.out: 1 1,293289920342,293289920342,9223372036854775807,0,293303402815,293303403356,293303403436,293330560985,293330822016,293331071144,293331085731,293331829680,293333812086,28524,1119274,293333681561,
01-29 11:27:18.780 2021 2041 I System.out: 2 0,293306586850,293323253516,9223372036854775807,0,293336353223,293336353614,293351764061,293351793537,293352195322,293352272577,293352290601,293352672599,293354433820,26711,154701,293353547634,
01-29 11:27:18.780 2021 2041 I System.out: 3 0,293356586945,293356586945,9223372036854775807,0,293361433958,293361434339,293379599024,293379644599,293387048547,293387128928,293387155087,293387612357,293392814064,47981,4200826,293392735787,
01-29 11:27:18.780 2021 2041 I System.out: 4 0,293373253690,293389920356,9223372036854775807,0,293391130029,293391130359,293398275621,293398320214,293400254140,293400338889,293400370098,293400772664,293407876347,6229600,193614,293406713241,
01-29 11:27:18.780 2021 2041 I System.out: 5 0,293406587111,293406587111,9223372036854775807,0,293406962019,293406962299,293408260610,293408289424,293409276570,293409342724,293409391205,293415671781,293424716242,8192690,130435,293423406250,
01-29 11:27:18.780 2021 2041 I System.out: 6 0,293423253763,293423253763,9223372036854775807,0,293423415697,293423416840,293425187408,293425230499,293426873217,293427256968,293427295410,293428127264,293441121620,8569559,3350468,293432510173,
01-29 11:27:18.780 2021 2041 I System.out: 7 0,293439920516,293439920516,9223372036854775807,0,293440389303,293440389624,293441449957,293441486065,293442663398,293442726907,293442771591,293447260509,293458014865,9269995,793451,293448698082,
01-29 11:27:18.780 2021 2041 I System.out: 8 0,293456587254,293456587254,9223372036854775807,0,293457835187,293457835578,293458554980,293458587722,293459588573,293462354091,293462401410,293462949400,293474522164,7962117,1400372,293466510494,
01-29 11:27:18.780 2021 2041 I System.out: 9 0,293473253990,293473253990,9223372036854775807,0,293473685832,293473686173,293474609508,293474645055,293475846503,293475924931,293475961289,293478629645,293491903737,8251320,203523,293483605979,
01-29 11:27:18.780 2021 2041 I System.out: 10 0,293489920608,293489920608,9223372036854775807,0,293490602671,293490602982,293491564159,293491601028,293493320720,293496383548,293496432600,293497863409,293513363966,9611287,155001,293506752418,
01-29 11:27:18.780 2021 2041 I System.out: 11 0,293506587320,293506587320,9223372036854775807,0,293507950410,293507950651,293508731869,293508755303,293510553584,293513477340,293513860099,293514614717,293526074208,9101007,127620,293523371658,
01-29 11:27:18.780 2021 2041 I System.out: 12 0,293523254098,293523254098,9223372036854775807,0,293524256762,293524256942,293525049642,293525070021,293526030897,293526114364,293526274866,293526756351,293541564406,10327713,149891,293531193030,
01-29 11:27:18.780 2021 2041 I System.out: 13 0,293539920788,293539920788,9223372036854775807,0,293540769652,293540770053,293541717323,293541740817,293542854501,293542897091,293543050078,293543625109,293559322787,11401121,108063,293556732037,
01-29 11:27:18.780 2021 2041 I System.out: 14 0,293556587491,293556587491,9223372036854775807,0,293557258386,293557259098,293558053341,293558087725,293559475003,293559908177,293560080100,293561399611,293575986130,9919666,165772,293566034874,
01-29 11:27:18.780 2021 2041 I System.out: 15 0,293573254283,293573254283,9223372036854775807,0,293573967495,293573967886,293574887014,293574908474,293576167801,293576220019,293576389217,293576864040,293593808250,11601507,149871,293590048693,
01-29 11:27:18.780 2021 2041 I System.out: 16 0,293589920980,293589920980,9223372036854775807,0,293592095130,293592095411,293592883642,293592916885,293594387089,293594457381,293594609406,293595012775,293610137665,12388728,935599,293597715305,
01-29 11:27:18.780 2021 2041 I System.out: 17 0,293606587754,293606587754,9223372036854775807,0,293607736903,293607737173,293608455233,293608484187,293609847450,293610173934,293610203078,293611009164,293626415564,13560190,95549,293612820108,
01-29 11:27:18.780 2021 2041 I System.out: 18 0,293623254494,293623254494,9223372036854775807,0,293623983492,293623983742,293624719836,293624752758,293626990745,293627037242,293627068521,293627499120,293641957288,12353832,150312,293629557720,
01-29 11:27:18.780 2021 2041 I System.out: 19 0,293639921266,293639921266,9223372036854775807,0,293640485712,293640486042,293641371337,293641408526,293642453090,293642775787,293642983357,293643393959,293657973584,12340517,89919,293645581941,
01-29 11:27:18.780 2021 2041 I System.out: 20 0,293656587810,293656587810,9223372036854775807,0,293656797263,293656798125,293658418431,293658456943,293659588911,293659742600,293659775421,293660218645,293676321664,13203920,990352,293663073631,
01-29 11:27:18.780 2021 2041 I System.out: 21 0,293673254536,293673254536,9223372036854775807,0,293673404410,293673405282,293676691569,293676727326,293677738127,293677841621,293677875705,293678324298,293691169294,10027469,942312,293681101489,
01-29 11:27:18.780 2021 2041 I System.out: 22 0,293689921303,293689921303,9223372036854775807,0,293690081449,293690082681,293691492351,293691534720,293692673231,293692735928,293692773619,293693243573,293709284415,13155128,937883,293696090043,
01-29 11:27:18.780 2021 2041 I System.out: 23 0,293706587866,293706587866,9223372036854775807,0,293706873032,293706874435,293707602464,293707638952,293709383231,293709439316,293709469102,293709868684,293726056552,13356767,950797,293712657015,
01-29 11:27:18.780 2021 2041 I System.out: 24 0,293723254622,293723254622,9223372036854775807,0,293723426449,293723427521,293727272969,293727307324,293728246950,293728306131,293728343321,293728927980,293742652859,12109372,903227,293740035830,
01-29 11:27:18.780 2021 2041 I System.out: 25 0,293739921409,293739921409,9223372036854775807,0,293740037142,293740038024,293743846112,293743880377,293744679990,293744758838,293744793653,293745409521,293759610625,13320499,110207,293756708740,
01-29 11:27:18.780 2021 2041 I System.out: 26 0,293756588148,293756588148,9223372036854775807,0,293756746682,293756747764,293760157113,293760196096,293761087511,293761169445,293761207216,293761862899,293776672507,13179995,934246,293763454952,
01-29 11:27:18.780 2021 2041 I System.out: 27 0,293773254498,293773254498,9223372036854775807,0,293773500424,293773501276,293776814203,293776851524,293777666245,293777729574,293777760893,293778584511,293791079498,11681188,139782,293779346173,
01-29 11:27:18.780 2021 2041 I System.out: 28 0,293789921270,293789921270,9223372036854775807,0,293790098454,293790099737,293791315582,293791357391,293792529133,293792591901,293792628139,293793248866,293807705601,12794460,940699,293794859093,
01-29 11:27:18.780 2021 2041 I System.out: 29 0,293806588048,293806588048,9223372036854775807,0,293806886632,293806887734,293807439220,293807478855,293808871793,293808944370,293808983553,293809697375,293824377861,13575779,124113,293823408258,
01-29 11:27:18.780 2021 2041 I System.out: 30 0,293823254132,293823254132,9223372036854775807,0,293823455266,293823456358,293824728430,293824769226,293825899441,293825964964,293826002304,293826619905,293840959049,12742072,934246,293828174217,
01-29 11:27:18.780 2021 2041 I System.out: 31 0,293839920884,293839920884,9223372036854775807,0,293840068204,293840069196,293841228115,293841266447,293842555800,293842624089,293842661800,293843307734,293859320914,14314948,755310,293844964278,
01-29 11:27:18.780 2021 2041 I System.out: 32 0,293856587648,293856587648,9223372036854775807,0,293856708534,293856709476,293859472820,293859791900,293859880456,293859946721,293859975665,293860889793,293876057946,14353210,68508,293873370083,
01-29 11:27:18.780 2021 2041 I System.out: 33 0,293873254397,293873254397,9223372036854775807,0,293873384550,293873385362,293876305902,293876338323,293877275424,293877325769,293877356086,293877935385,293893136519,14322192,122070,241328360260,
01-29 11:27:18.780 2021 2041 I System.out: 34 0,293889920698,293889920698,9223372036854775807,0,293890138934,293890139796,293895133873,293895181383,293896302851,293896369706,293896399582,293896970035,293909530956,10937761,877640,0,
01-29 11:27:18.780 2021 2041 I System.out: 35 0,293906587323,293906587323,9223372036854775807,0,293906802978,293906803870,293910351759,293910403075,293910864122,293910913515,293910944583,293911497503,293926287464,13778259,146616,0,
01-29 11:27:18.780 2021 2041 I System.out: 36 8,293923254056,293923254056,9223372036854775807,0,293923408422,293923409284,293923409404,293923462193,293923473043,293926347096,241857260352,241857876961,241859066107,19968,125226,0,
01-29 11:27:18.780 2021 2041 D Benchmark: Starting activity with command: am start -W "intent:#Intent;action=android.intent.action.MAIN;category=android.intent.category.LAUNCHER;launchFlags=0x10008000;package=tj.maktabmobile.app;component=tj.maktabmobile.app/com.ustadmobile.port.android.view.AppActivity;end"
01-29 11:27:18.798 478 498 D EventSequenceValidator: inc AccIntentStartedEvents to 2
01-29 11:27:18.799 361 361 I perfetto: ing_service_impl.cc:758 Configured tracing session 20, #sources:1, duration:5000 ms, #buffers:1, total buffer size:4096 KB, total sessions:2, uid:1071 session name: ""
01-29 11:27:18.799 350 350 I perfetto: probes_producer.cc:230 Ftrace setup (target_buf=20)
01-29 11:27:18.800 255 398 W netd : dnssd_clientstub DNSServiceProcessResult called with NULL DNSServiceRef
01-29 11:27:18.800 2145 2191 I DistCache: Unregistered: name: DCache, type: _dcache._tcp, host: null, port: 43263, txtRecord:
01-29 11:27:18.802 478 1102 W InputReader: Device virtio_input_multi_touch_10 is associated with display ADISPLAY_ID_NONE.
01-29 11:27:18.802 478 1102 W InputReader: Device virtio_input_multi_touch_7 is associated with display ADISPLAY_ID_NONE.
01-29 11:27:18.802 478 1102 W InputReader: Device virtio_input_multi_touch_11 is associated with display ADISPLAY_ID_NONE.
01-29 11:27:18.802 478 1102 W InputReader: Device virtio_input_multi_touch_5 is associated with display ADISPLAY_ID_NONE.
01-29 11:27:18.802 478 1102 W InputReader: Device virtio_input_multi_touch_2 is associated with display ADISPLAY_ID_NONE.
01-29 11:27:18.802 478 1102 W InputReader: Device virtio_input_multi_touch_6 is associated with display ADISPLAY_ID_NONE.
01-29 11:27:18.802 478 1102 W InputReader: Device virtio_input_multi_touch_8 is associated with display ADISPLAY_ID_NONE.
01-29 11:27:18.802 478 1102 W InputReader: Device virtio_input_multi_touch_9 is associated with display ADISPLAY_ID_NONE.
01-29 11:27:18.802 478 1102 W InputReader: Device virtio_input_multi_touch_3 is associated with display ADISPLAY_ID_NONE.
01-29 11:27:18.802 478 1102 W InputReader: Device virtio_input_multi_touch_4 is associated with display ADISPLAY_ID_NONE.
01-29 11:27:18.802 478 1102 W InputReader: Device virtio_input_multi_touch_10 is associated with display ADISPLAY_ID_NONE.
01-29 11:27:18.802 478 1102 W InputReader: Device virtio_input_multi_touch_7 is associated with display ADISPLAY_ID_NONE.
01-29 11:27:18.802 478 1102 W InputReader: Device virtio_input_multi_touch_11 is associated with display ADISPLAY_ID_NONE.
01-29 11:27:18.802 478 1102 W InputReader: Device virtio_input_multi_touch_5 is associated with display ADISPLAY_ID_NONE.
01-29 11:27:18.802 478 1102 W InputReader: Device virtio_input_multi_touch_2 is associated with display ADISPLAY_ID_NONE.
01-29 11:27:18.802 478 1102 W InputReader: Device virtio_input_multi_touch_6 is associated with display ADISPLAY_ID_NONE.
01-29 11:27:18.802 478 1102 W InputReader: Device virtio_input_multi_touch_8 is associated with display ADISPLAY_ID_NONE.
01-29 11:27:18.802 478 1102 W InputReader: Device virtio_input_multi_touch_9 is associated with display ADISPLAY_ID_NONE.
01-29 11:27:18.802 478 1102 W InputReader: Device virtio_input_multi_touch_3 is associated with display ADISPLAY_ID_NONE.
01-29 11:27:18.802 478 1102 W InputReader: Device virtio_input_multi_touch_4 is associated with display ADISPLAY_ID_NONE.
01-29 11:27:18.804 2145 2145 D AppActivity$onDestroy: AppActivity#onDestroy
01-29 11:27:18.810 2145 2145 W CustomTabsClient: Unable to find any Custom Tabs packages, you may need to add a element to your manifest. See the docs for CustomTabsClient#getPackageName.
01-29 11:27:18.810 2145 2145 W AppActivity$bindCustomTabsService: CustomTabs: Service NOT supported
01-29 11:27:18.817 478 572 D UntrustedWifiNetworkFactory: got request NetworkRequest [ TRACK_DEFAULT id=30, [ Capabilities: INTERNET&NOT_RESTRICTED&TRUSTED Uid: 10130 AdministratorUids: [] RequestorUid: 10130 RequestorPackageName: tj.maktabmobile.app] ] with score 60 and providerId 3
01-29 11:27:18.817 478 572 D WifiNetworkFactory: got request NetworkRequest [ TRACK_DEFAULT id=30, [ Capabilities: INTERNET&NOT_RESTRICTED&TRUSTED Uid: 10130 AdministratorUids: [] RequestorUid: 10130 RequestorPackageName: tj.maktabmobile.app] ] with score 60 and providerId 3
01-29 11:27:18.817 842 842 D PhoneSwitcherNetworkRequstListener: got request NetworkRequest [ TRACK_DEFAULT id=30, [ Capabilities: INTERNET&NOT_RESTRICTED&TRUSTED Uid: 10130 AdministratorUids: [] RequestorUid: 10130 RequestorPackageName: tj.maktabmobile.app] ] with score 60 and providerId 3
01-29 11:27:18.818 273 1473 D goldfish-address-space: claimShared: Ask to claim region [0x3f678d000 0x3f6f76000]
01-29 11:27:18.820 842 842 D Telephony: isEmergencyPreferredAccount: subId=1, activeData=1
01-29 11:27:18.820 842 842 D Telephony: isEmergencyPreferredAccount: Device does not require preference.
01-29 11:27:18.825 638 638 V KeyguardUpdateMonitor: onSubscriptionInfoChanged()
01-29 11:27:18.833 638 638 V KeyguardUpdateMonitor: SubInfo:{id=1 iccId=89014103211118510720 simSlotIndex=0 carrierId=1 displayName=T-Mobile carrierName=T-Mobile nameSource=3 iconTint=-16746133 number=+15555215554 dataRoaming=0 iconBitmap=android.graphics.Bitmap@d1f97bd mcc=310 mnc=260 countryIso=us isEmbedded=false nativeAccessRules=null cardString=89014103211118510720 cardId=-1 isOpportunistic=false groupUUID=null isGroupDisabled=false profileClass=-1 ehplmns=null hplmns=null subscriptionType=0 groupOwner=null carrierConfigAccessRules=null areUiccApplicationsEnabled=true}
01-29 11:27:18.846 273 1473 D goldfish-address-space: claimShared: Ask to claim region [0x3f90e9000 0x3f98d2000]
01-29 11:27:18.846 273 317 D goldfish-address-space: claimShared: Ask to claim region [0x3f98d2000 0x3fa0bb000]
01-29 11:27:18.846 273 317 D goldfish-address-space: claimShared: Ask to claim region [0x3fa0bb000 0x3fa8a4000]
01-29 11:27:18.856 2145 2145 D UstadViewModelFunKt$ustadViewModel$viewModel$invoke: ustadViewModel(): create viewmodel for: com.ustadmobile.core.viewmodel.redirect.RedirectViewModel
01-29 11:27:18.858 3481 3483 I cmd : oneway function results will be dropped but finished with status OK and parcel size 4
01-29 11:27:18.859 2145 2191 D DistCache: Service discovery started
01-29 11:27:18.859 2145 2191 D DistCache: Service discovery onServiceFound: name: DCache, type: _dcache._tcp., host: null, port: 0, txtRecord:
01-29 11:27:18.859 2145 2191 D DistCache: Service Found: _dcache._tcp.
01-29 11:27:18.859 2145 2191 D DistCache: Service discovery onServiceFound: name: DCache, type: _dcache._tcp., host: null, port: 0, txtRecord:
01-29 11:27:18.859 2145 2191 D DistCache: Service Found: _dcache._tcp.
01-29 11:27:18.859 2145 2191 D DistCache: Service discovery onServiceFound: name: DCache, type: _dcache._tcp., host: null, port: 0, txtRecord:
01-29 11:27:18.859 2145 2191 D DistCache: Service Found: _dcache._tcp.
01-29 11:27:18.859 478 498 D EventSequenceValidator: dec AccIntentStartedEvents to 1
01-29 11:27:18.860 478 504 D ArtManagerInternalImpl: /data/misc/iorapd/tj.maktabmobile.app/372/com.ustadmobile.port.android.view.AppActivity/compiled_traces/compiled_trace.pb doesn't exist
01-29 11:27:18.861 478 579 E NsdServiceInfo: While parsing txt records (pos = 1): Zero sized txt record
01-29 11:27:18.861 2145 2191 E DistCache: Resolve failed: 3
01-29 11:27:18.861 2145 2191 E DistCache: Resolve failed: 3
01-29 11:27:18.861 255 398 W netd : dnssd_clientstub DNSServiceProcessResult called with NULL DNSServiceRef
01-29 11:27:18.864 478 504 I ActivityTaskManager: Displayed tj.maktabmobile.app/com.ustadmobile.port.android.view.AppActivity: +59ms
01-29 11:27:18.865 2145 2145 D UstadNavControllerPreCompose$onCollectNavCommand: NavCommandEffect: Navigate: Go to addAccountSelectNewOrExisting
01-29 11:27:18.873 2145 2145 D UstadViewModelFunKt$ustadViewModel$viewModel$invoke: ustadViewModel(): create viewmodel for: com.ustadmobile.core.viewmodel.AddAccountSelectNewOrExistingViewModel
01-29 11:27:18.877 255 398 W netd : dnssd_clientstub DNSServiceProcessResult called with NULL DNSServiceRef
01-29 11:27:18.878 2145 2191 I DistCache: Resolve Succeeded. name: DCache, type: ._dcache._tcp, host: /10.0.2.16, port: 43263, txtRecord:
01-29 11:27:18.878 2145 2169 D DistCache: /10.0.2.16 is local device
01-29 11:27:18.892 2021 2041 D Benchmark: Result: Starting: Intent { act=android.intent.action.MAIN cat=[android.intent.category.LAUNCHER] flg=0x10008000 pkg=tj.maktabmobile.app cmp=tj.maktabmobile.app/com.ustadmobile.port.android.view.AppActivity }
01-29 11:27:18.892 2021 2041 D Benchmark: Status: ok
01-29 11:27:18.892 2021 2041 D Benchmark: LaunchState: WARM
01-29 11:27:18.892 2021 2041 D Benchmark: Activity: tj.maktabmobile.app/com.ustadmobile.port.android.view.AppActivity
01-29 11:27:18.892 2021 2041 D Benchmark: TotalTime: 59
01-29 11:27:18.892 2021 2041 D Benchmark: WaitTime: 60
01-29 11:27:18.892 2021 2041 D Benchmark: Complete
01-29 11:27:18.988 2021 2041 I System.out: 0 Flags,IntendedVsync,Vsync,OldestInputEvent,NewestInputEvent,HandleInputStart,AnimationStart,PerformTraversalsStart,DrawStart,SyncQueued,SyncStart,IssueDrawCommandsStart,SwapBuffers,FrameCompleted,DequeueBufferDuration,QueueBufferDuration,GpuCompleted,
01-29 11:27:18.988 2021 2041 I System.out: 1 1,320056586819,320056586819,9223372036854775807,0,320072926396,320072928179,320072928279,320092522491,320092812727,320093036527,320093051736,320093837984,320095505899,204584,178085,320106721331,
01-29 11:27:18.988 2021 2041 I System.out: 2 0,320089920098,320089920098,9223372036854775807,0,320097980371,320097981162,320104856877,320104881793,320105536374,320108257920,320108285642,320114571187,320123219213,246343,7253374,320122768175,
01-29 11:27:18.988 2021 2041 I System.out: 3 0,320106586806,320106586806,9223372036854775807,0,320112154153,320112154955,320133469110,320133522851,320139376965,320139454291,320139495949,320139899137,320143403825,24466,108463,320143353971,
01-29 11:27:18.988 2021 2041 I System.out: 4 0,320123253530,320139920196,9223372036854775807,0,320142294008,320142294830,320149593910,320149625289,320151384396,320151476780,320151509441,320151905375,320159399142,6468960,466146,320156699216,
01-29 11:27:18.988 2021 2041 I System.out: 5 0,320156586912,320156586912,9223372036854775807,0,320157486146,320157486396,320158233611,320158262685,320159261202,320159485043,320159533715,320160872782,320181194952,18265936,572717,266904905646,
01-29 11:27:18.988 2021 2041 I System.out: 6 0,320173253614,320173253614,9223372036854775807,0,320173709501,320173709742,320174463118,320174494968,320175527028,320181274091,320181318725,320181796362,320195513547,12931658,111550,266923404719,
01-29 11:27:18.988 2021 2041 I System.out: 7 0,320189920239,320189920239,9223372036854775807,0,320190341716,320190342066,320191114739,320191150045,320192297973,320195956740,320196002777,320198677775,320207873921,6844256,1467228,266940055869,
01-29 11:27:18.988 2021 2041 D UiDevice: Waiting 10000ms for SearchCondition[hasObject=BySelector [TEXT='\QGet Started\E']].
01-29 11:27:18.988 2021 2041 D UiDevice: Searching for node with selector: BySelector [TEXT='\QGet Started\E'].
01-29 11:27:19.563 2021 2041 D UiDevice: Searching for node with selector: BySelector [TEXT='\QGet Started\E'].
01-29 11:27:19.577 2145 2191 I DistCache: Registered: name: DCache, type: null, host: null, port: 0, txtRecord:
01-29 11:27:20.161 2021 2041 D UiDevice: Searching for node with selector: BySelector [TEXT='\QGet Started\E'].
01-29 11:27:20.264 2021 2041 I chatty : uid=10131(com.ustadmobile.app_android_baselineprofile) roidJUnitRunner identical 1 line
01-29 11:27:20.366 2021 2041 D UiDevice: Searching for node with selector: BySelector [TEXT='\QGet Started\E'].
01-29 11:27:20.390 2145 2188 D DistCache: DistributedCacheHashtable(43263 unknown Android SDK built for x86_64): sending pings to 0 nodes
01-29 11:27:20.468 2021 2041 D UiDevice: Searching for node with selector: BySelector [TEXT='\QGet Started\E'].
01-29 11:27:22.827 2021 2041 I chatty : uid=10131(com.ustadmobile.app_android_baselineprofile) roidJUnitRunner identical 23 lines
01-29 11:27:22.934 2021 2041 D UiDevice: Searching for node with selector: BySelector [TEXT='\QGet Started\E'].
01-29 11:27:23.003 350 350 I perfetto: probes_producer.cc:329 Producer stop (id=19)
01-29 11:27:23.004 361 361 I perfetto: ng_service_impl.cc:1948 Tracing session 19 ended, total sessions:1
01-29 11:27:23.037 2021 2041 D UiDevice: Searching for node with selector: BySelector [TEXT='\QGet Started\E'].
01-29 11:27:23.139 2021 2041 I chatty : uid=10131(com.ustadmobile.app_android_baselineprofile) roidJUnitRunner identical 1 line
01-29 11:27:23.242 2021 2041 D UiDevice: Searching for node with selector: BySelector [TEXT='\QGet Started\E'].
01-29 11:27:23.244 2145 2168 D UstadCache: CacheTrimmer: Trim cache run: max (evictable) size = 100000000 bytes
01-29 11:27:23.245 2145 2168 V UstadCache: CacheTrimmer: deleting
01-29 11:27:23.344 2021 2041 D UiDevice: Searching for node with selector: BySelector [TEXT='\QGet Started\E'].
01-29 11:27:23.391 2145 2188 D DistCache: DistributedCacheHashtable(43263 unknown Android SDK built for x86_64): sending pings to 0 nodes
01-29 11:27:23.447 2021 2041 D UiDevice: Searching for node with selector: BySelector [TEXT='\QGet Started\E'].
01-29 11:27:23.652 2021 2041 I chatty : uid=10131(com.ustadmobile.app_android_baselineprofile) roidJUnitRunner identical 2 lines
01-29 11:27:23.754 2021 2041 D UiDevice: Searching for node with selector: BySelector [TEXT='\QGet Started\E'].
01-29 11:27:23.801 350 350 I perfetto: probes_producer.cc:329 Producer stop (id=20)
01-29 11:27:23.801 361 361 I perfetto: ng_service_impl.cc:1948 Tracing session 20 ended, total sessions:0
01-29 11:27:23.801 350 350 I perfetto: ftrace_procfs.cc:183 disabled ftrace
01-29 11:27:23.857 2021 2041 D UiDevice: Searching for node with selector: BySelector [TEXT='\QGet Started\E'].
01-29 11:27:26.214 2021 2041 I chatty : uid=10131(com.ustadmobile.app_android_baselineprofile) roidJUnitRunner identical 23 lines
01-29 11:27:26.316 2021 2041 D UiDevice: Searching for node with selector: BySelector [TEXT='\QGet Started\E'].
01-29 11:27:26.392 2145 2188 D DistCache: DistributedCacheHashtable(43263 unknown Android SDK built for x86_64): sending pings to 0 nodes
01-29 11:27:26.419 2021 2041 D UiDevice: Searching for node with selector: BySelector [TEXT='\QGet Started\E'].
01-29 11:27:28.981 2021 2041 I chatty : uid=10131(com.ustadmobile.app_android_baselineprofile) roidJUnitRunner identical 25 lines
01-29 11:27:29.084 2021 2041 D UiDevice: Searching for node with selector: BySelector [TEXT='\QGet Started\E'].
01-29 11:27:29.393 2145 2188 D DistCache: DistributedCacheHashtable(43263 unknown Android SDK built for x86_64): sending pings to 0 nodes
01-29 11:27:30.086 2021 2041 D UiDevice: Retrieving node with selector: BySelector [TEXT='\QGet Started\E'].
01-29 11:27:30.089 2021 2041 D UiDevice: Node not found with selector: BySelector [TEXT='\QGet Started\E'].
01-29 11:27:32.393 2145 2188 D DistCache: DistributedCacheHashtable(43263 unknown Android SDK built for x86_64): sending pings to 0 nodes
01-29 11:27:35.089 2021 2041 D Benchmark: Profile Installer - Save Profile
01-29 11:27:35.097 2145 2145 I Process : Sending signal. PID: 2145 SIG: 10
01-29 11:27:35.097 2145 2145 D ProfileInstaller:
01-29 11:27:35.097 2145 2153 I aktabmobile.ap: Thread[4,tid=2153,WaitingInMainSignalCatcherLoop,Thread*=0x7e5233e1f380,peer=0x13982500,"Signal Catcher"]: reacting to signal 10
01-29 11:27:35.097 2145 2153 I aktabmobile.ap:
01-29 11:27:35.097 2145 2153 I aktabmobile.ap: SIGUSR1 forcing GC (no HPROF) and profile save
01-29 11:27:35.102 3515 3517 I cmd : oneway function results will be dropped but finished with status OK and parcel size 4
01-29 11:27:35.110 2145 2153 I aktabmobile.ap: Explicit concurrent copying GC freed 129406(4796KB) AllocSpace objects, 5(132KB) LOS objects, 49% free, 7030KB/13MB, paused 8us total 13.694ms
01-29 11:27:35.394 2145 2188 D DistCache: DistributedCacheHashtable(43263 unknown Android SDK built for x86_64): sending pings to 0 nodes
01-29 11:27:35.603 2021 2041 D Benchmark: Killing process tj.maktabmobile.app
01-29 11:27:35.603 2021 2041 D UiDevice: Executing shell command: killall tj.maktabmobile.app
01-29 11:27:35.634 478 563 I PackageDexOptimizer: Running dexopt (dexoptNeeded=-3) on: /data/app/~~udvmEuEJhL3rR0pnxkb45Q==/tj.maktabmobile.app-qWZ3Bw-qpBT7rr6Ga6g6aQ==/base.apk pkg=tj.maktabmobile.app isa=x86_64 dexoptFlags=boot_complete,profile_guided,force,enable_hidden_api_checks targetFilter=speed-profile oatDir=/data/app/~~udvmEuEJhL3rR0pnxkb45Q==/tj.maktabmobile.app-qWZ3Bw-qpBT7rr6Ga6g6aQ==/oat classLoaderContext=PCL[]{PCL[/system_ext/framework/androidx.window.sidecar.jar]}
01-29 11:27:35.636 380 380 V installd: DexInv: --- BEGIN '/data/app/~~udvmEuEJhL3rR0pnxkb45Q==/tj.maktabmobile.app-qWZ3Bw-qpBT7rr6Ga6g6aQ==/base.apk' ---
01-29 11:27:35.641 3529 3529 W dex2oat32: Unexpected CPU variant for X86 using defaults: x86_64
01-29 11:27:35.720 3529 3529 I dex2oat32: /apex/com.android.art/bin/dex2oat32 --input-vdex-fd=9 --output-vdex-fd=10 --updatable-bcp-packages-file=/system/etc/updatable-bcp-packages.txt --resolve-startup-const-strings=true --max-image-block-size=524288 --compiler-filter=speed-profile --profile-file-fd=12 --classpath-dir=/data/app/~~udvmEuEJhL3rR0pnxkb45Q==/tj.maktabmobile.app-qWZ3Bw-qpBT7rr6Ga6g6aQ== --class-loader-context=PCL[]{PCL[/system_ext/framework/androidx.window.sidecar.jar]} --generate-mini-debug-info --compilation-reason=unknown
01-29 11:27:35.720 3529 3529 I dex2oat32: setting boot class path to /apex/com.android.art/javalib/core-oj.jar:/apex/com.android.art/javalib/core-libart.jar:/apex/com.android.art/javalib/core-icu4j.jar:/apex/com.android.art/javalib/okhttp.jar:/apex/com.android.art/javalib/bouncycastle.jar:/apex/com.android.art/javalib/apache-xml.jar:/system/framework/framework.jar:/system/framework/ext.jar:/system/framework/telephony-common.jar:/system/framework/voip-common.jar:/system/framework/ims-common.jar:/system/framework/framework-atb-backward-compatibility.jar
01-29 11:27:38.395 2145 2188 D DistCache: DistributedCacheHashtable(43263 unknown Android SDK built for x86_64): sending pings to 0 nodes
01-29 11:27:39.685 3529 3529 W dex2oat32: Could not reserve sentinel fault page
01-29 11:27:40.304 3529 3531 W dex2oat32: Class androidx.compose.runtime.snapshots.SnapshotStateMap failed lock verification and will run slower.
01-29 11:27:40.304 3529 3531 W dex2oat32: Common causes for lock verification issues are non-optimized dex code
01-29 11:27:40.304 3529 3531 W dex2oat32: and incorrect proguard optimizations.
01-29 11:27:40.304 3529 3529 W dex2oat32: Class androidx.compose.runtime.snapshots.SnapshotStateList failed lock verification and will run slower.
01-29 11:27:40.374 3529 3529 W dex2oat32: Accessing hidden method Landroid/graphics/Canvas;->drawPatch(Landroid/graphics/NinePatch;Landroid/graphics/Rect;Landroid/graphics/Paint;)V (greylist-max-o, linking, denied)
01-29 11:27:40.374 3529 3529 W dex2oat32: Accessing hidden method Landroid/graphics/Canvas;->drawPatch(Landroid/graphics/NinePatch;Landroid/graphics/RectF;Landroid/graphics/Paint;)V (greylist-max-o, linking, denied)
01-29 11:27:40.379 3529 3531 W dex2oat32: Accessing hidden method Landroid/graphics/Bitmap;->getHardwareBuffer()Landroid/hardware/HardwareBuffer; (blacklist, linking, denied)
01-29 11:27:40.504 3529 3529 W dex2oat32: Accessing hidden method Landroid/app/job/JobParameters;->getStopReason()I (greylist-max-o, linking, denied)
01-29 11:27:41.396 2145 2188 D DistCache: DistributedCacheHashtable(43263 unknown Android SDK built for x86_64): sending pings to 0 nodes
01-29 11:27:42.237 3529 3529 I dex2oat32: Explicit concurrent copying GC freed 275905(40MB) AllocSpace objects, 0(0B) LOS objects, 49% free, 2264KB/4528KB, paused 13us total 7.100ms
01-29 11:27:42.263 3529 3529 W dex2oat32: Accessing hidden field Ljava/nio/file/FileSystemException;->file:Ljava/lang/String; (greylist-max-o, linking, denied)
01-29 11:27:42.263 3529 3529 W dex2oat32: Accessing hidden field Ljava/nio/file/FileSystemException;->other:Ljava/lang/String; (greylist-max-o, linking, denied)
01-29 11:27:42.263 3529 3529 W dex2oat32: Accessing hidden field Ljava/nio/file/InvalidPathException;->index:I (greylist-max-o, linking, denied)
01-29 11:27:42.263 3529 3529 W dex2oat32: Accessing hidden field Ljava/nio/file/InvalidPathException;->input:Ljava/lang/String; (greylist-max-o, linking, denied)
01-29 11:27:42.265 3529 3529 W dex2oat32: Accessing hidden method Landroid/graphics/Bitmap;->getHardwareBuffer()Landroid/hardware/HardwareBuffer; (blacklist, linking, denied)
01-29 11:27:42.265 3529 3529 W dex2oat32: Accessing hidden method Landroid/graphics/Canvas;->drawPatch(Landroid/graphics/NinePatch;Landroid/graphics/Rect;Landroid/graphics/Paint;)V (greylist-max-o, linking, denied)
01-29 11:27:42.265 3529 3529 W dex2oat32: Accessing hidden method Landroid/graphics/Canvas;->drawPatch(Landroid/graphics/NinePatch;Landroid/graphics/RectF;Landroid/graphics/Paint;)V (greylist-max-o, linking, denied)
01-29 11:27:42.276 3529 3529 W dex2oat32: Accessing hidden method Landroid/app/job/JobParameters;->getStopReason()I (greylist-max-o, linking, denied)
01-29 11:27:43.219 3529 3529 I dex2oat32: dex2oat took 7.578s (9.361s cpu) (threads: 2) arena alloc=3887KB (3981288B) java alloc=2280KB (2335144B) native alloc=81MB (85726976B) free=83MB (87474864B)
01-29 11:27:43.236 380 380 V installd: DexInv: --- END '/data/app/~~udvmEuEJhL3rR0pnxkb45Q==/tj.maktabmobile.app-qWZ3Bw-qpBT7rr6Ga6g6aQ==/base.apk' (success) ---
01-29 11:27:43.251 2021 2041 D Benchmark: Reference profile location: /data/misc/profiles/ref/tj.maktabmobile.app/primary.prof
01-29 11:27:43.271 2021 2041 D Benchmark: APK Path: /data/app/~~udvmEuEJhL3rR0pnxkb45Q==/tj.maktabmobile.app-qWZ3Bw-qpBT7rr6Ga6g6aQ==/base.apk
01-29 11:27:43.271 2021 2041 D Benchmark: Converting to human readable profile format
