01-29 11:25:59.559 2021 2041 D Benchmark: Result: Starting: Intent { act=android.intent.action.MAIN cat=[android.intent.category.LAUNCHER] flg=0x10008000 pkg=tj.maktabmobile.app cmp=tj.maktabmobile.app/com.ustadmobile.port.android.view.AppActivity }
01-29 11:25:59.559 2021 2041 D Benchmark: Status: ok
01-29 11:25:59.559 2021 2041 D Benchmark: LaunchState: WARM
01-29 11:25:59.559 2021 2041 D Benchmark: Activity: tj.maktabmobile.app/com.ustadmobile.port.android.view.AppActivity
01-29 11:25:59.559 2021 2041 D Benchmark: TotalTime: 75
01-29 11:25:59.559 2021 2041 D Benchmark: WaitTime: 76
01-29 11:25:59.559 2021 2041 D Benchmark: Complete
01-29 11:25:59.560 2145 2145 D UstadNavControllerPreCompose$onCollectNavCommand: NavCommandEffect: Navigate: Go to addAccountSelectNewOrExisting
01-29 11:25:59.561 295 295 E Layer : [Surface(name=Task=6)/@0x954a1d6 - animation-leash#0] No local sync point found
01-29 11:25:59.561 295 295 E Layer : [Surface(name=Task=1)/@0xc31bc2d - animation-leash#0] No local sync point found
01-29 11:25:59.569 2145 2145 D UstadViewModelFunKt$ustadViewModel$viewModel$invoke: ustadViewModel(): create viewmodel for: com.ustadmobile.core.viewmodel.AddAccountSelectNewOrExistingViewModel
01-29 11:25:59.577 295 295 E Layer : [Surface(name=Task=6)/@0x954a1d6 - animation-leash#0] No local sync point found
01-29 11:25:59.577 295 295 E Layer : [Surface(name=Task=1)/@0xc31bc2d - animation-leash#0] No local sync point found
01-29 11:25:59.594 295 295 E Layer : [Surface(name=Task=6)/@0x954a1d6 - animation-leash#0] No local sync point found
01-29 11:25:59.594 295 295 E Layer : [Surface(name=Task=1)/@0xc31bc2d - animation-leash#0] No local sync point found
01-29 11:25:59.611 295 295 E Layer : [Surface(name=Task=6)/@0x954a1d6 - animation-leash#0] No local sync point found
01-29 11:25:59.611 295 295 E Layer : [Surface(name=Task=1)/@0xc31bc2d - animation-leash#0] No local sync point found
01-29 11:25:59.628 295 295 E Layer : [Surface(name=Task=6)/@0x954a1d6 - animation-leash#0] No local sync point found
01-29 11:25:59.628 295 295 E Layer : [Surface(name=Task=1)/@0xc31bc2d - animation-leash#0] No local sync point found
01-29 11:25:59.644 295 295 E Layer : [Surface(name=Task=6)/@0x954a1d6 - animation-leash#0] No local sync point found
01-29 11:25:59.644 295 295 E Layer : [Surface(name=Task=1)/@0xc31bc2d - animation-leash#0] No local sync point found
01-29 11:25:59.707 2021 2041 I System.out: 0 Flags,IntendedVsync,Vsync,OldestInputEvent,NewestInputEvent,HandleInputStart,AnimationStart,PerformTraversalsStart,DrawStart,SyncQueued,SyncStart,IssueDrawCommandsStart,SwapBuffers,FrameCompleted,DequeueBufferDuration,QueueBufferDuration,GpuCompleted,
01-29 11:25:59.707 2021 2041 I System.out: 1 1,214723257983,214723257983,9223372036854775807,0,214736150071,214736150953,214736151053,214760854830,214761249952,214761505783,214761520842,214762520491,214763731427,21080,147107,214773391595,
01-29 11:25:59.707 2021 2041 I System.out: 2 0,214739924625,214756591291,9223372036854775807,0,214770514437,214770514908,214778445025,214778475382,214778991281,214781745318,214781780695,214783150119,214785491260,1303370,103785,214790056301,
01-29 11:25:59.707 2021 2041 I System.out: 3 0,214789924815,214789924815,9223372036854775807,0,214790341657,214790342088,214806583247,214806619415,214812525627,214814498205,214814537519,214814949243,214815909849,30798,116649,214815860816,
01-29 11:25:59.707 2021 2041 I System.out: 4 0,214806591523,214806591523,9223372036854775807,0,214818724099,214818724880,214826356355,214826390920,214828930454,214829016806,214829053535,214830696774,214831522667,33864,125506,214837578720,
01-29 11:25:59.707 2021 2041 I System.out: 5 0,214823258272,214823258272,9223372036854775807,0,214832399354,214832400026,214834350041,214834380228,214835493962,214835561599,214835602926,214836957603,214844762614,7098313,108724,214840070464,
01-29 11:25:59.707 2021 2041 I System.out: 6 0,214839924988,214839924988,9223372036854775807,0,214842692002,214842692393,214843329170,214843359036,214844295646,214845115978,214845152918,214847726435,214857789491,9334506,117972,214856747332,
01-29 11:25:59.707 2021 2041 I System.out: 7 0,214856591618,214856591618,9223372036854775807,0,214857080579,214857081170,214858243956,214858273411,214859638828,214859690665,214859726562,214860214630,214877637610,15964920,355999,214861634098,
01-29 11:25:59.707 2021 2041 I System.out: 8 0,214873258311,214873258311,9223372036854775807,0,214873404513,214873405415,214874778316,214874825414,214875818812,214877706370,214877749711,214880559523,214891959662,9403366,947731,214882515029,
01-29 11:25:59.707 2021 2041 I System.out: 9 0,214889924831,214889924831,9223372036854775807,0,214890440166,214890440537,214892132577,214892167433,214893825720,214893914226,214893956075,214894420658,214909894214,10573625,192753,214899272498,
01-29 11:25:59.707 2021 2041 I System.out: 10 0,214906591554,214906591554,9223372036854775807,0,214907041562,214907041903,214908536492,214908569544,214909645888,214909936814,214909975868,214911823160,214925193593,9113100,170310,214916032914,
01-29 11:25:59.707 2021 2041 I System.out: 11 0,214923258275,214923258275,9223372036854775807,0,214923786809,214923787490,214924787470,214924821594,214926779304,214931082182,214931131936,214931596870,214946806390,13297967,177404,214933457307,
01-29 11:25:59.707 2021 2041 I System.out: 12 0,214939925029,214939925029,9223372036854775807,0,214941201153,214941201554,214942002680,214942023739,214943930604,214946853047,214946888123,214947357646,214959015419,9774263,111259,214956716458,
01-29 11:25:59.707 2021 2041 I System.out: 13 0,214956591765,214956591765,9223372036854775807,0,214956745813,214956746665,214958155623,214958179839,214959188745,214959232988,214959402216,214960825862,214974877316,9192610,166373,214973420467,
01-29 11:25:59.707 2021 2041 I System.out: 14 0,214973258240,214973258240,9223372036854775807,0,214974170717,214974171008,214975311171,214975335046,214976578714,214976723606,214976924814,214977609802,214992930240,10188962,111570,214982699299,
01-29 11:25:59.707 2021 2041 I System.out: 15 0,214989924968,214989924968,9223372036854775807,0,214990758358,214990758799,214991661806,214991684569,214992873504,214992980915,214993139544,214993713873,215009366757,10450033,224081,214998876868,
01-29 11:25:59.707 2021 2041 I System.out: 16 0,215006591702,215006591702,9223372036854775807,0,215006910590,215006910910,215008397795,215008419075,215009560621,215009606177,215009763402,215012394498,215025544907,10707988,140795,215023370931,
01-29 11:25:59.707 2021 2041 I System.out: 17 0,215023258455,215023258455,9223372036854775807,0,215023898082,215023898542,215025011254,215025034448,215026307681,215026374717,215026595873,215027017886,215043808849,14841418,65934,215028809995,
01-29 11:25:59.707 2021 2041 I System.out: 18 0,215039924993,215039924993,9223372036854775807,0,215041365736,215041366147,215042817225,215042837493,215043801525,215043842642,215044012471,215044442139,215059786542,13441396,60684,215056740677,
01-29 11:25:59.707 2021 2041 I System.out: 19 0,215056591519,215056591519,9223372036854775807,0,215057752229,215057752709,215058530592,215058552533,215060228724,215060263469,215060447425,215060910475,215076244699,13193351,107152,215063020572,
01-29 11:25:59.707 2021 2041 I System.out: 20 0,215073258259,215073258259,9223372036854775807,0,215073757073,215073757504,215074524927,215074558991,215076403498,215076452440,215076490081,215076962238,215092828082,13911640,101921,215090087510,
01-29 11:25:59.707 2021 2041 I System.out: 21 0,215089924711,215089924711,9223372036854775807,0,215090174985,215090175396,215093277116,215093306792,215094203407,215094273629,215094305068,215094711833,215109751443,12249536,888510,215097460249,
01-29 11:25:59.707 2021 2041 I System.out: 22 0,215106591413,215106591413,9223372036854775807,0,215106901316,215106902258,215107740273,215107776361,215108896476,215109794935,215110006413,215110452211,215124302215,10553168,963451,215113702280,
01-29 11:25:59.707 2021 2041 I System.out: 23 0,215123258183,215123258183,9223372036854775807,0,215123425186,215123426158,215124832943,215124877767,215125885752,215125958148,215125997151,215126411370,215142803853,13486161,936150,215129256678,
01-29 11:25:59.707 2021 2041 I System.out: 24 0,215139924955,215139924955,9223372036854775807,0,215140051550,215140052571,215143090712,215143126670,215144156225,215144201831,215144511203,215145089820,215160131424,13167492,1051226,215146917105,
01-29 11:25:59.707 2021 2041 I System.out: 25 0,215156591465,215156591465,9223372036854775807,0,215156784042,215156785275,215160936868,215160988325,215161932470,215161992352,215162026126,215162633227,215174405837,10838764,122220,215173439610,
01-29 11:25:59.707 2021 2041 I System.out: 26 0,215173258081,215173258081,9223372036854775807,0,215173451933,215173452905,215175163260,215175201913,215176317841,215176394114,215176427457,215177013909,215192588746,13687018,991874,215178865189,
01-29 11:25:59.707 2021 2041 I System.out: 27 0,215189924805,215189924805,9223372036854775807,0,215190072546,215190073458,215193179957,215193219431,215194031578,215194080700,215194111127,215194665850,215209568543,13246711,922193,215196284573,
01-29 11:25:59.707 2021 2041 I System.out: 28 0,215206591375,215206591375,9223372036854775807,0,215206780603,215206781454,215209736739,215209771104,215210690713,215210746477,215210777175,215211336617,215226065172,13910167,106250,215212115270,
01-29 11:25:59.707 2021 2041 I System.out: 29 0,215223258126,215223258126,9223372036854775807,0,215223434548,215223435950,215224676192,215224717509,215225882689,215226105278,215226145083,215226754077,215243094283,15559828,81664,215240104994,
01-29 11:25:59.707 2021 2041 I System.out: 30 0,215239924865,215239924865,9223372036854775807,0,215240150810,215240151952,215243260886,215243296162,215244282967,215244356014,215244388395,215244998703,215259210196,13302535,173777,215245867866,
01-29 11:25:59.707 2021 2041 I System.out: 31 0,215256591558,215256591558,9223372036854775807,0,215256770571,215256771613,215257833589,215257870147,215259057269,215259260301,215259290097,215259851652,215275913414,15212956,140574,215260665302,
01-29 11:25:59.707 2021 2041 I System.out: 32 0,215273258223,215273258223,9223372036854775807,0,215273547096,215273548058,215273995028,215274032028,215274101959,215275968267,215275998965,215276731261,215290940040,12634449,928696,215278262931,
01-29 11:25:59.707 2021 2041 I System.out: 33 0,215289924967,215289924967,9223372036854775807,0,215290081857,215290083210,215291165514,215291198035,215292332127,215292404924,215292446502,215293099279,215307648788,12917442,906735,215306736283,
01-29 11:25:59.707 2021 2041 I System.out: 34 0,215306591736,215306591736,9223372036854775807,0,215306784043,215306785155,215309992634,215310032950,215311282869,215311344675,215311375844,215311982685,215326137943,12241541,1052870,-3211262987504685704,
01-29 11:25:59.708 2021 2041 I System.out: 35 0,215323258382,215323258382,9223372036854775807,0,215323431215,215323432167,215326755153,215326813643,215327246066,215327296030,215327325135,215327939590,215340911634,11350365,897056,-3921643605196060857,
01-29 11:25:59.708 2021 2041 I System.out: 36 0,215373258436,215373258436,9223372036854775807,0,215373377841,215373378332,215373378403,215373652618,215373724493,215373812358,215373841463,215374485544,215375446019,27852,202290,1710028795832469502,
01-29 11:25:59.708 2021 2041 I System.out: 0 Flags,IntendedVsync,Vsync,OldestInputEvent,NewestInputEvent,HandleInputStart,AnimationStart,PerformTraversalsStart,DrawStart,SyncQueued,SyncStart,IssueDrawCommandsStart,SwapBuffers,FrameCompleted,DequeueBufferDuration,QueueBufferDuration,GpuCompleted,
01-29 11:25:59.708 2021 2041 I System.out: 1 1,240723257311,240739923977,9223372036854775807,0,240754183529,240754183669,240754183749,240770575211,240770833697,240771059321,240771083396,240771883290,240773729219,26109,165551,240790101044,
01-29 11:25:59.708 2021 2041 I System.out: 2 0,240756590744,240773257410,9223372036854775807,0,240787525904,240787527106,240798501655,240798542241,240800582196,240800687584,240800714094,240801284486,240804484762,29185,146214,240806717308,
01-29 11:25:59.708 2021 2041 I System.out: 3 0,240806590717,240806590717,9223372036854775807,0,240808346511,240808346821,240837364447,240837409652,240853100737,240853144639,240853175928,240853736522,240855261348,22443,737677,240856715702,
01-29 11:25:59.708 2021 2041 I System.out: 4 0,240823257413,240839924079,9223372036854775807,0,240855910288,240855910859,240865340985,240865388074,240867704007,240867818633,240867873856,240868429651,240871055607,32431,295436,240870987349,
01-29 11:25:59.708 2021 2041 I System.out: 5 0,240856590792,240856590792,9223372036854775807,0,240868892070,240868892451,240869674321,240869709697,240871207964,240871251626,240871298895,240873023346,240881911143,2669779,78277,188352545737,
01-29 11:25:59.708 2021 2041 I System.out: 6 0,240873257279,240873257279,9223372036854775807,0,240874419170,240874419591,240875536180,240875569673,240876608155,240881961207,240882013726,240882581433,240892634380,6881946,165561,188352633311,
01-29 11:25:59.708 2021 2041 I System.out: 7 0,240889923994,240889923994,9223372036854775807,0,240890736182,240890737063,240891732294,240891766889,240893025405,240893106157,240893151472,240894113901,240909034688,10805452,3548680,188369135772,
01-29 11:25:59.708 2021 2041 D UiDevice: Waiting 10000ms for SearchCondition[hasObject=BySelector [TEXT='\QGet Started\E']].
01-29 11:25:59.708 2021 2041 D UiDevice: Searching for node with selector: BySelector [TEXT='\QGet Started\E'].
01-29 11:25:59.799 987 987 D TaplTarget: sendStateEventToTest: 0
01-29 11:25:59.799 987 987 D RecentsOrientedState: current RecentsOrientedState: [this=RecentsOrientedState@5c28903 mOrientationHandler=PortraitPagedViewHandler@4e57080 mDisplayRotation=0 mTouchRotation=0 mRecentsActivityRotation=0 isRecentsActivityRotationAllowed=false mSystemRotation=true mFlags=299]
01-29 11:25:59.799 987 987 I chatty : uid=10118(com.android.launcher3) identical 2 lines
01-29 11:25:59.799 987 987 D RecentsOrientedState: current RecentsOrientedState: [this=RecentsOrientedState@5c28903 mOrientationHandler=PortraitPagedViewHandler@4e57080 mDisplayRotation=0 mTouchRotation=0 mRecentsActivityRotation=0 isRecentsActivityRotationAllowed=false mSystemRotation=true mFlags=299]
01-29 11:25:59.804 255 398 W netd : dnssd_clientstub DNSServiceProcessResult called with NULL DNSServiceRef
01-29 11:25:59.804 2145 2191 I DistCache: Discovery stopped: _dcache._tcp
01-29 11:25:59.810 478 2340 D HostConnection: HostConnection::get() New Host Connection established 0x7e5153e17890, tid 2340
01-29 11:25:59.815 478 2340 D HostConnection: HostComposition ext ANDROID_EMU_CHECKSUM_HELPER_v1 ANDROID_EMU_native_sync_v2 ANDROID_EMU_dma_v1 ANDROID_EMU_direct_mem ANDROID_EMU_host_composition_v1 ANDROID_EMU_host_composition_v2 ANDROID_EMU_vulkan ANDROID_EMU_deferred_vulkan_commands ANDROID_EMU_vulkan_null_optional_strings ANDROID_EMU_vulkan_create_resources_with_requirements ANDROID_EMU_YUV_Cache ANDROID_EMU_vulkan_ignored_handles ANDROID_EMU_has_shared_slots_host_memory_allocator ANDROID_EMU_vulkan_free_memory_sync ANDROID_EMU_vulkan_shader_float16_int8 ANDROID_EMU_vulkan_async_queue_submit ANDROID_EMU_sync_buffer_data ANDROID_EMU_vulkan_async_qsri ANDROID_EMU_read_color_buffer_dma GL_OES_EGL_image_external_essl3 GL_OES_vertex_array_object GL_KHR_texture_compression_astc_ldr ANDROID_EMU_host_side_tracing ANDROID_EMU_gles_max_version_3_0
01-29 11:25:59.815 478 2340 D EGL_emulation: eglCreateContext: 0x7e5143ebab20: maj 3 min 0 rcv 3
01-29 11:25:59.815 478 2340 D EGL_emulation: eglMakeCurrent: 0x7e5143ebab20: ver 3 0 (tinfo 0x7e50e3ee3700) (first time)
01-29 11:25:59.816 2145 2145 D AppActivity$onDestroy: AppActivity#onDestroy
01-29 11:25:59.818 255 398 W netd : dnssd_clientstub DNSServiceProcessResult called with NULL DNSServiceRef
01-29 11:25:59.818 2145 2191 I DistCache: Unregistered: name: DCache, type: _dcache._tcp, host: null, port: 43263, txtRecord:
01-29 11:26:00.001 638 638 D KeyguardClockSwitch: Updating clock: 1126
01-29 11:26:00.714 2021 2041 D UiDevice: Searching for node with selector: BySelector [TEXT='\QGet Started\E'].
01-29 11:26:02.229 2021 2041 I chatty : uid=10131(com.ustadmobile.app_android_baselineprofile) roidJUnitRunner identical 10 lines
01-29 11:26:02.331 2021 2041 D UiDevice: Searching for node with selector: BySelector [TEXT='\QGet Started\E'].
01-29 11:26:02.370 2145 2188 D DistCache: DistributedCacheHashtable(43263 unknown Android SDK built for x86_64): sending pings to 0 nodes
01-29 11:26:02.434 2021 2041 D UiDevice: Searching for node with selector: BySelector [TEXT='\QGet Started\E'].
01-29 11:26:04.279 2021 2041 I chatty : uid=10131(com.ustadmobile.app_android_baselineprofile) roidJUnitRunner identical 18 lines
01-29 11:26:04.381 2021 2041 D UiDevice: Searching for node with selector: BySelector [TEXT='\QGet Started\E'].
01-29 11:26:04.465 350 350 I perfetto: probes_producer.cc:329 Producer stop (id=14)
01-29 11:26:04.466 350 350 I perfetto: ftrace_procfs.cc:183 disabled ftrace
01-29 11:26:04.466 361 361 I perfetto: ng_service_impl.cc:1948 Tracing session 14 ended, total sessions:0
01-29 11:26:04.484 2021 2041 D UiDevice: Searching for node with selector: BySelector [TEXT='\QGet Started\E'].
01-29 11:26:05.201 2021 2041 I chatty : uid=10131(com.ustadmobile.app_android_baselineprofile) roidJUnitRunner identical 7 lines
01-29 11:26:05.304 2021 2041 D UiDevice: Searching for node with selector: BySelector [TEXT='\QGet Started\E'].
01-29 11:26:05.371 2145 2188 D DistCache: DistributedCacheHashtable(43263 unknown Android SDK built for x86_64): sending pings to 0 nodes
01-29 11:26:05.406 2021 2041 D UiDevice: Searching for node with selector: BySelector [TEXT='\QGet Started\E'].
01-29 11:26:08.176 2021 2041 I chatty : uid=10131(com.ustadmobile.app_android_baselineprofile) roidJUnitRunner identical 27 lines
01-29 11:26:08.278 2021 2041 D UiDevice: Searching for node with selector: BySelector [TEXT='\QGet Started\E'].
01-29 11:26:08.371 2145 2188 D DistCache: DistributedCacheHashtable(43263 unknown Android SDK built for x86_64): sending pings to 0 nodes
01-29 11:26:08.381 2021 2041 D UiDevice: Searching for node with selector: BySelector [TEXT='\QGet Started\E'].
01-29 11:26:09.612 2021 2041 I chatty : uid=10131(com.ustadmobile.app_android_baselineprofile) roidJUnitRunner identical 12 lines
01-29 11:26:09.715 2021 2041 D UiDevice: Searching for node with selector: BySelector [TEXT='\QGet Started\E'].
01-29 11:26:10.718 2021 2041 D UiDevice: Retrieving node with selector: BySelector [TEXT='\QGet Started\E'].
01-29 11:26:10.720 2021 2041 D UiDevice: Node not found with selector: BySelector [TEXT='\QGet Started\E'].
01-29 11:26:11.372 2145 2188 D DistCache: DistributedCacheHashtable(43263 unknown Android SDK built for x86_64): sending pings to 0 nodes
01-29 11:26:13.220 445 445 E netmgr : qemu_pipe_open_ns:62: Could not connect to the 'pipe:qemud:network' service: Invalid argument
01-29 11:26:13.220 445 445 E netmgr : Failed to open QEMU pipe 'qemud:network': Invalid argument
01-29 11:26:13.246 447 447 E wifi_forwarder: qemu_pipe_open_ns:62: Could not connect to the 'pipe:qemud:wififorward' service: Invalid argument
01-29 11:26:13.247 447 447 E wifi_forwarder: RemoteConnection failed to initialize: RemoteConnection failed to open pipe
01-29 11:26:14.373 2145 2188 D DistCache: DistributedCacheHashtable(43263 unknown Android SDK built for x86_64): sending pings to 0 nodes
01-29 11:26:15.720 2021 2041 D Benchmark: Profile Installer - Save Profile
01-29 11:26:15.727 2145 2145 I Process : Sending signal. PID: 2145 SIG: 10
01-29 11:26:15.727 2145 2145 D ProfileInstaller:
01-29 11:26:15.727 2145 2153 I aktabmobile.ap: Thread[4,tid=2153,WaitingInMainSignalCatcherLoop,Thread*=0x7e5233e1f380,peer=0x13442488,"Signal Catcher"]: reacting to signal 10
01-29 11:26:15.727 2145 2153 I aktabmobile.ap:
01-29 11:26:15.727 2145 2153 I aktabmobile.ap: SIGUSR1 forcing GC (no HPROF) and profile save
01-29 11:26:15.730 3146 3148 I cmd : oneway function results will be dropped but finished with status OK and parcel size 4
01-29 11:26:15.738 2145 2153 I aktabmobile.ap: Explicit concurrent copying GC freed 125873(4685KB) AllocSpace objects, 5(132KB) LOS objects, 49% free, 7014KB/13MB, paused 8us total 10.829ms
01-29 11:26:16.231 2021 2041 D Benchmark: Killing process tj.maktabmobile.app
01-29 11:26:16.231 2021 2041 D UiDevice: Executing shell command: killall tj.maktabmobile.app
01-29 11:26:16.254 478 535 I PackageDexOptimizer: Running dexopt (dexoptNeeded=-3) on: /data/app/~~udvmEuEJhL3rR0pnxkb45Q==/tj.maktabmobile.app-qWZ3Bw-qpBT7rr6Ga6g6aQ==/base.apk pkg=tj.maktabmobile.app isa=x86_64 dexoptFlags=boot_complete,profile_guided,force,enable_hidden_api_checks targetFilter=speed-profile oatDir=/data/app/~~udvmEuEJhL3rR0pnxkb45Q==/tj.maktabmobile.app-qWZ3Bw-qpBT7rr6Ga6g6aQ==/oat classLoaderContext=PCL[]{PCL[/system_ext/framework/androidx.window.sidecar.jar]}
01-29 11:26:16.255 380 380 V installd: DexInv: --- BEGIN '/data/app/~~udvmEuEJhL3rR0pnxkb45Q==/tj.maktabmobile.app-qWZ3Bw-qpBT7rr6Ga6g6aQ==/base.apk' ---
01-29 11:26:16.260 3160 3160 W dex2oat32: Unexpected CPU variant for X86 using defaults: x86_64
01-29 11:26:16.332 3160 3160 I dex2oat32: /apex/com.android.art/bin/dex2oat32 --input-vdex-fd=9 --output-vdex-fd=10 --updatable-bcp-packages-file=/system/etc/updatable-bcp-packages.txt --resolve-startup-const-strings=true --max-image-block-size=524288 --compiler-filter=speed-profile --profile-file-fd=12 --classpath-dir=/data/app/~~udvmEuEJhL3rR0pnxkb45Q==/tj.maktabmobile.app-qWZ3Bw-qpBT7rr6Ga6g6aQ== --class-loader-context=PCL[]{PCL[/system_ext/framework/androidx.window.sidecar.jar]} --generate-mini-debug-info --compilation-reason=unknown
01-29 11:26:16.332 3160 3160 I dex2oat32: setting boot class path to /apex/com.android.art/javalib/core-oj.jar:/apex/com.android.art/javalib/core-libart.jar:/apex/com.android.art/javalib/core-icu4j.jar:/apex/com.android.art/javalib/okhttp.jar:/apex/com.android.art/javalib/bouncycastle.jar:/apex/com.android.art/javalib/apache-xml.jar:/system/framework/framework.jar:/system/framework/ext.jar:/system/framework/telephony-common.jar:/system/framework/voip-common.jar:/system/framework/ims-common.jar:/system/framework/framework-atb-backward-compatibility.jar
01-29 11:26:17.374 2145 2188 D DistCache: DistributedCacheHashtable(43263 unknown Android SDK built for x86_64): sending pings to 0 nodes
01-29 11:26:20.375 2145 2188 D DistCache: DistributedCacheHashtable(43263 unknown Android SDK built for x86_64): sending pings to 0 nodes
01-29 11:26:20.827 3160 3160 W dex2oat32: Class androidx.compose.runtime.snapshots.SnapshotStateMap failed lock verification and will run slower.
01-29 11:26:20.827 3160 3160 W dex2oat32: Common causes for lock verification issues are non-optimized dex code
01-29 11:26:20.827 3160 3160 W dex2oat32: and incorrect proguard optimizations.
01-29 11:26:20.827 3160 3162 W dex2oat32: Class androidx.compose.runtime.snapshots.SnapshotStateList failed lock verification and will run slower.
01-29 11:26:20.886 3160 3162 W dex2oat32: Accessing hidden method Landroid/graphics/Canvas;->drawPatch(Landroid/graphics/NinePatch;Landroid/graphics/Rect;Landroid/graphics/Paint;)V (greylist-max-o, linking, denied)
01-29 11:26:20.886 3160 3162 W dex2oat32: Accessing hidden method Landroid/graphics/Canvas;->drawPatch(Landroid/graphics/NinePatch;Landroid/graphics/RectF;Landroid/graphics/Paint;)V (greylist-max-o, linking, denied)
01-29 11:26:20.890 3160 3160 W dex2oat32: Accessing hidden method Landroid/graphics/Bitmap;->getHardwareBuffer()Landroid/hardware/HardwareBuffer; (blacklist, linking, denied)
01-29 11:26:21.024 3160 3160 W dex2oat32: Accessing hidden method Landroid/app/job/JobParameters;->getStopReason()I (greylist-max-o, linking, denied)
01-29 11:26:22.797 3160 3160 I dex2oat32: Explicit concurrent copying GC freed 275922(40MB) AllocSpace objects, 0(0B) LOS objects, 49% free, 2264KB/4528KB, paused 13us total 8.663ms
01-29 11:26:22.823 3160 3160 W dex2oat32: Accessing hidden field Ljava/nio/file/FileSystemException;->file:Ljava/lang/String; (greylist-max-o, linking, denied)
01-29 11:26:22.823 3160 3160 W dex2oat32: Accessing hidden field Ljava/nio/file/FileSystemException;->other:Ljava/lang/String; (greylist-max-o, linking, denied)
01-29 11:26:22.823 3160 3160 W dex2oat32: Accessing hidden field Ljava/nio/file/InvalidPathException;->index:I (greylist-max-o, linking, denied)
01-29 11:26:22.823 3160 3160 W dex2oat32: Accessing hidden field Ljava/nio/file/InvalidPathException;->input:Ljava/lang/String; (greylist-max-o, linking, denied)
01-29 11:26:22.825 3160 3160 W dex2oat32: Accessing hidden method Landroid/graphics/Bitmap;->getHardwareBuffer()Landroid/hardware/HardwareBuffer; (blacklist, linking, denied)
01-29 11:26:22.825 3160 3160 W dex2oat32: Accessing hidden method Landroid/graphics/Canvas;->drawPatch(Landroid/graphics/NinePatch;Landroid/graphics/Rect;Landroid/graphics/Paint;)V (greylist-max-o, linking, denied)
01-29 11:26:22.825 3160 3160 W dex2oat32: Accessing hidden method Landroid/graphics/Canvas;->drawPatch(Landroid/graphics/NinePatch;Landroid/graphics/RectF;Landroid/graphics/Paint;)V (greylist-max-o, linking, denied)
01-29 11:26:22.836 3160 3160 W dex2oat32: Accessing hidden method Landroid/app/job/JobParameters;->getStopReason()I (greylist-max-o, linking, denied)
01-29 11:26:23.243 2145 2169 D UstadCache: CacheTrimmer: Trim cache run: max (evictable) size = 100000000 bytes
01-29 11:26:23.243 2145 2169 V UstadCache: CacheTrimmer: deleting
01-29 11:26:23.375 2145 2188 D DistCache: DistributedCacheHashtable(43263 unknown Android SDK built for x86_64): sending pings to 0 nodes
01-29 11:26:23.821 3160 3160 I dex2oat32: dex2oat took 7.561s (9.327s cpu) (threads: 2) arena alloc=3857KB (3949720B) java alloc=2280KB (2335144B) native alloc=81MB (85727360B) free=83MB (87474480B)
01-29 11:26:23.837 380 380 V installd: DexInv: --- END '/data/app/~~udvmEuEJhL3rR0pnxkb45Q==/tj.maktabmobile.app-qWZ3Bw-qpBT7rr6Ga6g6aQ==/base.apk' (success) ---
01-29 11:26:23.852 2021 2041 D Benchmark: Reference profile location: /data/misc/profiles/ref/tj.maktabmobile.app/primary.prof
01-29 11:26:23.876 2021 2041 D Benchmark: APK Path: /data/app/~~udvmEuEJhL3rR0pnxkb45Q==/tj.maktabmobile.app-qWZ3Bw-qpBT7rr6Ga6g6aQ==/base.apk
01-29 11:26:23.876 2021 2041 D Benchmark: Converting to human readable profile format
01-29 11:26:23.876 2021 2041 D Benchmark: Using profile location: /data/misc/profiles/ref/tj.maktabmobile.app/primary.prof
01-29 11:26:24.150 3188 3188 W profman : profman took 261.839ms
01-29 11:26:24.169 2021 2041 D Benchmark: Using profile location: /data/misc/profiles/cur/0/tj.maktabmobile.app/primary.prof
01-29 11:26:24.424 3199 3199 W profman : profman took 244.271ms
01-29 11:26:25.324 2021 2041 D Benchmark: Unstable profiles during iteration 8
01-29 11:26:25.324 2021 2041 D Benchmark: Killing package tj.maktabmobile.app
01-29 11:26:25.324 2021 2041 D Benchmark: Killing process tj.maktabmobile.app
01-29 11:26:25.324 2021 2041 D UiDevice: Executing shell command: killall tj.maktabmobile.app
01-29 11:26:25.331 2021 2041 D Benchmark: Compile iteration (9) for tj.maktabmobile.app
01-29 11:26:25.331 2021 2041 D UiDevice: Pressing home button.
01-29 11:26:25.348 638 638 V ShadeControllerImpl: NotificationShadeWindow: com.android.systemui.statusbar.phone.NotificationShadeWindowView{90561f7 I.E...... ......ID 0,0-1080,1920} canPanelBeCollapsed(): false
01-29 11:26:25.348 478 498 D EventSequenceValidator: inc AccIntentStartedEvents to 2
01-29 11:26:25.350 478 496 W InputReader: Device virtio_input_multi_touch_10 is associated with display ADISPLAY_ID_NONE.
01-29 11:26:25.350 478 496 W InputReader: Device virtio_input_multi_touch_7 is associated with display ADISPLAY_ID_NONE.
01-29 11:26:25.350 478 496 W InputReader: Device virtio_input_multi_touch_11 is associated with display ADISPLAY_ID_NONE.
01-29 11:26:25.350 478 496 W InputReader: Device virtio_input_multi_touch_5 is associated with display ADISPLAY_ID_NONE.
01-29 11:26:25.350 478 496 W InputReader: Device virtio_input_multi_touch_2 is associated with display ADISPLAY_ID_NONE.
01-29 11:26:25.350 478 496 W InputReader: Device virtio_input_multi_touch_6 is associated with display ADISPLAY_ID_NONE.
01-29 11:26:25.350 478 496 W InputReader: Device virtio_input_multi_touch_8 is associated with display ADISPLAY_ID_NONE.
01-29 11:26:25.350 478 496 W InputReader: Device virtio_input_multi_touch_9 is associated with display ADISPLAY_ID_NONE.
01-29 11:26:25.350 478 496 W InputReader: Device virtio_input_multi_touch_3 is associated with display ADISPLAY_ID_NONE.
01-29 11:26:25.350 478 496 W InputReader: Device virtio_input_multi_touch_4 is associated with display ADISPLAY_ID_NONE.
01-29 11:26:25.350 478 496 W InputReader: Device virtio_input_multi_touch_10 is associated with display ADISPLAY_ID_NONE.
01-29 11:26:25.350 478 496 W InputReader: Device virtio_input_multi_touch_7 is associated with display ADISPLAY_ID_NONE.
01-29 11:26:25.350 478 496 W InputReader: Device virtio_input_multi_touch_11 is associated with display ADISPLAY_ID_NONE.
01-29 11:26:25.350 478 496 W InputReader: Device virtio_input_multi_touch_5 is associated with display ADISPLAY_ID_NONE.
01-29 11:26:25.350 478 496 W InputReader: Device virtio_input_multi_touch_2 is associated with display ADISPLAY_ID_NONE.
01-29 11:26:25.350 478 496 W InputReader: Device virtio_input_multi_touch_6 is associated with display ADISPLAY_ID_NONE.
01-29 11:26:25.350 478 496 W InputReader: Device virtio_input_multi_touch_8 is associated with display ADISPLAY_ID_NONE.
01-29 11:26:25.350 478 496 W InputReader: Device virtio_input_multi_touch_9 is associated with display ADISPLAY_ID_NONE.
01-29 11:26:25.350 478 496 W InputReader: Device virtio_input_multi_touch_3 is associated with display ADISPLAY_ID_NONE.
01-29 11:26:25.350 478 496 W InputReader: Device virtio_input_multi_touch_4 is associated with display ADISPLAY_ID_NONE.
01-29 11:26:25.350 361 361 I perfetto: ing_service_impl.cc:758 Configured tracing session 15, #sources:1, duration:5000 ms, #buffers:1, total buffer size:4096 KB, total sessions:1, uid:1071 session name: ""
01-29 11:26:25.350 350 350 I perfetto: probes_producer.cc:230 Ftrace setup (target_buf=15)
01-29 11:26:25.362 350 350 I perfetto: ftrace_procfs.cc:176 enabled ftrace
01-29 11:26:25.365 987 987 D TaplTarget: Launcher.onNewIntent: Intent { act=android.intent.action.MAIN cat=[android.intent.category.HOME] flg=0x10400100 cmp=com.android.launcher3/.uioverrides.QuickstepLauncher (has extras) }
01-29 11:26:25.366 638 638 V ShadeControllerImpl: NotificationShadeWindow: com.android.systemui.statusbar.phone.NotificationShadeWindowView{90561f7 I.E...... ......ID 0,0-1080,1920} canPanelBeCollapsed(): false
01-29 11:26:25.381 273 1473 D goldfish-address-space: claimShared: Ask to claim region [0x3f775f000 0x3f7f48000]
01-29 11:26:25.383 273 1473 D goldfish-address-space: claimShared: Ask to claim region [0x3f4000000 0x3f47e9000]
01-29 11:26:25.384 273 1473 D goldfish-address-space: claimShared: Ask to claim region [0x3f47e9000 0x3f4fd2000]
01-29 11:26:25.391 273 1473 D goldfish-address-space: claimShared: Ask to claim region [0x3f4fd2000 0x3f57bb000]
01-29 11:26:25.394 478 498 D EventSequenceValidator: dec AccIntentStartedEvents to 1
01-29 11:26:25.397 478 504 D ArtManagerInternalImpl: /data/misc/iorapd/com.android.launcher3/30/com.android.launcher3.uioverrides.QuickstepLauncher/compiled_traces/compiled_trace.pb doesn't exist
01-29 11:26:25.466 2021 2041 I System.out: 0 Flags,IntendedVsync,Vsync,OldestInputEvent,NewestInputEvent,HandleInputStart,AnimationStart,PerformTraversalsStart,DrawStart,SyncQueued,SyncStart,IssueDrawCommandsStart,SwapBuffers,FrameCompleted,DequeueBufferDuration,QueueBufferDuration,GpuCompleted,
01-29 11:26:25.466 2021 2041 I System.out: 1 1,240723257311,240739923977,9223372036854775807,0,240754183529,240754183669,240754183749,240770575211,240770833697,240771059321,240771083396,240771883290,240773729219,26109,165551,240790101044,
01-29 11:26:25.466 2021 2041 I System.out: 2 0,240756590744,240773257410,9223372036854775807,0,240787525904,240787527106,240798501655,240798542241,240800582196,240800687584,240800714094,240801284486,240804484762,29185,146214,240806717308,
01-29 11:26:25.466 2021 2041 I System.out: 3 0,240806590717,240806590717,9223372036854775807,0,240808346511,240808346821,240837364447,240837409652,240853100737,240853144639,240853175928,240853736522,240855261348,22443,737677,240856715702,
01-29 11:26:25.466 2021 2041 I System.out: 4 0,240823257413,240839924079,9223372036854775807,0,240855910288,240855910859,240865340985,240865388074,240867704007,240867818633,240867873856,240868429651,240871055607,32431,295436,240870987349,
01-29 11:26:25.466 2021 2041 I System.out: 5 0,240856590792,240856590792,9223372036854775807,0,240868892070,240868892451,240869674321,240869709697,240871207964,240871251626,240871298895,240873023346,240881911143,2669779,78277,240879179588,
01-29 11:26:25.466 2021 2041 I System.out: 6 0,240873257279,240873257279,9223372036854775807,0,240874419170,240874419591,240875536180,240875569673,240876608155,240881961207,240882013726,240882581433,240892634380,6881946,165561,240890040855,
01-29 11:26:25.466 2021 2041 I System.out: 7 0,240889923994,240889923994,9223372036854775807,0,240890736182,240890737063,240891732294,240891766889,240893025405,240893106157,240893151472,240894113901,240909034688,10805452,3548680,240906761104,
01-29 11:26:25.466 2021 2041 I System.out: 8 0,240906590371,240906590371,9223372036854775807,0,240907155606,240907156027,240908154554,240908179460,240910141979,240910183908,240910214466,240910866351,240924637096,8280154,122300,240923393559,
01-29 11:26:25.466 2021 2041 I System.out: 9 0,240923257116,240923257116,9223372036854775807,0,240923759537,240923759888,240925175158,240925207008,240926274444,240926316423,240926348183,240926904959,240941119449,5627839,65774,240935450463,
01-29 11:26:25.466 2021 2041 I System.out: 10 0,240939923820,240939923820,9223372036854775807,0,240940338671,240940339232,240941676135,240941699519,240943944750,240944765372,240944809385,240945481739,240963429145,10591470,2475183,240956709815,
01-29 11:26:25.466 2021 2041 I System.out: 11 0,240956590578,240956590578,9223372036854775807,0,240956976085,240956976516,240958029425,240958063760,240963387166,240963476404,240963503956,240964069739,240976223295,9623490,872890,240966561834,
01-29 11:26:25.466 2021 2041 I System.out: 12 0,240973257329,240973257329,9223372036854775807,0,240973441696,240973442678,240975209720,240975234667,240976766075,240976840014,240976873026,240977415306,240992636127,10045272,469192,240990066717,
01-29 11:26:25.466 2021 2041 I System.out: 13 0,240989923664,240989923664,9223372036854775807,0,240990095741,240990096733,240991820944,240991842405,240992852554,240995522763,240995564842,240996398108,241012997551,12182379,160753,241006714250,
01-29 11:26:25.466 2021 2041 I System.out: 14 0,241006590417,241006590417,9223372036854775807,0,241007010166,241007010537,241007844785,241007869401,241009487683,241013071560,241013120372,241013623437,241026592035,9266629,1373933,241017289929,
01-29 11:26:25.466 2021 2041 I System.out: 15 0,241023257112,241023257112,9223372036854775807,0,241023486247,241023486698,241025524097,241025546419,241027568821,241027662006,241027687173,241028108556,241043753724,13170166,312146,241030537091,
01-29 11:26:25.466 2021 2041 I System.out: 16 0,241039923613,241039923613,9223372036854775807,0,241040426530,241040427151,241041480441,241041521458,241046285093,241046529783,241046554780,241047009374,241059649504,10732635,157216,241048882856,
01-29 11:26:25.466 2021 2041 I System.out: 17 0,241056590294,241056590294,9223372036854775807,0,241065000933,241065001314,241065309934,241065326906,241066152308,241066352604,241066376008,241067088658,241076577484,6224290,473521,241073374854,
01-29 11:26:25.466 2021 2041 I System.out: 18 0,241073256935,241073256935,9223372036854775807,0,241073854005,241073854275,241074615927,241074646955,241076759747,241076811915,241076846520,241077261059,241090990687,11755397,74470,241090054488,
01-29 11:26:25.466 2021 2041 I System.out: 19 0,241089923711,241089923711,9223372036854775807,0,241090068935,241090069856,241091412931,241091435013,241092424162,241092464989,241092504753,241092988062,241109541929,14495127,83377,241106752906,
01-29 11:26:25.466 2021 2041 I System.out: 20 0,241106590092,241106590092,9223372036854775807,0,241106786730,241106787772,241110106680,241110141736,241111100018,241111158998,241111192812,241111637097,241124230870,10303618,332354,241113888299,
01-29 11:26:25.466 2021 2041 I System.out: 21 0,241123256851,241123256851,9223372036854775807,0,241123405799,241123407062,241124783148,241124819026,241125934773,241125998633,241126029952,241126461413,241140913399,12278200,315072,241128594763,
01-29 11:26:25.466 2021 2041 I System.out: 22 0,241139923562,241139923562,9223372036854775807,0,241140060025,241140060957,241141421254,241141455358,241142452632,241142514849,241142555335,241143045787,241157574047,12397924,195968,241145130105,
01-29 11:26:25.466 2021 2041 I System.out: 23 0,241156590290,241156590290,9223372036854775807,0,241156742143,241156743145,241158090026,241158127006,241159179384,241159242332,241159284852,241159761719,241176201631,14392755,155933,241161766437,
01-29 11:26:25.466 2021 2041 I System.out: 24 0,241173256984,241173256984,9223372036854775807,0,241173408481,241173409814,241177418629,241177452793,241178442273,241178489692,241178538695,241179174149,241193019925,12962416,153529,241180015170,
01-29 11:26:25.466 2021 2041 I System.out: 25 0,241189923671,241189923671,9223372036854775807,0,241190067155,241190068157,241193648697,241193687570,241194565220,241194636695,241194670047,241195324006,241207630089,11399628,147277,241206751798,
01-29 11:26:25.466 2021 2041 I System.out: 26 0,241206590195,241206590195,9223372036854775807,0,241206770182,241206771475,241208258991,241208299427,241209468054,241209616933,241209655255,241210431795,241226246433,14219800,868553,241211986938,
01-29 11:26:25.466 2021 2041 I System.out: 27 0,241223256799,241223256799,9223372036854775807,0,241223421923,241223423125,241226830280,241226872990,241227747985,241227813528,241227844516,241228413626,241240838402,10734277,932884,241230062305,
01-29 11:26:25.466 2021 2041 I System.out: 28 0,241239923516,241239923516,9223372036854775807,0,241240070478,241240071430,241241096467,241241132805,241242155988,241242233825,241242270203,241242956132,241260395263,15808286,898890,241244552593,
01-29 11:26:25.466 2021 2041 I System.out: 29 0,241256590153,241256590153,9223372036854775807,0,241256755001,241256755882,241258640936,241258659070,241259980494,241260435208,241260460556,241260997065,241274948419,12362318,933194,241262540526,
01-29 11:26:25.466 2021 2041 I System.out: 30 0,241273256799,241273256799,9223372036854775807,0,241274215211,241274215592,241274661380,241274691286,241275907963,241275991119,241276028880,241276736360,241290952884,12397585,971526,241278504594,
01-29 11:26:25.466 2021 2041 I System.out: 31 0,241289923541,241289923541,9223372036854775807,0,241290086896,241290087868,241291212151,241291250533,241292381088,241292454947,241292494061,241293233531,241309916711,14995838,1008837,241294876258,
01-29 11:26:25.466 2021 2041 I System.out: 32 0,241306590274,241306590274,9223372036854775807,0,241306747433,241306748926,241310098953,241310137335,241310207768,241310271157,241310303157,241310918574,241324355602,12327633,114575,241323403492,
01-29 11:26:25.466 2021 2041 I System.out: 33 0,241323256965,241323256965,9223372036854775807,0,241323415615,241323416637,241324578661,241324611723,241325878334,241325960449,241326002878,241326820185,241341470193,13064017,905392,241328360260,
01-29 11:26:25.466 2021 2041 I System.out: 34 0,241339923720,241339923720,9223372036854775807,0,241340067847,241340068879,241343184636,241343235832,241344432762,241344498646,241344528882,241345105176,241359542464,13635642,91722,0,
01-29 11:26:25.466 2021 2041 I System.out: 35 0,241356590422,241356590422,9223372036854775807,0,241356747350,241356748362,241360230878,241360275983,241360773799,241360832719,241360860051,241361435242,241376200386,12909296,1125666,0,
01-29 11:26:25.466 2021 2041 I System.out: 36 0,241856589784,241856589784,9223372036854775807,0,241856729835,241856730627,241856730817,241857055427,241857125609,241857220287,241857260352,241857876961,241859066107,19968,125226,0,
01-29 11:26:25.470 2021 2041 D Benchmark: Starting activity with command: am start -W "intent:#Intent;action=android.intent.action.MAIN;category=android.intent.category.LAUNCHER;launchFlags=0x10008000;package=tj.maktabmobile.app;component=tj.maktabmobile.app/com.ustadmobile.port.android.view.AppActivity;end"
01-29 11:26:25.495 478 498 D EventSequenceValidator: inc AccIntentStartedEvents to 2
01-29 11:26:25.497 361 361 I perfetto: ing_service_impl.cc:758 Configured tracing session 16, #sources:1, duration:5000 ms, #buffers:1, total buffer size:4096 KB, total sessions:2, uid:1071 session name: ""
01-29 11:26:25.497 350 350 I perfetto: probes_producer.cc:230 Ftrace setup (target_buf=16)
01-29 11:26:25.505 478 831 W InputReader: Device virtio_input_multi_touch_10 is associated with display ADISPLAY_ID_NONE.
01-29 11:26:25.505 478 831 W InputReader: Device virtio_input_multi_touch_7 is associated with display ADISPLAY_ID_NONE.
01-29 11:26:25.505 478 831 W InputReader: Device virtio_input_multi_touch_11 is associated with display ADISPLAY_ID_NONE.
01-29 11:26:25.505 478 831 W InputReader: Device virtio_input_multi_touch_5 is associated with display ADISPLAY_ID_NONE.
01-29 11:26:25.505 478 831 W InputReader: Device virtio_input_multi_touch_2 is associated with display ADISPLAY_ID_NONE.
01-29 11:26:25.505 478 831 W InputReader: Device virtio_input_multi_touch_6 is associated with display ADISPLAY_ID_NONE.
01-29 11:26:25.505 478 831 W InputReader: Device virtio_input_multi_touch_8 is associated with display ADISPLAY_ID_NONE.
01-29 11:26:25.505 478 831 W InputReader: Device virtio_input_multi_touch_9 is associated with display ADISPLAY_ID_NONE.
01-29 11:26:25.505 478 831 W InputReader: Device virtio_input_multi_touch_3 is associated with display ADISPLAY_ID_NONE.
01-29 11:26:25.505 478 831 W InputReader: Device virtio_input_multi_touch_4 is associated with display ADISPLAY_ID_NONE.
01-29 11:26:25.505 478 831 W InputReader: Device virtio_input_multi_touch_10 is associated with display ADISPLAY_ID_NONE.
01-29 11:26:25.505 478 831 W InputReader: Device virtio_input_multi_touch_7 is associated with display ADISPLAY_ID_NONE.
01-29 11:26:25.505 478 831 W InputReader: Device virtio_input_multi_touch_11 is associated with display ADISPLAY_ID_NONE.
01-29 11:26:25.505 478 831 W InputReader: Device virtio_input_multi_touch_5 is associated with display ADISPLAY_ID_NONE.
01-29 11:26:25.505 478 831 W InputReader: Device virtio_input_multi_touch_2 is associated with display ADISPLAY_ID_NONE.
01-29 11:26:25.505 478 831 W InputReader: Device virtio_input_multi_touch_6 is associated with display ADISPLAY_ID_NONE.
01-29 11:26:25.505 478 831 W InputReader: Device virtio_input_multi_touch_8 is associated with display ADISPLAY_ID_NONE.
01-29 11:26:25.505 478 831 W InputReader: Device virtio_input_multi_touch_9 is associated with display ADISPLAY_ID_NONE.
01-29 11:26:25.505 478 831 W InputReader: Device virtio_input_multi_touch_3 is associated with display ADISPLAY_ID_NONE.
01-29 11:26:25.505 478 831 W InputReader: Device virtio_input_multi_touch_4 is associated with display ADISPLAY_ID_NONE.
01-29 11:26:25.509 478 498 D EventSequenceValidator: dec AccIntentStartedEvents to 1
01-29 11:26:25.516 273 1473 D goldfish-address-space: claimShared: Ask to claim region [0x3f57bb000 0x3f5fa4000]
01-29 11:26:25.521 2145 2145 W CustomTabsClient: Unable to find any Custom Tabs packages, you may need to add a element to your manifest. See the docs for CustomTabsClient#getPackageName.
01-29 11:26:25.521 2145 2145 W AppActivity$bindCustomTabsService: CustomTabs: Service NOT supported
01-29 11:26:25.538 478 572 D UntrustedWifiNetworkFactory: got request NetworkRequest [ TRACK_DEFAULT id=28, [ Capabilities: INTERNET&NOT_RESTRICTED&TRUSTED Uid: 10130 AdministratorUids: [] RequestorUid: 10130 RequestorPackageName: tj.maktabmobile.app] ] with score 60 and providerId 3
01-29 11:26:25.538 478 572 D WifiNetworkFactory: got request NetworkRequest [ TRACK_DEFAULT id=28, [ Capabilities: INTERNET&NOT_RESTRICTED&TRUSTED Uid: 10130 AdministratorUids: [] RequestorUid: 10130 RequestorPackageName: tj.maktabmobile.app] ] with score 60 and providerId 3
01-29 11:26:25.538 842 842 D PhoneSwitcherNetworkRequstListener: got request NetworkRequest [ TRACK_DEFAULT id=28, [ Capabilities: INTERNET&NOT_RESTRICTED&TRUSTED Uid: 10130 AdministratorUids: [] RequestorUid: 10130 RequestorPackageName: tj.maktabmobile.app] ] with score 60 and providerId 3
01-29 11:26:25.542 842 842 D Telephony: isEmergencyPreferredAccount: subId=1, activeData=1
01-29 11:26:25.542 842 842 D Telephony: isEmergencyPreferredAccount: Device does not require preference.
01-29 11:26:25.542 638 638 V KeyguardUpdateMonitor: onSubscriptionInfoChanged()
01-29 11:26:25.543 638 638 V KeyguardUpdateMonitor: SubInfo:{id=1 iccId=89014103211118510720 simSlotIndex=0 carrierId=1 displayName=T-Mobile carrierName=T-Mobile nameSource=3 iconTint=-16746133 number=+15555215554 dataRoaming=0 iconBitmap=android.graphics.Bitmap@7532549 mcc=310 mnc=260 countryIso=us isEmbedded=false nativeAccessRules=null cardString=89014103211118510720 cardId=-1 isOpportunistic=false groupUUID=null isGroupDisabled=false profileClass=-1 ehplmns=null hplmns=null subscriptionType=0 groupOwner=null carrierConfigAccessRules=null areUiccApplicationsEnabled=true}
01-29 11:26:25.561 295 295 E Layer : [Surface(name=Task=1)/@0xc31bc2d - animation-leash#0] No local sync point found
01-29 11:26:25.561 295 295 E Layer : [Surface(name=Task=1)/@0xc31bc2d - animation-leash#0] No local sync point found
01-29 11:26:25.561 295 295 E Layer : [Surface(name=Task=6)/@0x954a1d6 - animation-leash#0] No local sync point found
01-29 11:26:25.561 295 295 E Layer : [Surface(name=Task=6)/@0x954a1d6 - animation-leash#0] No local sync point found
01-29 11:26:25.564 273 1473 D goldfish-address-space: claimShared: Ask to claim region [0x3f5fa4000 0x3f678d000]
01-29 11:26:25.565 273 1473 D goldfish-address-space: claimShared: Ask to claim region [0x3f678d000 0x3f6f76000]
01-29 11:26:25.565 273 1473 D goldfish-address-space: claimShared: Ask to claim region [0x3fa8a4000 0x3fb08d000]
01-29 11:26:25.574 478 504 I ActivityTaskManager: Displayed tj.maktabmobile.app/com.ustadmobile.port.android.view.AppActivity: +79ms
01-29 11:26:25.575 3235 3237 I cmd : oneway function results will be dropped but finished with status OK and parcel size 4
01-29 11:26:25.577 295 295 E Layer : [Surface(name=Task=1)/@0xc31bc2d - animation-leash#0] No local sync point found
01-29 11:26:25.577 295 295 E Layer : [Surface(name=Task=6)/@0x954a1d6 - animation-leash#0] No local sync point found
01-29 11:26:25.584 2145 2145 D UstadViewModelFunKt$ustadViewModel$viewModel$invoke: ustadViewModel(): create viewmodel for: com.ustadmobile.core.viewmodel.redirect.RedirectViewModel
01-29 11:26:25.589 2145 2145 D UstadNavControllerPreCompose$onCollectNavCommand: NavCommandEffect: Navigate: Go to addAccountSelectNewOrExisting
01-29 11:26:25.591 2145 2191 D DistCache: Service discovery started
01-29 11:26:25.594 295 295 E Layer : [Surface(name=Task=1)/@0xc31bc2d - animation-leash#0] No local sync point found
01-29 11:26:25.594 295 295 E Layer : [Surface(name=Task=6)/@0x954a1d6 - animation-leash#0] No local sync point found
01-29 11:26:25.602 2145 2145 D UstadViewModelFunKt$ustadViewModel$viewModel$invoke: ustadViewModel(): create viewmodel for: com.ustadmobile.core.viewmodel.AddAccountSelectNewOrExistingViewModel
01-29 11:26:25.611 295 295 E Layer : [Surface(name=Task=1)/@0xc31bc2d - animation-leash#0] No local sync point found
01-29 11:26:25.611 295 295 E Layer : [Surface(name=Task=6)/@0x954a1d6 - animation-leash#0] No local sync point found
01-29 11:26:25.627 295 295 E Layer : [Surface(name=Task=1)/@0xc31bc2d - animation-leash#0] No local sync point found
01-29 11:26:25.627 295 295 E Layer : [Surface(name=Task=6)/@0x954a1d6 - animation-leash#0] No local sync point found
01-29 11:26:25.644 295 295 E Layer : [Surface(name=Task=1)/@0xc31bc2d - animation-leash#0] No local sync point found
01-29 11:26:25.644 295 295 E Layer : [Surface(name=Task=6)/@0x954a1d6 - animation-leash#0] No local sync point found
01-29 11:26:25.660 2021 2041 D Benchmark: Result: Starting: Intent { act=android.intent.action.MAIN cat=[android.intent.category.LAUNCHER] flg=0x10008000 pkg=tj.maktabmobile.app cmp=tj.maktabmobile.app/com.ustadmobile.port.android.view.AppActivity }
01-29 11:26:25.660 2021 2041 D Benchmark: Status: ok
01-29 11:26:25.660 2021 2041 D Benchmark: LaunchState: WARM
01-29 11:26:25.660 2021 2041 D Benchmark: Activity: tj.maktabmobile.app/com.ustadmobile.port.android.view.AppActivity
01-29 11:26:25.660 2021 2041 D Benchmark: TotalTime: 79
01-29 11:26:25.660 2021 2041 D Benchmark: WaitTime: 80
01-29 11:26:25.660 2021 2041 D Benchmark: Complete
01-29 11:26:25.792 2021 2041 I System.out: 0 Flags,IntendedVsync,Vsync,OldestInputEvent,NewestInputEvent,HandleInputStart,AnimationStart,PerformTraversalsStart,DrawStart,SyncQueued,SyncStart,IssueDrawCommandsStart,SwapBuffers,FrameCompleted,DequeueBufferDuration,QueueBufferDuration,GpuCompleted,
01-29 11:26:25.792 2021 2041 I System.out: 1 1,240723257311,240739923977,9223372036854775807,0,240754183529,240754183669,240754183749,240770575211,240770833697,240771059321,240771083396,240771883290,240773729219,26109,165551,240790101044,
