01-29 11:23:45.842 2417 2417 W dex2oat32: Accessing hidden field Ljava/nio/file/InvalidPathException;->index:I (greylist-max-o, linking, denied)
01-29 11:23:45.842 2417 2417 W dex2oat32: Accessing hidden field Ljava/nio/file/InvalidPathException;->input:Ljava/lang/String; (greylist-max-o, linking, denied)
01-29 11:23:45.844 2417 2417 W dex2oat32: Accessing hidden method Landroid/graphics/Bitmap;->getHardwareBuffer()Landroid/hardware/HardwareBuffer; (blacklist, linking, denied)
01-29 11:23:45.844 2417 2417 W dex2oat32: Accessing hidden method Landroid/graphics/Canvas;->drawPatch(Landroid/graphics/NinePatch;Landroid/graphics/Rect;Landroid/graphics/Paint;)V (greylist-max-o, linking, denied)
01-29 11:23:45.844 2417 2417 W dex2oat32: Accessing hidden method Landroid/graphics/Canvas;->drawPatch(Landroid/graphics/NinePatch;Landroid/graphics/RectF;Landroid/graphics/Paint;)V (greylist-max-o, linking, denied)
01-29 11:23:45.855 2417 2417 W dex2oat32: Accessing hidden method Landroid/app/job/JobParameters;->getStopReason()I (greylist-max-o, linking, denied)
01-29 11:23:46.842 2417 2417 I dex2oat32: dex2oat took 8.214s (10.013s cpu) (threads: 2) arena alloc=4143KB (4243384B) java alloc=2280KB (2335144B) native alloc=81MB (85726320B) free=83MB (87519312B)
01-29 11:23:46.860 380 380 V installd: DexInv: --- END '/data/app/~~udvmEuEJhL3rR0pnxkb45Q==/tj.maktabmobile.app-qWZ3Bw-qpBT7rr6Ga6g6aQ==/base.apk' (success) ---
01-29 11:23:46.881 2021 2041 D Benchmark: Reference profile location: /data/misc/profiles/ref/tj.maktabmobile.app/primary.prof
01-29 11:23:46.904 2021 2041 D Benchmark: APK Path: /data/app/~~udvmEuEJhL3rR0pnxkb45Q==/tj.maktabmobile.app-qWZ3Bw-qpBT7rr6Ga6g6aQ==/base.apk
01-29 11:23:46.904 2021 2041 D Benchmark: Converting to human readable profile format
01-29 11:23:46.904 2021 2041 D Benchmark: Using profile location: /data/misc/profiles/ref/tj.maktabmobile.app/primary.prof
01-29 11:23:47.170 2445 2445 W profman : profman took 257.348ms
01-29 11:23:47.201 2021 2041 D Benchmark: Using profile location: /data/misc/profiles/cur/0/tj.maktabmobile.app/primary.prof
01-29 11:23:47.331 2145 2188 D DistCache: DistributedCacheHashtable(43263 unknown Android SDK built for x86_64): sending pings to 0 nodes
01-29 11:23:47.474 2456 2456 W profman : profman took 251.495ms
01-29 11:23:48.270 2021 2041 D Benchmark: Unstable profiles during iteration 2
01-29 11:23:48.270 2021 2041 D Benchmark: Killing package tj.maktabmobile.app
01-29 11:23:48.270 2021 2041 D Benchmark: Killing process tj.maktabmobile.app
01-29 11:23:48.270 2021 2041 D UiDevice: Executing shell command: killall tj.maktabmobile.app
01-29 11:23:48.277 2021 2041 D Benchmark: Compile iteration (3) for tj.maktabmobile.app
01-29 11:23:48.277 2021 2041 D UiDevice: Pressing home button.
01-29 11:23:48.298 638 638 V ShadeControllerImpl: NotificationShadeWindow: com.android.systemui.statusbar.phone.NotificationShadeWindowView{90561f7 I.E...... ......ID 0,0-1080,1920} canPanelBeCollapsed(): false
01-29 11:23:48.299 478 498 D EventSequenceValidator: inc AccIntentStartedEvents to 2
01-29 11:23:48.300 478 496 W InputReader: Device virtio_input_multi_touch_10 is associated with display ADISPLAY_ID_NONE.
01-29 11:23:48.300 478 496 W InputReader: Device virtio_input_multi_touch_7 is associated with display ADISPLAY_ID_NONE.
01-29 11:23:48.300 478 496 W InputReader: Device virtio_input_multi_touch_11 is associated with display ADISPLAY_ID_NONE.
01-29 11:23:48.300 478 496 W InputReader: Device virtio_input_multi_touch_5 is associated with display ADISPLAY_ID_NONE.
01-29 11:23:48.300 478 496 W InputReader: Device virtio_input_multi_touch_2 is associated with display ADISPLAY_ID_NONE.
01-29 11:23:48.300 478 496 W InputReader: Device virtio_input_multi_touch_6 is associated with display ADISPLAY_ID_NONE.
01-29 11:23:48.300 478 496 W InputReader: Device virtio_input_multi_touch_8 is associated with display ADISPLAY_ID_NONE.
01-29 11:23:48.300 478 496 W InputReader: Device virtio_input_multi_touch_9 is associated with display ADISPLAY_ID_NONE.
01-29 11:23:48.300 478 496 W InputReader: Device virtio_input_multi_touch_3 is associated with display ADISPLAY_ID_NONE.
01-29 11:23:48.300 478 496 W InputReader: Device virtio_input_multi_touch_4 is associated with display ADISPLAY_ID_NONE.
01-29 11:23:48.300 478 496 W InputReader: Device virtio_input_multi_touch_10 is associated with display ADISPLAY_ID_NONE.
01-29 11:23:48.300 478 496 W InputReader: Device virtio_input_multi_touch_7 is associated with display ADISPLAY_ID_NONE.
01-29 11:23:48.300 478 496 W InputReader: Device virtio_input_multi_touch_11 is associated with display ADISPLAY_ID_NONE.
01-29 11:23:48.300 478 496 W InputReader: Device virtio_input_multi_touch_5 is associated with display ADISPLAY_ID_NONE.
01-29 11:23:48.300 478 496 W InputReader: Device virtio_input_multi_touch_2 is associated with display ADISPLAY_ID_NONE.
01-29 11:23:48.300 478 496 W InputReader: Device virtio_input_multi_touch_6 is associated with display ADISPLAY_ID_NONE.
01-29 11:23:48.300 478 496 W InputReader: Device virtio_input_multi_touch_8 is associated with display ADISPLAY_ID_NONE.
01-29 11:23:48.300 478 496 W InputReader: Device virtio_input_multi_touch_9 is associated with display ADISPLAY_ID_NONE.
01-29 11:23:48.300 478 496 W InputReader: Device virtio_input_multi_touch_3 is associated with display ADISPLAY_ID_NONE.
01-29 11:23:48.300 478 496 W InputReader: Device virtio_input_multi_touch_4 is associated with display ADISPLAY_ID_NONE.
01-29 11:23:48.300 361 361 I perfetto: ing_service_impl.cc:758 Configured tracing session 4, #sources:1, duration:5000 ms, #buffers:1, total buffer size:4096 KB, total sessions:1, uid:1071 session name: ""
01-29 11:23:48.300 350 350 I perfetto: probes_producer.cc:230 Ftrace setup (target_buf=4)
01-29 11:23:48.314 987 987 D TaplTarget: Launcher.onNewIntent: Intent { act=android.intent.action.MAIN cat=[android.intent.category.HOME] flg=0x10400100 cmp=com.android.launcher3/.uioverrides.QuickstepLauncher (has extras) }
01-29 11:23:48.321 350 350 I perfetto: ftrace_procfs.cc:176 enabled ftrace
01-29 11:23:48.322 638 638 V ShadeControllerImpl: NotificationShadeWindow: com.android.systemui.statusbar.phone.NotificationShadeWindowView{90561f7 I.E...... ......ID 0,0-1080,1920} canPanelBeCollapsed(): false
01-29 11:23:48.333 273 1473 D goldfish-address-space: claimShared: Ask to claim region [0x3f8000000 0x3f87e9000]
01-29 11:23:48.334 273 1473 D goldfish-address-space: claimShared: Ask to claim region [0x3fb08d000 0x3fb876000]
01-29 11:23:48.338 273 1473 D goldfish-address-space: claimShared: Ask to claim region [0x3f90e9000 0x3f98d2000]
01-29 11:23:48.341 273 1473 D goldfish-address-space: claimShared: Ask to claim region [0x3f98d2000 0x3fa0bb000]
01-29 11:23:48.346 478 504 D ArtManagerInternalImpl: /data/misc/iorapd/com.android.launcher3/30/com.android.launcher3.uioverrides.QuickstepLauncher/compiled_traces/compiled_trace.pb doesn't exist
01-29 11:23:48.347 478 498 D EventSequenceValidator: dec AccIntentStartedEvents to 1
01-29 11:23:48.418 2021 2041 I System.out: 0 Flags,IntendedVsync,Vsync,OldestInputEvent,NewestInputEvent,HandleInputStart,AnimationStart,PerformTraversalsStart,DrawStart,SyncQueued,SyncStart,IssueDrawCommandsStart,SwapBuffers,FrameCompleted,DequeueBufferDuration,QueueBufferDuration,GpuCompleted,
01-29 11:23:48.418 2021 2041 I System.out: 1 1,83073138285,83106471617,9223372036854775807,0,83116325231,83116325521,83116325601,83134274911,83134632864,83134871242,83134884798,83138123696,83139337678,26550,190157,83156593104,
01-29 11:23:48.418 2021 2041 I System.out: 2 0,83123144151,83139810817,9223372036854775807,0,83148218552,83148219444,83161381875,83161414988,83162284903,83164002882,83164033610,83164491300,83172149506,32121,1797098,83171286664,
01-29 11:23:48.418 2021 2041 I System.out: 3 0,83173149788,83173149788,9223372036854775807,0,83176011956,83176012758,83205658464,83205701915,83217813642,83217908400,83217952123,83218416205,83219660704,41268,357492,83223330923,
01-29 11:23:48.418 2021 2041 I System.out: 4 0,83189819956,83223153288,9223372036854775807,0,83225261071,83225261442,83241478406,83241516708,83246325287,83246414104,83246447897,83247671788,83248759472,28103,150423,83248708116,
01-29 11:23:48.418 2021 2041 I System.out: 5 0,83239824841,83239824841,9223372036854775807,0,83250273318,83250274390,83251375890,83251410105,83253339652,83253404794,83253446783,83254783536,83257738320,2051446,137268,83256672046,
01-29 11:23:48.418 2021 2041 I System.out: 6 0,83256493198,83256493198,9223372036854775807,0,83257163600,83257163981,83258378153,83258413419,83260404261,83260461820,83260497286,83261014609,83274313537,11676800,748717,83273299200,
01-29 11:23:48.418 2021 2041 I System.out: 7 0,83273161571,83273161571,9223372036854775807,0,83273802617,83273802957,83274974620,83275013162,83276915348,83277525164,83277610154,83278812424,83298185450,16430265,248748,83281706524,
01-29 11:23:48.418 2021 2041 I System.out: 8 0,83289829750,83289829750,9223372036854775807,0,83290686965,83290687286,83291898983,83291938137,83298618173,83298690580,83298731406,83299153229,83308500179,7928423,166103,83300338497,
01-29 11:23:48.418 2021 2041 I System.out: 9 0,83306498055,83306498055,9223372036854775807,0,83307369734,83307370265,83309455174,83309491853,83315797276,83315907523,83315953820,83316524232,83327293476,8945706,193835,83318294490,
01-29 11:23:48.418 2021 2041 I System.out: 10 0,83323165896,83323165896,9223372036854775807,0,83324527196,83324527596,83325894877,83325918902,83327591385,83327662239,83327690362,83332016223,83341763896,7429015,220945,83334288084,
01-29 11:23:48.418 2021 2041 I System.out: 11 0,83339834006,83339834006,9223372036854775807,0,83341228009,83341228319,83342694135,83342707390,83344511741,83344635304,83344668867,83347240621,83362639447,12107779,582655,83350487564,
01-29 11:23:48.418 2021 2041 I System.out: 12 0,83356502054,83356502054,9223372036854775807,0,83357686156,83357686446,83358655899,83358675636,83363140098,83363227502,83363278658,83363962634,83374884234,7877658,853154,83366963154,
01-29 11:23:48.418 2021 2041 I System.out: 13 0,83373170195,83373170195,9223372036854775807,0,83374598727,83374599218,83375771171,83375796408,83377449405,83377505220,83377537391,83378961157,83391253914,8336600,133461,83389993194,
01-29 11:23:48.419 2021 2041 I System.out: 14 0,83389838213,83389838213,9223372036854775807,0,83390393617,83390393838,83392686327,83392712726,83394390610,83394471302,83394498333,83394943951,83410591293,12761378,109997,83406688427,
01-29 11:23:48.419 2021 2041 I System.out: 15 0,83406507420,83406507420,9223372036854775807,0,83406858557,83406858837,83410943746,83410977029,83412556748,83412622662,83412680982,83413075453,83426638378,9754115,1619865,83416841212,
01-29 11:23:48.419 2021 2041 I System.out: 16 0,83423175573,83423175573,9223372036854775807,0,83423368702,83423370084,83427023412,83427049571,83428556423,83428852690,83428877457,83467626996,83470454771,32000,1008235,83470387855,
01-29 11:23:48.419 2021 2041 I System.out: 17 0,83439843538,83439843538,9223372036854775807,0,83440034068,83440035270,83443756295,83443798003,83445946332,83470496119,83470534501,83470924123,83475146851,1640443,207380,83479861553,
01-29 11:23:48.419 2021 2041 I System.out: 18 0,83456511586,83456511586,9223372036854775807,0,83471015525,83471015996,83471836088,83471876193,83475610152,83475671627,83475714137,83476299067,83493015109,13053087,175070,83479924892,
01-29 11:23:48.419 2021 2041 I System.out: 19 0,83473179617,83473179617,9223372036854775807,0,83476146490,83476146841,83477091396,83477129939,83478981509,83493083407,83493121809,83493621268,83509312894,12980440,99477,83496287460,
01-29 11:23:48.419 2021 2041 I System.out: 20 0,83489847671,83489847671,9223372036854775807,0,83493596020,83493596401,83494301897,83494335140,83495897527,83509374730,83509412792,83509845766,83525999871,13671118,74160,83523327057,
01-29 11:23:48.419 2021 2041 I System.out: 21 0,83506515487,83506515487,9223372036854775807,0,83509946916,83509947307,83510774642,83510834504,83512319215,83526060405,83526097354,83526518556,83540961515,12452277,93586,83539992774,
01-29 11:23:48.419 2021 2041 I System.out: 22 0,83523184446,83523184446,9223372036854775807,0,83526534416,83526534927,83527318019,83527353876,83528959615,83541043690,83541091449,83542828214,83559403120,14130712,115487,83556652450,
01-29 11:23:48.419 2021 2041 I System.out: 23 0,83539852284,83539852284,9223372036854775807,0,83541551063,83541551484,83542297186,83542332663,83544319477,83559462462,83559502628,83559962382,83576243887,13772529,117922,83573319720,
01-29 11:23:48.419 2021 2041 I System.out: 24 0,83556520235,83556520235,9223372036854775807,0,83559940080,83559940330,83562228421,83562280339,83564291750,83576309250,83576353603,83576951377,83590955951,13106527,78117,83590013430,
01-29 11:23:48.419 2021 2041 I System.out: 25 0,83573188127,83573188127,9223372036854775807,0,83577117168,83577117569,83579382847,83579418234,83580881434,83591013249,83591054036,83592131712,83609656524,15586920,85120,83606661233,
01-29 11:23:48.419 2021 2041 I System.out: 26 0,83589856028,83589856028,9223372036854775807,0,83591538176,83591538537,83592411477,83592445672,83594252488,83609723329,83609758355,83610376146,83626086658,14530223,88055,83623333042,
01-29 11:23:48.419 2021 2041 I System.out: 27 0,83606523878,83606523878,9223372036854775807,0,83610317366,83610318268,83611056926,83611095519,83612800564,83626159465,83626200442,83626812182,83640913699,13265516,81663,83639975976,
01-29 11:23:48.419 2021 2041 I System.out: 28 0,83623191726,83623191726,9223372036854775807,0,83626605343,83626605764,83627053355,83627091597,83628803926,83641019057,83641060725,83643023164,83659632375,14913183,859616,83644681762,
01-29 11:23:48.419 2021 2041 I System.out: 29 0,83639860474,83639860474,9223372036854775807,0,83641405143,83641405523,83641745172,83641774767,83643313670,83659680335,83659713197,83660300731,83676327868,15245166,88096,83661043488,
01-29 11:23:48.419 2021 2041 I System.out: 30 0,83656528314,83656528314,9223372036854775807,0,83660162291,83660162532,83660585627,83660629810,83662316931,83676390436,83676426063,83676999110,83692944132,14852449,120867,83689985822,
01-29 11:23:48.419 2021 2041 I System.out: 31 0,83673196158,83673196158,9223372036854775807,0,83676811628,83676812509,83677172165,83677206350,83679107473,83693016729,83693051795,83693624060,83707663010,12287277,941430,83706676305,
01-29 11:23:48.419 2021 2041 I System.out: 32 0,83689863969,83689863969,9223372036854775807,0,83693504977,83693505397,83693783260,83693819418,83693960493,83707724506,83707764962,83710256726,83726304571,15176287,148479,83723356049,
01-29 11:23:48.419 2021 2041 I System.out: 33 0,83706531581,83706531581,9223372036854775807,0,83708180042,83708180453,83708605542,83708634396,83710710258,83726375154,83726418435,83727088745,83740984295,12909907,75502,83740000326,
01-29 11:23:48.419 2021 2041 I System.out: 34 0,83723199316,83723199316,9223372036854775807,0,83726875565,83726876216,83729893548,83729933913,83731777529,83741060328,83741104631,83743381000,83759505350,14721843,99698,0,
01-29 11:23:48.419 2021 2041 I System.out: 35 0,83739867055,83739867055,9223372036854775807,0,83741747710,83741748221,83743110402,83743147672,83744119008,83759566715,83759599818,83760221346,83774426017,13260867,133591,0,
01-29 11:23:48.419 2021 2041 I System.out: 36 0,83789869893,83789869893,9223372036854775807,0,83790050948,83790052110,83790052250,83791786390,83791919390,83792141878,83792228801,83794152037,83795595770,21570,149301,0,
01-29 11:23:48.419 2021 2041 D Benchmark: Starting activity with command: am start -W "intent:#Intent;action=android.intent.action.MAIN;category=android.intent.category.LAUNCHER;launchFlags=0x10008000;package=tj.maktabmobile.app;component=tj.maktabmobile.app/com.ustadmobile.port.android.view.AppActivity;end"
01-29 11:23:48.456 478 498 D EventSequenceValidator: inc AccIntentStartedEvents to 2
01-29 11:23:48.457 361 361 I perfetto: ing_service_impl.cc:758 Configured tracing session 5, #sources:1, duration:5000 ms, #buffers:1, total buffer size:4096 KB, total sessions:2, uid:1071 session name: ""
01-29 11:23:48.457 350 350 I perfetto: probes_producer.cc:230 Ftrace setup (target_buf=5)
01-29 11:23:48.458 478 2388 W InputReader: Device virtio_input_multi_touch_10 is associated with display ADISPLAY_ID_NONE.
01-29 11:23:48.458 478 2388 W InputReader: Device virtio_input_multi_touch_7 is associated with display ADISPLAY_ID_NONE.
01-29 11:23:48.458 478 2388 W InputReader: Device virtio_input_multi_touch_11 is associated with display ADISPLAY_ID_NONE.
01-29 11:23:48.458 478 2388 W InputReader: Device virtio_input_multi_touch_5 is associated with display ADISPLAY_ID_NONE.
01-29 11:23:48.458 478 2388 W InputReader: Device virtio_input_multi_touch_2 is associated with display ADISPLAY_ID_NONE.
01-29 11:23:48.458 478 2388 W InputReader: Device virtio_input_multi_touch_6 is associated with display ADISPLAY_ID_NONE.
01-29 11:23:48.458 478 2388 W InputReader: Device virtio_input_multi_touch_8 is associated with display ADISPLAY_ID_NONE.
01-29 11:23:48.458 478 2388 W InputReader: Device virtio_input_multi_touch_9 is associated with display ADISPLAY_ID_NONE.
01-29 11:23:48.458 478 2388 W InputReader: Device virtio_input_multi_touch_3 is associated with display ADISPLAY_ID_NONE.
01-29 11:23:48.458 478 2388 W InputReader: Device virtio_input_multi_touch_4 is associated with display ADISPLAY_ID_NONE.
01-29 11:23:48.458 478 2388 W InputReader: Device virtio_input_multi_touch_10 is associated with display ADISPLAY_ID_NONE.
01-29 11:23:48.458 478 2388 W InputReader: Device virtio_input_multi_touch_7 is associated with display ADISPLAY_ID_NONE.
01-29 11:23:48.458 478 2388 W InputReader: Device virtio_input_multi_touch_11 is associated with display ADISPLAY_ID_NONE.
01-29 11:23:48.458 478 2388 W InputReader: Device virtio_input_multi_touch_5 is associated with display ADISPLAY_ID_NONE.
01-29 11:23:48.458 478 2388 W InputReader: Device virtio_input_multi_touch_2 is associated with display ADISPLAY_ID_NONE.
01-29 11:23:48.458 478 2388 W InputReader: Device virtio_input_multi_touch_6 is associated with display ADISPLAY_ID_NONE.
01-29 11:23:48.458 478 2388 W InputReader: Device virtio_input_multi_touch_8 is associated with display ADISPLAY_ID_NONE.
01-29 11:23:48.458 478 2388 W InputReader: Device virtio_input_multi_touch_9 is associated with display ADISPLAY_ID_NONE.
01-29 11:23:48.458 478 2388 W InputReader: Device virtio_input_multi_touch_3 is associated with display ADISPLAY_ID_NONE.
01-29 11:23:48.458 478 2388 W InputReader: Device virtio_input_multi_touch_4 is associated with display ADISPLAY_ID_NONE.
01-29 11:23:48.460 478 498 D EventSequenceValidator: dec AccIntentStartedEvents to 1
01-29 11:23:48.474 2145 2145 W CustomTabsClient: Unable to find any Custom Tabs packages, you may need to add a element to your manifest. See the docs for CustomTabsClient#getPackageName.
01-29 11:23:48.474 2145 2145 W AppActivity$bindCustomTabsService: CustomTabs: Service NOT supported
01-29 11:23:48.490 273 1473 D goldfish-address-space: claimShared: Ask to claim region [0x3fe6d7000 0x3feec0000]
01-29 11:23:48.494 478 572 D UntrustedWifiNetworkFactory: got request NetworkRequest [ TRACK_DEFAULT id=22, [ Capabilities: INTERNET&NOT_RESTRICTED&TRUSTED Uid: 10130 AdministratorUids: [] RequestorUid: 10130 RequestorPackageName: tj.maktabmobile.app] ] with score 60 and providerId 3
01-29 11:23:48.494 478 572 D WifiNetworkFactory: got request NetworkRequest [ TRACK_DEFAULT id=22, [ Capabilities: INTERNET&NOT_RESTRICTED&TRUSTED Uid: 10130 AdministratorUids: [] RequestorUid: 10130 RequestorPackageName: tj.maktabmobile.app] ] with score 60 and providerId 3
01-29 11:23:48.494 842 842 D PhoneSwitcherNetworkRequstListener: got request NetworkRequest [ TRACK_DEFAULT id=22, [ Capabilities: INTERNET&NOT_RESTRICTED&TRUSTED Uid: 10130 AdministratorUids: [] RequestorUid: 10130 RequestorPackageName: tj.maktabmobile.app] ] with score 60 and providerId 3
01-29 11:23:48.511 842 842 D Telephony: isEmergencyPreferredAccount: subId=1, activeData=1
01-29 11:23:48.511 842 842 D Telephony: isEmergencyPreferredAccount: Device does not require preference.
01-29 11:23:48.523 638 638 V KeyguardUpdateMonitor: onSubscriptionInfoChanged()
01-29 11:23:48.523 638 638 V KeyguardUpdateMonitor: SubInfo:{id=1 iccId=89014103211118510720 simSlotIndex=0 carrierId=1 displayName=T-Mobile carrierName=T-Mobile nameSource=3 iconTint=-16746133 number=+15555215554 dataRoaming=0 iconBitmap=android.graphics.Bitmap@aa0886d mcc=310 mnc=260 countryIso=us isEmbedded=false nativeAccessRules=null cardString=89014103211118510720 cardId=-1 isOpportunistic=false groupUUID=null isGroupDisabled=false profileClass=-1 ehplmns=null hplmns=null subscriptionType=0 groupOwner=null carrierConfigAccessRules=null areUiccApplicationsEnabled=true}
01-29 11:23:48.526 273 1473 D goldfish-address-space: claimShared: Ask to claim region [0x3fc7e9000 0x3fcfd2000]
01-29 11:23:48.527 273 1473 D goldfish-address-space: claimShared: Ask to claim region [0x3fcfd2000 0x3fd7bb000]
01-29 11:23:48.527 295 295 E Layer : [Surface(name=Task=6)/@0x954a1d6 - animation-leash#0] No local sync point found
01-29 11:23:48.527 295 295 E Layer : [Surface(name=Task=1)/@0xc31bc2d - animation-leash#0] No local sync point found
01-29 11:23:48.529 273 1473 D goldfish-address-space: claimShared: Ask to claim region [0x3fd7bb000 0x3fdfa4000]
01-29 11:23:48.539 478 504 I ActivityTaskManager: Displayed tj.maktabmobile.app/com.ustadmobile.port.android.view.AppActivity: +83ms
01-29 11:23:48.540 2492 2494 I cmd : oneway function results will be dropped but finished with status OK and parcel size 4
01-29 11:23:48.544 295 295 E Layer : [Surface(name=Task=6)/@0x954a1d6 - animation-leash#0] No local sync point found
01-29 11:23:48.544 295 295 E Layer : [Surface(name=Task=1)/@0xc31bc2d - animation-leash#0] No local sync point found
01-29 11:23:48.555 2145 2145 D UstadViewModelFunKt$ustadViewModel$viewModel$invoke: ustadViewModel(): create viewmodel for: com.ustadmobile.core.viewmodel.redirect.RedirectViewModel
01-29 11:23:48.561 295 295 E Layer : [Surface(name=Task=6)/@0x954a1d6 - animation-leash#0] No local sync point found
01-29 11:23:48.561 295 295 E Layer : [Surface(name=Task=1)/@0xc31bc2d - animation-leash#0] No local sync point found
01-29 11:23:48.577 295 295 E Layer : [Surface(name=Task=6)/@0x954a1d6 - animation-leash#0] No local sync point found
01-29 11:23:48.577 295 295 E Layer : [Surface(name=Task=1)/@0xc31bc2d - animation-leash#0] No local sync point found
01-29 11:23:48.580 2145 2145 D UstadNavControllerPreCompose$onCollectNavCommand: NavCommandEffect: Navigate: Go to addAccountSelectNewOrExisting
01-29 11:23:48.592 2145 2145 D UstadViewModelFunKt$ustadViewModel$viewModel$invoke: ustadViewModel(): create viewmodel for: com.ustadmobile.core.viewmodel.AddAccountSelectNewOrExistingViewModel
01-29 11:23:48.594 295 295 E Layer : [Surface(name=Task=6)/@0x954a1d6 - animation-leash#0] No local sync point found
01-29 11:23:48.594 295 295 E Layer : [Surface(name=Task=1)/@0xc31bc2d - animation-leash#0] No local sync point found
01-29 11:23:48.609 2021 2041 D Benchmark: Result: Starting: Intent { act=android.intent.action.MAIN cat=[android.intent.category.LAUNCHER] flg=0x10008000 pkg=tj.maktabmobile.app cmp=tj.maktabmobile.app/com.ustadmobile.port.android.view.AppActivity }
01-29 11:23:48.609 2021 2041 D Benchmark: Status: ok
01-29 11:23:48.609 2021 2041 D Benchmark: LaunchState: WARM
01-29 11:23:48.609 2021 2041 D Benchmark: Activity: tj.maktabmobile.app/com.ustadmobile.port.android.view.AppActivity
01-29 11:23:48.609 2021 2041 D Benchmark: TotalTime: 83
01-29 11:23:48.609 2021 2041 D Benchmark: WaitTime: 84
01-29 11:23:48.609 2021 2041 D Benchmark: Complete
01-29 11:23:48.611 295 295 E Layer : [Surface(name=Task=6)/@0x954a1d6 - animation-leash#0] No local sync point found
01-29 11:23:48.611 295 295 E Layer : [Surface(name=Task=1)/@0xc31bc2d - animation-leash#0] No local sync point found
01-29 11:23:48.627 295 295 E Layer : [Surface(name=Task=6)/@0x954a1d6 - animation-leash#0] No local sync point found
01-29 11:23:48.627 295 295 E Layer : [Surface(name=Task=1)/@0xc31bc2d - animation-leash#0] No local sync point found
01-29 11:23:48.721 2021 2041 I System.out: 0 Flags,IntendedVsync,Vsync,OldestInputEvent,NewestInputEvent,HandleInputStart,AnimationStart,PerformTraversalsStart,DrawStart,SyncQueued,SyncStart,IssueDrawCommandsStart,SwapBuffers,FrameCompleted,DequeueBufferDuration,QueueBufferDuration,GpuCompleted,
01-29 11:23:48.721 2021 2041 I System.out: 1 1,83073138285,83106471617,9223372036854775807,0,83116325231,83116325521,83116325601,83134274911,83134632864,83134871242,83134884798,83138123696,83139337678,26550,190157,83156593104,
01-29 11:23:48.721 2021 2041 I System.out: 2 0,83123144151,83139810817,9223372036854775807,0,83148218552,83148219444,83161381875,83161414988,83162284903,83164002882,83164033610,83164491300,83172149506,32121,1797098,83171286664,
01-29 11:23:48.721 2021 2041 I System.out: 3 0,83173149788,83173149788,9223372036854775807,0,83176011956,83176012758,83205658464,83205701915,83217813642,83217908400,83217952123,83218416205,83219660704,41268,357492,83223330923,
01-29 11:23:48.721 2021 2041 I System.out: 4 0,83189819956,83223153288,9223372036854775807,0,83225261071,83225261442,83241478406,83241516708,83246325287,83246414104,83246447897,83247671788,83248759472,28103,150423,83248708116,
01-29 11:23:48.721 2021 2041 I System.out: 5 0,83239824841,83239824841,9223372036854775807,0,83250273318,83250274390,83251375890,83251410105,83253339652,83253404794,83253446783,83254783536,83257738320,2051446,137268,83256672046,
01-29 11:23:48.721 2021 2041 I System.out: 6 0,83256493198,83256493198,9223372036854775807,0,83257163600,83257163981,83258378153,83258413419,83260404261,83260461820,83260497286,83261014609,83274313537,11676800,748717,83273299200,
01-29 11:23:48.721 2021 2041 I System.out: 7 0,83273161571,83273161571,9223372036854775807,0,83273802617,83273802957,83274974620,83275013162,83276915348,83277525164,83277610154,83278812424,83298185450,16430265,248748,83281706524,
01-29 11:23:48.721 2021 2041 I System.out: 8 0,83289829750,83289829750,9223372036854775807,0,83290686965,83290687286,83291898983,83291938137,83298618173,83298690580,83298731406,83299153229,83308500179,7928423,166103,83300338497,
01-29 11:23:48.721 2021 2041 I System.out: 9 0,83306498055,83306498055,9223372036854775807,0,83307369734,83307370265,83309455174,83309491853,83315797276,83315907523,83315953820,83316524232,83327293476,8945706,193835,83318294490,
01-29 11:23:48.721 2021 2041 I System.out: 10 0,83323165896,83323165896,9223372036854775807,0,83324527196,83324527596,83325894877,83325918902,83327591385,83327662239,83327690362,83332016223,83341763896,7429015,220945,83334288084,
01-29 11:23:48.721 2021 2041 I System.out: 11 0,83339834006,83339834006,9223372036854775807,0,83341228009,83341228319,83342694135,83342707390,83344511741,83344635304,83344668867,83347240621,83362639447,12107779,582655,83350487564,
01-29 11:23:48.721 2021 2041 I System.out: 12 0,83356502054,83356502054,9223372036854775807,0,83357686156,83357686446,83358655899,83358675636,83363140098,83363227502,83363278658,83363962634,83374884234,7877658,853154,83366963154,
01-29 11:23:48.721 2021 2041 I System.out: 13 0,83373170195,83373170195,9223372036854775807,0,83374598727,83374599218,83375771171,83375796408,83377449405,83377505220,83377537391,83378961157,83391253914,8336600,133461,83389993194,
01-29 11:23:48.721 2021 2041 I System.out: 14 0,83389838213,83389838213,9223372036854775807,0,83390393617,83390393838,83392686327,83392712726,83394390610,83394471302,83394498333,83394943951,83410591293,12761378,109997,83406688427,
01-29 11:23:48.721 2021 2041 I System.out: 15 0,83406507420,83406507420,9223372036854775807,0,83406858557,83406858837,83410943746,83410977029,83412556748,83412622662,83412680982,83413075453,83426638378,9754115,1619865,83416841212,
01-29 11:23:48.721 2021 2041 I System.out: 16 0,83423175573,83423175573,9223372036854775807,0,83423368702,83423370084,83427023412,83427049571,83428556423,83428852690,83428877457,83467626996,83470454771,32000,1008235,83470387855,
01-29 11:23:48.721 2021 2041 I System.out: 17 0,83439843538,83439843538,9223372036854775807,0,83440034068,83440035270,83443756295,83443798003,83445946332,83470496119,83470534501,83470924123,83475146851,1640443,207380,83479861553,
01-29 11:23:48.721 2021 2041 I System.out: 18 0,83456511586,83456511586,9223372036854775807,0,83471015525,83471015996,83471836088,83471876193,83475610152,83475671627,83475714137,83476299067,83493015109,13053087,175070,83479924892,
01-29 11:23:48.721 2021 2041 I System.out: 19 0,83473179617,83473179617,9223372036854775807,0,83476146490,83476146841,83477091396,83477129939,83478981509,83493083407,83493121809,83493621268,83509312894,12980440,99477,83496287460,
01-29 11:23:48.721 2021 2041 I System.out: 20 0,83489847671,83489847671,9223372036854775807,0,83493596020,83493596401,83494301897,83494335140,83495897527,83509374730,83509412792,83509845766,83525999871,13671118,74160,83523327057,
01-29 11:23:48.721 2021 2041 I System.out: 21 0,83506515487,83506515487,9223372036854775807,0,83509946916,83509947307,83510774642,83510834504,83512319215,83526060405,83526097354,83526518556,83540961515,12452277,93586,83539992774,
01-29 11:23:48.721 2021 2041 I System.out: 22 0,83523184446,83523184446,9223372036854775807,0,83526534416,83526534927,83527318019,83527353876,83528959615,83541043690,83541091449,83542828214,83559403120,14130712,115487,83556652450,
01-29 11:23:48.721 2021 2041 I System.out: 23 0,83539852284,83539852284,9223372036854775807,0,83541551063,83541551484,83542297186,83542332663,83544319477,83559462462,83559502628,83559962382,83576243887,13772529,117922,83573319720,
01-29 11:23:48.721 2021 2041 I System.out: 24 0,83556520235,83556520235,9223372036854775807,0,83559940080,83559940330,83562228421,83562280339,83564291750,83576309250,83576353603,83576951377,83590955951,13106527,78117,83590013430,
01-29 11:23:48.721 2021 2041 I System.out: 25 0,83573188127,83573188127,9223372036854775807,0,83577117168,83577117569,83579382847,83579418234,83580881434,83591013249,83591054036,83592131712,83609656524,15586920,85120,83606661233,
01-29 11:23:48.721 2021 2041 I System.out: 26 0,83589856028,83589856028,9223372036854775807,0,83591538176,83591538537,83592411477,83592445672,83594252488,83609723329,83609758355,83610376146,83626086658,14530223,88055,83623333042,
01-29 11:23:48.721 2021 2041 I System.out: 27 0,83606523878,83606523878,9223372036854775807,0,83610317366,83610318268,83611056926,83611095519,83612800564,83626159465,83626200442,83626812182,83640913699,13265516,81663,83639975976,
01-29 11:23:48.721 2021 2041 I System.out: 28 0,83623191726,83623191726,9223372036854775807,0,83626605343,83626605764,83627053355,83627091597,83628803926,83641019057,83641060725,83643023164,83659632375,14913183,859616,83644681762,
01-29 11:23:48.721 2021 2041 I System.out: 29 0,83639860474,83639860474,9223372036854775807,0,83641405143,83641405523,83641745172,83641774767,83643313670,83659680335,83659713197,83660300731,83676327868,15245166,88096,83661043488,
01-29 11:23:48.721 2021 2041 I System.out: 30 0,83656528314,83656528314,9223372036854775807,0,83660162291,83660162532,83660585627,83660629810,83662316931,83676390436,83676426063,83676999110,83692944132,14852449,120867,83689985822,
01-29 11:23:48.721 2021 2041 I System.out: 31 0,83673196158,83673196158,9223372036854775807,0,83676811628,83676812509,83677172165,83677206350,83679107473,83693016729,83693051795,83693624060,83707663010,12287277,941430,83706676305,
01-29 11:23:48.721 2021 2041 I System.out: 32 0,83689863969,83689863969,9223372036854775807,0,83693504977,83693505397,83693783260,83693819418,83693960493,83707724506,83707764962,83710256726,83726304571,15176287,148479,83723356049,
01-29 11:23:48.721 2021 2041 I System.out: 33 0,83706531581,83706531581,9223372036854775807,0,83708180042,83708180453,83708605542,83708634396,83710710258,83726375154,83726418435,83727088745,83740984295,12909907,75502,83740000326,
01-29 11:23:48.721 2021 2041 I System.out: 34 0,83723199316,83723199316,9223372036854775807,0,83726875565,83726876216,83729893548,83729933913,83731777529,83741060328,83741104631,83743381000,83759505350,14721843,99698,0,
01-29 11:23:48.721 2021 2041 I System.out: 35 0,83739867055,83739867055,9223372036854775807,0,83741747710,83741748221,83743110402,83743147672,83744119008,83759566715,83759599818,83760221346,83774426017,13260867,133591,0,
01-29 11:23:48.721 2021 2041 I System.out: 36 0,83789869893,83789869893,9223372036854775807,0,83790050948,83790052110,83790052250,83791786390,83791919390,83792141878,83792228801,83794152037,83795595770,21570,149301,0,
01-29 11:23:48.721 2021 2041 I System.out: 0 Flags,IntendedVsync,Vsync,OldestInputEvent,NewestInputEvent,HandleInputStart,AnimationStart,PerformTraversalsStart,DrawStart,SyncQueued,SyncStart,IssueDrawCommandsStart,SwapBuffers,FrameCompleted,DequeueBufferDuration,QueueBufferDuration,GpuCompleted,
01-29 11:23:48.721 2021 2041 I System.out: 1 1,109723214105,109723214105,9223372036854775807,0,109735922660,109735922951,109735923031,109777886822,109778374388,109779209247,109779228233,109780063844,109784276432,317296,1210436,56003717322,
01-29 11:23:48.721 2021 2041 I System.out: 2 0,109739881586,109773214918,9223372036854775807,0,109789837025,109789837977,109805445725,109805483997,109810564898,109810615874,109810884639,109812360663,109818854240,110237,1809992,56068412442,
01-29 11:23:48.721 2021 2041 I System.out: 3 0,109806551749,109823218415,9223372036854775807,0,109827028365,109827029296,109874984319,109875119183,109895255574,109895326978,109895369989,109903465857,109905242948,27452,266181,56079255894,
01-29 11:23:48.721 2021 2041 D UiDevice: Waiting 10000ms for SearchCondition[hasObject=BySelector [TEXT='\QGet Started\E']].
01-29 11:23:48.721 2021 2041 D UiDevice: Searching for node with selector: BySelector [TEXT='\QGet Started\E'].
01-29 11:23:48.805 255 398 W netd : dnssd_clientstub DNSServiceProcessResult called with NULL DNSServiceRef
01-29 11:23:48.806 2145 2191 I DistCache: Discovery stopped: _dcache._tcp
01-29 11:23:48.813 987 987 D TaplTarget: sendStateEventToTest: 0
01-29 11:23:48.814 987 987 D RecentsOrientedState: current RecentsOrientedState: [this=RecentsOrientedState@5c28903 mOrientationHandler=PortraitPagedViewHandler@4e57080 mDisplayRotation=0 mTouchRotation=0 mRecentsActivityRotation=0 isRecentsActivityRotationAllowed=false mSystemRotation=true mFlags=299]
01-29 11:23:48.814 987 987 I chatty : uid=10118(com.android.launcher3) identical 2 lines
01-29 11:23:48.814 987 987 D RecentsOrientedState: current RecentsOrientedState: [this=RecentsOrientedState@5c28903 mOrientationHandler=PortraitPagedViewHandler@4e57080 mDisplayRotation=0 mTouchRotation=0 mRecentsActivityRotation=0 isRecentsActivityRotationAllowed=false mSystemRotation=true mFlags=299]
01-29 11:23:48.815 255 398 W netd : dnssd_clientstub DNSServiceProcessResult called with NULL DNSServiceRef
01-29 11:23:48.816 2145 2191 I DistCache: Unregistered: name: DCache, type: _dcache._tcp, host: null, port: 43263, txtRecord:
01-29 11:23:48.818 2145 2145 D AppActivity$onDestroy: AppActivity#onDestroy
01-29 11:23:48.831 478 2340 D HostConnection: HostConnection::get() New Host Connection established 0x7e5153e17890, tid 2340
01-29 11:23:48.833 478 2340 D HostConnection: HostComposition ext ANDROID_EMU_CHECKSUM_HELPER_v1 ANDROID_EMU_native_sync_v2 ANDROID_EMU_dma_v1 ANDROID_EMU_direct_mem ANDROID_EMU_host_composition_v1 ANDROID_EMU_host_composition_v2 ANDROID_EMU_vulkan ANDROID_EMU_deferred_vulkan_commands ANDROID_EMU_vulkan_null_optional_strings ANDROID_EMU_vulkan_create_resources_with_requirements ANDROID_EMU_YUV_Cache ANDROID_EMU_vulkan_ignored_handles ANDROID_EMU_has_shared_slots_host_memory_allocator ANDROID_EMU_vulkan_free_memory_sync ANDROID_EMU_vulkan_shader_float16_int8 ANDROID_EMU_vulkan_async_queue_submit ANDROID_EMU_sync_buffer_data ANDROID_EMU_vulkan_async_qsri ANDROID_EMU_read_color_buffer_dma GL_OES_EGL_image_external_essl3 GL_OES_vertex_array_object GL_KHR_texture_compression_astc_ldr ANDROID_EMU_host_side_tracing ANDROID_EMU_gles_max_version_3_0
01-29 11:23:48.834 478 2340 D EGL_emulation: eglCreateContext: 0x7e5143e93090: maj 3 min 0 rcv 3
01-29 11:23:48.835 478 2340 D EGL_emulation: eglMakeCurrent: 0x7e5143e93090: ver 3 0 (tinfo 0x7e50e3ee3700) (first time)
01-29 11:23:49.432 2021 2041 D UiDevice: Searching for node with selector: BySelector [TEXT='\QGet Started\E'].
01-29 11:23:50.225 2021 2041 I chatty : uid=10131(com.ustadmobile.app_android_baselineprofile) roidJUnitRunner identical 3 lines
01-29 11:23:50.328 2021 2041 D UiDevice: Searching for node with selector: BySelector [TEXT='\QGet Started\E'].
01-29 11:23:50.332 2145 2188 D DistCache: DistributedCacheHashtable(43263 unknown Android SDK built for x86_64): sending pings to 0 nodes
01-29 11:23:50.430 2021 2041 D UiDevice: Searching for node with selector: BySelector [TEXT='\QGet Started\E'].
01-29 11:23:53.098 2021 2041 I chatty : uid=10131(com.ustadmobile.app_android_baselineprofile) roidJUnitRunner identical 26 lines
01-29 11:23:53.201 2021 2041 D UiDevice: Searching for node with selector: BySelector [TEXT='\QGet Started\E'].
01-29 11:23:53.239 2145 2169 D UstadCache: CacheTrimmer: Trim cache run: max (evictable) size = 100000000 bytes
01-29 11:23:53.239 2145 2169 V UstadCache: CacheTrimmer: deleting
01-29 11:23:53.304 2021 2041 D UiDevice: Searching for node with selector: BySelector [TEXT='\QGet Started\E'].
01-29 11:23:53.304 350 350 I perfetto: probes_producer.cc:329 Producer stop (id=4)
01-29 11:23:53.304 361 361 I perfetto: ng_service_impl.cc:1948 Tracing session 4 ended, total sessions:1
01-29 11:23:53.333 2145 2188 D DistCache: DistributedCacheHashtable(43263 unknown Android SDK built for x86_64): sending pings to 0 nodes
01-29 11:23:53.407 2021 2041 D UiDevice: Searching for node with selector: BySelector [TEXT='\QGet Started\E'].
01-29 11:23:53.458 350 350 I perfetto: probes_producer.cc:329 Producer stop (id=5)
01-29 11:23:53.458 361 361 I perfetto: ng_service_impl.cc:1948 Tracing session 5 ended, total sessions:0
01-29 11:23:53.458 350 350 I perfetto: ftrace_procfs.cc:183 disabled ftrace
01-29 11:23:53.510 2021 2041 D UiDevice: Searching for node with selector: BySelector [TEXT='\QGet Started\E'].
01-29 11:23:56.187 2021 2041 I chatty : uid=10131(com.ustadmobile.app_android_baselineprofile) roidJUnitRunner identical 26 lines
01-29 11:23:56.290 2021 2041 D UiDevice: Searching for node with selector: BySelector [TEXT='\QGet Started\E'].
01-29 11:23:56.334 2145 2188 D DistCache: DistributedCacheHashtable(43263 unknown Android SDK built for x86_64): sending pings to 0 nodes
01-29 11:23:56.393 2021 2041 D UiDevice: Searching for node with selector: BySelector [TEXT='\QGet Started\E'].
01-29 11:23:58.654 2021 2041 I chatty : uid=10131(com.ustadmobile.app_android_baselineprofile) roidJUnitRunner identical 22 lines
01-29 11:23:58.756 2021 2041 D UiDevice: Searching for node with selector: BySelector [TEXT='\QGet Started\E'].
01-29 11:23:59.335 2145 2188 D DistCache: DistributedCacheHashtable(43263 unknown Android SDK built for x86_64): sending pings to 0 nodes
01-29 11:23:59.762 2021 2041 D UiDevice: Retrieving node with selector: BySelector [TEXT='\QGet Started\E'].
01-29 11:23:59.764 2021 2041 D UiDevice: Node not found with selector: BySelector [TEXT='\QGet Started\E'].
01-29 11:24:00.001 638 638 D KeyguardClockSwitch: Updating clock: 1124
01-29 11:24:02.335 2145 2188 D DistCache: DistributedCacheHashtable(43263 unknown Android SDK built for x86_64): sending pings to 0 nodes
01-29 11:24:04.764 2021 2041 D Benchmark: Profile Installer - Save Profile
01-29 11:24:04.772 2145 2145 I Process : Sending signal. PID: 2145 SIG: 10
01-29 11:24:04.772 2145 2145 D ProfileInstaller:
01-29 11:24:04.772 2145 2153 I aktabmobile.ap: Thread[4,tid=2153,WaitingInMainSignalCatcherLoop,Thread*=0x7e5233e1f380,peer=0x138c2680,"Signal Catcher"]: reacting to signal 10
01-29 11:24:04.772 2145 2153 I aktabmobile.ap:
01-29 11:24:04.772 2145 2153 I aktabmobile.ap: SIGUSR1 forcing GC (no HPROF) and profile save
01-29 11:24:04.777 2527 2529 I cmd : oneway function results will be dropped but finished with status OK and parcel size 4
01-29 11:24:04.777 256 256 I Zygote : Process 1649 exited due to signal 9 (Killed)
01-29 11:24:04.786 2145 2153 I aktabmobile.ap: Explicit concurrent copying GC freed 124219(4685KB) AllocSpace objects, 5(132KB) LOS objects, 49% free, 6985KB/13MB, paused 7us total 14.287ms
01-29 11:24:04.821 478 507 I libprocessgroup: Successfully killed process cgroup uid 10096 pid 1649 in 45ms
01-29 11:24:05.280 2021 2041 D Benchmark: Killing process tj.maktabmobile.app
01-29 11:24:05.280 2021 2041 D UiDevice: Executing shell command: killall tj.maktabmobile.app
01-29 11:24:05.304 478 2388 I PackageDexOptimizer: Running dexopt (dexoptNeeded=-3) on: /data/app/~~udvmEuEJhL3rR0pnxkb45Q==/tj.maktabmobile.app-qWZ3Bw-qpBT7rr6Ga6g6aQ==/base.apk pkg=tj.maktabmobile.app isa=x86_64 dexoptFlags=boot_complete,profile_guided,force,enable_hidden_api_checks targetFilter=speed-profile oatDir=/data/app/~~udvmEuEJhL3rR0pnxkb45Q==/tj.maktabmobile.app-qWZ3Bw-qpBT7rr6Ga6g6aQ==/oat classLoaderContext=PCL[]{PCL[/system_ext/framework/androidx.window.sidecar.jar]}
01-29 11:24:05.305 380 380 V installd: DexInv: --- BEGIN '/data/app/~~udvmEuEJhL3rR0pnxkb45Q==/tj.maktabmobile.app-qWZ3Bw-qpBT7rr6Ga6g6aQ==/base.apk' ---
01-29 11:24:05.310 2541 2541 W dex2oat32: Unexpected CPU variant for X86 using defaults: x86_64
01-29 11:24:05.336 2145 2188 D DistCache: DistributedCacheHashtable(43263 unknown Android SDK built for x86_64): sending pings to 0 nodes
01-29 11:24:05.389 2541 2541 I dex2oat32: /apex/com.android.art/bin/dex2oat32 --input-vdex-fd=9 --output-vdex-fd=10 --updatable-bcp-packages-file=/system/etc/updatable-bcp-packages.txt --resolve-startup-const-strings=true --max-image-block-size=524288 --compiler-filter=speed-profile --profile-file-fd=12 --classpath-dir=/data/app/~~udvmEuEJhL3rR0pnxkb45Q==/tj.maktabmobile.app-qWZ3Bw-qpBT7rr6Ga6g6aQ== --class-loader-context=PCL[]{PCL[/system_ext/framework/androidx.window.sidecar.jar]} --generate-mini-debug-info --compilation-reason=unknown
01-29 11:24:05.389 2541 2541 I dex2oat32: setting boot class path to /apex/com.android.art/javalib/core-oj.jar:/apex/com.android.art/javalib/core-libart.jar:/apex/com.android.art/javalib/core-icu4j.jar:/apex/com.android.art/javalib/okhttp.jar:/apex/com.android.art/javalib/bouncycastle.jar:/apex/com.android.art/javalib/apache-xml.jar:/system/framework/framework.jar:/system/framework/ext.jar:/system/framework/telephony-common.jar:/system/framework/voip-common.jar:/system/framework/ims-common.jar:/system/framework/framework-atb-backward-compatibility.jar
01-29 11:24:08.337 2145 2188 D DistCache: DistributedCacheHashtable(43263 unknown Android SDK built for x86_64): sending pings to 0 nodes
01-29 11:24:10.211 2541 2541 W dex2oat32: Class androidx.compose.runtime.snapshots.SnapshotStateMap failed lock verification and will run slower.
01-29 11:24:10.211 2541 2541 W dex2oat32: Common causes for lock verification issues are non-optimized dex code
01-29 11:24:10.211 2541 2541 W dex2oat32: and incorrect proguard optimizations.
01-29 11:24:10.211 2541 2543 W dex2oat32: Class androidx.compose.runtime.snapshots.SnapshotStateList failed lock verification and will run slower.
01-29 11:24:10.272 2541 2541 W dex2oat32: Accessing hidden method Landroid/graphics/Canvas;->drawPatch(Landroid/graphics/NinePatch;Landroid/graphics/Rect;Landroid/graphics/Paint;)V (greylist-max-o, linking, denied)
01-29 11:24:10.272 2541 2541 W dex2oat32: Accessing hidden method Landroid/graphics/Canvas;->drawPatch(Landroid/graphics/NinePatch;Landroid/graphics/RectF;Landroid/graphics/Paint;)V (greylist-max-o, linking, denied)
01-29 11:24:10.276 2541 2541 W dex2oat32: Accessing hidden method Landroid/graphics/Bitmap;->getHardwareBuffer()Landroid/hardware/HardwareBuffer; (blacklist, linking, denied)
01-29 11:24:10.412 2541 2541 W dex2oat32: Accessing hidden method Landroid/app/job/JobParameters;->getStopReason()I (greylist-max-o, linking, denied)
01-29 11:24:11.338 2145 2188 D DistCache: DistributedCacheHashtable(43263 unknown Android SDK built for x86_64): sending pings to 0 nodes
01-29 11:24:12.225 2541 2541 I dex2oat32: Explicit concurrent copying GC freed 275897(40MB) AllocSpace objects, 0(0B) LOS objects, 49% free, 2264KB/4528KB, paused 13us total 7.620ms
01-29 11:24:12.250 2541 2541 W dex2oat32: Accessing hidden field Ljava/nio/file/FileSystemException;->file:Ljava/lang/String; (greylist-max-o, linking, denied)
01-29 11:24:12.250 2541 2541 W dex2oat32: Accessing hidden field Ljava/nio/file/FileSystemException;->other:Ljava/lang/String; (greylist-max-o, linking, denied)
01-29 11:24:12.250 2541 2541 W dex2oat32: Accessing hidden field Ljava/nio/file/InvalidPathException;->index:I (greylist-max-o, linking, denied)
01-29 11:24:12.250 2541 2541 W dex2oat32: Accessing hidden field Ljava/nio/file/InvalidPathException;->input:Ljava/lang/String; (greylist-max-o, linking, denied)
01-29 11:24:12.252 2541 2541 W dex2oat32: Accessing hidden method Landroid/graphics/Bitmap;->getHardwareBuffer()Landroid/hardware/HardwareBuffer; (blacklist, linking, denied)
01-29 11:24:12.252 2541 2541 W dex2oat32: Accessing hidden method Landroid/graphics/Canvas;->drawPatch(Landroid/graphics/NinePatch;Landroid/graphics/Rect;Landroid/graphics/Paint;)V (greylist-max-o, linking, denied)
01-29 11:24:12.252 2541 2541 W dex2oat32: Accessing hidden method Landroid/graphics/Canvas;->drawPatch(Landroid/graphics/NinePatch;Landroid/graphics/RectF;Landroid/graphics/Paint;)V (greylist-max-o, linking, denied)
01-29 11:24:12.263 2541 2541 W dex2oat32: Accessing hidden method Landroid/app/job/JobParameters;->getStopReason()I (greylist-max-o, linking, denied)
01-29 11:24:13.102 445 445 E netmgr : qemu_pipe_open_ns:62: Could not connect to the 'pipe:qemud:network' service: Invalid argument
01-29 11:24:13.102 445 445 E netmgr : Failed to open QEMU pipe 'qemud:network': Invalid argument
01-29 11:24:13.197 447 447 E wifi_forwarder: qemu_pipe_open_ns:62: Could not connect to the 'pipe:qemud:wififorward' service: Invalid argument
01-29 11:24:13.197 447 447 E wifi_forwarder: RemoteConnection failed to initialize: RemoteConnection failed to open pipe
01-29 11:24:13.207 2541 2541 I dex2oat32: dex2oat took 7.897s (9.744s cpu) (threads: 2) arena alloc=4271KB (4374448B) java alloc=2280KB (2335144B) native alloc=81MB (85727536B) free=83MB (87534672B)
01-29 11:24:13.222 380 380 V installd: DexInv: --- END '/data/app/~~udvmEuEJhL3rR0pnxkb45Q==/tj.maktabmobile.app-qWZ3Bw-qpBT7rr6Ga6g6aQ==/base.apk' (success) ---
01-29 11:24:13.237 2021 2041 D Benchmark: Reference profile location: /data/misc/profiles/ref/tj.maktabmobile.app/primary.prof
01-29 11:24:13.257 2021 2041 D Benchmark: APK Path: /data/app/~~udvmEuEJhL3rR0pnxkb45Q==/tj.maktabmobile.app-qWZ3Bw-qpBT7rr6Ga6g6aQ==/base.apk
01-29 11:24:13.257 2021 2041 D Benchmark: Converting to human readable profile format
01-29 11:24:13.257 2021 2041 D Benchmark: Using profile location: /data/misc/profiles/ref/tj.maktabmobile.app/primary.prof
01-29 11:24:13.533 2569 2569 W profman : profman took 265.977ms
01-29 11:24:13.555 2021 2041 D Benchmark: Using profile location: /data/misc/profiles/cur/0/tj.maktabmobile.app/primary.prof
01-29 11:24:13.817 2580 2580 W profman : profman took 248.086ms
01-29 11:24:14.339 2145 2188 D DistCache: DistributedCacheHashtable(43263 unknown Android SDK built for x86_64): sending pings to 0 nodes
01-29 11:24:14.720 2021 2041 D Benchmark: Unstable profiles during iteration 3
01-29 11:24:14.720 2021 2041 D Benchmark: Killing package tj.maktabmobile.app
01-29 11:24:14.720 2021 2041 D Benchmark: Killing process tj.maktabmobile.app
01-29 11:24:14.720 2021 2041 D UiDevice: Executing shell command: killall tj.maktabmobile.app
01-29 11:24:14.727 2021 2041 D Benchmark: Compile iteration (4) for tj.maktabmobile.app
01-29 11:24:14.727 2021 2041 D UiDevice: Pressing home button.
01-29 11:24:14.749 638 638 V ShadeControllerImpl: NotificationShadeWindow: com.android.systemui.statusbar.phone.NotificationShadeWindowView{90561f7 I.E...... ......ID 0,0-1080,1920} canPanelBeCollapsed(): false
01-29 11:24:14.749 478 498 D EventSequenceValidator: inc AccIntentStartedEvents to 2
01-29 11:24:14.750 361 361 I perfetto: ing_service_impl.cc:758 Configured tracing session 6, #sources:1, duration:5000 ms, #buffers:1, total buffer size:4096 KB, total sessions:1, uid:1071 session name: ""
01-29 11:24:14.750 350 350 I perfetto: probes_producer.cc:230 Ftrace setup (target_buf=6)
01-29 11:24:14.750 478 496 W InputReader: Device virtio_input_multi_touch_10 is associated with display ADISPLAY_ID_NONE.
01-29 11:24:14.750 478 496 W InputReader: Device virtio_input_multi_touch_7 is associated with display ADISPLAY_ID_NONE.
01-29 11:24:14.750 478 496 W InputReader: Device virtio_input_multi_touch_11 is associated with display ADISPLAY_ID_NONE.
01-29 11:24:14.750 478 496 W InputReader: Device virtio_input_multi_touch_5 is associated with display ADISPLAY_ID_NONE.
01-29 11:24:14.750 478 496 W InputReader: Device virtio_input_multi_touch_2 is associated with display ADISPLAY_ID_NONE.
01-29 11:24:14.750 478 496 W InputReader: Device virtio_input_multi_touch_6 is associated with display ADISPLAY_ID_NONE.
01-29 11:24:14.750 478 496 W InputReader: Device virtio_input_multi_touch_8 is associated with display ADISPLAY_ID_NONE.
01-29 11:24:14.750 478 496 W InputReader: Device virtio_input_multi_touch_9 is associated with display ADISPLAY_ID_NONE.
01-29 11:24:14.750 478 496 W InputReader: Device virtio_input_multi_touch_3 is associated with display ADISPLAY_ID_NONE.
