01-29 11:24:40.715 987 987 D TaplTarget: Launcher.onNewIntent: Intent { act=android.intent.action.MAIN cat=[android.intent.category.HOME] flg=0x10400100 cmp=com.android.launcher3/.uioverrides.QuickstepLauncher (has extras) }
01-29 11:24:40.716 638 638 V ShadeControllerImpl: NotificationShadeWindow: com.android.systemui.statusbar.phone.NotificationShadeWindowView{90561f7 I.E...... ......ID 0,0-1080,1920} canPanelBeCollapsed(): false
01-29 11:24:40.717 350 350 I perfetto: ftrace_procfs.cc:176 enabled ftrace
01-29 11:24:40.731 273 1473 D goldfish-address-space: claimShared: Ask to claim region [0x3f47e9000 0x3f4fd2000]
01-29 11:24:40.732 273 1473 D goldfish-address-space: claimShared: Ask to claim region [0x3f4fd2000 0x3f57bb000]
01-29 11:24:40.736 273 1473 D goldfish-address-space: claimShared: Ask to claim region [0x3f57bb000 0x3f5fa4000]
01-29 11:24:40.740 273 1473 D goldfish-address-space: claimShared: Ask to claim region [0x3f5fa4000 0x3f678d000]
01-29 11:24:40.744 478 504 D ArtManagerInternalImpl: /data/misc/iorapd/com.android.launcher3/30/com.android.launcher3.uioverrides.QuickstepLauncher/compiled_traces/compiled_trace.pb doesn't exist
01-29 11:24:40.757 478 498 D EventSequenceValidator: dec AccIntentStartedEvents to 1
01-29 11:24:40.812 2021 2041 I System.out: 0 Flags,IntendedVsync,Vsync,OldestInputEvent,NewestInputEvent,HandleInputStart,AnimationStart,PerformTraversalsStart,DrawStart,SyncQueued,SyncStart,IssueDrawCommandsStart,SwapBuffers,FrameCompleted,DequeueBufferDuration,QueueBufferDuration,GpuCompleted,
01-29 11:24:40.812 2021 2041 I System.out: 1 1,136206577201,136206577201,9223372036854775807,0,136206765560,136206766672,136206766892,136234141329,136234503891,136234672978,136234688778,136238390677,136242783674,22733,176922,136256753724,
01-29 11:24:40.812 2021 2041 I System.out: 2 0,136223244208,136239910874,9223372036854775807,0,136252730442,136252731764,136274861673,136274890316,136275483421,136281893280,136281921103,136282434097,136283733680,34936,181070,136283569952,
01-29 11:24:40.812 2021 2041 I System.out: 3 0,136273244945,136273244945,9223372036854775807,0,136285589829,136285590370,136313808011,136313922336,136322237667,136322350068,136322376067,136322855959,136328476995,23684,4626537,136328424437,
01-29 11:24:40.812 2021 2041 I System.out: 4 0,136289911869,136323245201,9223372036854775807,0,136335129801,136335131314,136344519892,136344553765,136348110832,136348179331,136348218524,136350907439,136353323019,22753,125215,136353269859,
01-29 11:24:40.812 2021 2041 I System.out: 5 0,136339912778,136339912778,9223372036854775807,0,136352216640,136352217461,136353605681,136353642239,136354937664,136354996305,136355060175,136362080952,136363234771,21300,164829,136370317074,
01-29 11:24:40.812 2021 2041 I System.out: 6 0,136356579476,136356579476,9223372036854775807,0,136358646586,136358646757,136359517684,136359536880,136360575322,136363266510,136363302829,136367144500,136377630000,7100487,275728,136370490239,
01-29 11:24:40.812 2021 2041 I System.out: 7 0,136373246412,136373246412,9223372036854775807,0,136374188922,136374189413,136375511989,136375551423,136377165958,136377673933,136377721763,136384319555,136393243680,7793399,171743,136390102796,
01-29 11:24:40.812 2021 2041 I System.out: 8 0,136389913291,136389913291,9223372036854775807,0,136390915784,136390916265,136392067759,136392095301,136393783665,136393847725,136393889995,136394489852,136414625532,14236080,176231,136400302508,
01-29 11:24:40.812 2021 2041 I System.out: 9 0,136406580203,136406580203,9223372036854775807,0,136407258313,136407258634,136408301645,136408321292,136415117186,136415184683,136415233505,136415704640,136425513168,5183022,1933203,136420280291,
01-29 11:24:40.812 2021 2041 I System.out: 10 0,136423247164,136423247164,9223372036854775807,0,136423633424,136423633845,136424793104,136424831046,136426874386,136426933367,136426965558,136427524689,136450286365,17528860,218290,136432707521,
01-29 11:24:40.812 2021 2041 I System.out: 11 0,136439914087,136439914087,9223372036854775807,0,136440787660,136440788421,136441995400,136442032520,136450926137,136450986852,136451019192,136452135250,136466567900,10149869,1153038,136472586724,
01-29 11:24:40.812 2021 2041 I System.out: 12 0,136456581027,136456581027,9223372036854775807,0,136466635547,136466636429,136467900735,136467934358,136469562709,136469605540,136469649372,136470115288,136474911313,2204294,294284,136472667936,
01-29 11:24:40.812 2021 2041 I System.out: 13 0,136473247896,136473247896,9223372036854775807,0,136473401555,136473402487,136475666974,136475687011,136477037009,136477077265,136477118502,136480814009,136491304107,3359355,111420,136490062433,
01-29 11:24:40.812 2021 2041 I System.out: 14 0,136489914784,136489914784,9223372036854775807,0,136490085988,136490086569,136493179463,136493228014,136494749374,136494923511,136494961613,136495551511,136509564522,10435747,227307,136499074774,
01-29 11:24:40.812 2021 2041 I System.out: 15 0,136506581688,136506581688,9223372036854775807,0,136506806267,136506807420,136510546528,136510590180,136512526820,136512583156,136512617491,136513379153,136524965712,7312796,1667214,136517602902,
01-29 11:24:40.812 2021 2041 I System.out: 16 0,136523248610,136523248610,9223372036854775807,0,136533556060,136533556751,136534344993,136534371573,136535732050,136535819895,136535851936,136536449960,136541823260,2807176,187012,136538980627,
01-29 11:24:40.812 2021 2041 I System.out: 17 0,136539915474,136539915474,9223372036854775807,0,136541715628,136541716099,136542584762,136542613395,136544481697,136544522023,136544558021,136545006514,136560013523,13001860,96982,136556727707,
01-29 11:24:40.812 2021 2041 I System.out: 18 0,136556582398,136556582398,9223372036854775807,0,136557913926,136557914277,136558744037,136558773682,136560195575,136560283140,136560328014,136560902694,136576552943,12629881,930549,136573395307,
01-29 11:24:40.812 2021 2041 I System.out: 19 0,136573249233,136573249233,9223372036854775807,0,136573533367,136573533808,136574462383,136574499122,136576728212,136576789407,136576820786,136577394134,136592398007,12120633,441159,136580232169,
01-29 11:24:40.812 2021 2041 I System.out: 20 0,136589916156,136589916156,9223372036854775807,0,136590226215,136590226746,136591266480,136591304001,136592682873,136592724962,136593674537,136594129502,136610132644,13900019,119775,136606711393,
01-29 11:24:40.812 2021 2041 I System.out: 21 0,136606583060,136606583060,9223372036854775807,0,136606914304,136606914765,136607782536,136607817452,136610288887,136610329273,136610363458,136610869218,136624394803,11464741,92694,136623390655,
01-29 11:24:40.812 2021 2041 I System.out: 22 0,136623249968,136623249968,9223372036854775807,0,136623391467,136623392519,136625181932,136625222839,136626542420,136626614024,136626646996,136627171061,136641337821,11109573,1022893,136630180098,
01-29 11:24:40.812 2021 2041 I System.out: 23 0,136639916867,136639916867,9223372036854775807,0,136640088072,136640089214,136641737913,136641782237,136643066390,136643141762,136643183400,136643725650,136657720957,11621726,195467,136656720577,
01-29 11:24:40.812 2021 2041 I System.out: 24 0,136656583731,136656583731,9223372036854775807,0,136656894744,136656895976,136659611090,136659656836,136660948674,136661016392,136661058230,136661680400,136674464641,10945805,1048871,136663473691,
01-29 11:24:40.812 2021 2041 I System.out: 25 0,136673250825,136673250825,9223372036854775807,0,136673541466,136673542728,136676232714,136676271267,136677362248,136677435545,136677467806,136678124040,136693034628,13184143,941059,136679803246,
01-29 11:24:40.812 2021 2041 I System.out: 26 0,136689917713,136689917713,9223372036854775807,0,136690075996,136690077279,136693861231,136693901146,136695028816,136695103917,136695139023,136695806969,136707899480,11106397,142388,136696738911,
01-29 11:24:40.812 2021 2041 I System.out: 27 0,136706584498,136706584498,9223372036854775807,0,136706772341,136706773794,136708700075,136708741603,136710087813,136710164517,136710193842,136710972185,136726241909,14037667,451328,136712157944,
01-29 11:24:40.812 2021 2041 I System.out: 28 0,136723251264,136723251264,9223372036854775807,0,136723420786,136723422108,136726511946,136726548325,136727652781,136727710399,136727740185,136728389055,136743257624,13940915,138600,136729258429,
01-29 11:24:40.812 2021 2041 I System.out: 29 0,136739918120,136739918120,9223372036854775807,0,136740073388,136740074891,136743571964,136743610707,136744769616,136744845869,136744879001,136745562226,136759872235,13450073,153609,136746375404,
01-29 11:24:40.812 2021 2041 I System.out: 30 0,136756584954,136756584954,9223372036854775807,0,136756754905,136756756157,136759314556,136759352768,136760730097,136760818033,136760848871,136761414624,136776284996,13173162,975493,136763073192,
01-29 11:24:40.812 2021 2041 I System.out: 31 0,136773251863,136773251863,9223372036854775807,0,136773439818,136773440820,136776470285,136776505321,136777545225,136777598806,136777629053,136778234631,136791113250,11105836,926371,136779968591,
01-29 11:24:40.812 2021 2041 I System.out: 32 0,136789918489,136789918489,9223372036854775807,0,136790321802,136790322744,136790863069,136790905709,136791141583,136791208519,136791250397,136791978406,136809732068,15663112,119123,136806728332,
01-29 11:24:40.812 2021 2041 I System.out: 33 0,136806585388,136806585388,9223372036854775807,0,136806738962,136806739954,136810065996,136810106241,136811436782,136811501584,136811530639,136812124084,136826268803,12698700,717298,136823390913,
01-29 11:24:40.812 2021 2041 I System.out: 34 0,136823252235,136823252235,9223372036854775807,0,136823398848,136823400221,136827196717,136827237343,136828676018,136828735960,136828771317,136829505226,136843029979,12525084,127179,0,
01-29 11:24:40.812 2021 2041 I System.out: 35 0,136839919155,136839919155,9223372036854775807,0,136840071308,136840073121,136842132853,136842168450,136843096054,136843141409,136843172147,136843892431,136859713089,15051683,81673,0,
01-29 11:24:40.812 2021 2041 I System.out: 36 0,137023253068,137023253068,9223372036854775807,0,137023369029,137023369741,137023369891,137023641972,137023713306,137023827010,137023863368,137024526936,137026962835,391787,1336652,0,
01-29 11:24:40.812 2021 2041 D Benchmark: Starting activity with command: am start -W "intent:#Intent;action=android.intent.action.MAIN;category=android.intent.category.LAUNCHER;launchFlags=0x10008000;package=tj.maktabmobile.app;component=tj.maktabmobile.app/com.ustadmobile.port.android.view.AppActivity;end"
01-29 11:24:40.840 478 498 D EventSequenceValidator: inc AccIntentStartedEvents to 2
01-29 11:24:40.842 361 361 I perfetto: ing_service_impl.cc:758 Configured tracing session 9, #sources:1, duration:5000 ms, #buffers:1, total buffer size:4096 KB, total sessions:2, uid:1071 session name: ""
01-29 11:24:40.842 350 350 I perfetto: probes_producer.cc:230 Ftrace setup (target_buf=9)
01-29 11:24:40.844 478 498 D EventSequenceValidator: dec AccIntentStartedEvents to 1
01-29 11:24:40.844 478 563 W InputReader: Device virtio_input_multi_touch_10 is associated with display ADISPLAY_ID_NONE.
01-29 11:24:40.844 478 563 W InputReader: Device virtio_input_multi_touch_7 is associated with display ADISPLAY_ID_NONE.
01-29 11:24:40.844 478 563 W InputReader: Device virtio_input_multi_touch_11 is associated with display ADISPLAY_ID_NONE.
01-29 11:24:40.844 478 563 W InputReader: Device virtio_input_multi_touch_5 is associated with display ADISPLAY_ID_NONE.
01-29 11:24:40.844 478 563 W InputReader: Device virtio_input_multi_touch_2 is associated with display ADISPLAY_ID_NONE.
01-29 11:24:40.844 478 563 W InputReader: Device virtio_input_multi_touch_6 is associated with display ADISPLAY_ID_NONE.
01-29 11:24:40.844 478 563 W InputReader: Device virtio_input_multi_touch_8 is associated with display ADISPLAY_ID_NONE.
01-29 11:24:40.844 478 563 W InputReader: Device virtio_input_multi_touch_9 is associated with display ADISPLAY_ID_NONE.
01-29 11:24:40.844 478 563 W InputReader: Device virtio_input_multi_touch_3 is associated with display ADISPLAY_ID_NONE.
01-29 11:24:40.844 478 563 W InputReader: Device virtio_input_multi_touch_4 is associated with display ADISPLAY_ID_NONE.
01-29 11:24:40.844 478 563 W InputReader: Device virtio_input_multi_touch_10 is associated with display ADISPLAY_ID_NONE.
01-29 11:24:40.845 478 563 W InputReader: Device virtio_input_multi_touch_7 is associated with display ADISPLAY_ID_NONE.
01-29 11:24:40.845 478 563 W InputReader: Device virtio_input_multi_touch_11 is associated with display ADISPLAY_ID_NONE.
01-29 11:24:40.845 478 563 W InputReader: Device virtio_input_multi_touch_5 is associated with display ADISPLAY_ID_NONE.
01-29 11:24:40.845 478 563 W InputReader: Device virtio_input_multi_touch_2 is associated with display ADISPLAY_ID_NONE.
01-29 11:24:40.845 478 563 W InputReader: Device virtio_input_multi_touch_6 is associated with display ADISPLAY_ID_NONE.
01-29 11:24:40.845 478 563 W InputReader: Device virtio_input_multi_touch_8 is associated with display ADISPLAY_ID_NONE.
01-29 11:24:40.845 478 563 W InputReader: Device virtio_input_multi_touch_9 is associated with display ADISPLAY_ID_NONE.
01-29 11:24:40.845 478 563 W InputReader: Device virtio_input_multi_touch_3 is associated with display ADISPLAY_ID_NONE.
01-29 11:24:40.845 478 563 W InputReader: Device virtio_input_multi_touch_4 is associated with display ADISPLAY_ID_NONE.
01-29 11:24:40.854 2145 2145 W CustomTabsClient: Unable to find any Custom Tabs packages, you may need to add a element to your manifest. See the docs for CustomTabsClient#getPackageName.
01-29 11:24:40.854 2145 2145 W AppActivity$bindCustomTabsService: CustomTabs: Service NOT supported
01-29 11:24:40.863 273 1473 D goldfish-address-space: claimShared: Ask to claim region [0x3f678d000 0x3f6f76000]
01-29 11:24:40.871 478 572 D UntrustedWifiNetworkFactory: got request NetworkRequest [ TRACK_DEFAULT id=24, [ Capabilities: INTERNET&NOT_RESTRICTED&TRUSTED Uid: 10130 AdministratorUids: [] RequestorUid: 10130 RequestorPackageName: tj.maktabmobile.app] ] with score 60 and providerId 3
01-29 11:24:40.871 478 572 D WifiNetworkFactory: got request NetworkRequest [ TRACK_DEFAULT id=24, [ Capabilities: INTERNET&NOT_RESTRICTED&TRUSTED Uid: 10130 AdministratorUids: [] RequestorUid: 10130 RequestorPackageName: tj.maktabmobile.app] ] with score 60 and providerId 3
01-29 11:24:40.872 842 842 D PhoneSwitcherNetworkRequstListener: got request NetworkRequest [ TRACK_DEFAULT id=24, [ Capabilities: INTERNET&NOT_RESTRICTED&TRUSTED Uid: 10130 AdministratorUids: [] RequestorUid: 10130 RequestorPackageName: tj.maktabmobile.app] ] with score 60 and providerId 3
01-29 11:24:40.887 842 842 D Telephony: isEmergencyPreferredAccount: subId=1, activeData=1
01-29 11:24:40.887 842 842 D Telephony: isEmergencyPreferredAccount: Device does not require preference.
01-29 11:24:40.904 273 1473 D goldfish-address-space: claimShared: Ask to claim region [0x3f6f76000 0x3f775f000]
01-29 11:24:40.905 273 1473 D goldfish-address-space: claimShared: Ask to claim region [0x3f775f000 0x3f7f48000]
01-29 11:24:40.906 273 1473 D goldfish-address-space: claimShared: Ask to claim region [0x3fb08d000 0x3fb876000]
01-29 11:24:40.910 638 638 V KeyguardUpdateMonitor: onSubscriptionInfoChanged()
01-29 11:24:40.910 638 638 V KeyguardUpdateMonitor: SubInfo:{id=1 iccId=89014103211118510720 simSlotIndex=0 carrierId=1 displayName=T-Mobile carrierName=T-Mobile nameSource=3 iconTint=-16746133 number=+15555215554 dataRoaming=0 iconBitmap=android.graphics.Bitmap@1b251a1 mcc=310 mnc=260 countryIso=us isEmbedded=false nativeAccessRules=null cardString=89014103211118510720 cardId=-1 isOpportunistic=false groupUUID=null isGroupDisabled=false profileClass=-1 ehplmns=null hplmns=null subscriptionType=0 groupOwner=null carrierConfigAccessRules=null areUiccApplicationsEnabled=true}
01-29 11:24:40.911 295 295 E Layer : [Surface(name=Task=1)/@0xc31bc2d - animation-leash#0] No local sync point found
01-29 11:24:40.911 295 295 E Layer : [Surface(name=Task=6)/@0x954a1d6 - animation-leash#0] No local sync point found
01-29 11:24:40.913 2739 2741 I cmd : oneway function results will be dropped but finished with status OK and parcel size 4
01-29 11:24:40.913 478 504 I ActivityTaskManager: Displayed tj.maktabmobile.app/com.ustadmobile.port.android.view.AppActivity: +72ms
01-29 11:24:40.927 2145 2191 D DistCache: Service discovery started
01-29 11:24:40.927 295 295 E Layer : [Surface(name=Task=1)/@0xc31bc2d - animation-leash#0] No local sync point found
01-29 11:24:40.927 295 295 E Layer : [Surface(name=Task=6)/@0x954a1d6 - animation-leash#0] No local sync point found
01-29 11:24:40.938 2145 2145 D UstadViewModelFunKt$ustadViewModel$viewModel$invoke: ustadViewModel(): create viewmodel for: com.ustadmobile.core.viewmodel.redirect.RedirectViewModel
01-29 11:24:40.943 2145 2145 D UstadNavControllerPreCompose$onCollectNavCommand: NavCommandEffect: Navigate: Go to addAccountSelectNewOrExisting
01-29 11:24:40.944 295 295 E Layer : [Surface(name=Task=1)/@0xc31bc2d - animation-leash#0] No local sync point found
01-29 11:24:40.944 295 295 E Layer : [Surface(name=Task=6)/@0x954a1d6 - animation-leash#0] No local sync point found
01-29 11:24:40.954 2145 2145 D UstadViewModelFunKt$ustadViewModel$viewModel$invoke: ustadViewModel(): create viewmodel for: com.ustadmobile.core.viewmodel.AddAccountSelectNewOrExistingViewModel
01-29 11:24:40.961 295 295 E Layer : [Surface(name=Task=1)/@0xc31bc2d - animation-leash#0] No local sync point found
01-29 11:24:40.961 295 295 E Layer : [Surface(name=Task=6)/@0x954a1d6 - animation-leash#0] No local sync point found
01-29 11:24:40.972 2021 2041 D Benchmark: Result: Starting: Intent { act=android.intent.action.MAIN cat=[android.intent.category.LAUNCHER] flg=0x10008000 pkg=tj.maktabmobile.app cmp=tj.maktabmobile.app/com.ustadmobile.port.android.view.AppActivity }
01-29 11:24:40.972 2021 2041 D Benchmark: Status: ok
01-29 11:24:40.972 2021 2041 D Benchmark: LaunchState: WARM
01-29 11:24:40.972 2021 2041 D Benchmark: Activity: tj.maktabmobile.app/com.ustadmobile.port.android.view.AppActivity
01-29 11:24:40.972 2021 2041 D Benchmark: TotalTime: 72
01-29 11:24:40.972 2021 2041 D Benchmark: WaitTime: 73
01-29 11:24:40.972 2021 2041 D Benchmark: Complete
01-29 11:24:40.977 295 295 E Layer : [Surface(name=Task=1)/@0xc31bc2d - animation-leash#0] No local sync point found
01-29 11:24:40.977 295 295 E Layer : [Surface(name=Task=6)/@0x954a1d6 - animation-leash#0] No local sync point found
01-29 11:24:40.994 295 295 E Layer : [Surface(name=Task=1)/@0xc31bc2d - animation-leash#0] No local sync point found
01-29 11:24:40.994 295 295 E Layer : [Surface(name=Task=6)/@0x954a1d6 - animation-leash#0] No local sync point found
01-29 11:24:41.095 1168 1844 I Dialer : VvmTaskExecutor - executing task com.android.voicemail.impl.ActivationTask@82869be
01-29 11:24:41.096 1168 1844 I Dialer : PreOMigrationHandler - ComponentInfo{com.android.phone/com.android.services.telephony.TelephonyConnectionService}, ***, UserHandle{0} already migrated
01-29 11:24:41.125 1305 1420 I VoicemailNotifier: receivers for android.intent.action.PROVIDER_CHANGED :[]
01-29 11:24:41.126 1168 1844 I Dialer : VvmActivationTask - VVM content provider configured - vvm_type_cvvm
01-29 11:24:41.126 1168 1844 I Dialer : OmtpVvmCarrierCfgHlpr - OmtpEvent:CONFIG_ACTIVATING
01-29 11:24:41.127 2021 2041 I System.out: 0 Flags,IntendedVsync,Vsync,OldestInputEvent,NewestInputEvent,HandleInputStart,AnimationStart,PerformTraversalsStart,DrawStart,SyncQueued,SyncStart,IssueDrawCommandsStart,SwapBuffers,FrameCompleted,DequeueBufferDuration,QueueBufferDuration,GpuCompleted,
01-29 11:24:41.127 2021 2041 I System.out: 1 1,136206577201,136206577201,9223372036854775807,0,136206765560,136206766672,136206766892,136234141329,136234503891,136234672978,136234688778,136238390677,136242783674,22733,176922,136256753724,
01-29 11:24:41.127 2021 2041 I System.out: 2 0,136223244208,136239910874,9223372036854775807,0,136252730442,136252731764,136274861673,136274890316,136275483421,136281893280,136281921103,136282434097,136283733680,34936,181070,136283569952,
01-29 11:24:41.127 2021 2041 I System.out: 3 0,136273244945,136273244945,9223372036854775807,0,136285589829,136285590370,136313808011,136313922336,136322237667,136322350068,136322376067,136322855959,136328476995,23684,4626537,136328424437,
01-29 11:24:41.127 2021 2041 I System.out: 4 0,136289911869,136323245201,9223372036854775807,0,136335129801,136335131314,136344519892,136344553765,136348110832,136348179331,136348218524,136350907439,136353323019,22753,125215,136353269859,
01-29 11:24:41.127 2021 2041 I System.out: 5 0,136339912778,136339912778,9223372036854775807,0,136352216640,136352217461,136353605681,136353642239,136354937664,136354996305,136355060175,136362080952,136363234771,21300,164829,136370317074,
01-29 11:24:41.127 2021 2041 I System.out: 6 0,136356579476,136356579476,9223372036854775807,0,136358646586,136358646757,136359517684,136359536880,136360575322,136363266510,136363302829,136367144500,136377630000,7100487,275728,136370490239,
01-29 11:24:41.127 2021 2041 I System.out: 7 0,136373246412,136373246412,9223372036854775807,0,136374188922,136374189413,136375511989,136375551423,136377165958,136377673933,136377721763,136384319555,136393243680,7793399,171743,136390102796,
01-29 11:24:41.127 2021 2041 I System.out: 8 0,136389913291,136389913291,9223372036854775807,0,136390915784,136390916265,136392067759,136392095301,136393783665,136393847725,136393889995,136394489852,136414625532,14236080,176231,136400302508,
01-29 11:24:41.127 2021 2041 I System.out: 9 0,136406580203,136406580203,9223372036854775807,0,136407258313,136407258634,136408301645,136408321292,136415117186,136415184683,136415233505,136415704640,136425513168,5183022,1933203,136420280291,
01-29 11:24:41.127 2021 2041 I System.out: 10 0,136423247164,136423247164,9223372036854775807,0,136423633424,136423633845,136424793104,136424831046,136426874386,136426933367,136426965558,136427524689,136450286365,17528860,218290,136432707521,
01-29 11:24:41.127 2021 2041 I System.out: 11 0,136439914087,136439914087,9223372036854775807,0,136440787660,136440788421,136441995400,136442032520,136450926137,136450986852,136451019192,136452135250,136466567900,10149869,1153038,136472586724,
01-29 11:24:41.127 2021 2041 I System.out: 12 0,136456581027,136456581027,9223372036854775807,0,136466635547,136466636429,136467900735,136467934358,136469562709,136469605540,136469649372,136470115288,136474911313,2204294,294284,136472667936,
01-29 11:24:41.127 2021 2041 I System.out: 13 0,136473247896,136473247896,9223372036854775807,0,136473401555,136473402487,136475666974,136475687011,136477037009,136477077265,136477118502,136480814009,136491304107,3359355,111420,136490062433,
01-29 11:24:41.127 2021 2041 I System.out: 14 0,136489914784,136489914784,9223372036854775807,0,136490085988,136490086569,136493179463,136493228014,136494749374,136494923511,136494961613,136495551511,136509564522,10435747,227307,136499074774,
01-29 11:24:41.130 2021 2041 I System.out: 15 0,136506581688,136506581688,9223372036854775807,0,136506806267,136506807420,136510546528,136510590180,136512526820,136512583156,136512617491,136513379153,136524965712,7312796,1667214,136517602902,
01-29 11:24:41.130 2021 2041 I System.out: 16 0,136523248610,136523248610,9223372036854775807,0,136533556060,136533556751,136534344993,136534371573,136535732050,136535819895,136535851936,136536449960,136541823260,2807176,187012,136538980627,
01-29 11:24:41.130 2021 2041 I System.out: 17 0,136539915474,136539915474,9223372036854775807,0,136541715628,136541716099,136542584762,136542613395,136544481697,136544522023,136544558021,136545006514,136560013523,13001860,96982,136556727707,
01-29 11:24:41.130 2021 2041 I System.out: 18 0,136556582398,136556582398,9223372036854775807,0,136557913926,136557914277,136558744037,136558773682,136560195575,136560283140,136560328014,136560902694,136576552943,12629881,930549,136573395307,
01-29 11:24:41.130 2021 2041 I System.out: 19 0,136573249233,136573249233,9223372036854775807,0,136573533367,136573533808,136574462383,136574499122,136576728212,136576789407,136576820786,136577394134,136592398007,12120633,441159,136580232169,
01-29 11:24:41.130 2021 2041 I System.out: 20 0,136589916156,136589916156,9223372036854775807,0,136590226215,136590226746,136591266480,136591304001,136592682873,136592724962,136593674537,136594129502,136610132644,13900019,119775,136606711393,
01-29 11:24:41.130 2021 2041 I System.out: 21 0,136606583060,136606583060,9223372036854775807,0,136606914304,136606914765,136607782536,136607817452,136610288887,136610329273,136610363458,136610869218,136624394803,11464741,92694,136623390655,
01-29 11:24:41.130 2021 2041 I System.out: 22 0,136623249968,136623249968,9223372036854775807,0,136623391467,136623392519,136625181932,136625222839,136626542420,136626614024,136626646996,136627171061,136641337821,11109573,1022893,136630180098,
01-29 11:24:41.130 2021 2041 I System.out: 23 0,136639916867,136639916867,9223372036854775807,0,136640088072,136640089214,136641737913,136641782237,136643066390,136643141762,136643183400,136643725650,136657720957,11621726,195467,136656720577,
01-29 11:24:41.130 2021 2041 I System.out: 24 0,136656583731,136656583731,9223372036854775807,0,136656894744,136656895976,136659611090,136659656836,136660948674,136661016392,136661058230,136661680400,136674464641,10945805,1048871,136663473691,
01-29 11:24:41.130 2021 2041 I System.out: 25 0,136673250825,136673250825,9223372036854775807,0,136673541466,136673542728,136676232714,136676271267,136677362248,136677435545,136677467806,136678124040,136693034628,13184143,941059,136679803246,
01-29 11:24:41.130 2021 2041 I System.out: 26 0,136689917713,136689917713,9223372036854775807,0,136690075996,136690077279,136693861231,136693901146,136695028816,136695103917,136695139023,136695806969,136707899480,11106397,142388,136696738911,
01-29 11:24:41.130 2021 2041 I System.out: 27 0,136706584498,136706584498,9223372036854775807,0,136706772341,136706773794,136708700075,136708741603,136710087813,136710164517,136710193842,136710972185,136726241909,14037667,451328,136712157944,
01-29 11:24:41.130 2021 2041 I System.out: 28 0,136723251264,136723251264,9223372036854775807,0,136723420786,136723422108,136726511946,136726548325,136727652781,136727710399,136727740185,136728389055,136743257624,13940915,138600,136729258429,
01-29 11:24:41.130 2021 2041 I System.out: 29 0,136739918120,136739918120,9223372036854775807,0,136740073388,136740074891,136743571964,136743610707,136744769616,136744845869,136744879001,136745562226,136759872235,13450073,153609,136746375404,
01-29 11:24:41.130 2021 2041 I System.out: 30 0,136756584954,136756584954,9223372036854775807,0,136756754905,136756756157,136759314556,136759352768,136760730097,136760818033,136760848871,136761414624,136776284996,13173162,975493,136763073192,
01-29 11:24:41.130 2021 2041 I System.out: 31 0,136773251863,136773251863,9223372036854775807,0,136773439818,136773440820,136776470285,136776505321,136777545225,136777598806,136777629053,136778234631,136791113250,11105836,926371,136779968591,
01-29 11:24:41.130 2021 2041 I System.out: 32 0,136789918489,136789918489,9223372036854775807,0,136790321802,136790322744,136790863069,136790905709,136791141583,136791208519,136791250397,136791978406,136809732068,15663112,119123,136806728332,
01-29 11:24:41.130 2021 2041 I System.out: 33 0,136806585388,136806585388,9223372036854775807,0,136806738962,136806739954,136810065996,136810106241,136811436782,136811501584,136811530639,136812124084,136826268803,12698700,717298,136823390913,
01-29 11:24:41.130 2021 2041 I System.out: 34 0,136823252235,136823252235,9223372036854775807,0,136823398848,136823400221,136827196717,136827237343,136828676018,136828735960,136828771317,136829505226,136843029979,12525084,127179,0,
01-29 11:24:41.130 2021 2041 I System.out: 35 0,136839919155,136839919155,9223372036854775807,0,136840071308,136840073121,136842132853,136842168450,136843096054,136843141409,136843172147,136843892431,136859713089,15051683,81673,0,
01-29 11:24:41.130 2021 2041 I System.out: 36 0,137023253068,137023253068,9223372036854775807,0,137023369029,137023369741,137023369891,137023641972,137023713306,137023827010,137023863368,137024526936,137026962835,391787,1336652,0,
01-29 11:24:41.130 2021 2041 I System.out: 0 Flags,IntendedVsync,Vsync,OldestInputEvent,NewestInputEvent,HandleInputStart,AnimationStart,PerformTraversalsStart,DrawStart,SyncQueued,SyncStart,IssueDrawCommandsStart,SwapBuffers,FrameCompleted,DequeueBufferDuration,QueueBufferDuration,GpuCompleted,
01-29 11:24:41.130 2021 2041 I System.out: 1 1,162106586584,162106586584,9223372036854775807,0,162116493101,162116493491,162116493682,162151912550,162152176656,162152349642,162152360071,162153203697,162155194970,121869,219152,162156711942,
01-29 11:24:41.130 2021 2041 I System.out: 2 0,162123253431,162156586763,9223372036854775807,0,162169759107,162169760149,162186314797,162186358559,162186902121,162186978334,162187008291,162187475399,162188767047,15058,461547,162188655778,
01-29 11:24:41.130 2021 2041 I System.out: 3 0,162189920636,162189920636,9223372036854775807,0,162192980437,162192980787,162226577330,162226608459,162238346743,162238418909,162238446130,162238879735,162249119644,16801,104838,162249080190,
01-29 11:24:41.130 2021 2041 I System.out: 4 0,162206587416,162239920748,9223372036854775807,0,162252416822,162252417513,162272079833,162272115640,162282815583,162282882539,162282920881,162285701268,162286555684,25698,144031,162290078435,
01-29 11:24:41.131 2021 2041 I System.out: 5 0,162256587778,162273254444,9223372036854775807,0,162283798491,162283799032,162284621979,162284650462,162285918576,162286769976,162286865095,162289989378,162301372686,37631,77696,109956761459,
01-29 11:24:41.131 2021 2041 I System.out: 6 0,162289921157,162289921157,9223372036854775807,0,162302003872,162302004664,162303187046,162303231119,162304809736,162304857166,162304890408,162305370951,162308579012,2377750,86232,109957793429,
01-29 11:24:41.131 2021 2041 I System.out: 7 0,162306587898,162306587898,9223372036854775807,0,162307677146,162307677377,162315834741,162315871429,162317281991,162317339219,162317384293,162318124505,162328588444,9393307,93125,109971927056,
01-29 11:24:41.131 2021 2041 D UiDevice: Waiting 10000ms for SearchCondition[hasObject=BySelector [TEXT='\QGet Started\E']].
01-29 11:24:41.131 2021 2041 D UiDevice: Searching for node with selector: BySelector [TEXT='\QGet Started\E'].
01-29 11:24:41.140 1305 1420 I VoicemailNotifier: receivers for android.intent.action.PROVIDER_CHANGED :[]
01-29 11:24:41.143 842 1137 D SmsNumberUtils: enter filterDestAddr. destAddr="[BajqU4K5_YhSYbs-7QUn0dOwcmI]"
01-29 11:24:41.143 842 1137 D SmsNumberUtils: destAddr is not formatted.
01-29 11:24:41.143 842 1137 D SmsNumberUtils: leave filterDestAddr, new destAddr="[BajqU4K5_YhSYbs-7QUn0dOwcmI]"
01-29 11:24:41.189 987 987 D TaplTarget: sendStateEventToTest: 0
01-29 11:24:41.189 987 987 D RecentsOrientedState: current RecentsOrientedState: [this=RecentsOrientedState@5c28903 mOrientationHandler=PortraitPagedViewHandler@4e57080 mDisplayRotation=0 mTouchRotation=0 mRecentsActivityRotation=0 isRecentsActivityRotationAllowed=false mSystemRotation=true mFlags=299]
01-29 11:24:41.189 987 987 I chatty : uid=10118(com.android.launcher3) identical 2 lines
01-29 11:24:41.189 987 987 D RecentsOrientedState: current RecentsOrientedState: [this=RecentsOrientedState@5c28903 mOrientationHandler=PortraitPagedViewHandler@4e57080 mDisplayRotation=0 mTouchRotation=0 mRecentsActivityRotation=0 isRecentsActivityRotationAllowed=false mSystemRotation=true mFlags=299]
01-29 11:24:41.200 255 398 W netd : dnssd_clientstub DNSServiceProcessResult called with NULL DNSServiceRef
01-29 11:24:41.200 2145 2191 I DistCache: Discovery stopped: _dcache._tcp
01-29 11:24:41.208 478 2340 D HostConnection: HostConnection::get() New Host Connection established 0x7e5153e17890, tid 2340
01-29 11:24:41.210 478 2340 D HostConnection: HostComposition ext ANDROID_EMU_CHECKSUM_HELPER_v1 ANDROID_EMU_native_sync_v2 ANDROID_EMU_dma_v1 ANDROID_EMU_direct_mem ANDROID_EMU_host_composition_v1 ANDROID_EMU_host_composition_v2 ANDROID_EMU_vulkan ANDROID_EMU_deferred_vulkan_commands ANDROID_EMU_vulkan_null_optional_strings ANDROID_EMU_vulkan_create_resources_with_requirements ANDROID_EMU_YUV_Cache ANDROID_EMU_vulkan_ignored_handles ANDROID_EMU_has_shared_slots_host_memory_allocator ANDROID_EMU_vulkan_free_memory_sync ANDROID_EMU_vulkan_shader_float16_int8 ANDROID_EMU_vulkan_async_queue_submit ANDROID_EMU_sync_buffer_data ANDROID_EMU_vulkan_async_qsri ANDROID_EMU_read_color_buffer_dma GL_OES_EGL_image_external_essl3 GL_OES_vertex_array_object GL_KHR_texture_compression_astc_ldr ANDROID_EMU_host_side_tracing ANDROID_EMU_gles_max_version_3_0
01-29 11:24:41.210 478 2340 D EGL_emulation: eglCreateContext: 0x7e5143ed1830: maj 3 min 0 rcv 3
01-29 11:24:41.211 478 2340 D EGL_emulation: eglMakeCurrent: 0x7e5143ed1830: ver 3 0 (tinfo 0x7e50e3ee3700) (first time)
01-29 11:24:41.216 2145 2145 D AppActivity$onDestroy: AppActivity#onDestroy
01-29 11:24:41.217 255 398 W netd : dnssd_clientstub DNSServiceProcessResult called with NULL DNSServiceRef
01-29 11:24:41.217 2145 2191 I DistCache: Unregistered: name: DCache, type: _dcache._tcp, host: null, port: 43263, txtRecord:
01-29 11:24:41.348 2145 2188 D DistCache: DistributedCacheHashtable(43263 unknown Android SDK built for x86_64): sending pings to 0 nodes
01-29 11:24:41.798 2021 2041 D UiDevice: Searching for node with selector: BySelector [TEXT='\QGet Started\E'].
01-29 11:24:44.241 2021 2041 I chatty : uid=10131(com.ustadmobile.app_android_baselineprofile) roidJUnitRunner identical 19 lines
01-29 11:24:44.343 2021 2041 D UiDevice: Searching for node with selector: BySelector [TEXT='\QGet Started\E'].
01-29 11:24:44.349 2145 2188 D DistCache: DistributedCacheHashtable(43263 unknown Android SDK built for x86_64): sending pings to 0 nodes
01-29 11:24:44.446 2021 2041 D UiDevice: Searching for node with selector: BySelector [TEXT='\QGet Started\E'].
01-29 11:24:45.574 2021 2041 I chatty : uid=10131(com.ustadmobile.app_android_baselineprofile) roidJUnitRunner identical 11 lines
01-29 11:24:45.676 2021 2041 D UiDevice: Searching for node with selector: BySelector [TEXT='\QGet Started\E'].
01-29 11:24:45.703 350 350 I perfetto: probes_producer.cc:329 Producer stop (id=8)
01-29 11:24:45.704 361 361 I perfetto: ng_service_impl.cc:1948 Tracing session 8 ended, total sessions:1
01-29 11:24:45.779 2021 2041 D UiDevice: Searching for node with selector: BySelector [TEXT='\QGet Started\E'].
01-29 11:24:45.843 350 350 I perfetto: probes_producer.cc:329 Producer stop (id=9)
01-29 11:24:45.844 350 350 I perfetto: ftrace_procfs.cc:183 disabled ftrace
01-29 11:24:45.844 361 361 I perfetto: ng_service_impl.cc:1948 Tracing session 9 ended, total sessions:0
01-29 11:24:45.881 2021 2041 D UiDevice: Searching for node with selector: BySelector [TEXT='\QGet Started\E'].
01-29 11:24:47.215 2021 2041 I chatty : uid=10131(com.ustadmobile.app_android_baselineprofile) roidJUnitRunner identical 13 lines
01-29 11:24:47.318 2021 2041 D UiDevice: Searching for node with selector: BySelector [TEXT='\QGet Started\E'].
01-29 11:24:47.350 2145 2188 D DistCache: DistributedCacheHashtable(43263 unknown Android SDK built for x86_64): sending pings to 0 nodes
01-29 11:24:47.420 2021 2041 D UiDevice: Searching for node with selector: BySelector [TEXT='\QGet Started\E'].
01-29 11:24:50.187 2021 2041 I chatty : uid=10131(com.ustadmobile.app_android_baselineprofile) roidJUnitRunner identical 27 lines
01-29 11:24:50.290 2021 2041 D UiDevice: Searching for node with selector: BySelector [TEXT='\QGet Started\E'].
01-29 11:24:50.351 2145 2188 D DistCache: DistributedCacheHashtable(43263 unknown Android SDK built for x86_64): sending pings to 0 nodes
01-29 11:24:50.393 2021 2041 D UiDevice: Searching for node with selector: BySelector [TEXT='\QGet Started\E'].
01-29 11:24:51.111 2021 2041 I chatty : uid=10131(com.ustadmobile.app_android_baselineprofile) roidJUnitRunner identical 7 lines
01-29 11:24:51.214 2021 2041 D UiDevice: Searching for node with selector: BySelector [TEXT='\QGet Started\E'].
01-29 11:24:52.216 2021 2041 D UiDevice: Retrieving node with selector: BySelector [TEXT='\QGet Started\E'].
01-29 11:24:52.219 2021 2041 D UiDevice: Node not found with selector: BySelector [TEXT='\QGet Started\E'].
01-29 11:24:53.240 2145 2169 D UstadCache: CacheTrimmer: Trim cache run: max (evictable) size = 100000000 bytes
01-29 11:24:53.241 2145 2169 V UstadCache: CacheTrimmer: deleting
01-29 11:24:53.351 2145 2188 D DistCache: DistributedCacheHashtable(43263 unknown Android SDK built for x86_64): sending pings to 0 nodes
01-29 11:24:56.352 2145 2188 D DistCache: DistributedCacheHashtable(43263 unknown Android SDK built for x86_64): sending pings to 0 nodes
01-29 11:24:57.219 2021 2041 D Benchmark: Profile Installer - Save Profile
01-29 11:24:57.225 2145 2145 I Process : Sending signal. PID: 2145 SIG: 10
01-29 11:24:57.225 2145 2145 D ProfileInstaller:
01-29 11:24:57.225 2145 2153 I aktabmobile.ap: Thread[4,tid=2153,WaitingInMainSignalCatcherLoop,Thread*=0x7e5233e1f380,peer=0x138c2488,"Signal Catcher"]: reacting to signal 10
01-29 11:24:57.226 2145 2153 I aktabmobile.ap:
01-29 11:24:57.226 2145 2153 I aktabmobile.ap: SIGUSR1 forcing GC (no HPROF) and profile save
01-29 11:24:57.229 2774 2776 I cmd : oneway function results will be dropped but finished with status OK and parcel size 4
01-29 11:24:57.238 2145 2153 I aktabmobile.ap: Explicit concurrent copying GC freed 128224(4733KB) AllocSpace objects, 5(132KB) LOS objects, 49% free, 6999KB/13MB, paused 8us total 12.050ms
01-29 11:24:57.730 2021 2041 D Benchmark: Killing process tj.maktabmobile.app
01-29 11:24:57.730 2021 2041 D UiDevice: Executing shell command: killall tj.maktabmobile.app
01-29 11:24:57.754 478 492 I PackageDexOptimizer: Running dexopt (dexoptNeeded=-3) on: /data/app/~~udvmEuEJhL3rR0pnxkb45Q==/tj.maktabmobile.app-qWZ3Bw-qpBT7rr6Ga6g6aQ==/base.apk pkg=tj.maktabmobile.app isa=x86_64 dexoptFlags=boot_complete,profile_guided,force,enable_hidden_api_checks targetFilter=speed-profile oatDir=/data/app/~~udvmEuEJhL3rR0pnxkb45Q==/tj.maktabmobile.app-qWZ3Bw-qpBT7rr6Ga6g6aQ==/oat classLoaderContext=PCL[]{PCL[/system_ext/framework/androidx.window.sidecar.jar]}
01-29 11:24:57.756 380 380 V installd: DexInv: --- BEGIN '/data/app/~~udvmEuEJhL3rR0pnxkb45Q==/tj.maktabmobile.app-qWZ3Bw-qpBT7rr6Ga6g6aQ==/base.apk' ---
01-29 11:24:57.761 2788 2788 W dex2oat32: Unexpected CPU variant for X86 using defaults: x86_64
01-29 11:24:57.830 2788 2788 I dex2oat32: /apex/com.android.art/bin/dex2oat32 --input-vdex-fd=9 --output-vdex-fd=10 --updatable-bcp-packages-file=/system/etc/updatable-bcp-packages.txt --resolve-startup-const-strings=true --max-image-block-size=524288 --compiler-filter=speed-profile --profile-file-fd=12 --classpath-dir=/data/app/~~udvmEuEJhL3rR0pnxkb45Q==/tj.maktabmobile.app-qWZ3Bw-qpBT7rr6Ga6g6aQ== --class-loader-context=PCL[]{PCL[/system_ext/framework/androidx.window.sidecar.jar]} --generate-mini-debug-info --compilation-reason=unknown
01-29 11:24:57.831 2788 2788 I dex2oat32: setting boot class path to /apex/com.android.art/javalib/core-oj.jar:/apex/com.android.art/javalib/core-libart.jar:/apex/com.android.art/javalib/core-icu4j.jar:/apex/com.android.art/javalib/okhttp.jar:/apex/com.android.art/javalib/bouncycastle.jar:/apex/com.android.art/javalib/apache-xml.jar:/system/framework/framework.jar:/system/framework/ext.jar:/system/framework/telephony-common.jar:/system/framework/voip-common.jar:/system/framework/ims-common.jar:/system/framework/framework-atb-backward-compatibility.jar
01-29 11:24:59.353 2145 2188 D DistCache: DistributedCacheHashtable(43263 unknown Android SDK built for x86_64): sending pings to 0 nodes
01-29 11:25:00.001 638 638 D KeyguardClockSwitch: Updating clock: 1125
01-29 11:25:01.721 2788 2788 W dex2oat32: Could not reserve sentinel fault page
01-29 11:25:02.354 2145 2188 D DistCache: DistributedCacheHashtable(43263 unknown Android SDK built for x86_64): sending pings to 0 nodes
01-29 11:25:02.378 2788 2788 W dex2oat32: Class androidx.compose.runtime.snapshots.SnapshotStateMap failed lock verification and will run slower.
01-29 11:25:02.378 2788 2788 W dex2oat32: Common causes for lock verification issues are non-optimized dex code
01-29 11:25:02.378 2788 2788 W dex2oat32: and incorrect proguard optimizations.
01-29 11:25:02.378 2788 2790 W dex2oat32: Class androidx.compose.runtime.snapshots.SnapshotStateList failed lock verification and will run slower.
01-29 11:25:02.436 2788 2790 W dex2oat32: Accessing hidden method Landroid/graphics/Canvas;->drawPatch(Landroid/graphics/NinePatch;Landroid/graphics/Rect;Landroid/graphics/Paint;)V (greylist-max-o, linking, denied)
01-29 11:25:02.436 2788 2790 W dex2oat32: Accessing hidden method Landroid/graphics/Canvas;->drawPatch(Landroid/graphics/NinePatch;Landroid/graphics/RectF;Landroid/graphics/Paint;)V (greylist-max-o, linking, denied)
01-29 11:25:02.440 2788 2790 W dex2oat32: Accessing hidden method Landroid/graphics/Bitmap;->getHardwareBuffer()Landroid/hardware/HardwareBuffer; (blacklist, linking, denied)
01-29 11:25:02.565 2788 2790 W dex2oat32: Accessing hidden method Landroid/app/job/JobParameters;->getStopReason()I (greylist-max-o, linking, denied)
01-29 11:25:04.301 2788 2788 I dex2oat32: Explicit concurrent copying GC freed 275926(40MB) AllocSpace objects, 0(0B) LOS objects, 49% free, 2264KB/4528KB, paused 11us total 7.295ms
01-29 11:25:04.325 2788 2788 W dex2oat32: Accessing hidden field Ljava/nio/file/FileSystemException;->file:Ljava/lang/String; (greylist-max-o, linking, denied)
01-29 11:25:04.325 2788 2788 W dex2oat32: Accessing hidden field Ljava/nio/file/FileSystemException;->other:Ljava/lang/String; (greylist-max-o, linking, denied)
01-29 11:25:04.325 2788 2788 W dex2oat32: Accessing hidden field Ljava/nio/file/InvalidPathException;->index:I (greylist-max-o, linking, denied)
01-29 11:25:04.325 2788 2788 W dex2oat32: Accessing hidden field Ljava/nio/file/InvalidPathException;->input:Ljava/lang/String; (greylist-max-o, linking, denied)
01-29 11:25:04.327 2788 2788 W dex2oat32: Accessing hidden method Landroid/graphics/Bitmap;->getHardwareBuffer()Landroid/hardware/HardwareBuffer; (blacklist, linking, denied)
01-29 11:25:04.327 2788 2788 W dex2oat32: Accessing hidden method Landroid/graphics/Canvas;->drawPatch(Landroid/graphics/NinePatch;Landroid/graphics/Rect;Landroid/graphics/Paint;)V (greylist-max-o, linking, denied)
01-29 11:25:04.327 2788 2788 W dex2oat32: Accessing hidden method Landroid/graphics/Canvas;->drawPatch(Landroid/graphics/NinePatch;Landroid/graphics/RectF;Landroid/graphics/Paint;)V (greylist-max-o, linking, denied)
01-29 11:25:04.337 2788 2788 W dex2oat32: Accessing hidden method Landroid/app/job/JobParameters;->getStopReason()I (greylist-max-o, linking, denied)
01-29 11:25:05.250 2788 2788 I dex2oat32: dex2oat took 7.490s (9.264s cpu) (threads: 2) arena alloc=4378KB (4483576B) java alloc=2280KB (2335144B) native alloc=81MB (85726704B) free=83MB (87524752B)
01-29 11:25:05.265 380 380 V installd: DexInv: --- END '/data/app/~~udvmEuEJhL3rR0pnxkb45Q==/tj.maktabmobile.app-qWZ3Bw-qpBT7rr6Ga6g6aQ==/base.apk' (success) ---
01-29 11:25:05.271 2784 2786 I cmd : oneway function results will be dropped but finished with status OK and parcel size 4
01-29 11:25:05.280 2021 2041 D Benchmark: Reference profile location: /data/misc/profiles/ref/tj.maktabmobile.app/primary.prof
01-29 11:25:05.299 2021 2041 D Benchmark: APK Path: /data/app/~~udvmEuEJhL3rR0pnxkb45Q==/tj.maktabmobile.app-qWZ3Bw-qpBT7rr6Ga6g6aQ==/base.apk
01-29 11:25:05.299 2021 2041 D Benchmark: Converting to human readable profile format
01-29 11:25:05.299 2021 2041 D Benchmark: Using profile location: /data/misc/profiles/ref/tj.maktabmobile.app/primary.prof
01-29 11:25:05.355 2145 2188 D DistCache: DistributedCacheHashtable(43263 unknown Android SDK built for x86_64): sending pings to 0 nodes
01-29 11:25:05.556 2816 2816 W profman : profman took 248.457ms
01-29 11:25:05.579 2021 2041 D Benchmark: Using profile location: /data/misc/profiles/cur/0/tj.maktabmobile.app/primary.prof
01-29 11:25:05.621 478 492 D WifiNl80211Manager: Scan result ready event
01-29 11:25:05.621 478 492 D WifiNative: Scan result ready event
01-29 11:25:05.837 2827 2827 W profman : profman took 237.910ms
01-29 11:25:06.747 2021 2041 D Benchmark: Unstable profiles during iteration 5
01-29 11:25:06.748 2021 2041 D Benchmark: Killing package tj.maktabmobile.app
01-29 11:25:06.748 2021 2041 D Benchmark: Killing process tj.maktabmobile.app
01-29 11:25:06.748 2021 2041 D UiDevice: Executing shell command: killall tj.maktabmobile.app
01-29 11:25:06.754 2021 2041 D Benchmark: Compile iteration (6) for tj.maktabmobile.app
01-29 11:25:06.754 2021 2041 D UiDevice: Pressing home button.
01-29 11:25:06.765 638 638 V ShadeControllerImpl: NotificationShadeWindow: com.android.systemui.statusbar.phone.NotificationShadeWindowView{90561f7 I.E...... ......ID 0,0-1080,1920} canPanelBeCollapsed(): false
01-29 11:25:06.765 478 498 D EventSequenceValidator: inc AccIntentStartedEvents to 2
01-29 11:25:06.766 478 496 W InputReader: Device virtio_input_multi_touch_10 is associated with display ADISPLAY_ID_NONE.
01-29 11:25:06.766 478 496 W InputReader: Device virtio_input_multi_touch_7 is associated with display ADISPLAY_ID_NONE.
01-29 11:25:06.766 478 496 W InputReader: Device virtio_input_multi_touch_11 is associated with display ADISPLAY_ID_NONE.
01-29 11:25:06.766 478 496 W InputReader: Device virtio_input_multi_touch_5 is associated with display ADISPLAY_ID_NONE.
01-29 11:25:06.766 478 496 W InputReader: Device virtio_input_multi_touch_2 is associated with display ADISPLAY_ID_NONE.
01-29 11:25:06.766 478 496 W InputReader: Device virtio_input_multi_touch_6 is associated with display ADISPLAY_ID_NONE.
01-29 11:25:06.766 478 496 W InputReader: Device virtio_input_multi_touch_8 is associated with display ADISPLAY_ID_NONE.
01-29 11:25:06.766 478 496 W InputReader: Device virtio_input_multi_touch_9 is associated with display ADISPLAY_ID_NONE.
01-29 11:25:06.766 478 496 W InputReader: Device virtio_input_multi_touch_3 is associated with display ADISPLAY_ID_NONE.
01-29 11:25:06.766 478 496 W InputReader: Device virtio_input_multi_touch_4 is associated with display ADISPLAY_ID_NONE.
01-29 11:25:06.766 478 496 W InputReader: Device virtio_input_multi_touch_10 is associated with display ADISPLAY_ID_NONE.
01-29 11:25:06.766 478 496 W InputReader: Device virtio_input_multi_touch_7 is associated with display ADISPLAY_ID_NONE.
01-29 11:25:06.766 478 496 W InputReader: Device virtio_input_multi_touch_11 is associated with display ADISPLAY_ID_NONE.
01-29 11:25:06.766 478 496 W InputReader: Device virtio_input_multi_touch_5 is associated with display ADISPLAY_ID_NONE.
01-29 11:25:06.766 478 496 W InputReader: Device virtio_input_multi_touch_2 is associated with display ADISPLAY_ID_NONE.
01-29 11:25:06.766 478 496 W InputReader: Device virtio_input_multi_touch_6 is associated with display ADISPLAY_ID_NONE.
01-29 11:25:06.766 478 496 W InputReader: Device virtio_input_multi_touch_8 is associated with display ADISPLAY_ID_NONE.
01-29 11:25:06.766 478 496 W InputReader: Device virtio_input_multi_touch_9 is associated with display ADISPLAY_ID_NONE.
01-29 11:25:06.766 478 496 W InputReader: Device virtio_input_multi_touch_3 is associated with display ADISPLAY_ID_NONE.
01-29 11:25:06.766 478 496 W InputReader: Device virtio_input_multi_touch_4 is associated with display ADISPLAY_ID_NONE.
01-29 11:25:06.768 361 361 I perfetto: ing_service_impl.cc:758 Configured tracing session 10, #sources:1, duration:5000 ms, #buffers:1, total buffer size:4096 KB, total sessions:1, uid:1071 session name: ""
01-29 11:25:06.768 350 350 I perfetto: probes_producer.cc:230 Ftrace setup (target_buf=10)
01-29 11:25:06.768 987 987 D TaplTarget: Launcher.onNewIntent: Intent { act=android.intent.action.MAIN cat=[android.intent.category.HOME] flg=0x10400100 cmp=com.android.launcher3/.uioverrides.QuickstepLauncher (has extras) }
01-29 11:25:06.770 638 638 V ShadeControllerImpl: NotificationShadeWindow: com.android.systemui.statusbar.phone.NotificationShadeWindowView{90561f7 I.E...... ......ID 0,0-1080,1920} canPanelBeCollapsed(): false
01-29 11:25:06.781 350 350 I perfetto: ftrace_procfs.cc:176 enabled ftrace
01-29 11:25:06.798 273 1473 D goldfish-address-space: claimShared: Ask to claim region [0x3f678d000 0x3f6f76000]
01-29 11:25:06.800 273 1473 D goldfish-address-space: claimShared: Ask to claim region [0x3f4000000 0x3f47e9000]
01-29 11:25:06.800 273 1473 D goldfish-address-space: claimShared: Ask to claim region [0x3f47e9000 0x3f4fd2000]
01-29 11:25:06.806 273 1473 D goldfish-address-space: claimShared: Ask to claim region [0x3f4fd2000 0x3f57bb000]
01-29 11:25:06.810 478 504 D ArtManagerInternalImpl: /data/misc/iorapd/com.android.launcher3/30/com.android.launcher3.uioverrides.QuickstepLauncher/compiled_traces/compiled_trace.pb doesn't exist
01-29 11:25:06.814 478 498 D EventSequenceValidator: dec AccIntentStartedEvents to 1
01-29 11:25:06.875 2021 2041 I System.out: 0 Flags,IntendedVsync,Vsync,OldestInputEvent,NewestInputEvent,HandleInputStart,AnimationStart,PerformTraversalsStart,DrawStart,SyncQueued,SyncStart,IssueDrawCommandsStart,SwapBuffers,FrameCompleted,DequeueBufferDuration,QueueBufferDuration,GpuCompleted,
01-29 11:25:06.876 2021 2041 I System.out: 1 1,162106586584,162106586584,9223372036854775807,0,162116493101,162116493491,162116493682,162151912550,162152176656,162152349642,162152360071,162153203697,162155194970,121869,219152,162156711942,
