01-29 11:28:37.912 478 776 W InputReader: Device virtio_input_multi_touch_11 is associated with display ADISPLAY_ID_NONE.
01-29 11:28:37.912 478 776 W InputReader: Device virtio_input_multi_touch_5 is associated with display ADISPLAY_ID_NONE.
01-29 11:28:37.912 478 776 W InputReader: Device virtio_input_multi_touch_2 is associated with display ADISPLAY_ID_NONE.
01-29 11:28:37.912 478 776 W InputReader: Device virtio_input_multi_touch_6 is associated with display ADISPLAY_ID_NONE.
01-29 11:28:37.912 478 776 W InputReader: Device virtio_input_multi_touch_8 is associated with display ADISPLAY_ID_NONE.
01-29 11:28:37.912 478 776 W InputReader: Device virtio_input_multi_touch_9 is associated with display ADISPLAY_ID_NONE.
01-29 11:28:37.912 478 776 W InputReader: Device virtio_input_multi_touch_3 is associated with display ADISPLAY_ID_NONE.
01-29 11:28:37.912 478 776 W InputReader: Device virtio_input_multi_touch_4 is associated with display ADISPLAY_ID_NONE.
01-29 11:28:37.912 478 776 W InputReader: Device virtio_input_multi_touch_10 is associated with display ADISPLAY_ID_NONE.
01-29 11:28:37.912 478 776 W InputReader: Device virtio_input_multi_touch_7 is associated with display ADISPLAY_ID_NONE.
01-29 11:28:37.912 478 776 W InputReader: Device virtio_input_multi_touch_11 is associated with display ADISPLAY_ID_NONE.
01-29 11:28:37.912 478 776 W InputReader: Device virtio_input_multi_touch_5 is associated with display ADISPLAY_ID_NONE.
01-29 11:28:37.912 478 776 W InputReader: Device virtio_input_multi_touch_2 is associated with display ADISPLAY_ID_NONE.
01-29 11:28:37.912 478 776 W InputReader: Device virtio_input_multi_touch_6 is associated with display ADISPLAY_ID_NONE.
01-29 11:28:37.912 478 776 W InputReader: Device virtio_input_multi_touch_8 is associated with display ADISPLAY_ID_NONE.
01-29 11:28:37.912 478 776 W InputReader: Device virtio_input_multi_touch_9 is associated with display ADISPLAY_ID_NONE.
01-29 11:28:37.912 478 776 W InputReader: Device virtio_input_multi_touch_3 is associated with display ADISPLAY_ID_NONE.
01-29 11:28:37.912 478 776 W InputReader: Device virtio_input_multi_touch_4 is associated with display ADISPLAY_ID_NONE.
01-29 11:28:37.914 2145 2145 D AppActivity$onDestroy: AppActivity#onDestroy
01-29 11:28:37.920 2145 2145 W CustomTabsClient: Unable to find any Custom Tabs packages, you may need to add a element to your manifest. See the docs for CustomTabsClient#getPackageName.
01-29 11:28:37.920 2145 2145 W AppActivity$bindCustomTabsService: CustomTabs: Service NOT supported
01-29 11:28:37.924 478 572 D UntrustedWifiNetworkFactory: got request NetworkRequest [ TRACK_DEFAULT id=33, [ Capabilities: INTERNET&NOT_RESTRICTED&TRUSTED Uid: 10130 AdministratorUids: [] RequestorUid: 10130 RequestorPackageName: tj.maktabmobile.app] ] with score 60 and providerId 3
01-29 11:28:37.924 478 572 D WifiNetworkFactory: got request NetworkRequest [ TRACK_DEFAULT id=33, [ Capabilities: INTERNET&NOT_RESTRICTED&TRUSTED Uid: 10130 AdministratorUids: [] RequestorUid: 10130 RequestorPackageName: tj.maktabmobile.app] ] with score 60 and providerId 3
01-29 11:28:37.924 842 842 D PhoneSwitcherNetworkRequstListener: got request NetworkRequest [ TRACK_DEFAULT id=33, [ Capabilities: INTERNET&NOT_RESTRICTED&TRUSTED Uid: 10130 AdministratorUids: [] RequestorUid: 10130 RequestorPackageName: tj.maktabmobile.app] ] with score 60 and providerId 3
01-29 11:28:37.925 638 638 V KeyguardUpdateMonitor: onSubscriptionInfoChanged()
01-29 11:28:37.925 842 842 D Telephony: isEmergencyPreferredAccount: subId=1, activeData=1
01-29 11:28:37.925 842 842 D Telephony: isEmergencyPreferredAccount: Device does not require preference.
01-29 11:28:37.926 638 638 V KeyguardUpdateMonitor: SubInfo:{id=1 iccId=89014103211118510720 simSlotIndex=0 carrierId=1 displayName=T-Mobile carrierName=T-Mobile nameSource=3 iconTint=-16746133 number=+15555215554 dataRoaming=0 iconBitmap=android.graphics.Bitmap@36f34f3 mcc=310 mnc=260 countryIso=us isEmbedded=false nativeAccessRules=null cardString=89014103211118510720 cardId=-1 isOpportunistic=false groupUUID=null isGroupDisabled=false profileClass=-1 ehplmns=null hplmns=null subscriptionType=0 groupOwner=null carrierConfigAccessRules=null areUiccApplicationsEnabled=true}
01-29 11:28:37.932 2145 2191 D DistCache: Service discovery started
01-29 11:28:37.933 273 317 D goldfish-address-space: claimShared: Ask to claim region [0x3f57bb000 0x3f5fa4000]
01-29 11:28:37.944 273 317 D goldfish-address-space: claimShared: Ask to claim region [0x3f5fa4000 0x3f678d000]
01-29 11:28:37.949 273 317 D goldfish-address-space: claimShared: Ask to claim region [0x3f90e9000 0x3f98d2000]
01-29 11:28:37.949 273 317 D goldfish-address-space: claimShared: Ask to claim region [0x3f98d2000 0x3fa0bb000]
01-29 11:28:37.957 478 504 D ArtManagerInternalImpl: /data/misc/iorapd/tj.maktabmobile.app/372/com.ustadmobile.port.android.view.AppActivity/compiled_traces/compiled_trace.pb doesn't exist
01-29 11:28:37.957 478 498 D EventSequenceValidator: dec AccIntentStartedEvents to 1
01-29 11:28:37.958 3844 3846 I cmd : oneway function results will be dropped but finished with status OK and parcel size 4
01-29 11:28:37.969 478 504 I ActivityTaskManager: Displayed tj.maktabmobile.app/com.ustadmobile.port.android.view.AppActivity: +47ms
01-29 11:28:37.969 2145 2145 D UstadViewModelFunKt$ustadViewModel$viewModel$invoke: ustadViewModel(): create viewmodel for: com.ustadmobile.core.viewmodel.redirect.RedirectViewModel
01-29 11:28:37.972 2145 2145 D UstadNavControllerPreCompose$onCollectNavCommand: NavCommandEffect: Navigate: Go to addAccountSelectNewOrExisting
01-29 11:28:37.984 2145 2145 D UstadViewModelFunKt$ustadViewModel$viewModel$invoke: ustadViewModel(): create viewmodel for: com.ustadmobile.core.viewmodel.AddAccountSelectNewOrExistingViewModel
01-29 11:28:37.993 2021 2041 D Benchmark: Result: Starting: Intent { act=android.intent.action.MAIN cat=[android.intent.category.LAUNCHER] flg=0x10008000 pkg=tj.maktabmobile.app cmp=tj.maktabmobile.app/com.ustadmobile.port.android.view.AppActivity }
01-29 11:28:37.993 2021 2041 D Benchmark: Status: ok
01-29 11:28:37.993 2021 2041 D Benchmark: LaunchState: WARM
01-29 11:28:37.993 2021 2041 D Benchmark: Activity: tj.maktabmobile.app/com.ustadmobile.port.android.view.AppActivity
01-29 11:28:37.993 2021 2041 D Benchmark: TotalTime: 47
01-29 11:28:37.993 2021 2041 D Benchmark: WaitTime: 51
01-29 11:28:37.993 2021 2041 D Benchmark: Complete
01-29 11:28:38.084 2021 2041 I System.out: 0 Flags,IntendedVsync,Vsync,OldestInputEvent,NewestInputEvent,HandleInputStart,AnimationStart,PerformTraversalsStart,DrawStart,SyncQueued,SyncStart,IssueDrawCommandsStart,SwapBuffers,FrameCompleted,DequeueBufferDuration,QueueBufferDuration,GpuCompleted,
01-29 11:28:38.084 2021 2041 I System.out: 1 1,399173246636,399173246636,9223372036854775807,0,399174942433,399174942634,399174942744,399196783158,399197109952,399197296543,399197308987,399198843140,399200885600,36459,966917,399200714869,
01-29 11:28:38.084 2021 2041 I System.out: 2 0,399189913424,399189913424,9223372036854775807,0,399203581237,399203581768,399217037190,399217066095,399217449345,399217495081,399217520900,399218025899,399219328457,41758,462028,399219157777,
01-29 11:28:38.084 2021 2041 I System.out: 3 0,399223246930,399223246930,9223372036854775807,0,399223701267,399223701498,399241270022,399241301150,399247184089,399247280700,399247309765,399247723002,399248936703,56577,405221,399256755470,
01-29 11:28:38.084 2021 2041 I System.out: 4 0,399239913709,399239913709,9223372036854775807,0,399250086234,399250086795,399254875086,399254904621,399256369294,399256429488,399256461838,399257062578,399260256091,395764,2316775,399259833516,
01-29 11:28:38.084 2021 2041 I System.out: 5 0,399256580505,399256580505,9223372036854775807,0,399258296116,399258296327,399258922794,399258952771,399260606940,399260667764,399260718911,399265390061,399277490517,10942609,493257,346904150417,
01-29 11:28:38.084 2021 2041 I System.out: 6 0,399273247305,399273247305,9223372036854775807,0,399273684312,399273684693,399274476361,399274508591,399275608509,399277535010,399277584774,399281037684,399294405993,12579756,155392,346911765341,
01-29 11:28:38.084 2021 2041 I System.out: 7 0,399289914107,399289914107,9223372036854775807,0,399290416274,399290416785,399291200217,399291235333,399292230434,399294608364,399294650122,399295349246,399314233344,15310781,357752,346934194863,
01-29 11:28:38.084 2021 2041 D UiDevice: Waiting 10000ms for SearchCondition[hasObject=BySelector [TEXT='\QGet Started\E']].
01-29 11:28:38.084 2021 2041 D UiDevice: Searching for node with selector: BySelector [TEXT='\QGet Started\E'].
01-29 11:28:38.412 2145 2188 D DistCache: DistributedCacheHashtable(43263 unknown Android SDK built for x86_64): sending pings to 0 nodes
01-29 11:28:38.584 2021 2041 D UiDevice: Searching for node with selector: BySelector [TEXT='\QGet Started\E'].
01-29 11:28:38.669 2145 2191 I DistCache: Registered: name: DCache, type: null, host: null, port: 0, txtRecord:
01-29 11:28:38.919 2145 2191 D DistCache: Service discovery onServiceFound: name: DCache, type: _dcache._tcp., host: null, port: 0, txtRecord:
01-29 11:28:38.919 2145 2191 D DistCache: Service Found: _dcache._tcp.
01-29 11:28:38.919 2145 2191 D DistCache: Service discovery onServiceFound: name: DCache, type: _dcache._tcp., host: null, port: 0, txtRecord:
01-29 11:28:38.919 2145 2191 D DistCache: Service Found: _dcache._tcp.
01-29 11:28:38.919 2145 2191 D DistCache: Service discovery onServiceFound: name: DCache, type: _dcache._tcp., host: null, port: 0, txtRecord:
01-29 11:28:38.919 2145 2191 D DistCache: Service Found: _dcache._tcp.
01-29 11:28:38.919 478 579 E NsdServiceInfo: While parsing txt records (pos = 1): Zero sized txt record
01-29 11:28:38.919 2145 2191 E DistCache: Resolve failed: 3
01-29 11:28:38.919 2145 2191 E DistCache: Resolve failed: 3
01-29 11:28:38.919 255 398 W netd : dnssd_clientstub DNSServiceProcessResult called with NULL DNSServiceRef
01-29 11:28:38.919 2145 2191 I DistCache: Resolve Succeeded. name: DCache, type: ._dcache._tcp, host: /10.0.2.16, port: 43263, txtRecord:
01-29 11:28:38.920 255 398 W netd : dnssd_clientstub DNSServiceProcessResult called with NULL DNSServiceRef
01-29 11:28:38.920 2145 2168 D DistCache: /10.0.2.16 is local device
01-29 11:28:39.170 2021 2041 D UiDevice: Searching for node with selector: BySelector [TEXT='\QGet Started\E'].
01-29 11:28:41.219 2021 2041 I chatty : uid=10131(com.ustadmobile.app_android_baselineprofile) roidJUnitRunner identical 20 lines
01-29 11:28:41.321 2021 2041 D UiDevice: Searching for node with selector: BySelector [TEXT='\QGet Started\E'].
01-29 11:28:41.413 2145 2188 D DistCache: DistributedCacheHashtable(43263 unknown Android SDK built for x86_64): sending pings to 0 nodes
01-29 11:28:41.424 2021 2041 D UiDevice: Searching for node with selector: BySelector [TEXT='\QGet Started\E'].
01-29 11:28:42.039 2021 2041 I chatty : uid=10131(com.ustadmobile.app_android_baselineprofile) roidJUnitRunner identical 6 lines
01-29 11:28:42.141 2021 2041 D UiDevice: Searching for node with selector: BySelector [TEXT='\QGet Started\E'].
01-29 11:28:42.154 350 350 I perfetto: probes_producer.cc:329 Producer stop (id=23)
01-29 11:28:42.154 361 361 I perfetto: ng_service_impl.cc:1948 Tracing session 23 ended, total sessions:1
01-29 11:28:42.244 2021 2041 D UiDevice: Searching for node with selector: BySelector [TEXT='\QGet Started\E'].
01-29 11:28:42.756 2021 2041 I chatty : uid=10131(com.ustadmobile.app_android_baselineprofile) roidJUnitRunner identical 5 lines
01-29 11:28:42.859 2021 2041 D UiDevice: Searching for node with selector: BySelector [TEXT='\QGet Started\E'].
01-29 11:28:42.911 350 350 I perfetto: probes_producer.cc:329 Producer stop (id=24)
01-29 11:28:42.911 350 350 I perfetto: ftrace_procfs.cc:183 disabled ftrace
01-29 11:28:42.912 361 361 I perfetto: ng_service_impl.cc:1948 Tracing session 24 ended, total sessions:0
01-29 11:28:42.961 2021 2041 D UiDevice: Searching for node with selector: BySelector [TEXT='\QGet Started\E'].
01-29 11:28:44.293 2021 2041 I chatty : uid=10131(com.ustadmobile.app_android_baselineprofile) roidJUnitRunner identical 13 lines
01-29 11:28:44.396 2021 2041 D UiDevice: Searching for node with selector: BySelector [TEXT='\QGet Started\E'].
01-29 11:28:44.414 2145 2188 D DistCache: DistributedCacheHashtable(43263 unknown Android SDK built for x86_64): sending pings to 0 nodes
01-29 11:28:44.498 2021 2041 D UiDevice: Searching for node with selector: BySelector [TEXT='\QGet Started\E'].
01-29 11:28:47.268 2021 2041 I chatty : uid=10131(com.ustadmobile.app_android_baselineprofile) roidJUnitRunner identical 27 lines
01-29 11:28:47.371 2021 2041 D UiDevice: Searching for node with selector: BySelector [TEXT='\QGet Started\E'].
01-29 11:28:47.415 2145 2188 D DistCache: DistributedCacheHashtable(43263 unknown Android SDK built for x86_64): sending pings to 0 nodes
01-29 11:28:47.473 2021 2041 D UiDevice: Searching for node with selector: BySelector [TEXT='\QGet Started\E'].
01-29 11:28:47.985 2021 2041 I chatty : uid=10131(com.ustadmobile.app_android_baselineprofile) roidJUnitRunner identical 5 lines
01-29 11:28:48.088 2021 2041 D UiDevice: Searching for node with selector: BySelector [TEXT='\QGet Started\E'].
01-29 11:28:49.090 2021 2041 D UiDevice: Retrieving node with selector: BySelector [TEXT='\QGet Started\E'].
01-29 11:28:49.093 2021 2041 D UiDevice: Node not found with selector: BySelector [TEXT='\QGet Started\E'].
01-29 11:28:50.415 2145 2188 D DistCache: DistributedCacheHashtable(43263 unknown Android SDK built for x86_64): sending pings to 0 nodes
01-29 11:28:53.247 2145 2169 D UstadCache: CacheTrimmer: Trim cache run: max (evictable) size = 100000000 bytes
01-29 11:28:53.247 2145 2169 V UstadCache: CacheTrimmer: deleting
01-29 11:28:53.416 2145 2188 D DistCache: DistributedCacheHashtable(43263 unknown Android SDK built for x86_64): sending pings to 0 nodes
01-29 11:28:54.093 2021 2041 D Benchmark: Profile Installer - Save Profile
01-29 11:28:54.101 2145 2145 I Process : Sending signal. PID: 2145 SIG: 10
01-29 11:28:54.101 2145 2145 D ProfileInstaller:
01-29 11:28:54.101 2145 2153 I aktabmobile.ap: Thread[4,tid=2153,WaitingInMainSignalCatcherLoop,Thread*=0x7e5233e1f380,peer=0x13402578,"Signal Catcher"]: reacting to signal 10
01-29 11:28:54.101 2145 2153 I aktabmobile.ap:
01-29 11:28:54.101 2145 2153 I aktabmobile.ap: SIGUSR1 forcing GC (no HPROF) and profile save
01-29 11:28:54.103 3879 3881 I cmd : oneway function results will be dropped but finished with status OK and parcel size 4
01-29 11:28:54.114 2145 2153 I aktabmobile.ap: Explicit concurrent copying GC freed 129575(4783KB) AllocSpace objects, 5(132KB) LOS objects, 49% free, 7060KB/13MB, paused 11us total 12.468ms
01-29 11:28:54.604 2021 2041 D Benchmark: Killing process tj.maktabmobile.app
01-29 11:28:54.604 2021 2041 D UiDevice: Executing shell command: killall tj.maktabmobile.app
01-29 11:28:54.627 478 492 I PackageDexOptimizer: Running dexopt (dexoptNeeded=-3) on: /data/app/~~udvmEuEJhL3rR0pnxkb45Q==/tj.maktabmobile.app-qWZ3Bw-qpBT7rr6Ga6g6aQ==/base.apk pkg=tj.maktabmobile.app isa=x86_64 dexoptFlags=boot_complete,profile_guided,force,enable_hidden_api_checks targetFilter=speed-profile oatDir=/data/app/~~udvmEuEJhL3rR0pnxkb45Q==/tj.maktabmobile.app-qWZ3Bw-qpBT7rr6Ga6g6aQ==/oat classLoaderContext=PCL[]{PCL[/system_ext/framework/androidx.window.sidecar.jar]}
01-29 11:28:54.628 380 545 V installd: DexInv: --- BEGIN '/data/app/~~udvmEuEJhL3rR0pnxkb45Q==/tj.maktabmobile.app-qWZ3Bw-qpBT7rr6Ga6g6aQ==/base.apk' ---
01-29 11:28:54.633 3893 3893 W dex2oat32: Unexpected CPU variant for X86 using defaults: x86_64
01-29 11:28:54.701 3893 3893 I dex2oat32: /apex/com.android.art/bin/dex2oat32 --input-vdex-fd=9 --output-vdex-fd=10 --updatable-bcp-packages-file=/system/etc/updatable-bcp-packages.txt --resolve-startup-const-strings=true --max-image-block-size=524288 --compiler-filter=speed-profile --profile-file-fd=12 --classpath-dir=/data/app/~~udvmEuEJhL3rR0pnxkb45Q==/tj.maktabmobile.app-qWZ3Bw-qpBT7rr6Ga6g6aQ== --class-loader-context=PCL[]{PCL[/system_ext/framework/androidx.window.sidecar.jar]} --generate-mini-debug-info --compilation-reason=unknown
01-29 11:28:54.702 3893 3893 I dex2oat32: setting boot class path to /apex/com.android.art/javalib/core-oj.jar:/apex/com.android.art/javalib/core-libart.jar:/apex/com.android.art/javalib/core-icu4j.jar:/apex/com.android.art/javalib/okhttp.jar:/apex/com.android.art/javalib/bouncycastle.jar:/apex/com.android.art/javalib/apache-xml.jar:/system/framework/framework.jar:/system/framework/ext.jar:/system/framework/telephony-common.jar:/system/framework/voip-common.jar:/system/framework/ims-common.jar:/system/framework/framework-atb-backward-compatibility.jar
01-29 11:28:56.417 2145 2188 D DistCache: DistributedCacheHashtable(43263 unknown Android SDK built for x86_64): sending pings to 0 nodes
01-29 11:28:58.581 3893 3893 W dex2oat32: Could not reserve sentinel fault page
01-29 11:28:59.236 3893 3895 W dex2oat32: Class androidx.compose.runtime.snapshots.SnapshotStateMap failed lock verification and will run slower.
01-29 11:28:59.236 3893 3895 W dex2oat32: Common causes for lock verification issues are non-optimized dex code
01-29 11:28:59.236 3893 3895 W dex2oat32: and incorrect proguard optimizations.
01-29 11:28:59.237 3893 3893 W dex2oat32: Class androidx.compose.runtime.snapshots.SnapshotStateList failed lock verification and will run slower.
01-29 11:28:59.292 3893 3893 W dex2oat32: Accessing hidden method Landroid/graphics/Canvas;->drawPatch(Landroid/graphics/NinePatch;Landroid/graphics/Rect;Landroid/graphics/Paint;)V (greylist-max-o, linking, denied)
01-29 11:28:59.292 3893 3893 W dex2oat32: Accessing hidden method Landroid/graphics/Canvas;->drawPatch(Landroid/graphics/NinePatch;Landroid/graphics/RectF;Landroid/graphics/Paint;)V (greylist-max-o, linking, denied)
01-29 11:28:59.296 3893 3895 W dex2oat32: Accessing hidden method Landroid/graphics/Bitmap;->getHardwareBuffer()Landroid/hardware/HardwareBuffer; (blacklist, linking, denied)
01-29 11:28:59.418 2145 2188 D DistCache: DistributedCacheHashtable(43263 unknown Android SDK built for x86_64): sending pings to 0 nodes
01-29 11:28:59.420 3893 3893 W dex2oat32: Accessing hidden method Landroid/app/job/JobParameters;->getStopReason()I (greylist-max-o, linking, denied)
01-29 11:29:00.001 638 638 D KeyguardClockSwitch: Updating clock: 1129
01-29 11:29:01.201 3893 3893 I dex2oat32: Explicit concurrent copying GC freed 275908(40MB) AllocSpace objects, 0(0B) LOS objects, 49% free, 2264KB/4528KB, paused 11us total 6.981ms
01-29 11:29:01.226 3893 3893 W dex2oat32: Accessing hidden field Ljava/nio/file/FileSystemException;->file:Ljava/lang/String; (greylist-max-o, linking, denied)
01-29 11:29:01.226 3893 3893 W dex2oat32: Accessing hidden field Ljava/nio/file/FileSystemException;->other:Ljava/lang/String; (greylist-max-o, linking, denied)
01-29 11:29:01.226 3893 3893 W dex2oat32: Accessing hidden field Ljava/nio/file/InvalidPathException;->index:I (greylist-max-o, linking, denied)
01-29 11:29:01.226 3893 3893 W dex2oat32: Accessing hidden field Ljava/nio/file/InvalidPathException;->input:Ljava/lang/String; (greylist-max-o, linking, denied)
01-29 11:29:01.228 3893 3893 W dex2oat32: Accessing hidden method Landroid/graphics/Bitmap;->getHardwareBuffer()Landroid/hardware/HardwareBuffer; (blacklist, linking, denied)
01-29 11:29:01.228 3893 3893 W dex2oat32: Accessing hidden method Landroid/graphics/Canvas;->drawPatch(Landroid/graphics/NinePatch;Landroid/graphics/Rect;Landroid/graphics/Paint;)V (greylist-max-o, linking, denied)
01-29 11:29:01.228 3893 3893 W dex2oat32: Accessing hidden method Landroid/graphics/Canvas;->drawPatch(Landroid/graphics/NinePatch;Landroid/graphics/RectF;Landroid/graphics/Paint;)V (greylist-max-o, linking, denied)
01-29 11:29:01.239 3893 3893 W dex2oat32: Accessing hidden method Landroid/app/job/JobParameters;->getStopReason()I (greylist-max-o, linking, denied)
01-29 11:29:02.182 3893 3893 I dex2oat32: dex2oat took 7.550s (9.324s cpu) (threads: 2) arena alloc=3671KB (3759616B) java alloc=2280KB (2335144B) native alloc=81MB (85726320B) free=83MB (87524688B)
01-29 11:29:02.198 380 545 V installd: DexInv: --- END '/data/app/~~udvmEuEJhL3rR0pnxkb45Q==/tj.maktabmobile.app-qWZ3Bw-qpBT7rr6Ga6g6aQ==/base.apk' (success) ---
01-29 11:29:02.204 3889 3891 I cmd : oneway function results will be dropped but finished with status OK and parcel size 4
01-29 11:29:02.214 2021 2041 D Benchmark: Reference profile location: /data/misc/profiles/ref/tj.maktabmobile.app/primary.prof
01-29 11:29:02.233 2021 2041 D Benchmark: APK Path: /data/app/~~udvmEuEJhL3rR0pnxkb45Q==/tj.maktabmobile.app-qWZ3Bw-qpBT7rr6Ga6g6aQ==/base.apk
01-29 11:29:02.233 2021 2041 D Benchmark: Converting to human readable profile format
01-29 11:29:02.233 2021 2041 D Benchmark: Using profile location: /data/misc/profiles/ref/tj.maktabmobile.app/primary.prof
01-29 11:29:02.419 2145 2188 D DistCache: DistributedCacheHashtable(43263 unknown Android SDK built for x86_64): sending pings to 0 nodes
01-29 11:29:02.492 3921 3921 W profman : profman took 250.291ms
01-29 11:29:02.514 2021 2041 D Benchmark: Using profile location: /data/misc/profiles/cur/0/tj.maktabmobile.app/primary.prof
01-29 11:29:02.787 3932 3932 W profman : profman took 264.247ms
01-29 11:29:03.692 2021 2041 D Benchmark: Unstable profiles during iteration 14
01-29 11:29:03.692 2021 2041 D Benchmark: Killing package tj.maktabmobile.app
01-29 11:29:03.692 2021 2041 D Benchmark: Killing process tj.maktabmobile.app
01-29 11:29:03.692 2021 2041 D UiDevice: Executing shell command: killall tj.maktabmobile.app
01-29 11:29:03.698 2021 2041 D Benchmark: Compile iteration (15) for tj.maktabmobile.app
01-29 11:29:03.698 2021 2041 D UiDevice: Pressing home button.
01-29 11:29:03.715 638 638 V ShadeControllerImpl: NotificationShadeWindow: com.android.systemui.statusbar.phone.NotificationShadeWindowView{90561f7 I.E...... ......ID 0,0-1080,1920} canPanelBeCollapsed(): false
01-29 11:29:03.715 478 498 D EventSequenceValidator: inc AccIntentStartedEvents to 2
01-29 11:29:03.716 361 361 I perfetto: ing_service_impl.cc:758 Configured tracing session 25, #sources:1, duration:5000 ms, #buffers:1, total buffer size:4096 KB, total sessions:1, uid:1071 session name: ""
01-29 11:29:03.716 350 350 I perfetto: probes_producer.cc:230 Ftrace setup (target_buf=25)
01-29 11:29:03.716 478 496 W InputReader: Device virtio_input_multi_touch_10 is associated with display ADISPLAY_ID_NONE.
01-29 11:29:03.716 478 496 W InputReader: Device virtio_input_multi_touch_7 is associated with display ADISPLAY_ID_NONE.
01-29 11:29:03.716 478 496 W InputReader: Device virtio_input_multi_touch_11 is associated with display ADISPLAY_ID_NONE.
01-29 11:29:03.716 478 496 W InputReader: Device virtio_input_multi_touch_5 is associated with display ADISPLAY_ID_NONE.
01-29 11:29:03.716 478 496 W InputReader: Device virtio_input_multi_touch_2 is associated with display ADISPLAY_ID_NONE.
01-29 11:29:03.716 478 496 W InputReader: Device virtio_input_multi_touch_6 is associated with display ADISPLAY_ID_NONE.
01-29 11:29:03.716 478 496 W InputReader: Device virtio_input_multi_touch_8 is associated with display ADISPLAY_ID_NONE.
01-29 11:29:03.716 478 496 W InputReader: Device virtio_input_multi_touch_9 is associated with display ADISPLAY_ID_NONE.
01-29 11:29:03.716 478 496 W InputReader: Device virtio_input_multi_touch_3 is associated with display ADISPLAY_ID_NONE.
01-29 11:29:03.716 478 496 W InputReader: Device virtio_input_multi_touch_4 is associated with display ADISPLAY_ID_NONE.
01-29 11:29:03.717 478 496 W InputReader: Device virtio_input_multi_touch_10 is associated with display ADISPLAY_ID_NONE.
01-29 11:29:03.717 478 496 W InputReader: Device virtio_input_multi_touch_7 is associated with display ADISPLAY_ID_NONE.
01-29 11:29:03.717 478 496 W InputReader: Device virtio_input_multi_touch_11 is associated with display ADISPLAY_ID_NONE.
01-29 11:29:03.717 478 496 W InputReader: Device virtio_input_multi_touch_5 is associated with display ADISPLAY_ID_NONE.
01-29 11:29:03.717 478 496 W InputReader: Device virtio_input_multi_touch_2 is associated with display ADISPLAY_ID_NONE.
01-29 11:29:03.717 478 496 W InputReader: Device virtio_input_multi_touch_6 is associated with display ADISPLAY_ID_NONE.
01-29 11:29:03.717 478 496 W InputReader: Device virtio_input_multi_touch_8 is associated with display ADISPLAY_ID_NONE.
01-29 11:29:03.717 478 496 W InputReader: Device virtio_input_multi_touch_9 is associated with display ADISPLAY_ID_NONE.
01-29 11:29:03.717 478 496 W InputReader: Device virtio_input_multi_touch_3 is associated with display ADISPLAY_ID_NONE.
01-29 11:29:03.717 478 496 W InputReader: Device virtio_input_multi_touch_4 is associated with display ADISPLAY_ID_NONE.
01-29 11:29:03.718 987 987 D TaplTarget: Launcher.onNewIntent: Intent { act=android.intent.action.MAIN cat=[android.intent.category.HOME] flg=0x10400100 cmp=com.android.launcher3/.uioverrides.QuickstepLauncher (has extras) }
01-29 11:29:03.720 638 638 V ShadeControllerImpl: NotificationShadeWindow: com.android.systemui.statusbar.phone.NotificationShadeWindowView{90561f7 I.E...... ......ID 0,0-1080,1920} canPanelBeCollapsed(): false
01-29 11:29:03.732 273 317 D goldfish-address-space: claimShared: Ask to claim region [0x3f57bb000 0x3f5fa4000]
01-29 11:29:03.732 273 317 D goldfish-address-space: claimShared: Ask to claim region [0x3f6f76000 0x3f775f000]
01-29 11:29:03.733 273 317 D goldfish-address-space: claimShared: Ask to claim region [0x3f4000000 0x3f47e9000]
01-29 11:29:03.737 350 350 I perfetto: ftrace_procfs.cc:176 enabled ftrace
01-29 11:29:03.739 273 317 D goldfish-address-space: claimShared: Ask to claim region [0x3f47e9000 0x3f4fd2000]
01-29 11:29:03.742 478 498 D EventSequenceValidator: dec AccIntentStartedEvents to 1
01-29 11:29:03.757 478 504 D ArtManagerInternalImpl: /data/misc/iorapd/com.android.launcher3/30/com.android.launcher3.uioverrides.QuickstepLauncher/compiled_traces/compiled_trace.pb doesn't exist
01-29 11:29:04.414 255 398 W netd : dnssd_clientstub DNSServiceProcessResult called with NULL DNSServiceRef
01-29 11:29:04.415 2145 2191 I DistCache: Discovery stopped: _dcache._tcp
01-29 11:29:04.424 478 2340 D HostConnection: HostConnection::get() New Host Connection established 0x7e5153e17890, tid 2340
01-29 11:29:04.426 478 2340 D HostConnection: HostComposition ext ANDROID_EMU_CHECKSUM_HELPER_v1 ANDROID_EMU_native_sync_v2 ANDROID_EMU_dma_v1 ANDROID_EMU_direct_mem ANDROID_EMU_host_composition_v1 ANDROID_EMU_host_composition_v2 ANDROID_EMU_vulkan ANDROID_EMU_deferred_vulkan_commands ANDROID_EMU_vulkan_null_optional_strings ANDROID_EMU_vulkan_create_resources_with_requirements ANDROID_EMU_YUV_Cache ANDROID_EMU_vulkan_ignored_handles ANDROID_EMU_has_shared_slots_host_memory_allocator ANDROID_EMU_vulkan_free_memory_sync ANDROID_EMU_vulkan_shader_float16_int8 ANDROID_EMU_vulkan_async_queue_submit ANDROID_EMU_sync_buffer_data ANDROID_EMU_vulkan_async_qsri ANDROID_EMU_read_color_buffer_dma GL_OES_EGL_image_external_essl3 GL_OES_vertex_array_object GL_KHR_texture_compression_astc_ldr ANDROID_EMU_host_side_tracing ANDROID_EMU_gles_max_version_3_0
01-29 11:29:04.427 478 2340 D EGL_emulation: eglCreateContext: 0x7e5143e8ba50: maj 3 min 0 rcv 3
01-29 11:29:04.427 478 2340 D EGL_emulation: eglMakeCurrent: 0x7e5143e8ba50: ver 3 0 (tinfo 0x7e50e3ee3700) (first time)
01-29 11:29:04.471 2021 2041 I System.out: 0 Flags,IntendedVsync,Vsync,OldestInputEvent,NewestInputEvent,HandleInputStart,AnimationStart,PerformTraversalsStart,DrawStart,SyncQueued,SyncStart,IssueDrawCommandsStart,SwapBuffers,FrameCompleted,DequeueBufferDuration,QueueBufferDuration,GpuCompleted,
01-29 11:29:04.471 2021 2041 I System.out: 1 1,399173246636,399173246636,9223372036854775807,0,399174942433,399174942634,399174942744,399196783158,399197109952,399197296543,399197308987,399198843140,399200885600,36459,966917,399200714869,
01-29 11:29:04.472 2021 2041 I System.out: 2 0,399189913424,399189913424,9223372036854775807,0,399203581237,399203581768,399217037190,399217066095,399217449345,399217495081,399217520900,399218025899,399219328457,41758,462028,399219157777,
01-29 11:29:04.472 2021 2041 I System.out: 3 0,399223246930,399223246930,9223372036854775807,0,399223701267,399223701498,399241270022,399241301150,399247184089,399247280700,399247309765,399247723002,399248936703,56577,405221,399256755470,
01-29 11:29:04.472 2021 2041 I System.out: 4 0,399239913709,399239913709,9223372036854775807,0,399250086234,399250086795,399254875086,399254904621,399256369294,399256429488,399256461838,399257062578,399260256091,395764,2316775,399259833516,
01-29 11:29:04.472 2021 2041 I System.out: 5 0,399256580505,399256580505,9223372036854775807,0,399258296116,399258296327,399258922794,399258952771,399260606940,399260667764,399260718911,399265390061,399277490517,10942609,493257,399273362968,
01-29 11:29:04.472 2021 2041 I System.out: 6 0,399273247305,399273247305,9223372036854775807,0,399273684312,399273684693,399274476361,399274508591,399275608509,399277535010,399277584774,399281037684,399294405993,12579756,155392,399281793255,
01-29 11:29:04.472 2021 2041 I System.out: 7 0,399289914107,399289914107,9223372036854775807,0,399290416274,399290416785,399291200217,399291235333,399292230434,399294608364,399294650122,399295349246,399314233344,15310781,357752,399298846350,
01-29 11:29:04.472 2021 2041 I System.out: 8 0,399306580549,399306580549,9223372036854775807,0,399306942238,399306942699,399311994195,399312030072,399314498231,399314540872,399314572431,399314979536,399324469074,8554190,90149,399315871703,
01-29 11:29:04.472 2021 2041 I System.out: 9 0,399323247303,399323247303,9223372036854775807,0,399323610630,399323611011,399324535018,399324565956,399328462651,399328551267,399328593577,399330980714,399342585488,10279153,143589,399340029353,
01-29 11:29:04.472 2021 2041 I System.out: 10 0,399339914101,399339914101,9223372036854775807,0,399340290184,399340290444,399341538089,399341569258,399342844916,399342943431,399342984598,399345546053,399361509480,11433722,1367039,399350040932,
01-29 11:29:04.472 2021 2041 I System.out: 11 0,399356580860,399356580860,9223372036854775807,0,399357118446,399357118877,399357836616,399357868987,399360053233,399361564814,399361608306,399362138272,399377286216,11116786,194336,399366132610,
01-29 11:29:04.472 2021 2041 I System.out: 12 0,399373247634,399373247634,9223372036854775807,0,399374703682,399374704012,399375475463,399375508204,399376517341,399379916601,399379958219,399380420558,399390975519,6960073,115537,399383983135,
01-29 11:29:04.472 2021 2041 I System.out: 13 0,399389914451,399389914451,9223372036854775807,0,399390287445,399390287986,399391496798,399391516746,399392415495,399392463566,399392502659,399396077339,399408090360,9705724,163508,399398346153,
01-29 11:29:04.472 2021 2041 I System.out: 14 0,399406581264,399406581264,9223372036854775807,0,399407044845,399407045446,399407885565,399407908057,399408905172,399408968100,399409001252,399411548350,399425622075,10267040,177825,399415315161,
01-29 11:29:04.472 2021 2041 I System.out: 15 0,399423247991,399423247991,9223372036854775807,0,399423687919,399423688290,399424427169,399424459349,399425577351,399425665907,399425833492,399429552814,399442820704,10391955,151675,399440048864,
01-29 11:29:04.472 2021 2041 I System.out: 16 0,399439914726,399439914726,9223372036854775807,0,399440082116,399440083048,399441980575,399442000612,399443024667,399443083909,399443233079,399444577015,399458205844,10087953,156615,399456721424,
01-29 11:29:04.472 2021 2041 I System.out: 17 0,399456581456,399456581456,9223372036854775807,0,399456748905,399456749907,399458111787,399458136213,399459207306,399459287307,399459323916,399459769984,399476449066,13587912,287780,399473391890,
01-29 11:29:04.472 2021 2041 I System.out: 18 0,399473247944,399473247944,9223372036854775807,0,399473820385,399473820806,399474492509,399474525020,399476828960,399476965277,399476998309,399477411856,399493790584,14471553,77586,399490039593,
01-29 11:29:04.472 2021 2041 I System.out: 19 0,399489914694,399489914694,9223372036854775807,0,399490348393,399490348744,399491068898,399491096961,399494177531,399494233246,399494258022,399494640131,399508804947,12209891,105929,399496560220,
01-29 11:29:04.472 2021 2041 I System.out: 20 0,399506581480,399506581480,9223372036854775807,0,399507004142,399507004813,399507836887,399507861073,399509121201,399509540359,399509680312,399510101334,399524436450,12374291,104376,399512026182,
01-29 11:29:04.472 2021 2041 I System.out: 21 0,399523248246,399523248246,9223372036854775807,0,399523589408,399523589869,399524380264,399524412675,399525372399,399525573527,399525619073,399526317586,399543181626,14745558,165130,399540078814,
01-29 11:29:04.472 2021 2041 I System.out: 22 0,399539914950,399539914950,9223372036854775807,0,399540086608,399540087770,399543347618,399543382474,399544193398,399544247399,399544278067,399544704939,399557999369,10964711,192302,399546990245,
01-29 11:29:04.472 2021 2041 I System.out: 23 0,399556581685,399556581685,9223372036854775807,0,399556821315,399556823910,399558583447,399558624645,399560007033,399560403048,399560451158,399561216136,399574616555,10030094,340630,399564533101,
01-29 11:29:04.472 2021 2041 I System.out: 24 0,399573248489,399573248489,9223372036854775807,0,399573474599,399573476192,399576229036,399576277187,399577562643,399577650789,399577692507,399578954319,399593446551,13085026,204073,399580313614,
01-29 11:29:04.472 2021 2041 I System.out: 25 0,399589914070,399589914070,9223372036854775807,0,399590114878,399590116040,399592679339,399592725956,399594004790,399594150224,399594198344,399594833358,399608668734,11902805,839117,399596717579,
01-29 11:29:04.472 2021 2041 I System.out: 26 0,399606580729,399606580729,9223372036854775807,0,399606756760,399606757812,399608532348,399608602159,399610082051,399610172962,399610446146,399611209100,399626760492,13810019,1020107,399612897624,
01-29 11:29:04.472 2021 2041 I System.out: 27 0,399623247529,399623247529,9223372036854775807,0,399623424101,399623425684,399627345863,399627392150,399628321226,399628413369,399628450158,399629417166,399642931029,12185516,229812,399640056074,
01-29 11:29:04.472 2021 2041 I System.out: 28 0,399639914265,399639914265,9223372036854775807,0,399640101189,399640102622,399641472607,399641514746,399643114654,399643202809,399643242945,399644127217,399659395017,13871064,160091,399645483567,
01-29 11:29:04.472 2021 2041 I System.out: 29 0,399656580624,399656580624,9223372036854775807,0,399656827590,399656828763,399658301110,399658339793,399659679070,399659749202,399659783938,399660518448,399676426521,14521236,162535,399673374835,
01-29 11:29:04.472 2021 2041 I System.out: 30 0,399673247375,399673247375,9223372036854775807,0,399673385375,399673386487,399676658708,399676698763,399677753826,399677823788,399677861138,399679001892,399693068263,13263782,159079,399690070448,
01-29 11:29:04.472 2021 2041 I System.out: 31 0,399689913884,399689913884,9223372036854775807,0,399690107688,399690108650,399691271316,399691314587,399692451744,399693119570,399693159785,399694538758,399708838096,13239506,257474,399695553525,
01-29 11:29:04.472 2021 2041 I System.out: 32 0,399706579681,399706579681,9223372036854775807,0,399706757496,399706758798,399708563019,399708608555,399708683366,399708884434,399708923778,399710925220,399725972585,12984067,361720,399723386424,
01-29 11:29:04.472 2021 2041 I System.out: 33 0,399723246472,399723246472,9223372036854775807,0,399723404688,399723415759,399726209670,399727580788,399727665707,399727745097,399727788198,399728989676,399743185420,13496269,82766,347373382149,
01-29 11:29:04.472 2021 2041 I System.out: 34 0,399739913317,399739913317,9223372036854775807,0,399740145566,399740146779,399742446381,399742502006,399743841343,399743898471,399743928066,399744600009,399759179816,13002220,914249,0,
01-29 11:29:04.472 2021 2041 I System.out: 35 0,399756580119,399756580119,9223372036854775807,0,399756748586,399756749628,399758894600,399758928654,399759457728,399759505728,399759535023,399760090508,399776138263,15262780,102012,0,
01-29 11:29:04.472 2021 2041 I System.out: 36 8,399773246881,399773246881,9223372036854775807,0,399773401929,399773403192,399773403352,399773458456,399773468765,399776202263,347440784217,347441488441,347442982960,22232,150814,0,
01-29 11:29:04.472 2021 2041 D Benchmark: Starting activity with command: am start -W "intent:#Intent;action=android.intent.action.MAIN;category=android.intent.category.LAUNCHER;launchFlags=0x10008000;package=tj.maktabmobile.app;component=tj.maktabmobile.app/com.ustadmobile.port.android.view.AppActivity;end"
01-29 11:29:04.501 478 498 D EventSequenceValidator: inc AccIntentStartedEvents to 2
01-29 11:29:04.503 361 361 I perfetto: ing_service_impl.cc:758 Configured tracing session 26, #sources:1, duration:5000 ms, #buffers:1, total buffer size:4096 KB, total sessions:2, uid:1071 session name: ""
01-29 11:29:04.503 350 350 I perfetto: probes_producer.cc:230 Ftrace setup (target_buf=26)
01-29 11:29:04.506 2145 2145 D AppActivity$onDestroy: AppActivity#onDestroy
01-29 11:29:04.506 255 398 W netd : dnssd_clientstub DNSServiceProcessResult called with NULL DNSServiceRef
01-29 11:29:04.506 2145 2191 I DistCache: Unregistered: name: DCache, type: _dcache._tcp, host: null, port: 43263, txtRecord:
01-29 11:29:04.507 478 563 W InputReader: Device virtio_input_multi_touch_10 is associated with display ADISPLAY_ID_NONE.
01-29 11:29:04.507 478 563 W InputReader: Device virtio_input_multi_touch_7 is associated with display ADISPLAY_ID_NONE.
01-29 11:29:04.507 478 563 W InputReader: Device virtio_input_multi_touch_11 is associated with display ADISPLAY_ID_NONE.
01-29 11:29:04.507 478 563 W InputReader: Device virtio_input_multi_touch_5 is associated with display ADISPLAY_ID_NONE.
01-29 11:29:04.507 478 563 W InputReader: Device virtio_input_multi_touch_2 is associated with display ADISPLAY_ID_NONE.
01-29 11:29:04.507 478 563 W InputReader: Device virtio_input_multi_touch_6 is associated with display ADISPLAY_ID_NONE.
01-29 11:29:04.507 478 563 W InputReader: Device virtio_input_multi_touch_8 is associated with display ADISPLAY_ID_NONE.
01-29 11:29:04.507 478 563 W InputReader: Device virtio_input_multi_touch_9 is associated with display ADISPLAY_ID_NONE.
01-29 11:29:04.507 478 563 W InputReader: Device virtio_input_multi_touch_3 is associated with display ADISPLAY_ID_NONE.
01-29 11:29:04.507 478 563 W InputReader: Device virtio_input_multi_touch_4 is associated with display ADISPLAY_ID_NONE.
01-29 11:29:04.507 478 563 W InputReader: Device virtio_input_multi_touch_10 is associated with display ADISPLAY_ID_NONE.
01-29 11:29:04.507 478 563 W InputReader: Device virtio_input_multi_touch_7 is associated with display ADISPLAY_ID_NONE.
01-29 11:29:04.507 478 563 W InputReader: Device virtio_input_multi_touch_11 is associated with display ADISPLAY_ID_NONE.
01-29 11:29:04.507 478 563 W InputReader: Device virtio_input_multi_touch_5 is associated with display ADISPLAY_ID_NONE.
01-29 11:29:04.507 478 563 W InputReader: Device virtio_input_multi_touch_2 is associated with display ADISPLAY_ID_NONE.
01-29 11:29:04.507 478 563 W InputReader: Device virtio_input_multi_touch_6 is associated with display ADISPLAY_ID_NONE.
01-29 11:29:04.507 478 563 W InputReader: Device virtio_input_multi_touch_8 is associated with display ADISPLAY_ID_NONE.
01-29 11:29:04.507 478 563 W InputReader: Device virtio_input_multi_touch_9 is associated with display ADISPLAY_ID_NONE.
01-29 11:29:04.507 478 563 W InputReader: Device virtio_input_multi_touch_3 is associated with display ADISPLAY_ID_NONE.
01-29 11:29:04.507 478 563 W InputReader: Device virtio_input_multi_touch_4 is associated with display ADISPLAY_ID_NONE.
01-29 11:29:04.513 273 317 D goldfish-address-space: claimShared: Ask to claim region [0x3f4fd2000 0x3f57bb000]
01-29 11:29:04.514 2145 2145 W CustomTabsClient: Unable to find any Custom Tabs packages, you may need to add a element to your manifest. See the docs for CustomTabsClient#getPackageName.
01-29 11:29:04.514 2145 2145 W AppActivity$bindCustomTabsService: CustomTabs: Service NOT supported
01-29 11:29:04.525 478 572 D UntrustedWifiNetworkFactory: got request NetworkRequest [ TRACK_DEFAULT id=34, [ Capabilities: INTERNET&NOT_RESTRICTED&TRUSTED Uid: 10130 AdministratorUids: [] RequestorUid: 10130 RequestorPackageName: tj.maktabmobile.app] ] with score 60 and providerId 3
01-29 11:29:04.525 478 572 D WifiNetworkFactory: got request NetworkRequest [ TRACK_DEFAULT id=34, [ Capabilities: INTERNET&NOT_RESTRICTED&TRUSTED Uid: 10130 AdministratorUids: [] RequestorUid: 10130 RequestorPackageName: tj.maktabmobile.app] ] with score 60 and providerId 3
01-29 11:29:04.525 842 842 D PhoneSwitcherNetworkRequstListener: got request NetworkRequest [ TRACK_DEFAULT id=34, [ Capabilities: INTERNET&NOT_RESTRICTED&TRUSTED Uid: 10130 AdministratorUids: [] RequestorUid: 10130 RequestorPackageName: tj.maktabmobile.app] ] with score 60 and providerId 3
01-29 11:29:04.529 638 638 V KeyguardUpdateMonitor: onSubscriptionInfoChanged()
01-29 11:29:04.529 842 842 D Telephony: isEmergencyPreferredAccount: subId=1, activeData=1
01-29 11:29:04.529 842 842 D Telephony: isEmergencyPreferredAccount: Device does not require preference.
01-29 11:29:04.529 638 638 V KeyguardUpdateMonitor: SubInfo:{id=1 iccId=89014103211118510720 simSlotIndex=0 carrierId=1 displayName=T-Mobile carrierName=T-Mobile nameSource=3 iconTint=-16746133 number=+15555215554 dataRoaming=0 iconBitmap=android.graphics.Bitmap@e1c31e5 mcc=310 mnc=260 countryIso=us isEmbedded=false nativeAccessRules=null cardString=89014103211118510720 cardId=-1 isOpportunistic=false groupUUID=null isGroupDisabled=false profileClass=-1 ehplmns=null hplmns=null subscriptionType=0 groupOwner=null carrierConfigAccessRules=null areUiccApplicationsEnabled=true}
01-29 11:29:04.589 273 317 D goldfish-address-space: claimShared: Ask to claim region [0x3f775f000 0x3f7f48000]
01-29 11:29:04.590 273 317 D goldfish-address-space: claimShared: Ask to claim region [0x3f5fa4000 0x3f678d000]
01-29 11:29:04.590 273 317 D goldfish-address-space: claimShared: Ask to claim region [0x3f678d000 0x3f6f76000]
01-29 11:29:04.596 3968 3970 I cmd : oneway function results will be dropped but finished with status OK and parcel size 4
01-29 11:29:04.597 478 504 D ArtManagerInternalImpl: /data/misc/iorapd/tj.maktabmobile.app/372/com.ustadmobile.port.android.view.AppActivity/compiled_traces/compiled_trace.pb doesn't exist
01-29 11:29:04.597 478 498 D EventSequenceValidator: dec AccIntentStartedEvents to 1
01-29 11:29:04.607 2145 2145 D UstadViewModelFunKt$ustadViewModel$viewModel$invoke: ustadViewModel(): create viewmodel for: com.ustadmobile.core.viewmodel.redirect.RedirectViewModel
01-29 11:29:04.613 2145 2191 D DistCache: Service discovery started
01-29 11:29:04.614 478 504 I ActivityTaskManager: Displayed tj.maktabmobile.app/com.ustadmobile.port.android.view.AppActivity: +95ms
01-29 11:29:04.614 2145 2145 D UstadNavControllerPreCompose$onCollectNavCommand: NavCommandEffect: Navigate: Go to addAccountSelectNewOrExisting
01-29 11:29:04.620 2021 2041 D Benchmark: Result: Starting: Intent { act=android.intent.action.MAIN cat=[android.intent.category.LAUNCHER] flg=0x10008000 pkg=tj.maktabmobile.app cmp=tj.maktabmobile.app/com.ustadmobile.port.android.view.AppActivity }
01-29 11:29:04.620 2021 2041 D Benchmark: Status: ok
01-29 11:29:04.620 2021 2041 D Benchmark: LaunchState: WARM
01-29 11:29:04.620 2021 2041 D Benchmark: Activity: tj.maktabmobile.app/com.ustadmobile.port.android.view.AppActivity
01-29 11:29:04.620 2021 2041 D Benchmark: TotalTime: 95
01-29 11:29:04.620 2021 2041 D Benchmark: WaitTime: 96
01-29 11:29:04.620 2021 2041 D Benchmark: Complete
01-29 11:29:04.621 2145 2145 D UstadViewModelFunKt$ustadViewModel$viewModel$invoke: ustadViewModel(): create viewmodel for: com.ustadmobile.core.viewmodel.AddAccountSelectNewOrExistingViewModel
01-29 11:29:04.677 2021 2041 I System.out: 0 Flags,IntendedVsync,Vsync,OldestInputEvent,NewestInputEvent,HandleInputStart,AnimationStart,PerformTraversalsStart,DrawStart,SyncQueued,SyncStart,IssueDrawCommandsStart,SwapBuffers,FrameCompleted,DequeueBufferDuration,QueueBufferDuration,GpuCompleted,
01-29 11:29:04.677 2021 2041 I System.out: 1 1,425756582354,425773249020,9223372036854775807,0,425775631189,425775631690,425775667728,425836462396,425836678202,425836890951,425836904036,425837627145,425839502010,23003,1099196,372638826848,
01-29 11:29:04.677 2021 2041 I System.out: 2 0,425789915496,425839915494,9223372036854775807,0,425844293386,425844293687,425854789185,425854826726,425855223692,425855284486,425855302981,425855691001,425857157227,27592,138350,372656719371,
01-29 11:29:04.677 2021 2041 I System.out: 3 0,425856582316,425856582316,9223372036854775807,0,425860468711,425860469092,425877823614,425877866074,425884723464,425884811239,425884835705,425885252098,425886407750,21881,155031,372705864842,
01-29 11:29:04.677 2021 2041 D UiDevice: Waiting 10000ms for SearchCondition[hasObject=BySelector [TEXT='\QGet Started\E']].
01-29 11:29:04.677 2021 2041 D UiDevice: Searching for node with selector: BySelector [TEXT='\QGet Started\E'].
01-29 11:29:05.314 2021 2041 D UiDevice: Searching for node with selector: BySelector [TEXT='\QGet Started\E'].
01-29 11:29:05.354 2145 2191 I DistCache: Registered: name: DCache, type: null, host: null, port: 0, txtRecord:
01-29 11:29:05.419 2145 2188 D DistCache: DistributedCacheHashtable(43263 unknown Android SDK built for x86_64): sending pings to 0 nodes
01-29 11:29:05.606 2145 2191 D DistCache: Service discovery onServiceFound: name: DCache, type: _dcache._tcp., host: null, port: 0, txtRecord:
01-29 11:29:05.606 2145 2191 D DistCache: Service Found: _dcache._tcp.
01-29 11:29:05.606 2145 2191 D DistCache: Service discovery onServiceFound: name: DCache, type: _dcache._tcp., host: null, port: 0, txtRecord:
01-29 11:29:05.606 2145 2191 D DistCache: Service Found: _dcache._tcp.
01-29 11:29:05.606 2145 2191 D DistCache: Service discovery onServiceFound: name: DCache, type: _dcache._tcp., host: null, port: 0, txtRecord:
01-29 11:29:05.607 2145 2191 D DistCache: Service Found: _dcache._tcp.
01-29 11:29:05.607 2145 2191 E DistCache: Resolve failed: 3
01-29 11:29:05.607 2145 2191 E DistCache: Resolve failed: 3
01-29 11:29:05.607 478 579 E NsdServiceInfo: While parsing txt records (pos = 1): Zero sized txt record
01-29 11:29:05.607 255 398 W netd : dnssd_clientstub DNSServiceProcessResult called with NULL DNSServiceRef
01-29 11:29:05.607 255 398 W netd : dnssd_clientstub DNSServiceProcessResult called with NULL DNSServiceRef
01-29 11:29:05.607 2145 2191 I DistCache: Resolve Succeeded. name: DCache, type: ._dcache._tcp, host: /10.0.2.16, port: 43263, txtRecord:
01-29 11:29:05.608 2145 2168 D DistCache: /10.0.2.16 is local device
01-29 11:29:05.902 2021 2041 D UiDevice: Searching for node with selector: BySelector [TEXT='\QGet Started\E'].
01-29 11:29:08.261 2021 2041 I chatty : uid=10131(com.ustadmobile.app_android_baselineprofile) roidJUnitRunner identical 23 lines
01-29 11:29:08.364 2021 2041 D UiDevice: Searching for node with selector: BySelector [TEXT='\QGet Started\E'].
01-29 11:29:08.420 2145 2188 D DistCache: DistributedCacheHashtable(43263 unknown Android SDK built for x86_64): sending pings to 0 nodes
01-29 11:29:08.466 2021 2041 D UiDevice: Searching for node with selector: BySelector [TEXT='\QGet Started\E'].
01-29 11:29:08.569 2021 2041 I chatty : uid=10131(com.ustadmobile.app_android_baselineprofile) roidJUnitRunner identical 1 line
01-29 11:29:08.671 2021 2041 D UiDevice: Searching for node with selector: BySelector [TEXT='\QGet Started\E'].
01-29 11:29:08.718 350 350 I perfetto: probes_producer.cc:329 Producer stop (id=25)
01-29 11:29:08.719 361 361 I perfetto: ng_service_impl.cc:1948 Tracing session 25 ended, total sessions:1
01-29 11:29:08.774 2021 2041 D UiDevice: Searching for node with selector: BySelector [TEXT='\QGet Started\E'].
01-29 11:29:09.389 2021 2041 I chatty : uid=10131(com.ustadmobile.app_android_baselineprofile) roidJUnitRunner identical 6 lines
01-29 11:29:09.491 2021 2041 D UiDevice: Searching for node with selector: BySelector [TEXT='\QGet Started\E'].
01-29 11:29:09.504 350 350 I perfetto: probes_producer.cc:329 Producer stop (id=26)
01-29 11:29:09.504 350 350 I perfetto: ftrace_procfs.cc:183 disabled ftrace
01-29 11:29:09.505 361 361 I perfetto: ng_service_impl.cc:1948 Tracing session 26 ended, total sessions:0
01-29 11:29:09.593 2021 2041 D UiDevice: Searching for node with selector: BySelector [TEXT='\QGet Started\E'].
01-29 11:29:11.232 2021 2041 I chatty : uid=10131(com.ustadmobile.app_android_baselineprofile) roidJUnitRunner identical 16 lines
01-29 11:29:11.335 2021 2041 D UiDevice: Searching for node with selector: BySelector [TEXT='\QGet Started\E'].
01-29 11:29:11.421 2145 2188 D DistCache: DistributedCacheHashtable(43263 unknown Android SDK built for x86_64): sending pings to 0 nodes
01-29 11:29:11.438 2021 2041 D UiDevice: Searching for node with selector: BySelector [TEXT='\QGet Started\E'].
01-29 11:29:13.183 2021 2041 I chatty : uid=10131(com.ustadmobile.app_android_baselineprofile) roidJUnitRunner identical 17 lines
01-29 11:29:13.285 2021 2041 D UiDevice: Searching for node with selector: BySelector [TEXT='\QGet Started\E'].
01-29 11:29:13.353 445 445 E netmgr : qemu_pipe_open_ns:62: Could not connect to the 'pipe:qemud:network' service: Invalid argument
01-29 11:29:13.353 445 445 E netmgr : Failed to open QEMU pipe 'qemud:network': Invalid argument
01-29 11:29:13.387 2021 2041 D UiDevice: Searching for node with selector: BySelector [TEXT='\QGet Started\E'].
