01-29 11:25:33.453 2021 2041 I System.out: 13 0,188456591525,188456591525,9223372036854775807,0,188457316037,188457316448,188458291271,188458312080,188459342777,188459472832,188459628695,188464719835,188479477325,11480250,116710,188467956819,
01-29 11:25:33.453 2021 2041 I System.out: 14 0,188473258297,188473258297,9223372036854775807,0,188473989279,188473990671,188474842342,188474876426,188475967758,188479519995,188479783320,188480321451,188494146619,10151011,191870,188490053946,
01-29 11:25:33.453 2021 2041 I System.out: 15 0,188489924903,188489924903,9223372036854775807,0,188490398834,188490399285,188492237390,188492273829,188494093529,188494237290,188494427677,188494851073,188508797990,11479669,102733,188506711798,
01-29 11:25:33.453 2021 2041 I System.out: 16 0,188506591650,188506591650,9223372036854775807,0,188507041368,188507041869,188508787310,188508806726,188509979771,188510071504,188510116248,188510521900,188526007629,13602108,79800,188523371955,
01-29 11:25:33.453 2021 2041 I System.out: 17 0,188523258354,188523258354,9223372036854775807,0,188537309815,188537310265,188537642380,188537658189,188538696030,188538764760,188538788244,188539291219,188544083758,385805,1958070,188547137578,
01-29 11:25:33.453 2021 2041 I System.out: 18 0,188539925107,188539925107,9223372036854775807,0,188542223210,188542223441,188542768315,188542820453,188544869074,188544926221,188544952140,188545332505,188559869882,12622818,125376,188547226065,
01-29 11:25:33.453 2021 2041 I System.out: 19 0,188556591876,188556591876,9223372036854775807,0,188556738926,188556739778,188557551273,188557588373,188560027448,188560203128,188560239236,188560721763,188575872212,12776647,122541,188563033629,
01-29 11:25:33.453 2021 2041 I System.out: 20 0,188573258512,188573258512,9223372036854775807,0,188573626350,188573627663,188574630157,188574670934,188575803673,188575949878,188575982198,188576434869,188592997873,13959721,496012,188590078446,
01-29 11:25:33.453 2021 2041 I System.out: 21 0,188589925270,188589925270,9223372036854775807,0,188590091861,188590092943,188593498044,188593533059,188594430326,188594505598,188594535414,188594963769,188609476038,12137105,332816,188597300842,
01-29 11:25:33.453 2021 2041 I System.out: 22 0,188606592010,188606592010,9223372036854775807,0,188606724055,188606724796,188609920624,188609952213,188610907880,188610961440,188610992328,188611424751,188626107240,11724539,899431,188614349258,
01-29 11:25:33.453 2021 2041 I System.out: 23 0,188623258635,188623258635,9223372036854775807,0,188623460726,188623461738,188627698782,188627737795,188628732425,188628805442,188628845147,188629514946,188642923591,12602309,115747,188630279573,
01-29 11:25:33.453 2021 2041 I System.out: 24 0,188639925394,188639925394,9223372036854775807,0,188640091978,188640092830,188642902491,188642941074,188643984765,188644061490,188644092418,188644713836,188657633812,11274312,895653,188646315196,
01-29 11:25:33.453 2021 2041 I System.out: 25 0,188656592162,188656592162,9223372036854775807,0,188656740853,188656741795,188658230273,188658274286,188659572987,188659628802,188659663848,188660262974,188674193009,12310120,882920,188661844707,
01-29 11:25:33.453 2021 2041 I System.out: 26 0,188673258963,188673258963,9223372036854775807,0,188673388437,188673389418,188674848020,188674885982,188675916238,188675980619,188676014974,188676645329,188693029116,14792195,948343,188678201183,
01-29 11:25:33.453 2021 2041 I System.out: 27 0,188689925650,188689925650,9223372036854775807,0,188690096443,188690106662,188693357092,188693393210,188694358525,188694414109,188694443204,188695006683,188709790353,13915277,136817,188695837345,
01-29 11:25:33.453 2021 2041 I System.out: 28 0,188706592360,188706592360,9223372036854775807,0,188709622998,188709624611,188710062013,188710097770,188711074476,188711128147,188711158534,188711762440,188724559234,12014794,86042,188712504364,
01-29 11:25:33.453 2021 2041 I System.out: 29 0,188723258894,188723258894,9223372036854775807,0,188723440672,188723441784,188724779618,188724818962,188726055827,188726133844,188726178879,188726887390,188741090448,13310741,126718,188740059190,
01-29 11:25:33.453 2021 2041 I System.out: 30 0,188739925625,188739925625,9223372036854775807,0,188740218730,188740219882,188740777190,188740816534,188742327634,188742400802,188742439194,188743229790,188758109149,13867928,185278,188756755234,
01-29 11:25:33.453 2021 2041 I System.out: 31 0,188756592329,188756592329,9223372036854775807,0,188757094792,188757096295,188757585234,188757622394,188757697525,188758168461,188758211652,188758971230,188774325031,12766117,979622,188761510984,
01-29 11:25:33.453 2021 2041 I System.out: 32 0,188773259053,188773259053,9223372036854775807,0,188773436531,188773437563,188774620085,188774652586,188775881036,188775992696,188776022612,188776659519,188793184301,14670257,1030297,188778474200,
01-29 11:25:33.453 2021 2041 I System.out: 33 0,188789925733,188789925733,9223372036854775807,0,188790111295,188790112307,188793818143,188793871984,188795374659,188795445311,188795475398,188796105142,188807715306,9696156,1037821,136823390913,
01-29 11:25:33.453 2021 2041 I System.out: 34 0,188806592419,188806592419,9223372036854775807,0,188806867161,188806868243,188808331915,188808386457,188808962540,188809040256,188809071154,188809838527,188826137705,15126975,439736,0,
01-29 11:25:33.453 2021 2041 I System.out: 35 0,189023257861,189023257861,9223372036854775807,0,189023426596,189023427678,189023427868,189023763429,189023842598,189023949098,189023981309,189024947575,189026069384,20338,181842,0,
01-29 11:25:33.454 2021 2041 D Benchmark: Starting activity with command: am start -W "intent:#Intent;action=android.intent.action.MAIN;category=android.intent.category.LAUNCHER;launchFlags=0x10008000;package=tj.maktabmobile.app;component=tj.maktabmobile.app/com.ustadmobile.port.android.view.AppActivity;end"
01-29 11:25:33.465 478 498 D EventSequenceValidator: inc AccIntentStartedEvents to 2
01-29 11:25:33.467 361 361 I perfetto: ing_service_impl.cc:758 Configured tracing session 13, #sources:1, duration:5000 ms, #buffers:1, total buffer size:4096 KB, total sessions:2, uid:1071 session name: ""
01-29 11:25:33.467 350 350 I perfetto: probes_producer.cc:230 Ftrace setup (target_buf=13)
01-29 11:25:33.470 2145 2145 D AppActivity$onDestroy: AppActivity#onDestroy
01-29 11:25:33.470 478 535 W InputReader: Device virtio_input_multi_touch_10 is associated with display ADISPLAY_ID_NONE.
01-29 11:25:33.470 478 535 W InputReader: Device virtio_input_multi_touch_7 is associated with display ADISPLAY_ID_NONE.
01-29 11:25:33.470 478 535 W InputReader: Device virtio_input_multi_touch_11 is associated with display ADISPLAY_ID_NONE.
01-29 11:25:33.470 478 535 W InputReader: Device virtio_input_multi_touch_5 is associated with display ADISPLAY_ID_NONE.
01-29 11:25:33.470 478 535 W InputReader: Device virtio_input_multi_touch_2 is associated with display ADISPLAY_ID_NONE.
01-29 11:25:33.470 478 535 W InputReader: Device virtio_input_multi_touch_6 is associated with display ADISPLAY_ID_NONE.
01-29 11:25:33.470 478 535 W InputReader: Device virtio_input_multi_touch_8 is associated with display ADISPLAY_ID_NONE.
01-29 11:25:33.470 478 535 W InputReader: Device virtio_input_multi_touch_9 is associated with display ADISPLAY_ID_NONE.
01-29 11:25:33.470 478 535 W InputReader: Device virtio_input_multi_touch_3 is associated with display ADISPLAY_ID_NONE.
01-29 11:25:33.470 478 535 W InputReader: Device virtio_input_multi_touch_4 is associated with display ADISPLAY_ID_NONE.
01-29 11:25:33.470 478 535 W InputReader: Device virtio_input_multi_touch_10 is associated with display ADISPLAY_ID_NONE.
01-29 11:25:33.470 478 535 W InputReader: Device virtio_input_multi_touch_7 is associated with display ADISPLAY_ID_NONE.
01-29 11:25:33.470 478 535 W InputReader: Device virtio_input_multi_touch_11 is associated with display ADISPLAY_ID_NONE.
01-29 11:25:33.470 478 535 W InputReader: Device virtio_input_multi_touch_5 is associated with display ADISPLAY_ID_NONE.
01-29 11:25:33.470 478 535 W InputReader: Device virtio_input_multi_touch_2 is associated with display ADISPLAY_ID_NONE.
01-29 11:25:33.470 478 535 W InputReader: Device virtio_input_multi_touch_6 is associated with display ADISPLAY_ID_NONE.
01-29 11:25:33.470 478 535 W InputReader: Device virtio_input_multi_touch_8 is associated with display ADISPLAY_ID_NONE.
01-29 11:25:33.470 478 535 W InputReader: Device virtio_input_multi_touch_9 is associated with display ADISPLAY_ID_NONE.
01-29 11:25:33.470 478 535 W InputReader: Device virtio_input_multi_touch_3 is associated with display ADISPLAY_ID_NONE.
01-29 11:25:33.470 478 535 W InputReader: Device virtio_input_multi_touch_4 is associated with display ADISPLAY_ID_NONE.
01-29 11:25:33.475 2145 2145 W CustomTabsClient: Unable to find any Custom Tabs packages, you may need to add a element to your manifest. See the docs for CustomTabsClient#getPackageName.
01-29 11:25:33.475 2145 2145 W AppActivity$bindCustomTabsService: CustomTabs: Service NOT supported
01-29 11:25:33.480 273 1473 D goldfish-address-space: claimShared: Ask to claim region [0x3f4000000 0x3f47e9000]
01-29 11:25:33.485 478 572 D UntrustedWifiNetworkFactory: got request NetworkRequest [ TRACK_DEFAULT id=26, [ Capabilities: INTERNET&NOT_RESTRICTED&TRUSTED Uid: 10130 AdministratorUids: [] RequestorUid: 10130 RequestorPackageName: tj.maktabmobile.app] ] with score 60 and providerId 3
01-29 11:25:33.485 478 572 D WifiNetworkFactory: got request NetworkRequest [ TRACK_DEFAULT id=26, [ Capabilities: INTERNET&NOT_RESTRICTED&TRUSTED Uid: 10130 AdministratorUids: [] RequestorUid: 10130 RequestorPackageName: tj.maktabmobile.app] ] with score 60 and providerId 3
01-29 11:25:33.485 842 842 D PhoneSwitcherNetworkRequstListener: got request NetworkRequest [ TRACK_DEFAULT id=26, [ Capabilities: INTERNET&NOT_RESTRICTED&TRUSTED Uid: 10130 AdministratorUids: [] RequestorUid: 10130 RequestorPackageName: tj.maktabmobile.app] ] with score 60 and providerId 3
01-29 11:25:33.486 842 842 D Telephony: isEmergencyPreferredAccount: subId=1, activeData=1
01-29 11:25:33.486 842 842 D Telephony: isEmergencyPreferredAccount: Device does not require preference.
01-29 11:25:33.489 638 638 V KeyguardUpdateMonitor: onSubscriptionInfoChanged()
01-29 11:25:33.489 638 638 V KeyguardUpdateMonitor: SubInfo:{id=1 iccId=89014103211118510720 simSlotIndex=0 carrierId=1 displayName=T-Mobile carrierName=T-Mobile nameSource=3 iconTint=-16746133 number=+15555215554 dataRoaming=0 iconBitmap=android.graphics.Bitmap@72f9495 mcc=310 mnc=260 countryIso=us isEmbedded=false nativeAccessRules=null cardString=89014103211118510720 cardId=-1 isOpportunistic=false groupUUID=null isGroupDisabled=false profileClass=-1 ehplmns=null hplmns=null subscriptionType=0 groupOwner=null carrierConfigAccessRules=null areUiccApplicationsEnabled=true}
01-29 11:25:33.510 273 1473 D goldfish-address-space: claimShared: Ask to claim region [0x3f47e9000 0x3f4fd2000]
01-29 11:25:33.510 273 317 D goldfish-address-space: claimShared: Ask to claim region [0x3fb08d000 0x3fb876000]
01-29 11:25:33.511 273 1473 D goldfish-address-space: claimShared: Ask to claim region [0x3f90e9000 0x3f98d2000]
01-29 11:25:33.519 478 504 D ArtManagerInternalImpl: /data/misc/iorapd/tj.maktabmobile.app/372/com.ustadmobile.port.android.view.AppActivity/compiled_traces/compiled_trace.pb doesn't exist
01-29 11:25:33.519 478 498 D EventSequenceValidator: dec AccIntentStartedEvents to 1
01-29 11:25:33.521 478 504 I ActivityTaskManager: Displayed tj.maktabmobile.app/com.ustadmobile.port.android.view.AppActivity: +53ms
01-29 11:25:33.523 2987 2989 I cmd : oneway function results will be dropped but finished with status OK and parcel size 4
01-29 11:25:33.523 2145 2191 D DistCache: Service discovery started
01-29 11:25:33.530 2145 2145 D UstadViewModelFunKt$ustadViewModel$viewModel$invoke: ustadViewModel(): create viewmodel for: com.ustadmobile.core.viewmodel.redirect.RedirectViewModel
01-29 11:25:33.537 2145 2145 D UstadNavControllerPreCompose$onCollectNavCommand: NavCommandEffect: Navigate: Go to addAccountSelectNewOrExisting
01-29 11:25:33.551 2145 2145 D UstadViewModelFunKt$ustadViewModel$viewModel$invoke: ustadViewModel(): create viewmodel for: com.ustadmobile.core.viewmodel.AddAccountSelectNewOrExistingViewModel
01-29 11:25:33.553 2021 2041 D Benchmark: Result: Starting: Intent { act=android.intent.action.MAIN cat=[android.intent.category.LAUNCHER] flg=0x10008000 pkg=tj.maktabmobile.app cmp=tj.maktabmobile.app/com.ustadmobile.port.android.view.AppActivity }
01-29 11:25:33.553 2021 2041 D Benchmark: Status: ok
01-29 11:25:33.553 2021 2041 D Benchmark: LaunchState: WARM
01-29 11:25:33.553 2021 2041 D Benchmark: Activity: tj.maktabmobile.app/com.ustadmobile.port.android.view.AppActivity
01-29 11:25:33.553 2021 2041 D Benchmark: TotalTime: 53
01-29 11:25:33.553 2021 2041 D Benchmark: WaitTime: 58
01-29 11:25:33.553 2021 2041 D Benchmark: Complete
01-29 11:25:33.626 2021 2041 I System.out: 0 Flags,IntendedVsync,Vsync,OldestInputEvent,NewestInputEvent,HandleInputStart,AnimationStart,PerformTraversalsStart,DrawStart,SyncQueued,SyncStart,IssueDrawCommandsStart,SwapBuffers,FrameCompleted,DequeueBufferDuration,QueueBufferDuration,GpuCompleted,
01-29 11:25:33.626 2021 2041 I System.out: 1 1,214723257983,214723257983,9223372036854775807,0,214736150071,214736150953,214736151053,214760854830,214761249952,214761505783,214761520842,214762520491,214763731427,21080,147107,214773391595,
01-29 11:25:33.626 2021 2041 I System.out: 2 0,214739924625,214756591291,9223372036854775807,0,214770514437,214770514908,214778445025,214778475382,214778991281,214781745318,214781780695,214783150119,214785491260,1303370,103785,214790056301,
01-29 11:25:33.626 2021 2041 I System.out: 3 0,214789924815,214789924815,9223372036854775807,0,214790341657,214790342088,214806583247,214806619415,214812525627,214814498205,214814537519,214814949243,214815909849,30798,116649,214815860816,
01-29 11:25:33.626 2021 2041 I System.out: 4 0,214806591523,214806591523,9223372036854775807,0,214818724099,214818724880,214826356355,214826390920,214828930454,214829016806,214829053535,214830696774,214831522667,33864,125506,162290078435,
01-29 11:25:33.626 2021 2041 I System.out: 5 0,214823258272,214823258272,9223372036854775807,0,214832399354,214832400026,214834350041,214834380228,214835493962,214835561599,214835602926,214836957603,214844762614,7098313,108724,162306123756,
01-29 11:25:33.626 2021 2041 I System.out: 6 0,214839924988,214839924988,9223372036854775807,0,214842692002,214842692393,214843329170,214843359036,214844295646,214845115978,214845152918,214847726435,214857789491,9334506,117972,162306171045,
01-29 11:25:33.626 2021 2041 D UiDevice: Waiting 10000ms for SearchCondition[hasObject=BySelector [TEXT='\QGet Started\E']].
01-29 11:25:33.626 2021 2041 D UiDevice: Searching for node with selector: BySelector [TEXT='\QGet Started\E'].
01-29 11:25:34.230 2021 2041 D UiDevice: Searching for node with selector: BySelector [TEXT='\QGet Started\E'].
01-29 11:25:34.233 2145 2191 I DistCache: Registered: name: DCache, type: null, host: null, port: 0, txtRecord:
01-29 11:25:34.483 2145 2191 D DistCache: Service discovery onServiceFound: name: DCache, type: _dcache._tcp., host: null, port: 0, txtRecord:
01-29 11:25:34.483 2145 2191 D DistCache: Service Found: _dcache._tcp.
01-29 11:25:34.484 2145 2191 D DistCache: Service discovery onServiceFound: name: DCache, type: _dcache._tcp., host: null, port: 0, txtRecord:
01-29 11:25:34.484 2145 2191 D DistCache: Service Found: _dcache._tcp.
01-29 11:25:34.484 2145 2191 D DistCache: Service discovery onServiceFound: name: DCache, type: _dcache._tcp., host: null, port: 0, txtRecord:
01-29 11:25:34.484 2145 2191 D DistCache: Service Found: _dcache._tcp.
01-29 11:25:34.484 478 579 E NsdServiceInfo: While parsing txt records (pos = 1): Zero sized txt record
01-29 11:25:34.484 255 398 W netd : dnssd_clientstub DNSServiceProcessResult called with NULL DNSServiceRef
01-29 11:25:34.484 2145 2191 E DistCache: Resolve failed: 3
01-29 11:25:34.484 2145 2191 E DistCache: Resolve failed: 3
01-29 11:25:34.484 2145 2191 I DistCache: Resolve Succeeded. name: DCache, type: ._dcache._tcp, host: /10.0.2.16, port: 43263, txtRecord:
01-29 11:25:34.485 255 398 W netd : dnssd_clientstub DNSServiceProcessResult called with NULL DNSServiceRef
01-29 11:25:34.485 2145 2997 D DistCache: /10.0.2.16 is local device
01-29 11:25:34.825 2021 2041 D UiDevice: Searching for node with selector: BySelector [TEXT='\QGet Started\E'].
01-29 11:25:35.234 2021 2041 I chatty : uid=10131(com.ustadmobile.app_android_baselineprofile) roidJUnitRunner identical 4 lines
01-29 11:25:35.336 2021 2041 D UiDevice: Searching for node with selector: BySelector [TEXT='\QGet Started\E'].
01-29 11:25:35.362 2145 2188 D DistCache: DistributedCacheHashtable(43263 unknown Android SDK built for x86_64): sending pings to 0 nodes
01-29 11:25:35.438 2021 2041 D UiDevice: Searching for node with selector: BySelector [TEXT='\QGet Started\E'].
01-29 11:25:37.590 2021 2041 I chatty : uid=10131(com.ustadmobile.app_android_baselineprofile) roidJUnitRunner identical 21 lines
01-29 11:25:37.693 2021 2041 D UiDevice: Searching for node with selector: BySelector [TEXT='\QGet Started\E'].
01-29 11:25:37.702 350 350 I perfetto: probes_producer.cc:329 Producer stop (id=12)
01-29 11:25:37.702 361 361 I perfetto: ng_service_impl.cc:1948 Tracing session 12 ended, total sessions:1
01-29 11:25:37.796 2021 2041 D UiDevice: Searching for node with selector: BySelector [TEXT='\QGet Started\E'].
01-29 11:25:38.206 2021 2041 I chatty : uid=10131(com.ustadmobile.app_android_baselineprofile) roidJUnitRunner identical 4 lines
01-29 11:25:38.309 2021 2041 D UiDevice: Searching for node with selector: BySelector [TEXT='\QGet Started\E'].
01-29 11:25:38.363 2145 2188 D DistCache: DistributedCacheHashtable(43263 unknown Android SDK built for x86_64): sending pings to 0 nodes
01-29 11:25:38.412 2021 2041 D UiDevice: Searching for node with selector: BySelector [TEXT='\QGet Started\E'].
01-29 11:25:38.468 350 350 I perfetto: probes_producer.cc:329 Producer stop (id=13)
01-29 11:25:38.469 350 350 I perfetto: ftrace_procfs.cc:183 disabled ftrace
01-29 11:25:38.469 361 361 I perfetto: ng_service_impl.cc:1948 Tracing session 13 ended, total sessions:0
01-29 11:25:38.514 2021 2041 D UiDevice: Searching for node with selector: BySelector [TEXT='\QGet Started\E'].
01-29 11:25:40.976 2021 2041 I chatty : uid=10131(com.ustadmobile.app_android_baselineprofile) roidJUnitRunner identical 24 lines
01-29 11:25:41.079 2021 2041 D UiDevice: Searching for node with selector: BySelector [TEXT='\QGet Started\E'].
01-29 11:25:41.177 1168 1844 I Dialer : OmtpVvmCarrierCfgHlpr - OmtpEvent:CONFIG_STATUS_SMS_TIME_OUT
01-29 11:25:41.177 1168 1168 I Dialer : RetryPolicy - discarding deferred status: configuration_state=4
01-29 11:25:41.178 1168 1168 I Dialer : VvmTaskExecutor - no more tasks, stopping service if no task are added in 5000 millis
01-29 11:25:41.178 1168 1168 I Dialer : VvmTaskReceiver - task received
01-29 11:25:41.178 1168 1168 I Dialer : VvmTaskReceiver - TaskExecutor already running
01-29 11:25:41.178 1168 1168 I Dialer : Task.createTask - create task:com.android.voicemail.impl.ActivationTask
01-29 11:25:41.178 1168 1168 I Dialer : RetryPolicy - retry #3 for com.android.voicemail.impl.ActivationTask@bfd63ca queued, executing in 5000
01-29 11:25:41.178 1168 1168 I Dialer : VvmTaskExecutor - com.android.voicemail.impl.ActivationTask@bfd63ca added
01-29 11:25:41.178 1168 1168 I Dialer : VvmTaskExecutor - minimal wait time:5000
01-29 11:25:41.178 1168 1168 I Dialer : VvmTaskExecutor - sleep for 5000 millis
01-29 11:25:41.181 2021 2041 D UiDevice: Searching for node with selector: BySelector [TEXT='\QGet Started\E'].
01-29 11:25:41.283 2021 2041 D UiDevice: Searching for node with selector: BySelector [TEXT='\QGet Started\E'].
01-29 11:25:41.364 2145 2188 D DistCache: DistributedCacheHashtable(43263 unknown Android SDK built for x86_64): sending pings to 0 nodes
01-29 11:25:41.385 2021 2041 D UiDevice: Searching for node with selector: BySelector [TEXT='\QGet Started\E'].
01-29 11:25:43.538 2021 2041 I chatty : uid=10131(com.ustadmobile.app_android_baselineprofile) roidJUnitRunner identical 21 lines
01-29 11:25:43.640 2021 2041 D UiDevice: Searching for node with selector: BySelector [TEXT='\QGet Started\E'].
01-29 11:25:44.365 2145 2188 D DistCache: DistributedCacheHashtable(43263 unknown Android SDK built for x86_64): sending pings to 0 nodes
01-29 11:25:44.643 2021 2041 D UiDevice: Retrieving node with selector: BySelector [TEXT='\QGet Started\E'].
01-29 11:25:44.646 2021 2041 D UiDevice: Node not found with selector: BySelector [TEXT='\QGet Started\E'].
01-29 11:25:46.193 1168 1844 I Dialer : VvmTaskExecutor - executing task com.android.voicemail.impl.ActivationTask@bfd63ca
01-29 11:25:46.193 1168 1844 I Dialer : PreOMigrationHandler - ComponentInfo{com.android.phone/com.android.services.telephony.TelephonyConnectionService}, ***, UserHandle{0} already migrated
01-29 11:25:46.200 1305 1420 I VoicemailNotifier: receivers for android.intent.action.PROVIDER_CHANGED :[]
01-29 11:25:46.201 1168 1844 I Dialer : VvmActivationTask - VVM content provider configured - vvm_type_cvvm
01-29 11:25:46.201 1168 1844 I Dialer : OmtpVvmCarrierCfgHlpr - OmtpEvent:CONFIG_ACTIVATING
01-29 11:25:46.202 1305 1420 I VoicemailNotifier: receivers for android.intent.action.PROVIDER_CHANGED :[]
01-29 11:25:46.203 842 1137 D SmsNumberUtils: enter filterDestAddr. destAddr="[BajqU4K5_YhSYbs-7QUn0dOwcmI]"
01-29 11:25:46.204 842 1137 D SmsNumberUtils: destAddr is not formatted.
01-29 11:25:46.204 842 1137 D SmsNumberUtils: leave filterDestAddr, new destAddr="[BajqU4K5_YhSYbs-7QUn0dOwcmI]"
01-29 11:25:47.365 2145 2188 D DistCache: DistributedCacheHashtable(43263 unknown Android SDK built for x86_64): sending pings to 0 nodes
01-29 11:25:49.646 2021 2041 D Benchmark: Profile Installer - Save Profile
01-29 11:25:49.654 2145 2145 I Process : Sending signal. PID: 2145 SIG: 10
01-29 11:25:49.654 2145 2145 D ProfileInstaller:
01-29 11:25:49.654 2145 2153 I aktabmobile.ap: Thread[4,tid=2153,WaitingInMainSignalCatcherLoop,Thread*=0x7e5233e1f380,peer=0x138c23e0,"Signal Catcher"]: reacting to signal 10
01-29 11:25:49.654 2145 2153 I aktabmobile.ap:
01-29 11:25:49.654 2145 2153 I aktabmobile.ap: SIGUSR1 forcing GC (no HPROF) and profile save
01-29 11:25:49.657 3022 3024 I cmd : oneway function results will be dropped but finished with status OK and parcel size 4
01-29 11:25:49.664 2145 2153 I aktabmobile.ap: Explicit concurrent copying GC freed 128732(4728KB) AllocSpace objects, 5(132KB) LOS objects, 49% free, 7010KB/13MB, paused 7us total 10.810ms
01-29 11:25:50.158 2021 2041 D Benchmark: Killing process tj.maktabmobile.app
01-29 11:25:50.159 2021 2041 D UiDevice: Executing shell command: killall tj.maktabmobile.app
01-29 11:25:50.184 478 535 I PackageDexOptimizer: Running dexopt (dexoptNeeded=-3) on: /data/app/~~udvmEuEJhL3rR0pnxkb45Q==/tj.maktabmobile.app-qWZ3Bw-qpBT7rr6Ga6g6aQ==/base.apk pkg=tj.maktabmobile.app isa=x86_64 dexoptFlags=boot_complete,profile_guided,force,enable_hidden_api_checks targetFilter=speed-profile oatDir=/data/app/~~udvmEuEJhL3rR0pnxkb45Q==/tj.maktabmobile.app-qWZ3Bw-qpBT7rr6Ga6g6aQ==/oat classLoaderContext=PCL[]{PCL[/system_ext/framework/androidx.window.sidecar.jar]}
01-29 11:25:50.186 380 380 V installd: DexInv: --- BEGIN '/data/app/~~udvmEuEJhL3rR0pnxkb45Q==/tj.maktabmobile.app-qWZ3Bw-qpBT7rr6Ga6g6aQ==/base.apk' ---
01-29 11:25:50.191 3036 3036 W dex2oat32: Unexpected CPU variant for X86 using defaults: x86_64
01-29 11:25:50.265 3036 3036 I dex2oat32: /apex/com.android.art/bin/dex2oat32 --input-vdex-fd=9 --output-vdex-fd=10 --updatable-bcp-packages-file=/system/etc/updatable-bcp-packages.txt --resolve-startup-const-strings=true --max-image-block-size=524288 --compiler-filter=speed-profile --profile-file-fd=12 --classpath-dir=/data/app/~~udvmEuEJhL3rR0pnxkb45Q==/tj.maktabmobile.app-qWZ3Bw-qpBT7rr6Ga6g6aQ== --class-loader-context=PCL[]{PCL[/system_ext/framework/androidx.window.sidecar.jar]} --generate-mini-debug-info --compilation-reason=unknown
01-29 11:25:50.265 3036 3036 I dex2oat32: setting boot class path to /apex/com.android.art/javalib/core-oj.jar:/apex/com.android.art/javalib/core-libart.jar:/apex/com.android.art/javalib/core-icu4j.jar:/apex/com.android.art/javalib/okhttp.jar:/apex/com.android.art/javalib/bouncycastle.jar:/apex/com.android.art/javalib/apache-xml.jar:/system/framework/framework.jar:/system/framework/ext.jar:/system/framework/telephony-common.jar:/system/framework/voip-common.jar:/system/framework/ims-common.jar:/system/framework/framework-atb-backward-compatibility.jar
01-29 11:25:50.366 2145 2188 D DistCache: DistributedCacheHashtable(43263 unknown Android SDK built for x86_64): sending pings to 0 nodes
01-29 11:25:53.242 2145 2168 D UstadCache: CacheTrimmer: Trim cache run: max (evictable) size = 100000000 bytes
01-29 11:25:53.242 2145 2168 V UstadCache: CacheTrimmer: deleting
01-29 11:25:53.368 2145 2188 D DistCache: DistributedCacheHashtable(43263 unknown Android SDK built for x86_64): sending pings to 0 nodes
01-29 11:25:54.221 3036 3036 W dex2oat32: Could not reserve sentinel fault page
01-29 11:25:54.850 3036 3039 W dex2oat32: Class androidx.compose.runtime.snapshots.SnapshotStateMap failed lock verification and will run slower.
01-29 11:25:54.850 3036 3039 W dex2oat32: Common causes for lock verification issues are non-optimized dex code
01-29 11:25:54.850 3036 3039 W dex2oat32: and incorrect proguard optimizations.
01-29 11:25:54.850 3036 3036 W dex2oat32: Class androidx.compose.runtime.snapshots.SnapshotStateList failed lock verification and will run slower.
01-29 11:25:54.909 3036 3036 W dex2oat32: Accessing hidden method Landroid/graphics/Canvas;->drawPatch(Landroid/graphics/NinePatch;Landroid/graphics/Rect;Landroid/graphics/Paint;)V (greylist-max-o, linking, denied)
01-29 11:25:54.909 3036 3036 W dex2oat32: Accessing hidden method Landroid/graphics/Canvas;->drawPatch(Landroid/graphics/NinePatch;Landroid/graphics/RectF;Landroid/graphics/Paint;)V (greylist-max-o, linking, denied)
01-29 11:25:54.913 3036 3036 W dex2oat32: Accessing hidden method Landroid/graphics/Bitmap;->getHardwareBuffer()Landroid/hardware/HardwareBuffer; (blacklist, linking, denied)
01-29 11:25:55.043 3036 3039 W dex2oat32: Accessing hidden method Landroid/app/job/JobParameters;->getStopReason()I (greylist-max-o, linking, denied)
01-29 11:25:56.368 2145 2188 D DistCache: DistributedCacheHashtable(43263 unknown Android SDK built for x86_64): sending pings to 0 nodes
01-29 11:25:56.804 3036 3036 I dex2oat32: Explicit concurrent copying GC freed 275907(40MB) AllocSpace objects, 0(0B) LOS objects, 49% free, 2264KB/4528KB, paused 12us total 6.929ms
01-29 11:25:56.829 3036 3036 W dex2oat32: Accessing hidden field Ljava/nio/file/FileSystemException;->file:Ljava/lang/String; (greylist-max-o, linking, denied)
01-29 11:25:56.829 3036 3036 W dex2oat32: Accessing hidden field Ljava/nio/file/FileSystemException;->other:Ljava/lang/String; (greylist-max-o, linking, denied)
01-29 11:25:56.829 3036 3036 W dex2oat32: Accessing hidden field Ljava/nio/file/InvalidPathException;->index:I (greylist-max-o, linking, denied)
01-29 11:25:56.829 3036 3036 W dex2oat32: Accessing hidden field Ljava/nio/file/InvalidPathException;->input:Ljava/lang/String; (greylist-max-o, linking, denied)
01-29 11:25:56.831 3036 3036 W dex2oat32: Accessing hidden method Landroid/graphics/Bitmap;->getHardwareBuffer()Landroid/hardware/HardwareBuffer; (blacklist, linking, denied)
01-29 11:25:56.831 3036 3036 W dex2oat32: Accessing hidden method Landroid/graphics/Canvas;->drawPatch(Landroid/graphics/NinePatch;Landroid/graphics/Rect;Landroid/graphics/Paint;)V (greylist-max-o, linking, denied)
01-29 11:25:56.831 3036 3036 W dex2oat32: Accessing hidden method Landroid/graphics/Canvas;->drawPatch(Landroid/graphics/NinePatch;Landroid/graphics/RectF;Landroid/graphics/Paint;)V (greylist-max-o, linking, denied)
01-29 11:25:56.842 3036 3036 W dex2oat32: Accessing hidden method Landroid/app/job/JobParameters;->getStopReason()I (greylist-max-o, linking, denied)
01-29 11:25:57.812 3036 3036 I dex2oat32: dex2oat took 7.621s (9.427s cpu) (threads: 2) arena alloc=4016KB (4112416B) java alloc=2280KB (2335144B) native alloc=81MB (85726928B) free=83MB (87469536B)
01-29 11:25:57.827 380 380 V installd: DexInv: --- END '/data/app/~~udvmEuEJhL3rR0pnxkb45Q==/tj.maktabmobile.app-qWZ3Bw-qpBT7rr6Ga6g6aQ==/base.apk' (success) ---
01-29 11:25:57.832 3032 3034 I cmd : oneway function results will be dropped but finished with status OK and parcel size 4
01-29 11:25:57.846 2021 2041 D Benchmark: Reference profile location: /data/misc/profiles/ref/tj.maktabmobile.app/primary.prof
01-29 11:25:57.866 2021 2041 D Benchmark: APK Path: /data/app/~~udvmEuEJhL3rR0pnxkb45Q==/tj.maktabmobile.app-qWZ3Bw-qpBT7rr6Ga6g6aQ==/base.apk
01-29 11:25:57.866 2021 2041 D Benchmark: Converting to human readable profile format
01-29 11:25:57.866 2021 2041 D Benchmark: Using profile location: /data/misc/profiles/ref/tj.maktabmobile.app/primary.prof
01-29 11:25:58.132 3065 3065 W profman : profman took 257.248ms
01-29 11:25:58.149 2021 2041 D Benchmark: Using profile location: /data/misc/profiles/cur/0/tj.maktabmobile.app/primary.prof
01-29 11:25:58.404 3076 3076 W profman : profman took 244.694ms
01-29 11:25:59.317 2021 2041 D Benchmark: Unstable profiles during iteration 7
01-29 11:25:59.317 2021 2041 D Benchmark: Killing package tj.maktabmobile.app
01-29 11:25:59.317 2021 2041 D Benchmark: Killing process tj.maktabmobile.app
01-29 11:25:59.317 2021 2041 D UiDevice: Executing shell command: killall tj.maktabmobile.app
01-29 11:25:59.323 2021 2041 D Benchmark: Compile iteration (8) for tj.maktabmobile.app
01-29 11:25:59.324 2021 2041 D UiDevice: Pressing home button.
01-29 11:25:59.330 638 638 V ShadeControllerImpl: NotificationShadeWindow: com.android.systemui.statusbar.phone.NotificationShadeWindowView{90561f7 I.E...... ......ID 0,0-1080,1920} canPanelBeCollapsed(): false
01-29 11:25:59.330 478 498 D EventSequenceValidator: inc AccIntentStartedEvents to 2
01-29 11:25:59.331 478 496 W InputReader: Device virtio_input_multi_touch_10 is associated with display ADISPLAY_ID_NONE.
01-29 11:25:59.331 478 496 W InputReader: Device virtio_input_multi_touch_7 is associated with display ADISPLAY_ID_NONE.
01-29 11:25:59.331 478 496 W InputReader: Device virtio_input_multi_touch_11 is associated with display ADISPLAY_ID_NONE.
01-29 11:25:59.331 478 496 W InputReader: Device virtio_input_multi_touch_5 is associated with display ADISPLAY_ID_NONE.
01-29 11:25:59.331 478 496 W InputReader: Device virtio_input_multi_touch_2 is associated with display ADISPLAY_ID_NONE.
01-29 11:25:59.331 478 496 W InputReader: Device virtio_input_multi_touch_6 is associated with display ADISPLAY_ID_NONE.
01-29 11:25:59.331 478 496 W InputReader: Device virtio_input_multi_touch_8 is associated with display ADISPLAY_ID_NONE.
01-29 11:25:59.331 478 496 W InputReader: Device virtio_input_multi_touch_9 is associated with display ADISPLAY_ID_NONE.
01-29 11:25:59.331 478 496 W InputReader: Device virtio_input_multi_touch_3 is associated with display ADISPLAY_ID_NONE.
01-29 11:25:59.331 478 496 W InputReader: Device virtio_input_multi_touch_4 is associated with display ADISPLAY_ID_NONE.
01-29 11:25:59.331 478 496 W InputReader: Device virtio_input_multi_touch_10 is associated with display ADISPLAY_ID_NONE.
01-29 11:25:59.331 478 496 W InputReader: Device virtio_input_multi_touch_7 is associated with display ADISPLAY_ID_NONE.
01-29 11:25:59.331 478 496 W InputReader: Device virtio_input_multi_touch_11 is associated with display ADISPLAY_ID_NONE.
01-29 11:25:59.331 478 496 W InputReader: Device virtio_input_multi_touch_5 is associated with display ADISPLAY_ID_NONE.
01-29 11:25:59.331 478 496 W InputReader: Device virtio_input_multi_touch_2 is associated with display ADISPLAY_ID_NONE.
01-29 11:25:59.331 478 496 W InputReader: Device virtio_input_multi_touch_6 is associated with display ADISPLAY_ID_NONE.
01-29 11:25:59.331 478 496 W InputReader: Device virtio_input_multi_touch_8 is associated with display ADISPLAY_ID_NONE.
01-29 11:25:59.331 478 496 W InputReader: Device virtio_input_multi_touch_9 is associated with display ADISPLAY_ID_NONE.
01-29 11:25:59.331 478 496 W InputReader: Device virtio_input_multi_touch_3 is associated with display ADISPLAY_ID_NONE.
01-29 11:25:59.331 478 496 W InputReader: Device virtio_input_multi_touch_4 is associated with display ADISPLAY_ID_NONE.
01-29 11:25:59.346 987 987 D TaplTarget: Launcher.onNewIntent: Intent { act=android.intent.action.MAIN cat=[android.intent.category.HOME] flg=0x10400100 cmp=com.android.launcher3/.uioverrides.QuickstepLauncher (has extras) }
01-29 11:25:59.348 638 638 V ShadeControllerImpl: NotificationShadeWindow: com.android.systemui.statusbar.phone.NotificationShadeWindowView{90561f7 I.E...... ......ID 0,0-1080,1920} canPanelBeCollapsed(): false
01-29 11:25:59.365 273 1473 D goldfish-address-space: claimShared: Ask to claim region [0x3f4000000 0x3f47e9000]
01-29 11:25:59.366 273 1473 D goldfish-address-space: claimShared: Ask to claim region [0x3f57bb000 0x3f5fa4000]
01-29 11:25:59.369 2145 2188 D DistCache: DistributedCacheHashtable(43263 unknown Android SDK built for x86_64): sending pings to 0 nodes
01-29 11:25:59.372 273 1473 D goldfish-address-space: claimShared: Ask to claim region [0x3f678d000 0x3f6f76000]
01-29 11:25:59.373 273 1473 D goldfish-address-space: claimShared: Ask to claim region [0x3f6f76000 0x3f775f000]
01-29 11:25:59.378 478 498 D EventSequenceValidator: dec AccIntentStartedEvents to 1
01-29 11:25:59.380 478 504 D ArtManagerInternalImpl: /data/misc/iorapd/com.android.launcher3/30/com.android.launcher3.uioverrides.QuickstepLauncher/compiled_traces/compiled_trace.pb doesn't exist
01-29 11:25:59.438 2021 2041 I System.out: 0 Flags,IntendedVsync,Vsync,OldestInputEvent,NewestInputEvent,HandleInputStart,AnimationStart,PerformTraversalsStart,DrawStart,SyncQueued,SyncStart,IssueDrawCommandsStart,SwapBuffers,FrameCompleted,DequeueBufferDuration,QueueBufferDuration,GpuCompleted,
01-29 11:25:59.438 2021 2041 I System.out: 1 1,214723257983,214723257983,9223372036854775807,0,214736150071,214736150953,214736151053,214760854830,214761249952,214761505783,214761520842,214762520491,214763731427,21080,147107,214773391595,
01-29 11:25:59.438 2021 2041 I System.out: 2 0,214739924625,214756591291,9223372036854775807,0,214770514437,214770514908,214778445025,214778475382,214778991281,214781745318,214781780695,214783150119,214785491260,1303370,103785,214790056301,
01-29 11:25:59.438 2021 2041 I System.out: 3 0,214789924815,214789924815,9223372036854775807,0,214790341657,214790342088,214806583247,214806619415,214812525627,214814498205,214814537519,214814949243,214815909849,30798,116649,214815860816,
01-29 11:25:59.438 2021 2041 I System.out: 4 0,214806591523,214806591523,9223372036854775807,0,214818724099,214818724880,214826356355,214826390920,214828930454,214829016806,214829053535,214830696774,214831522667,33864,125506,214837578720,
01-29 11:25:59.438 2021 2041 I System.out: 5 0,214823258272,214823258272,9223372036854775807,0,214832399354,214832400026,214834350041,214834380228,214835493962,214835561599,214835602926,214836957603,214844762614,7098313,108724,214840070464,
01-29 11:25:59.438 2021 2041 I System.out: 6 0,214839924988,214839924988,9223372036854775807,0,214842692002,214842692393,214843329170,214843359036,214844295646,214845115978,214845152918,214847726435,214857789491,9334506,117972,214856747332,
01-29 11:25:59.438 2021 2041 I System.out: 7 0,214856591618,214856591618,9223372036854775807,0,214857080579,214857081170,214858243956,214858273411,214859638828,214859690665,214859726562,214860214630,214877637610,15964920,355999,214861634098,
01-29 11:25:59.438 2021 2041 I System.out: 8 0,214873258311,214873258311,9223372036854775807,0,214873404513,214873405415,214874778316,214874825414,214875818812,214877706370,214877749711,214880559523,214891959662,9403366,947731,214882515029,
01-29 11:25:59.438 2021 2041 I System.out: 9 0,214889924831,214889924831,9223372036854775807,0,214890440166,214890440537,214892132577,214892167433,214893825720,214893914226,214893956075,214894420658,214909894214,10573625,192753,214899272498,
01-29 11:25:59.438 2021 2041 I System.out: 10 0,214906591554,214906591554,9223372036854775807,0,214907041562,214907041903,214908536492,214908569544,214909645888,214909936814,214909975868,214911823160,214925193593,9113100,170310,214916032914,
01-29 11:25:59.438 2021 2041 I System.out: 11 0,214923258275,214923258275,9223372036854775807,0,214923786809,214923787490,214924787470,214924821594,214926779304,214931082182,214931131936,214931596870,214946806390,13297967,177404,214933457307,
01-29 11:25:59.438 2021 2041 I System.out: 12 0,214939925029,214939925029,9223372036854775807,0,214941201153,214941201554,214942002680,214942023739,214943930604,214946853047,214946888123,214947357646,214959015419,9774263,111259,214956716458,
01-29 11:25:59.438 2021 2041 I System.out: 13 0,214956591765,214956591765,9223372036854775807,0,214956745813,214956746665,214958155623,214958179839,214959188745,214959232988,214959402216,214960825862,214974877316,9192610,166373,214973420467,
01-29 11:25:59.438 2021 2041 I System.out: 14 0,214973258240,214973258240,9223372036854775807,0,214974170717,214974171008,214975311171,214975335046,214976578714,214976723606,214976924814,214977609802,214992930240,10188962,111570,214982699299,
01-29 11:25:59.438 2021 2041 I System.out: 15 0,214989924968,214989924968,9223372036854775807,0,214990758358,214990758799,214991661806,214991684569,214992873504,214992980915,214993139544,214993713873,215009366757,10450033,224081,214998876868,
01-29 11:25:59.438 2021 2041 I System.out: 16 0,215006591702,215006591702,9223372036854775807,0,215006910590,215006910910,215008397795,215008419075,215009560621,215009606177,215009763402,215012394498,215025544907,10707988,140795,215023370931,
01-29 11:25:59.438 2021 2041 I System.out: 17 0,215023258455,215023258455,9223372036854775807,0,215023898082,215023898542,215025011254,215025034448,215026307681,215026374717,215026595873,215027017886,215043808849,14841418,65934,215028809995,
01-29 11:25:59.438 2021 2041 I System.out: 18 0,215039924993,215039924993,9223372036854775807,0,215041365736,215041366147,215042817225,215042837493,215043801525,215043842642,215044012471,215044442139,215059786542,13441396,60684,215056740677,
01-29 11:25:59.438 2021 2041 I System.out: 19 0,215056591519,215056591519,9223372036854775807,0,215057752229,215057752709,215058530592,215058552533,215060228724,215060263469,215060447425,215060910475,215076244699,13193351,107152,215063020572,
01-29 11:25:59.438 2021 2041 I System.out: 20 0,215073258259,215073258259,9223372036854775807,0,215073757073,215073757504,215074524927,215074558991,215076403498,215076452440,215076490081,215076962238,215092828082,13911640,101921,215090087510,
01-29 11:25:59.438 2021 2041 I System.out: 21 0,215089924711,215089924711,9223372036854775807,0,215090174985,215090175396,215093277116,215093306792,215094203407,215094273629,215094305068,215094711833,215109751443,12249536,888510,215097460249,
01-29 11:25:59.438 2021 2041 I System.out: 22 0,215106591413,215106591413,9223372036854775807,0,215106901316,215106902258,215107740273,215107776361,215108896476,215109794935,215110006413,215110452211,215124302215,10553168,963451,215113702280,
01-29 11:25:59.438 2021 2041 I System.out: 23 0,215123258183,215123258183,9223372036854775807,0,215123425186,215123426158,215124832943,215124877767,215125885752,215125958148,215125997151,215126411370,215142803853,13486161,936150,215129256678,
01-29 11:25:59.438 2021 2041 I System.out: 24 0,215139924955,215139924955,9223372036854775807,0,215140051550,215140052571,215143090712,215143126670,215144156225,215144201831,215144511203,215145089820,215160131424,13167492,1051226,215146917105,
01-29 11:25:59.438 2021 2041 I System.out: 25 0,215156591465,215156591465,9223372036854775807,0,215156784042,215156785275,215160936868,215160988325,215161932470,215161992352,215162026126,215162633227,215174405837,10838764,122220,215173439610,
01-29 11:25:59.438 2021 2041 I System.out: 26 0,215173258081,215173258081,9223372036854775807,0,215173451933,215173452905,215175163260,215175201913,215176317841,215176394114,215176427457,215177013909,215192588746,13687018,991874,215178865189,
01-29 11:25:59.438 2021 2041 I System.out: 27 0,215189924805,215189924805,9223372036854775807,0,215190072546,215190073458,215193179957,215193219431,215194031578,215194080700,215194111127,215194665850,215209568543,13246711,922193,215196284573,
01-29 11:25:59.438 2021 2041 I System.out: 28 0,215206591375,215206591375,9223372036854775807,0,215206780603,215206781454,215209736739,215209771104,215210690713,215210746477,215210777175,215211336617,215226065172,13910167,106250,215212115270,
01-29 11:25:59.438 2021 2041 I System.out: 29 0,215223258126,215223258126,9223372036854775807,0,215223434548,215223435950,215224676192,215224717509,215225882689,215226105278,215226145083,215226754077,215243094283,15559828,81664,215240104994,
01-29 11:25:59.438 2021 2041 I System.out: 30 0,215239924865,215239924865,9223372036854775807,0,215240150810,215240151952,215243260886,215243296162,215244282967,215244356014,215244388395,215244998703,215259210196,13302535,173777,215245867866,
01-29 11:25:59.438 2021 2041 I System.out: 31 0,215256591558,215256591558,9223372036854775807,0,215256770571,215256771613,215257833589,215257870147,215259057269,215259260301,215259290097,215259851652,215275913414,15212956,140574,215260665302,
01-29 11:25:59.438 2021 2041 I System.out: 32 0,215273258223,215273258223,9223372036854775807,0,215273547096,215273548058,215273995028,215274032028,215274101959,215275968267,215275998965,215276731261,215290940040,12634449,928696,215278262931,
01-29 11:25:59.438 2021 2041 I System.out: 33 0,215289924967,215289924967,9223372036854775807,0,215290081857,215290083210,215291165514,215291198035,215292332127,215292404924,215292446502,215293099279,215307648788,12917442,906735,215306736283,
01-29 11:25:59.438 2021 2041 I System.out: 34 0,215306591736,215306591736,9223372036854775807,0,215306784043,215306785155,215309992634,215310032950,215311282869,215311344675,215311375844,215311982685,215326137943,12241541,1052870,-3211262987504685704,
01-29 11:25:59.438 2021 2041 I System.out: 35 0,215323258382,215323258382,9223372036854775807,0,215323431215,215323432167,215326755153,215326813643,215327246066,215327296030,215327325135,215327939590,215340911634,11350365,897056,-3921643605196060857,
01-29 11:25:59.438 2021 2041 I System.out: 36 0,215373258436,215373258436,9223372036854775807,0,215373377841,215373378332,215373378403,215373652618,215373724493,215373812358,215373841463,215374485544,215375446019,27852,202290,1710028795832469502,
01-29 11:25:59.439 2021 2041 D Benchmark: Starting activity with command: am start -W "intent:#Intent;action=android.intent.action.MAIN;category=android.intent.category.LAUNCHER;launchFlags=0x10008000;package=tj.maktabmobile.app;component=tj.maktabmobile.app/com.ustadmobile.port.android.view.AppActivity;end"
01-29 11:25:59.460 478 498 D EventSequenceValidator: inc AccIntentStartedEvents to 2
01-29 11:25:59.460 361 361 I perfetto: ing_service_impl.cc:758 Configured tracing session 14, #sources:1, duration:5000 ms, #buffers:1, total buffer size:4096 KB, total sessions:1, uid:1071 session name: ""
01-29 11:25:59.460 350 350 I perfetto: probes_producer.cc:230 Ftrace setup (target_buf=14)
01-29 11:25:59.466 478 498 D EventSequenceValidator: dec AccIntentStartedEvents to 1
01-29 11:25:59.468 478 776 W InputReader: Device virtio_input_multi_touch_10 is associated with display ADISPLAY_ID_NONE.
01-29 11:25:59.468 478 776 W InputReader: Device virtio_input_multi_touch_7 is associated with display ADISPLAY_ID_NONE.
01-29 11:25:59.468 478 776 W InputReader: Device virtio_input_multi_touch_11 is associated with display ADISPLAY_ID_NONE.
01-29 11:25:59.468 478 776 W InputReader: Device virtio_input_multi_touch_5 is associated with display ADISPLAY_ID_NONE.
01-29 11:25:59.468 478 776 W InputReader: Device virtio_input_multi_touch_2 is associated with display ADISPLAY_ID_NONE.
01-29 11:25:59.468 478 776 W InputReader: Device virtio_input_multi_touch_6 is associated with display ADISPLAY_ID_NONE.
01-29 11:25:59.468 478 776 W InputReader: Device virtio_input_multi_touch_8 is associated with display ADISPLAY_ID_NONE.
01-29 11:25:59.468 478 776 W InputReader: Device virtio_input_multi_touch_9 is associated with display ADISPLAY_ID_NONE.
01-29 11:25:59.468 478 776 W InputReader: Device virtio_input_multi_touch_3 is associated with display ADISPLAY_ID_NONE.
01-29 11:25:59.468 478 776 W InputReader: Device virtio_input_multi_touch_4 is associated with display ADISPLAY_ID_NONE.
01-29 11:25:59.468 478 776 W InputReader: Device virtio_input_multi_touch_10 is associated with display ADISPLAY_ID_NONE.
01-29 11:25:59.468 478 776 W InputReader: Device virtio_input_multi_touch_7 is associated with display ADISPLAY_ID_NONE.
01-29 11:25:59.468 478 776 W InputReader: Device virtio_input_multi_touch_11 is associated with display ADISPLAY_ID_NONE.
01-29 11:25:59.468 478 776 W InputReader: Device virtio_input_multi_touch_5 is associated with display ADISPLAY_ID_NONE.
01-29 11:25:59.468 478 776 W InputReader: Device virtio_input_multi_touch_2 is associated with display ADISPLAY_ID_NONE.
01-29 11:25:59.468 478 776 W InputReader: Device virtio_input_multi_touch_6 is associated with display ADISPLAY_ID_NONE.
01-29 11:25:59.468 478 776 W InputReader: Device virtio_input_multi_touch_8 is associated with display ADISPLAY_ID_NONE.
01-29 11:25:59.468 478 776 W InputReader: Device virtio_input_multi_touch_9 is associated with display ADISPLAY_ID_NONE.
01-29 11:25:59.468 478 776 W InputReader: Device virtio_input_multi_touch_3 is associated with display ADISPLAY_ID_NONE.
01-29 11:25:59.468 478 776 W InputReader: Device virtio_input_multi_touch_4 is associated with display ADISPLAY_ID_NONE.
01-29 11:25:59.477 2145 2145 W CustomTabsClient: Unable to find any Custom Tabs packages, you may need to add a element to your manifest. See the docs for CustomTabsClient#getPackageName.
01-29 11:25:59.477 2145 2145 W AppActivity$bindCustomTabsService: CustomTabs: Service NOT supported
01-29 11:25:59.479 273 1473 D goldfish-address-space: claimShared: Ask to claim region [0x3f98d2000 0x3fa0bb000]
01-29 11:25:59.486 350 350 I perfetto: ftrace_procfs.cc:176 enabled ftrace
01-29 11:25:59.493 478 572 D UntrustedWifiNetworkFactory: got request NetworkRequest [ TRACK_DEFAULT id=27, [ Capabilities: INTERNET&NOT_RESTRICTED&TRUSTED Uid: 10130 AdministratorUids: [] RequestorUid: 10130 RequestorPackageName: tj.maktabmobile.app] ] with score 60 and providerId 3
01-29 11:25:59.493 478 572 D WifiNetworkFactory: got request NetworkRequest [ TRACK_DEFAULT id=27, [ Capabilities: INTERNET&NOT_RESTRICTED&TRUSTED Uid: 10130 AdministratorUids: [] RequestorUid: 10130 RequestorPackageName: tj.maktabmobile.app] ] with score 60 and providerId 3
01-29 11:25:59.493 842 842 D PhoneSwitcherNetworkRequstListener: got request NetworkRequest [ TRACK_DEFAULT id=27, [ Capabilities: INTERNET&NOT_RESTRICTED&TRUSTED Uid: 10130 AdministratorUids: [] RequestorUid: 10130 RequestorPackageName: tj.maktabmobile.app] ] with score 60 and providerId 3
01-29 11:25:59.505 842 842 D Telephony: isEmergencyPreferredAccount: subId=1, activeData=1
01-29 11:25:59.505 842 842 D Telephony: isEmergencyPreferredAccount: Device does not require preference.
01-29 11:25:59.510 638 638 V KeyguardUpdateMonitor: onSubscriptionInfoChanged()
01-29 11:25:59.510 638 638 V KeyguardUpdateMonitor: SubInfo:{id=1 iccId=89014103211118510720 simSlotIndex=0 carrierId=1 displayName=T-Mobile carrierName=T-Mobile nameSource=3 iconTint=-16746133 number=+15555215554 dataRoaming=0 iconBitmap=android.graphics.Bitmap@9f14477 mcc=310 mnc=260 countryIso=us isEmbedded=false nativeAccessRules=null cardString=89014103211118510720 cardId=-1 isOpportunistic=false groupUUID=null isGroupDisabled=false profileClass=-1 ehplmns=null hplmns=null subscriptionType=0 groupOwner=null carrierConfigAccessRules=null areUiccApplicationsEnabled=true}
01-29 11:25:59.511 295 295 E Layer : [Surface(name=Task=6)/@0x954a1d6 - animation-leash#0] No local sync point found
01-29 11:25:59.511 295 295 E Layer : [Surface(name=Task=1)/@0xc31bc2d - animation-leash#0] No local sync point found
01-29 11:25:59.523 273 1473 D goldfish-address-space: claimShared: Ask to claim region [0x3fa0bb000 0x3fa8a4000]
01-29 11:25:59.524 273 1473 D goldfish-address-space: claimShared: Ask to claim region [0x3f8000000 0x3f87e9000]
01-29 11:25:59.524 273 1473 D goldfish-address-space: claimShared: Ask to claim region [0x3f87e9000 0x3f8fd2000]
01-29 11:25:59.528 295 295 E Layer : [Surface(name=Task=6)/@0x954a1d6 - animation-leash#0] No local sync point found
01-29 11:25:59.528 295 295 E Layer : [Surface(name=Task=1)/@0xc31bc2d - animation-leash#0] No local sync point found
01-29 11:25:59.536 3110 3112 I cmd : oneway function results will be dropped but finished with status OK and parcel size 4
01-29 11:25:59.543 478 504 I ActivityTaskManager: Displayed tj.maktabmobile.app/com.ustadmobile.port.android.view.AppActivity: +75ms
01-29 11:25:59.544 295 295 E Layer : [Surface(name=Task=6)/@0x954a1d6 - animation-leash#0] No local sync point found
01-29 11:25:59.544 295 295 E Layer : [Surface(name=Task=1)/@0xc31bc2d - animation-leash#0] No local sync point found
01-29 11:25:59.549 2145 2145 D UstadViewModelFunKt$ustadViewModel$viewModel$invoke: ustadViewModel(): create viewmodel for: com.ustadmobile.core.viewmodel.redirect.RedirectViewModel
