01-29 11:24:14.750 478 496 W InputReader: Device virtio_input_multi_touch_4 is associated with display ADISPLAY_ID_NONE.
01-29 11:24:14.750 478 496 W InputReader: Device virtio_input_multi_touch_10 is associated with display ADISPLAY_ID_NONE.
01-29 11:24:14.750 478 496 W InputReader: Device virtio_input_multi_touch_7 is associated with display ADISPLAY_ID_NONE.
01-29 11:24:14.750 478 496 W InputReader: Device virtio_input_multi_touch_11 is associated with display ADISPLAY_ID_NONE.
01-29 11:24:14.750 478 496 W InputReader: Device virtio_input_multi_touch_5 is associated with display ADISPLAY_ID_NONE.
01-29 11:24:14.750 478 496 W InputReader: Device virtio_input_multi_touch_2 is associated with display ADISPLAY_ID_NONE.
01-29 11:24:14.750 478 496 W InputReader: Device virtio_input_multi_touch_6 is associated with display ADISPLAY_ID_NONE.
01-29 11:24:14.750 478 496 W InputReader: Device virtio_input_multi_touch_8 is associated with display ADISPLAY_ID_NONE.
01-29 11:24:14.750 478 496 W InputReader: Device virtio_input_multi_touch_9 is associated with display ADISPLAY_ID_NONE.
01-29 11:24:14.750 478 496 W InputReader: Device virtio_input_multi_touch_3 is associated with display ADISPLAY_ID_NONE.
01-29 11:24:14.750 478 496 W InputReader: Device virtio_input_multi_touch_4 is associated with display ADISPLAY_ID_NONE.
01-29 11:24:14.751 987 987 D TaplTarget: Launcher.onNewIntent: Intent { act=android.intent.action.MAIN cat=[android.intent.category.HOME] flg=0x10400100 cmp=com.android.launcher3/.uioverrides.QuickstepLauncher (has extras) }
01-29 11:24:14.753 638 638 V ShadeControllerImpl: NotificationShadeWindow: com.android.systemui.statusbar.phone.NotificationShadeWindowView{90561f7 I.E...... ......ID 0,0-1080,1920} canPanelBeCollapsed(): false
01-29 11:24:14.764 350 350 I perfetto: ftrace_procfs.cc:176 enabled ftrace
01-29 11:24:14.767 273 1473 D goldfish-address-space: claimShared: Ask to claim region [0x3f8000000 0x3f87e9000]
01-29 11:24:14.768 273 1473 D goldfish-address-space: claimShared: Ask to claim region [0x3f90e9000 0x3f98d2000]
01-29 11:24:14.768 273 1473 D goldfish-address-space: claimShared: Ask to claim region [0x3fa0bb000 0x3fa8a4000]
01-29 11:24:14.774 273 1473 D goldfish-address-space: claimShared: Ask to claim region [0x3fa8a4000 0x3fb08d000]
01-29 11:24:14.778 478 504 D ArtManagerInternalImpl: /data/misc/iorapd/com.android.launcher3/30/com.android.launcher3.uioverrides.QuickstepLauncher/compiled_traces/compiled_trace.pb doesn't exist
01-29 11:24:14.781 478 498 D EventSequenceValidator: dec AccIntentStartedEvents to 1
01-29 11:24:14.884 2021 2041 I System.out: 0 Flags,IntendedVsync,Vsync,OldestInputEvent,NewestInputEvent,HandleInputStart,AnimationStart,PerformTraversalsStart,DrawStart,SyncQueued,SyncStart,IssueDrawCommandsStart,SwapBuffers,FrameCompleted,DequeueBufferDuration,QueueBufferDuration,GpuCompleted,
01-29 11:24:14.884 2021 2041 I System.out: 1 1,109723214105,109723214105,9223372036854775807,0,109735922660,109735922951,109735923031,109777886822,109778374388,109779209247,109779228233,109780063844,109784276432,317296,1210436,109783833880,
01-29 11:24:14.884 2021 2041 I System.out: 2 0,109739881586,109773214918,9223372036854775807,0,109789837025,109789837977,109805445725,109805483997,109810564898,109810615874,109810884639,109812360663,109818854240,110237,1809992,109823368555,
01-29 11:24:14.884 2021 2041 I System.out: 3 0,109806551749,109823218415,9223372036854775807,0,109827028365,109827029296,109874984319,109875119183,109895255574,109895326978,109895369989,109903465857,109905242948,27452,266181,109905185970,
01-29 11:24:14.884 2021 2041 I System.out: 4 0,109839886475,109906553139,9223372036854775807,0,109912791337,109912792168,109930365712,109930406809,109934872093,109934957764,109934997388,109935420533,109936389996,23545,188304,109936340082,
01-29 11:24:14.884 2021 2041 I System.out: 5 0,109923223012,109923223012,9223372036854775807,0,109936196492,109936197183,109937164281,109937203595,109939238861,109939350000,109939433256,109941112072,109947224071,3919317,109826,109956761459,
01-29 11:24:14.884 2021 2041 I System.out: 6 0,109939890227,109939890227,9223372036854775807,0,109952193342,109952193963,109953159087,109953223288,109955129651,109955273341,109955322464,109955928553,109964799298,6954854,237887,109957793429,
01-29 11:24:14.884 2021 2041 I System.out: 7 0,109956557290,109956557290,9223372036854775807,0,109965396981,109965397172,109966673912,109966693729,109969280221,109969743702,109969780681,109970373245,109975283886,3306866,267573,109971927056,
01-29 11:24:14.884 2021 2041 I System.out: 8 0,109973225125,109973225125,9223372036854775807,0,109975508108,109975508308,109976780559,109976815094,109978623073,109978696270,109978742217,109980354808,109991734719,8469691,135835,109990152235,
01-29 11:24:14.884 2021 2041 I System.out: 9 0,109989892018,109989892018,9223372036854775807,0,109990337753,109990337954,109992678153,109992739278,109998626404,109998702256,109998748914,109999363840,110008087117,5476635,212830,110002565308,
01-29 11:24:14.884 2021 2041 I System.out: 10 0,110006559222,110006559222,9223372036854775807,0,110006852697,110006852928,110012306308,110012369658,110017954816,110018082236,110018117001,110018594599,110026765358,5108142,1350759,110021603054,
01-29 11:24:14.884 2021 2041 I System.out: 11 0,110023226335,110023226335,9223372036854775807,0,110026650532,110026651484,110028095217,110028138158,110030317936,110030388398,110030428363,110031997272,110043135900,8473437,187332,110034584165,
01-29 11:24:14.884 2021 2041 I System.out: 12 0,110039893418,110039893418,9223372036854775807,0,110040095956,110040096907,110044258129,110044298565,110047989664,110048053904,110048083630,110048561879,110057995402,7276207,181992,110056745192,
01-29 11:24:14.884 2021 2041 I System.out: 13 0,110056560552,110056560552,9223372036854775807,0,110067087082,110067087422,110068762241,110068783040,110069908495,110069956375,110069992413,110070402875,110076171268,3240552,108835,110072883437,
01-29 11:24:14.884 2021 2041 I System.out: 14 0,110073227789,110073227789,9223372036854775807,0,110074541955,110074542296,110075509945,110075552475,110077588552,110078865703,110078901309,110079485668,110093088558,11236822,141627,110081773569,
01-29 11:24:14.884 2021 2041 I System.out: 15 0,110089895072,110089895072,9223372036854775807,0,110090311528,110090311688,110091321737,110091359037,110093804373,110093856020,110093887169,110094335041,110107774514,11142274,104246,110106713489,
01-29 11:24:14.884 2021 2041 I System.out: 16 0,110106562278,110106562278,9223372036854775807,0,110106962056,110106963249,110108475221,110108523331,110110357549,110110448810,110110483436,110110991280,110124891739,11754916,149951,110113099203,
01-29 11:24:14.886 2021 2041 I System.out: 17 0,110123229561,110123229561,9223372036854775807,0,110123514831,110123520482,110124397360,110124432937,110125936513,110126008990,110126055206,110126537954,110142829037,14122817,127630,110140041898,
01-29 11:24:14.886 2021 2041 I System.out: 18 0,110139896799,110139896799,9223372036854775807,0,110140213230,110140214322,110141205695,110141239288,110142613572,110142880273,110142910600,110143329758,110159791351,14428873,157395,110145320690,
01-29 11:24:14.886 2021 2041 I System.out: 19 0,110156564004,110156564004,9223372036854775807,0,110156715720,110156716612,110160656087,110160701262,110162210870,110162299847,110162336536,110162819363,110174297008,8708259,593195,110165541941,
01-29 11:24:14.886 2021 2041 I System.out: 20 0,110173231204,110173231204,9223372036854775807,0,110173404781,110173405853,110175257564,110175310513,110176920299,110176984600,110177020047,110177621167,110193419784,13106096,455877,110190040001,
01-29 11:24:14.886 2021 2041 I System.out: 21 0,110189898577,110189898577,9223372036854775807,0,110190058235,110190070659,110193899025,110193941425,110195291482,110195355563,110195397251,110195846335,110209443845,10946326,457200,110206715346,
01-29 11:24:14.886 2021 2041 I System.out: 22 0,110206565650,110206565650,9223372036854775807,0,110206925792,110206926984,110208196330,110208250702,110209737758,110209821104,110209862472,110210340230,110226523681,13847089,200126,110223442689,
01-29 11:24:14.886 2021 2041 I System.out: 23 0,110223232609,110223232609,9223372036854775807,0,110223646803,110223647654,110224605495,110224641673,110226121264,110226569687,110226624670,110227075538,110241263908,10809639,967068,110230409996,
01-29 11:24:14.886 2021 2041 I System.out: 24 0,110239899746,110239899746,9223372036854775807,0,110240220036,110240220918,110243263497,110243317368,110244711729,110244796278,110244859677,110245621349,110259824017,12497422,921983,110247257194,
01-29 11:24:14.886 2021 2041 I System.out: 25 0,110256566931,110256566931,9223372036854775807,0,110256784493,110256785715,110261476663,110261516458,110262737643,110262840136,110262881594,110263522909,110274502378,9282018,751102,110273415495,
01-29 11:24:14.886 2021 2041 I System.out: 26 0,110273234068,110273234068,9223372036854775807,0,110273660736,110273661878,110275108077,110275153792,110276810917,110276907198,110276962342,110277642380,110293068177,14342390,148349,110290054432,
01-29 11:24:14.886 2021 2041 I System.out: 27 0,110289901165,110289901165,9223372036854775807,0,110290236183,110290237205,110291429997,110291474421,110293209242,110293267371,110293307897,110293940887,110307557583,11910088,952039,110295612339,
01-29 11:24:14.886 2021 2041 I System.out: 28 0,110306568817,110306568817,9223372036854775807,0,110306882234,110306883055,110307569485,110307606204,110308978704,110309045931,110309093691,110309813544,110325945718,14435845,980403,110311475628,
01-29 11:24:14.886 2021 2041 I System.out: 29 0,110323235975,110323235975,9223372036854775807,0,110323533113,110323533984,110324198203,110324234912,110325706218,110326005610,110326259608,110327056356,110343099432,15146792,88757,110340104633,
01-29 11:24:14.886 2021 2041 I System.out: 30 0,110339902746,110339902746,9223372036854775807,0,110340126244,110340142775,110343349783,110343390349,110344791102,110344864029,110344892343,110345513430,110357783665,10426148,639192,110347307152,
01-29 11:24:14.886 2021 2041 I System.out: 31 0,110356569605,110356569605,9223372036854775807,0,110356782333,110356784056,110358216919,110358259459,110360580492,110360699285,110360750201,110361586553,110377168213,14213277,171793,110373389580,
01-29 11:24:14.886 2021 2041 I System.out: 32 0,110373236671,110373236671,9223372036854775807,0,110373403286,110373404257,110375790834,110375837952,110375926078,110377245598,110377287276,110378496930,110395262205,14902883,1006722,110380318104,
01-29 11:24:14.886 2021 2041 I System.out: 33 0,110389903696,110389903696,9223372036854775807,0,110390081807,110390082849,110393799675,110393835713,110395462241,110395533394,110395562790,110396202532,110409819108,11964840,948332,110397814172,
01-29 11:24:14.886 2021 2041 I System.out: 34 0,110406570827,110406570827,9223372036854775807,0,110406704042,110406705124,110412407664,110412449432,110414164726,110414240459,110414273421,110415003253,110424471100,7850046,712169,-3211262987504685704,
01-29 11:24:14.886 2021 2041 I System.out: 35 0,110423237741,110423237741,9223372036854775807,0,110423415846,110423416718,110425531753,110425568072,110426258399,110426337107,110426376391,110427156207,110441731475,11862127,1558650,-3921643605196060857,
01-29 11:24:14.886 2021 2041 I System.out: 36 0,110573238808,110573238808,9223372036854775807,0,110573429372,110573430234,110573430344,110573829063,110573934181,110574080736,110574121062,110574848389,110576036382,23354,359245,1710028795832469502,
01-29 11:24:14.886 2021 2041 D Benchmark: Starting activity with command: am start -W "intent:#Intent;action=android.intent.action.MAIN;category=android.intent.category.LAUNCHER;launchFlags=0x10008000;package=tj.maktabmobile.app;component=tj.maktabmobile.app/com.ustadmobile.port.android.view.AppActivity;end"
01-29 11:24:14.909 478 498 D EventSequenceValidator: inc AccIntentStartedEvents to 2
01-29 11:24:14.909 361 361 I perfetto: ing_service_impl.cc:758 Configured tracing session 7, #sources:1, duration:5000 ms, #buffers:1, total buffer size:4096 KB, total sessions:2, uid:1071 session name: ""
01-29 11:24:14.909 350 350 I perfetto: probes_producer.cc:230 Ftrace setup (target_buf=7)
01-29 11:24:14.913 478 498 D EventSequenceValidator: dec AccIntentStartedEvents to 1
01-29 11:24:14.914 478 776 W InputReader: Device virtio_input_multi_touch_10 is associated with display ADISPLAY_ID_NONE.
01-29 11:24:14.914 478 776 W InputReader: Device virtio_input_multi_touch_7 is associated with display ADISPLAY_ID_NONE.
01-29 11:24:14.914 478 776 W InputReader: Device virtio_input_multi_touch_11 is associated with display ADISPLAY_ID_NONE.
01-29 11:24:14.914 478 776 W InputReader: Device virtio_input_multi_touch_5 is associated with display ADISPLAY_ID_NONE.
01-29 11:24:14.914 478 776 W InputReader: Device virtio_input_multi_touch_2 is associated with display ADISPLAY_ID_NONE.
01-29 11:24:14.914 478 776 W InputReader: Device virtio_input_multi_touch_6 is associated with display ADISPLAY_ID_NONE.
01-29 11:24:14.914 478 776 W InputReader: Device virtio_input_multi_touch_8 is associated with display ADISPLAY_ID_NONE.
01-29 11:24:14.914 478 776 W InputReader: Device virtio_input_multi_touch_9 is associated with display ADISPLAY_ID_NONE.
01-29 11:24:14.914 478 776 W InputReader: Device virtio_input_multi_touch_3 is associated with display ADISPLAY_ID_NONE.
01-29 11:24:14.914 478 776 W InputReader: Device virtio_input_multi_touch_4 is associated with display ADISPLAY_ID_NONE.
01-29 11:24:14.914 478 776 W InputReader: Device virtio_input_multi_touch_10 is associated with display ADISPLAY_ID_NONE.
01-29 11:24:14.914 478 776 W InputReader: Device virtio_input_multi_touch_7 is associated with display ADISPLAY_ID_NONE.
01-29 11:24:14.914 478 776 W InputReader: Device virtio_input_multi_touch_11 is associated with display ADISPLAY_ID_NONE.
01-29 11:24:14.914 478 776 W InputReader: Device virtio_input_multi_touch_5 is associated with display ADISPLAY_ID_NONE.
01-29 11:24:14.914 478 776 W InputReader: Device virtio_input_multi_touch_2 is associated with display ADISPLAY_ID_NONE.
01-29 11:24:14.914 478 776 W InputReader: Device virtio_input_multi_touch_6 is associated with display ADISPLAY_ID_NONE.
01-29 11:24:14.914 478 776 W InputReader: Device virtio_input_multi_touch_8 is associated with display ADISPLAY_ID_NONE.
01-29 11:24:14.914 478 776 W InputReader: Device virtio_input_multi_touch_9 is associated with display ADISPLAY_ID_NONE.
01-29 11:24:14.914 478 776 W InputReader: Device virtio_input_multi_touch_3 is associated with display ADISPLAY_ID_NONE.
01-29 11:24:14.914 478 776 W InputReader: Device virtio_input_multi_touch_4 is associated with display ADISPLAY_ID_NONE.
01-29 11:24:14.926 2145 2145 W CustomTabsClient: Unable to find any Custom Tabs packages, you may need to add a element to your manifest. See the docs for CustomTabsClient#getPackageName.
01-29 11:24:14.926 2145 2145 W AppActivity$bindCustomTabsService: CustomTabs: Service NOT supported
01-29 11:24:14.934 478 572 D UntrustedWifiNetworkFactory: got request NetworkRequest [ TRACK_DEFAULT id=23, [ Capabilities: INTERNET&NOT_RESTRICTED&TRUSTED Uid: 10130 AdministratorUids: [] RequestorUid: 10130 RequestorPackageName: tj.maktabmobile.app] ] with score 60 and providerId 3
01-29 11:24:14.934 478 572 D WifiNetworkFactory: got request NetworkRequest [ TRACK_DEFAULT id=23, [ Capabilities: INTERNET&NOT_RESTRICTED&TRUSTED Uid: 10130 AdministratorUids: [] RequestorUid: 10130 RequestorPackageName: tj.maktabmobile.app] ] with score 60 and providerId 3
01-29 11:24:14.934 842 842 D PhoneSwitcherNetworkRequstListener: got request NetworkRequest [ TRACK_DEFAULT id=23, [ Capabilities: INTERNET&NOT_RESTRICTED&TRUSTED Uid: 10130 AdministratorUids: [] RequestorUid: 10130 RequestorPackageName: tj.maktabmobile.app] ] with score 60 and providerId 3
01-29 11:24:14.937 638 638 V KeyguardUpdateMonitor: onSubscriptionInfoChanged()
01-29 11:24:14.937 638 638 V KeyguardUpdateMonitor: SubInfo:{id=1 iccId=89014103211118510720 simSlotIndex=0 carrierId=1 displayName=T-Mobile carrierName=T-Mobile nameSource=3 iconTint=-16746133 number=+15555215554 dataRoaming=0 iconBitmap=android.graphics.Bitmap@b4cd98f mcc=310 mnc=260 countryIso=us isEmbedded=false nativeAccessRules=null cardString=89014103211118510720 cardId=-1 isOpportunistic=false groupUUID=null isGroupDisabled=false profileClass=-1 ehplmns=null hplmns=null subscriptionType=0 groupOwner=null carrierConfigAccessRules=null areUiccApplicationsEnabled=true}
01-29 11:24:14.937 842 842 D Telephony: isEmergencyPreferredAccount: subId=1, activeData=1
01-29 11:24:14.937 842 842 D Telephony: isEmergencyPreferredAccount: Device does not require preference.
01-29 11:24:14.938 273 1473 D goldfish-address-space: claimShared: Ask to claim region [0x3fb08d000 0x3fb876000]
01-29 11:24:14.953 2145 2191 D DistCache: Service discovery started
01-29 11:24:14.977 295 295 E Layer : [Surface(name=Task=6)/@0x954a1d6 - animation-leash#0] No local sync point found
01-29 11:24:14.978 295 295 E Layer : [Surface(name=Task=1)/@0xc31bc2d - animation-leash#0] No local sync point found
01-29 11:24:14.985 273 1473 D goldfish-address-space: claimShared: Ask to claim region [0x3ff274000 0x3ffa5d000]
01-29 11:24:14.986 273 1473 D goldfish-address-space: claimShared: Ask to claim region [0x3fe6d7000 0x3feec0000]
01-29 11:24:14.988 273 1473 D goldfish-address-space: claimShared: Ask to claim region [0x3f4000000 0x3f47e9000]
01-29 11:24:14.994 295 295 E Layer : [Surface(name=Task=6)/@0x954a1d6 - animation-leash#0] No local sync point found
01-29 11:24:14.994 295 295 E Layer : [Surface(name=Task=1)/@0xc31bc2d - animation-leash#0] No local sync point found
01-29 11:24:15.011 295 295 E Layer : [Surface(name=Task=6)/@0x954a1d6 - animation-leash#0] No local sync point found
01-29 11:24:15.011 295 295 E Layer : [Surface(name=Task=1)/@0xc31bc2d - animation-leash#0] No local sync point found
01-29 11:24:15.024 2145 2145 D UstadViewModelFunKt$ustadViewModel$viewModel$invoke: ustadViewModel(): create viewmodel for: com.ustadmobile.core.viewmodel.redirect.RedirectViewModel
01-29 11:24:15.026 478 504 I ActivityTaskManager: Displayed tj.maktabmobile.app/com.ustadmobile.port.android.view.AppActivity: +117ms
01-29 11:24:15.026 2616 2618 I cmd : oneway function results will be dropped but finished with status OK and parcel size 4
01-29 11:24:15.027 295 295 E Layer : [Surface(name=Task=6)/@0x954a1d6 - animation-leash#0] No local sync point found
01-29 11:24:15.027 295 295 E Layer : [Surface(name=Task=1)/@0xc31bc2d - animation-leash#0] No local sync point found
01-29 11:24:15.039 2145 2145 D UstadNavControllerPreCompose$onCollectNavCommand: NavCommandEffect: Navigate: Go to addAccountSelectNewOrExisting
01-29 11:24:15.044 295 295 E Layer : [Surface(name=Task=6)/@0x954a1d6 - animation-leash#0] No local sync point found
01-29 11:24:15.044 295 295 E Layer : [Surface(name=Task=1)/@0xc31bc2d - animation-leash#0] No local sync point found
01-29 11:24:15.047 2145 2145 D UstadViewModelFunKt$ustadViewModel$viewModel$invoke: ustadViewModel(): create viewmodel for: com.ustadmobile.core.viewmodel.AddAccountSelectNewOrExistingViewModel
01-29 11:24:15.092 2021 2041 D Benchmark: Result: Starting: Intent { act=android.intent.action.MAIN cat=[android.intent.category.LAUNCHER] flg=0x10008000 pkg=tj.maktabmobile.app cmp=tj.maktabmobile.app/com.ustadmobile.port.android.view.AppActivity }
01-29 11:24:15.092 2021 2041 D Benchmark: Status: ok
01-29 11:24:15.092 2021 2041 D Benchmark: LaunchState: WARM
01-29 11:24:15.092 2021 2041 D Benchmark: Activity: tj.maktabmobile.app/com.ustadmobile.port.android.view.AppActivity
01-29 11:24:15.092 2021 2041 D Benchmark: TotalTime: 117
01-29 11:24:15.092 2021 2041 D Benchmark: WaitTime: 118
01-29 11:24:15.092 2021 2041 D Benchmark: Complete
01-29 11:24:15.256 2021 2041 I System.out: 0 Flags,IntendedVsync,Vsync,OldestInputEvent,NewestInputEvent,HandleInputStart,AnimationStart,PerformTraversalsStart,DrawStart,SyncQueued,SyncStart,IssueDrawCommandsStart,SwapBuffers,FrameCompleted,DequeueBufferDuration,QueueBufferDuration,GpuCompleted,
01-29 11:24:15.256 2021 2041 I System.out: 1 1,109723214105,109723214105,9223372036854775807,0,109735922660,109735922951,109735923031,109777886822,109778374388,109779209247,109779228233,109780063844,109784276432,317296,1210436,109783833880,
01-29 11:24:15.256 2021 2041 I System.out: 2 0,109739881586,109773214918,9223372036854775807,0,109789837025,109789837977,109805445725,109805483997,109810564898,109810615874,109810884639,109812360663,109818854240,110237,1809992,109823368555,
01-29 11:24:15.256 2021 2041 I System.out: 3 0,109806551749,109823218415,9223372036854775807,0,109827028365,109827029296,109874984319,109875119183,109895255574,109895326978,109895369989,109903465857,109905242948,27452,266181,109905185970,
01-29 11:24:15.256 2021 2041 I System.out: 4 0,109839886475,109906553139,9223372036854775807,0,109912791337,109912792168,109930365712,109930406809,109934872093,109934957764,109934997388,109935420533,109936389996,23545,188304,109936340082,
01-29 11:24:15.256 2021 2041 I System.out: 5 0,109923223012,109923223012,9223372036854775807,0,109936196492,109936197183,109937164281,109937203595,109939238861,109939350000,109939433256,109941112072,109947224071,3919317,109826,109956761459,
01-29 11:24:15.256 2021 2041 I System.out: 6 0,109939890227,109939890227,9223372036854775807,0,109952193342,109952193963,109953159087,109953223288,109955129651,109955273341,109955322464,109955928553,109964799298,6954854,237887,109957793429,
01-29 11:24:15.256 2021 2041 I System.out: 7 0,109956557290,109956557290,9223372036854775807,0,109965396981,109965397172,109966673912,109966693729,109969280221,109969743702,109969780681,109970373245,109975283886,3306866,267573,109971927056,
01-29 11:24:15.256 2021 2041 I System.out: 8 0,109973225125,109973225125,9223372036854775807,0,109975508108,109975508308,109976780559,109976815094,109978623073,109978696270,109978742217,109980354808,109991734719,8469691,135835,109990152235,
01-29 11:24:15.256 2021 2041 I System.out: 9 0,109989892018,109989892018,9223372036854775807,0,109990337753,109990337954,109992678153,109992739278,109998626404,109998702256,109998748914,109999363840,110008087117,5476635,212830,110002565308,
01-29 11:24:15.256 2021 2041 I System.out: 10 0,110006559222,110006559222,9223372036854775807,0,110006852697,110006852928,110012306308,110012369658,110017954816,110018082236,110018117001,110018594599,110026765358,5108142,1350759,110021603054,
01-29 11:24:15.256 2021 2041 I System.out: 11 0,110023226335,110023226335,9223372036854775807,0,110026650532,110026651484,110028095217,110028138158,110030317936,110030388398,110030428363,110031997272,110043135900,8473437,187332,110034584165,
01-29 11:24:15.256 2021 2041 I System.out: 12 0,110039893418,110039893418,9223372036854775807,0,110040095956,110040096907,110044258129,110044298565,110047989664,110048053904,110048083630,110048561879,110057995402,7276207,181992,110056745192,
01-29 11:24:15.256 2021 2041 I System.out: 13 0,110056560552,110056560552,9223372036854775807,0,110067087082,110067087422,110068762241,110068783040,110069908495,110069956375,110069992413,110070402875,110076171268,3240552,108835,110072883437,
01-29 11:24:15.256 2021 2041 I System.out: 14 0,110073227789,110073227789,9223372036854775807,0,110074541955,110074542296,110075509945,110075552475,110077588552,110078865703,110078901309,110079485668,110093088558,11236822,141627,110081773569,
01-29 11:24:15.256 2021 2041 I System.out: 15 0,110089895072,110089895072,9223372036854775807,0,110090311528,110090311688,110091321737,110091359037,110093804373,110093856020,110093887169,110094335041,110107774514,11142274,104246,110106713489,
01-29 11:24:15.256 2021 2041 I System.out: 16 0,110106562278,110106562278,9223372036854775807,0,110106962056,110106963249,110108475221,110108523331,110110357549,110110448810,110110483436,110110991280,110124891739,11754916,149951,110113099203,
01-29 11:24:15.256 2021 2041 I System.out: 17 0,110123229561,110123229561,9223372036854775807,0,110123514831,110123520482,110124397360,110124432937,110125936513,110126008990,110126055206,110126537954,110142829037,14122817,127630,110140041898,
01-29 11:24:15.256 2021 2041 I System.out: 18 0,110139896799,110139896799,9223372036854775807,0,110140213230,110140214322,110141205695,110141239288,110142613572,110142880273,110142910600,110143329758,110159791351,14428873,157395,110145320690,
01-29 11:24:15.256 2021 2041 I System.out: 19 0,110156564004,110156564004,9223372036854775807,0,110156715720,110156716612,110160656087,110160701262,110162210870,110162299847,110162336536,110162819363,110174297008,8708259,593195,110165541941,
01-29 11:24:15.256 2021 2041 I System.out: 20 0,110173231204,110173231204,9223372036854775807,0,110173404781,110173405853,110175257564,110175310513,110176920299,110176984600,110177020047,110177621167,110193419784,13106096,455877,110190040001,
01-29 11:24:15.256 2021 2041 I System.out: 21 0,110189898577,110189898577,9223372036854775807,0,110190058235,110190070659,110193899025,110193941425,110195291482,110195355563,110195397251,110195846335,110209443845,10946326,457200,110206715346,
01-29 11:24:15.256 2021 2041 I System.out: 22 0,110206565650,110206565650,9223372036854775807,0,110206925792,110206926984,110208196330,110208250702,110209737758,110209821104,110209862472,110210340230,110226523681,13847089,200126,110223442689,
01-29 11:24:15.256 2021 2041 I System.out: 23 0,110223232609,110223232609,9223372036854775807,0,110223646803,110223647654,110224605495,110224641673,110226121264,110226569687,110226624670,110227075538,110241263908,10809639,967068,110230409996,
01-29 11:24:15.256 2021 2041 I System.out: 24 0,110239899746,110239899746,9223372036854775807,0,110240220036,110240220918,110243263497,110243317368,110244711729,110244796278,110244859677,110245621349,110259824017,12497422,921983,110247257194,
01-29 11:24:15.256 2021 2041 I System.out: 25 0,110256566931,110256566931,9223372036854775807,0,110256784493,110256785715,110261476663,110261516458,110262737643,110262840136,110262881594,110263522909,110274502378,9282018,751102,110273415495,
01-29 11:24:15.256 2021 2041 I System.out: 26 0,110273234068,110273234068,9223372036854775807,0,110273660736,110273661878,110275108077,110275153792,110276810917,110276907198,110276962342,110277642380,110293068177,14342390,148349,110290054432,
01-29 11:24:15.256 2021 2041 I System.out: 27 0,110289901165,110289901165,9223372036854775807,0,110290236183,110290237205,110291429997,110291474421,110293209242,110293267371,110293307897,110293940887,110307557583,11910088,952039,110295612339,
01-29 11:24:15.256 2021 2041 I System.out: 28 0,110306568817,110306568817,9223372036854775807,0,110306882234,110306883055,110307569485,110307606204,110308978704,110309045931,110309093691,110309813544,110325945718,14435845,980403,110311475628,
01-29 11:24:15.256 2021 2041 I System.out: 29 0,110323235975,110323235975,9223372036854775807,0,110323533113,110323533984,110324198203,110324234912,110325706218,110326005610,110326259608,110327056356,110343099432,15146792,88757,110340104633,
01-29 11:24:15.256 2021 2041 I System.out: 30 0,110339902746,110339902746,9223372036854775807,0,110340126244,110340142775,110343349783,110343390349,110344791102,110344864029,110344892343,110345513430,110357783665,10426148,639192,110347307152,
01-29 11:24:15.256 2021 2041 I System.out: 31 0,110356569605,110356569605,9223372036854775807,0,110356782333,110356784056,110358216919,110358259459,110360580492,110360699285,110360750201,110361586553,110377168213,14213277,171793,110373389580,
01-29 11:24:15.256 2021 2041 I System.out: 32 0,110373236671,110373236671,9223372036854775807,0,110373403286,110373404257,110375790834,110375837952,110375926078,110377245598,110377287276,110378496930,110395262205,14902883,1006722,110380318104,
01-29 11:24:15.256 2021 2041 I System.out: 33 0,110389903696,110389903696,9223372036854775807,0,110390081807,110390082849,110393799675,110393835713,110395462241,110395533394,110395562790,110396202532,110409819108,11964840,948332,110397814172,
01-29 11:24:15.256 2021 2041 I System.out: 34 0,110406570827,110406570827,9223372036854775807,0,110406704042,110406705124,110412407664,110412449432,110414164726,110414240459,110414273421,110415003253,110424471100,7850046,712169,-3211262987504685704,
01-29 11:24:15.256 2021 2041 I System.out: 35 0,110423237741,110423237741,9223372036854775807,0,110423415846,110423416718,110425531753,110425568072,110426258399,110426337107,110426376391,110427156207,110441731475,11862127,1558650,-3921643605196060857,
01-29 11:24:15.256 2021 2041 I System.out: 36 0,110573238808,110573238808,9223372036854775807,0,110573429372,110573430234,110573430344,110573829063,110573934181,110574080736,110574121062,110574848389,110576036382,23354,359245,1710028795832469502,
01-29 11:24:15.256 2021 2041 I System.out: 0 Flags,IntendedVsync,Vsync,OldestInputEvent,NewestInputEvent,HandleInputStart,AnimationStart,PerformTraversalsStart,DrawStart,SyncQueued,SyncStart,IssueDrawCommandsStart,SwapBuffers,FrameCompleted,DequeueBufferDuration,QueueBufferDuration,GpuCompleted,
01-29 11:24:15.256 2021 2041 I System.out: 1 1,136206577201,136206577201,9223372036854775807,0,136206765560,136206766672,136206766892,136234141329,136234503891,136234672978,136234688778,136238390677,136242783674,22733,176922,136256753724,
01-29 11:24:15.256 2021 2041 I System.out: 2 0,136223244208,136239910874,9223372036854775807,0,136252730442,136252731764,136274861673,136274890316,136275483421,136281893280,136281921103,136282434097,136283733680,34936,181070,136283569952,
01-29 11:24:15.256 2021 2041 I System.out: 3 0,136273244945,136273244945,9223372036854775807,0,136285589829,136285590370,136313808011,136313922336,136322237667,136322350068,136322376067,136322855959,136328476995,23684,4626537,136328424437,
01-29 11:24:15.256 2021 2041 I System.out: 4 0,136289911869,136323245201,9223372036854775807,0,136335129801,136335131314,136344519892,136344553765,136348110832,136348179331,136348218524,136350907439,136353323019,22753,125215,136353269859,
01-29 11:24:15.256 2021 2041 I System.out: 5 0,136339912778,136339912778,9223372036854775807,0,136352216640,136352217461,136353605681,136353642239,136354937664,136354996305,136355060175,136362080952,136363234771,21300,164829,136370317074,
01-29 11:24:15.256 2021 2041 I System.out: 6 0,136356579476,136356579476,9223372036854775807,0,136358646586,136358646757,136359517684,136359536880,136360575322,136363266510,136363302829,136367144500,136377630000,7100487,275728,136370490239,
01-29 11:24:15.256 2021 2041 I System.out: 7 0,136373246412,136373246412,9223372036854775807,0,136374188922,136374189413,136375511989,136375551423,136377165958,136377673933,136377721763,136384319555,136393243680,7793399,171743,136390102796,
01-29 11:24:15.256 2021 2041 I System.out: 8 0,136389913291,136389913291,9223372036854775807,0,136390915784,136390916265,136392067759,136392095301,136393783665,136393847725,136393889995,136394489852,136414625532,14236080,176231,83300338497,
01-29 11:24:15.256 2021 2041 I System.out: 9 0,136406580203,136406580203,9223372036854775807,0,136407258313,136407258634,136408301645,136408321292,136415117186,136415184683,136415233505,136415704640,136425513168,5183022,1933203,83318294490,
01-29 11:24:15.256 2021 2041 I System.out: 10 0,136423247164,136423247164,9223372036854775807,0,136423633424,136423633845,136424793104,136424831046,136426874386,136426933367,136426965558,136427524689,136450286365,17528860,218290,83334288084,
01-29 11:24:15.257 2021 2041 D UiDevice: Waiting 10000ms for SearchCondition[hasObject=BySelector [TEXT='\QGet Started\E']].
01-29 11:24:15.257 2021 2041 D UiDevice: Searching for node with selector: BySelector [TEXT='\QGet Started\E'].
01-29 11:24:15.273 478 2340 D HostConnection: HostConnection::get() New Host Connection established 0x7e5153e17890, tid 2340
01-29 11:24:15.273 987 987 D TaplTarget: sendStateEventToTest: 0
01-29 11:24:15.273 987 987 D RecentsOrientedState: current RecentsOrientedState: [this=RecentsOrientedState@5c28903 mOrientationHandler=PortraitPagedViewHandler@4e57080 mDisplayRotation=0 mTouchRotation=0 mRecentsActivityRotation=0 isRecentsActivityRotationAllowed=false mSystemRotation=true mFlags=299]
01-29 11:24:15.274 987 987 I chatty : uid=10118(com.android.launcher3) identical 2 lines
01-29 11:24:15.274 987 987 D RecentsOrientedState: current RecentsOrientedState: [this=RecentsOrientedState@5c28903 mOrientationHandler=PortraitPagedViewHandler@4e57080 mDisplayRotation=0 mTouchRotation=0 mRecentsActivityRotation=0 isRecentsActivityRotationAllowed=false mSystemRotation=true mFlags=299]
01-29 11:24:15.275 478 2340 D HostConnection: HostComposition ext ANDROID_EMU_CHECKSUM_HELPER_v1 ANDROID_EMU_native_sync_v2 ANDROID_EMU_dma_v1 ANDROID_EMU_direct_mem ANDROID_EMU_host_composition_v1 ANDROID_EMU_host_composition_v2 ANDROID_EMU_vulkan ANDROID_EMU_deferred_vulkan_commands ANDROID_EMU_vulkan_null_optional_strings ANDROID_EMU_vulkan_create_resources_with_requirements ANDROID_EMU_YUV_Cache ANDROID_EMU_vulkan_ignored_handles ANDROID_EMU_has_shared_slots_host_memory_allocator ANDROID_EMU_vulkan_free_memory_sync ANDROID_EMU_vulkan_shader_float16_int8 ANDROID_EMU_vulkan_async_queue_submit ANDROID_EMU_sync_buffer_data ANDROID_EMU_vulkan_async_qsri ANDROID_EMU_read_color_buffer_dma GL_OES_EGL_image_external_essl3 GL_OES_vertex_array_object GL_KHR_texture_compression_astc_ldr ANDROID_EMU_host_side_tracing ANDROID_EMU_gles_max_version_3_0
01-29 11:24:15.275 478 2340 D EGL_emulation: eglCreateContext: 0x7e5143e9d170: maj 3 min 0 rcv 3
01-29 11:24:15.276 478 2340 D EGL_emulation: eglMakeCurrent: 0x7e5143e9d170: ver 3 0 (tinfo 0x7e50e3ee3700) (first time)
01-29 11:24:15.282 255 398 W netd : dnssd_clientstub DNSServiceProcessResult called with NULL DNSServiceRef
01-29 11:24:15.282 2145 2191 I DistCache: Discovery stopped: _dcache._tcp
01-29 11:24:15.285 2145 2145 D AppActivity$onDestroy: AppActivity#onDestroy
01-29 11:24:15.287 255 398 W netd : dnssd_clientstub DNSServiceProcessResult called with NULL DNSServiceRef
01-29 11:24:15.287 2145 2191 I DistCache: Unregistered: name: DCache, type: _dcache._tcp, host: null, port: 43263, txtRecord:
01-29 11:24:15.882 2021 2041 D UiDevice: Searching for node with selector: BySelector [TEXT='\QGet Started\E'].
01-29 11:24:17.199 2021 2041 I chatty : uid=10131(com.ustadmobile.app_android_baselineprofile) roidJUnitRunner identical 8 lines
01-29 11:24:17.302 2021 2041 D UiDevice: Searching for node with selector: BySelector [TEXT='\QGet Started\E'].
01-29 11:24:17.340 2145 2188 D DistCache: DistributedCacheHashtable(43263 unknown Android SDK built for x86_64): sending pings to 0 nodes
01-29 11:24:17.404 2021 2041 D UiDevice: Searching for node with selector: BySelector [TEXT='\QGet Started\E'].
01-29 11:24:19.559 2021 2041 I chatty : uid=10131(com.ustadmobile.app_android_baselineprofile) roidJUnitRunner identical 21 lines
01-29 11:24:19.661 2021 2041 D UiDevice: Searching for node with selector: BySelector [TEXT='\QGet Started\E'].
01-29 11:24:19.751 350 350 I perfetto: probes_producer.cc:329 Producer stop (id=6)
01-29 11:24:19.751 361 361 I perfetto: ng_service_impl.cc:1948 Tracing session 6 ended, total sessions:1
01-29 11:24:19.764 2021 2041 D UiDevice: Searching for node with selector: BySelector [TEXT='\QGet Started\E'].
01-29 11:24:19.866 2021 2041 D UiDevice: Searching for node with selector: BySelector [TEXT='\QGet Started\E'].
01-29 11:24:19.910 350 350 I perfetto: probes_producer.cc:329 Producer stop (id=7)
01-29 11:24:19.910 350 350 I perfetto: ftrace_procfs.cc:183 disabled ftrace
01-29 11:24:19.910 361 361 I perfetto: ng_service_impl.cc:1948 Tracing session 7 ended, total sessions:0
01-29 11:24:19.969 2021 2041 D UiDevice: Searching for node with selector: BySelector [TEXT='\QGet Started\E'].
01-29 11:24:20.174 2021 2041 I chatty : uid=10131(com.ustadmobile.app_android_baselineprofile) roidJUnitRunner identical 2 lines
01-29 11:24:20.277 2021 2041 D UiDevice: Searching for node with selector: BySelector [TEXT='\QGet Started\E'].
01-29 11:24:20.340 2145 2188 D DistCache: DistributedCacheHashtable(43263 unknown Android SDK built for x86_64): sending pings to 0 nodes
01-29 11:24:20.379 2021 2041 D UiDevice: Searching for node with selector: BySelector [TEXT='\QGet Started\E'].
01-29 11:24:23.045 2021 2041 I chatty : uid=10131(com.ustadmobile.app_android_baselineprofile) roidJUnitRunner identical 26 lines
01-29 11:24:23.148 2021 2041 D UiDevice: Searching for node with selector: BySelector [TEXT='\QGet Started\E'].
01-29 11:24:23.239 2145 2169 D UstadCache: CacheTrimmer: Trim cache run: max (evictable) size = 100000000 bytes
01-29 11:24:23.240 2145 2169 V UstadCache: CacheTrimmer: deleting
01-29 11:24:23.251 2021 2041 D UiDevice: Searching for node with selector: BySelector [TEXT='\QGet Started\E'].
01-29 11:24:23.341 2145 2188 D DistCache: DistributedCacheHashtable(43263 unknown Android SDK built for x86_64): sending pings to 0 nodes
01-29 11:24:23.353 2021 2041 D UiDevice: Searching for node with selector: BySelector [TEXT='\QGet Started\E'].
01-29 11:24:25.200 2021 2041 I chatty : uid=10131(com.ustadmobile.app_android_baselineprofile) roidJUnitRunner identical 18 lines
01-29 11:24:25.303 2021 2041 D UiDevice: Searching for node with selector: BySelector [TEXT='\QGet Started\E'].
01-29 11:24:26.305 2021 2041 D UiDevice: Retrieving node with selector: BySelector [TEXT='\QGet Started\E'].
01-29 11:24:26.308 2021 2041 D UiDevice: Node not found with selector: BySelector [TEXT='\QGet Started\E'].
01-29 11:24:26.342 2145 2188 D DistCache: DistributedCacheHashtable(43263 unknown Android SDK built for x86_64): sending pings to 0 nodes
01-29 11:24:29.343 2145 2188 D DistCache: DistributedCacheHashtable(43263 unknown Android SDK built for x86_64): sending pings to 0 nodes
01-29 11:24:31.308 2021 2041 D Benchmark: Profile Installer - Save Profile
01-29 11:24:31.316 2145 2145 I Process : Sending signal. PID: 2145 SIG: 10
01-29 11:24:31.316 2145 2145 D ProfileInstaller:
01-29 11:24:31.316 2145 2153 I aktabmobile.ap: Thread[4,tid=2153,WaitingInMainSignalCatcherLoop,Thread*=0x7e5233e1f380,peer=0x13402488,"Signal Catcher"]: reacting to signal 10
01-29 11:24:31.316 2145 2153 I aktabmobile.ap:
01-29 11:24:31.316 2145 2153 I aktabmobile.ap: SIGUSR1 forcing GC (no HPROF) and profile save
01-29 11:24:31.317 2650 2652 I cmd : oneway function results will be dropped but finished with status OK and parcel size 4
01-29 11:24:31.328 2145 2153 I aktabmobile.ap: Explicit concurrent copying GC freed 127297(4713KB) AllocSpace objects, 5(132KB) LOS objects, 49% free, 6994KB/13MB, paused 7us total 11.658ms
01-29 11:24:31.818 2021 2041 D Benchmark: Killing process tj.maktabmobile.app
01-29 11:24:31.818 2021 2041 D UiDevice: Executing shell command: killall tj.maktabmobile.app
01-29 11:24:31.840 478 492 I PackageDexOptimizer: Running dexopt (dexoptNeeded=-3) on: /data/app/~~udvmEuEJhL3rR0pnxkb45Q==/tj.maktabmobile.app-qWZ3Bw-qpBT7rr6Ga6g6aQ==/base.apk pkg=tj.maktabmobile.app isa=x86_64 dexoptFlags=boot_complete,profile_guided,force,enable_hidden_api_checks targetFilter=speed-profile oatDir=/data/app/~~udvmEuEJhL3rR0pnxkb45Q==/tj.maktabmobile.app-qWZ3Bw-qpBT7rr6Ga6g6aQ==/oat classLoaderContext=PCL[]{PCL[/system_ext/framework/androidx.window.sidecar.jar]}
01-29 11:24:31.841 380 380 V installd: DexInv: --- BEGIN '/data/app/~~udvmEuEJhL3rR0pnxkb45Q==/tj.maktabmobile.app-qWZ3Bw-qpBT7rr6Ga6g6aQ==/base.apk' ---
01-29 11:24:31.845 2664 2664 W dex2oat32: Unexpected CPU variant for X86 using defaults: x86_64
01-29 11:24:31.912 2664 2664 I dex2oat32: /apex/com.android.art/bin/dex2oat32 --input-vdex-fd=9 --output-vdex-fd=10 --updatable-bcp-packages-file=/system/etc/updatable-bcp-packages.txt --resolve-startup-const-strings=true --max-image-block-size=524288 --compiler-filter=speed-profile --profile-file-fd=12 --classpath-dir=/data/app/~~udvmEuEJhL3rR0pnxkb45Q==/tj.maktabmobile.app-qWZ3Bw-qpBT7rr6Ga6g6aQ== --class-loader-context=PCL[]{PCL[/system_ext/framework/androidx.window.sidecar.jar]} --generate-mini-debug-info --compilation-reason=unknown
01-29 11:24:31.912 2664 2664 I dex2oat32: setting boot class path to /apex/com.android.art/javalib/core-oj.jar:/apex/com.android.art/javalib/core-libart.jar:/apex/com.android.art/javalib/core-icu4j.jar:/apex/com.android.art/javalib/okhttp.jar:/apex/com.android.art/javalib/bouncycastle.jar:/apex/com.android.art/javalib/apache-xml.jar:/system/framework/framework.jar:/system/framework/ext.jar:/system/framework/telephony-common.jar:/system/framework/voip-common.jar:/system/framework/ims-common.jar:/system/framework/framework-atb-backward-compatibility.jar
01-29 11:24:32.344 2145 2188 D DistCache: DistributedCacheHashtable(43263 unknown Android SDK built for x86_64): sending pings to 0 nodes
01-29 11:24:35.344 2145 2188 D DistCache: DistributedCacheHashtable(43263 unknown Android SDK built for x86_64): sending pings to 0 nodes
01-29 11:24:35.490 2664 2664 W dex2oat32: Could not reserve sentinel fault page
01-29 11:24:36.057 1168 1844 I Dialer : OmtpVvmCarrierCfgHlpr - OmtpEvent:CONFIG_STATUS_SMS_TIME_OUT
01-29 11:24:36.057 1168 1168 I Dialer : RetryPolicy - discarding deferred status: configuration_state=4
01-29 11:24:36.058 1168 1168 I Dialer : VvmTaskExecutor - no more tasks, stopping service if no task are added in 5000 millis
01-29 11:24:36.058 1168 1168 I Dialer : VvmTaskReceiver - task received
01-29 11:24:36.058 1168 1168 I Dialer : VvmTaskReceiver - TaskExecutor already running
01-29 11:24:36.058 1168 1168 I Dialer : Task.createTask - create task:com.android.voicemail.impl.ActivationTask
01-29 11:24:36.058 1168 1168 I Dialer : RetryPolicy - retry #2 for com.android.voicemail.impl.ActivationTask@82869be queued, executing in 5000
01-29 11:24:36.058 1168 1168 I Dialer : VvmTaskExecutor - com.android.voicemail.impl.ActivationTask@82869be added
01-29 11:24:36.058 1168 1168 I Dialer : VvmTaskExecutor - minimal wait time:5000
01-29 11:24:36.058 1168 1168 I Dialer : VvmTaskExecutor - sleep for 5000 millis
01-29 11:24:36.068 2664 2666 W dex2oat32: Class androidx.compose.runtime.snapshots.SnapshotStateMap failed lock verification and will run slower.
01-29 11:24:36.068 2664 2666 W dex2oat32: Common causes for lock verification issues are non-optimized dex code
01-29 11:24:36.068 2664 2666 W dex2oat32: and incorrect proguard optimizations.
01-29 11:24:36.068 2664 2664 W dex2oat32: Class androidx.compose.runtime.snapshots.SnapshotStateList failed lock verification and will run slower.
01-29 11:24:36.131 2664 2666 W dex2oat32: Accessing hidden method Landroid/graphics/Canvas;->drawPatch(Landroid/graphics/NinePatch;Landroid/graphics/Rect;Landroid/graphics/Paint;)V (greylist-max-o, linking, denied)
01-29 11:24:36.131 2664 2666 W dex2oat32: Accessing hidden method Landroid/graphics/Canvas;->drawPatch(Landroid/graphics/NinePatch;Landroid/graphics/RectF;Landroid/graphics/Paint;)V (greylist-max-o, linking, denied)
01-29 11:24:36.135 2664 2664 W dex2oat32: Accessing hidden method Landroid/graphics/Bitmap;->getHardwareBuffer()Landroid/hardware/HardwareBuffer; (blacklist, linking, denied)
01-29 11:24:36.267 2664 2666 W dex2oat32: Accessing hidden method Landroid/app/job/JobParameters;->getStopReason()I (greylist-max-o, linking, denied)
01-29 11:24:38.088 2664 2664 I dex2oat32: Explicit concurrent copying GC freed 275896(40MB) AllocSpace objects, 0(0B) LOS objects, 49% free, 2264KB/4528KB, paused 13us total 7.629ms
01-29 11:24:38.114 2664 2664 W dex2oat32: Accessing hidden field Ljava/nio/file/FileSystemException;->file:Ljava/lang/String; (greylist-max-o, linking, denied)
01-29 11:24:38.114 2664 2664 W dex2oat32: Accessing hidden field Ljava/nio/file/FileSystemException;->other:Ljava/lang/String; (greylist-max-o, linking, denied)
01-29 11:24:38.114 2664 2664 W dex2oat32: Accessing hidden field Ljava/nio/file/InvalidPathException;->index:I (greylist-max-o, linking, denied)
01-29 11:24:38.114 2664 2664 W dex2oat32: Accessing hidden field Ljava/nio/file/InvalidPathException;->input:Ljava/lang/String; (greylist-max-o, linking, denied)
01-29 11:24:38.116 2664 2664 W dex2oat32: Accessing hidden method Landroid/graphics/Bitmap;->getHardwareBuffer()Landroid/hardware/HardwareBuffer; (blacklist, linking, denied)
01-29 11:24:38.116 2664 2664 W dex2oat32: Accessing hidden method Landroid/graphics/Canvas;->drawPatch(Landroid/graphics/NinePatch;Landroid/graphics/Rect;Landroid/graphics/Paint;)V (greylist-max-o, linking, denied)
01-29 11:24:38.116 2664 2664 W dex2oat32: Accessing hidden method Landroid/graphics/Canvas;->drawPatch(Landroid/graphics/NinePatch;Landroid/graphics/RectF;Landroid/graphics/Paint;)V (greylist-max-o, linking, denied)
01-29 11:24:38.127 2664 2664 W dex2oat32: Accessing hidden method Landroid/app/job/JobParameters;->getStopReason()I (greylist-max-o, linking, denied)
01-29 11:24:38.345 2145 2188 D DistCache: DistributedCacheHashtable(43263 unknown Android SDK built for x86_64): sending pings to 0 nodes
01-29 11:24:39.152 2664 2664 I dex2oat32: dex2oat took 7.307s (9.136s cpu) (threads: 2) arena alloc=4154KB (4254568B) java alloc=2280KB (2335144B) native alloc=81MB (85726736B) free=83MB (87475104B)
01-29 11:24:39.170 380 380 V installd: DexInv: --- END '/data/app/~~udvmEuEJhL3rR0pnxkb45Q==/tj.maktabmobile.app-qWZ3Bw-qpBT7rr6Ga6g6aQ==/base.apk' (success) ---
01-29 11:24:39.177 2660 2662 I cmd : oneway function results will be dropped but finished with status OK and parcel size 4
01-29 11:24:39.188 2021 2041 D Benchmark: Reference profile location: /data/misc/profiles/ref/tj.maktabmobile.app/primary.prof
01-29 11:24:39.209 2021 2041 D Benchmark: APK Path: /data/app/~~udvmEuEJhL3rR0pnxkb45Q==/tj.maktabmobile.app-qWZ3Bw-qpBT7rr6Ga6g6aQ==/base.apk
01-29 11:24:39.209 2021 2041 D Benchmark: Converting to human readable profile format
01-29 11:24:39.209 2021 2041 D Benchmark: Using profile location: /data/misc/profiles/ref/tj.maktabmobile.app/primary.prof
01-29 11:24:39.484 2692 2692 W profman : profman took 263.874ms
01-29 11:24:39.501 2021 2041 D Benchmark: Using profile location: /data/misc/profiles/cur/0/tj.maktabmobile.app/primary.prof
01-29 11:24:39.758 2703 2703 W profman : profman took 243.871ms
01-29 11:24:40.674 2021 2041 D Benchmark: Unstable profiles during iteration 4
01-29 11:24:40.675 2021 2041 D Benchmark: Killing package tj.maktabmobile.app
01-29 11:24:40.675 2021 2041 D Benchmark: Killing process tj.maktabmobile.app
01-29 11:24:40.675 2021 2041 D UiDevice: Executing shell command: killall tj.maktabmobile.app
01-29 11:24:40.681 2021 2041 D Benchmark: Compile iteration (5) for tj.maktabmobile.app
01-29 11:24:40.681 2021 2041 D UiDevice: Pressing home button.
01-29 11:24:40.697 638 638 V ShadeControllerImpl: NotificationShadeWindow: com.android.systemui.statusbar.phone.NotificationShadeWindowView{90561f7 I.E...... ......ID 0,0-1080,1920} canPanelBeCollapsed(): false
01-29 11:24:40.697 478 498 D EventSequenceValidator: inc AccIntentStartedEvents to 2
01-29 11:24:40.698 478 496 W InputReader: Device virtio_input_multi_touch_10 is associated with display ADISPLAY_ID_NONE.
01-29 11:24:40.698 478 496 W InputReader: Device virtio_input_multi_touch_7 is associated with display ADISPLAY_ID_NONE.
01-29 11:24:40.698 478 496 W InputReader: Device virtio_input_multi_touch_11 is associated with display ADISPLAY_ID_NONE.
01-29 11:24:40.698 478 496 W InputReader: Device virtio_input_multi_touch_5 is associated with display ADISPLAY_ID_NONE.
01-29 11:24:40.698 478 496 W InputReader: Device virtio_input_multi_touch_2 is associated with display ADISPLAY_ID_NONE.
01-29 11:24:40.698 478 496 W InputReader: Device virtio_input_multi_touch_6 is associated with display ADISPLAY_ID_NONE.
01-29 11:24:40.698 478 496 W InputReader: Device virtio_input_multi_touch_8 is associated with display ADISPLAY_ID_NONE.
01-29 11:24:40.698 478 496 W InputReader: Device virtio_input_multi_touch_9 is associated with display ADISPLAY_ID_NONE.
01-29 11:24:40.698 478 496 W InputReader: Device virtio_input_multi_touch_3 is associated with display ADISPLAY_ID_NONE.
01-29 11:24:40.698 478 496 W InputReader: Device virtio_input_multi_touch_4 is associated with display ADISPLAY_ID_NONE.
01-29 11:24:40.698 478 496 W InputReader: Device virtio_input_multi_touch_10 is associated with display ADISPLAY_ID_NONE.
01-29 11:24:40.698 478 496 W InputReader: Device virtio_input_multi_touch_7 is associated with display ADISPLAY_ID_NONE.
01-29 11:24:40.698 478 496 W InputReader: Device virtio_input_multi_touch_11 is associated with display ADISPLAY_ID_NONE.
01-29 11:24:40.698 478 496 W InputReader: Device virtio_input_multi_touch_5 is associated with display ADISPLAY_ID_NONE.
01-29 11:24:40.698 478 496 W InputReader: Device virtio_input_multi_touch_2 is associated with display ADISPLAY_ID_NONE.
01-29 11:24:40.698 478 496 W InputReader: Device virtio_input_multi_touch_6 is associated with display ADISPLAY_ID_NONE.
01-29 11:24:40.698 478 496 W InputReader: Device virtio_input_multi_touch_8 is associated with display ADISPLAY_ID_NONE.
01-29 11:24:40.698 478 496 W InputReader: Device virtio_input_multi_touch_9 is associated with display ADISPLAY_ID_NONE.
01-29 11:24:40.698 478 496 W InputReader: Device virtio_input_multi_touch_3 is associated with display ADISPLAY_ID_NONE.
01-29 11:24:40.698 478 496 W InputReader: Device virtio_input_multi_touch_4 is associated with display ADISPLAY_ID_NONE.
01-29 11:24:40.698 361 361 I perfetto: ing_service_impl.cc:758 Configured tracing session 8, #sources:1, duration:5000 ms, #buffers:1, total buffer size:4096 KB, total sessions:1, uid:1071 session name: ""
01-29 11:24:40.699 350 350 I perfetto: probes_producer.cc:230 Ftrace setup (target_buf=8)
