01-29 11:25:06.876 2021 2041 I System.out: 2 0,162123253431,162156586763,9223372036854775807,0,162169759107,162169760149,162186314797,162186358559,162186902121,162186978334,162187008291,162187475399,162188767047,15058,461547,162188655778,
01-29 11:25:06.876 2021 2041 I System.out: 3 0,162189920636,162189920636,9223372036854775807,0,162192980437,162192980787,162226577330,162226608459,162238346743,162238418909,162238446130,162238879735,162249119644,16801,104838,162249080190,
01-29 11:25:06.876 2021 2041 I System.out: 4 0,162206587416,162239920748,9223372036854775807,0,162252416822,162252417513,162272079833,162272115640,162282815583,162282882539,162282920881,162285701268,162286555684,25698,144031,162290078435,
01-29 11:25:06.876 2021 2041 I System.out: 5 0,162256587778,162273254444,9223372036854775807,0,162283798491,162283799032,162284621979,162284650462,162285918576,162286769976,162286865095,162289989378,162301372686,37631,77696,162306123756,
01-29 11:25:06.876 2021 2041 I System.out: 6 0,162289921157,162289921157,9223372036854775807,0,162302003872,162302004664,162303187046,162303231119,162304809736,162304857166,162304890408,162305370951,162308579012,2377750,86232,162306171045,
01-29 11:25:06.876 2021 2041 I System.out: 7 0,162306587898,162306587898,9223372036854775807,0,162307677146,162307677377,162315834741,162315871429,162317281991,162317339219,162317384293,162318124505,162328588444,9393307,93125,162323403508,
01-29 11:25:06.876 2021 2041 I System.out: 8 0,162323254683,162323254683,9223372036854775807,0,162328789652,162328790093,162330110235,162330137867,162334719128,162334765976,162334828654,162335337410,162346907469,10268973,78988,162336597289,
01-29 11:25:06.876 2021 2041 I System.out: 9 0,162339921422,162339921422,9223372036854775807,0,162340268650,162340268820,162342515764,162342563023,162347545438,162347614308,162347649995,162348166426,162357800385,6515277,1671812,162351244742,
01-29 11:25:06.876 2021 2041 I System.out: 10 0,162356588260,162356588260,9223372036854775807,0,162357131327,162357131798,162358228590,162358249579,162359551577,162362293551,162362335900,162362785796,162377147102,11860144,149831,162373375903,
01-29 11:25:06.876 2021 2041 I System.out: 11 0,162373255029,162373255029,9223372036854775807,0,162373667090,162373667501,162374849583,162374878858,162377092098,162377189992,162377227302,162378366814,162396022673,12016388,2177202,162383923790,
01-29 11:25:06.876 2021 2041 I System.out: 12 0,162389921772,162389921772,9223372036854775807,0,162390295177,162390295748,162391238069,162391262014,162392409882,162396373252,162396642498,162397232046,162411287747,11240279,191971,162406707177,
01-29 11:25:06.876 2021 2041 I System.out: 13 0,162406588602,162406588602,9223372036854775807,0,162406974469,162406975130,162407960933,162407993084,162409225671,162411333233,162411542205,162413249765,162427027594,9298990,360067,162417686265,
01-29 11:25:06.876 2021 2041 I System.out: 14 0,162423255422,162423255422,9223372036854775807,0,162423657900,162423658220,162424674260,162424707493,162427730455,162427776071,162427948144,162428496826,162442828355,10159668,664890,162432588647,
01-29 11:25:06.876 2021 2041 I System.out: 15 0,162439922240,162439922240,9223372036854775807,0,162440337122,162440337443,162441505959,162441543149,162443130273,162443183963,162443212156,162443620785,162457849020,11816201,502595,162445974519,
01-29 11:25:06.876 2021 2041 I System.out: 16 0,162456588968,162456588968,9223372036854775807,0,162466717039,162466717661,162467223622,162467251765,162468543383,162468619556,162468658499,162469439848,162475328507,2191901,894933,162480792367,
01-29 11:25:06.876 2021 2041 I System.out: 17 0,162473255692,162473255692,9223372036854775807,0,162475375084,162475375565,162476135684,162476174768,162477632347,162477692681,162477736443,162478270457,162491551802,10625824,168517,162490090816,
01-29 11:25:06.876 2021 2041 I System.out: 18 0,162489922350,162489922350,9223372036854775807,0,162490176958,162490177238,162492134117,162492172940,162493690923,162493796412,162493830185,162494313353,162510858243,13415568,230754,162506860529,
01-29 11:25:06.876 2021 2041 I System.out: 19 0,162506588946,162506588946,9223372036854775807,0,162506884063,162506885275,162511320683,162511372450,162512564841,162512652616,162512691449,162513367510,162526997050,10903646,460566,162523449131,
01-29 11:25:06.876 2021 2041 I System.out: 20 0,162523255663,162523255663,9223372036854775807,0,162523494586,162523495839,162525592099,162525639458,162527302133,162527395409,162527434352,162528024131,162542763597,11270596,700186,162531438118,
01-29 11:25:06.876 2021 2041 I System.out: 21 0,162539922445,162539922445,9223372036854775807,0,162540083419,162540084541,162541912748,162541952793,162543510691,162543571936,162543611160,162544145645,162559980340,12332392,649882,162556752182,
01-29 11:25:06.876 2021 2041 I System.out: 22 0,162556589201,162556589201,9223372036854775807,0,162556772350,162556773502,162559933161,162559970822,162561390651,162561467606,162561506559,162562060240,162576399313,11455453,182684,162564898284,
01-29 11:25:06.876 2021 2041 I System.out: 23 0,162573256024,162573256024,9223372036854775807,0,162573438247,162573439339,162578296850,162578351152,162579709425,162579791930,162579835893,162580509790,162595649759,13836199,195187,162581771482,
01-29 11:25:06.876 2021 2041 I System.out: 24 0,162589922824,162589922824,9223372036854775807,0,162590304501,162590305523,162592844917,162592898277,162595826201,162595895952,162595948000,162596820520,162608046942,8187270,1565763,162599799489,
01-29 11:25:06.876 2021 2041 I System.out: 25 0,162606589537,162606589537,9223372036854775807,0,162606983544,162606985417,162608414113,162608456943,162610063333,162610160065,162610196443,162611605872,162624766040,11855816,145643,162612850001,
01-29 11:25:06.876 2021 2041 I System.out: 26 0,162623255926,162623255926,9223372036854775807,0,162623505521,162623506442,162625496002,162625540646,162626859635,162626945236,162626981985,162628431460,162641251148,11755407,160772,162640088252,
01-29 11:25:06.876 2021 2041 I System.out: 27 0,162639922740,162639922740,9223372036854775807,0,162640099032,162640099874,162641716723,162641763541,162643217614,162643527126,162643573864,162644924483,162657811938,11912733,198082,162645859660,
01-29 11:25:06.876 2021 2041 I System.out: 28 0,162656589504,162656589504,9223372036854775807,0,162656942934,162656944006,162657585001,162657627000,162660142458,162660246063,162660284906,162661036248,162676308937,14151992,155993,162673413855,
01-29 11:25:06.876 2021 2041 I System.out: 29 0,162673256320,162673256320,9223372036854775807,0,162673423563,162673424385,162676626935,162676662712,162677764182,162677819727,162677850435,162678484747,162693028876,13479829,287751,162690068341,
01-29 11:25:06.876 2021 2041 I System.out: 30 0,162689923014,162689923014,9223372036854775807,0,162690083730,162690084862,162691488631,162691535168,162693119496,162693190500,162693239732,162693927726,162709733266,14739717,353254,162706739829,
01-29 11:25:06.876 2021 2041 I System.out: 31 0,162706589705,162706589705,9223372036854775807,0,162706754016,162706755098,162709973638,162710036827,162710108020,162710176950,162710206626,162710752372,162726220387,14075839,683275,162712108892,
01-29 11:25:06.876 2021 2041 I System.out: 32 0,162723256479,162723256479,9223372036854775807,0,162723416507,162723427367,162725459337,162725488862,162726591074,162726647130,162726677036,162727322890,162742862200,13846858,1006602,162728976658,
01-29 11:25:06.876 2021 2041 I System.out: 33 0,162739923191,162739923191,9223372036854775807,0,162740106389,162740107992,162743841701,162743877147,162745257572,162745323927,162745354795,162746130042,162759573442,11800923,874204,110397814172,
01-29 11:25:06.876 2021 2041 I System.out: 34 0,162756589984,162756589984,9223372036854775807,0,162756773199,162756774221,162760274160,162760317220,162760770943,162760827590,162760855472,162761460099,162774402968,12112588,127970,-3211262987504685704,
01-29 11:25:06.876 2021 2041 I System.out: 35 0,162939923763,162939923763,9223372036854775807,0,162940037197,162940037637,162940037768,162940283880,162940344685,162940419686,162940449922,162941114822,162943107528,96751,1031639,-3921643605196060857,
01-29 11:25:06.876 2021 2041 D Benchmark: Starting activity with command: am start -W "intent:#Intent;action=android.intent.action.MAIN;category=android.intent.category.LAUNCHER;launchFlags=0x10008000;package=tj.maktabmobile.app;component=tj.maktabmobile.app/com.ustadmobile.port.android.view.AppActivity;end"
01-29 11:25:06.908 478 498 D EventSequenceValidator: inc AccIntentStartedEvents to 2
01-29 11:25:06.909 361 361 I perfetto: ing_service_impl.cc:758 Configured tracing session 11, #sources:1, duration:5000 ms, #buffers:1, total buffer size:4096 KB, total sessions:2, uid:1071 session name: ""
01-29 11:25:06.909 350 350 I perfetto: probes_producer.cc:230 Ftrace setup (target_buf=11)
01-29 11:25:06.910 478 498 D EventSequenceValidator: dec AccIntentStartedEvents to 1
01-29 11:25:06.916 478 2388 W InputReader: Device virtio_input_multi_touch_10 is associated with display ADISPLAY_ID_NONE.
01-29 11:25:06.916 478 2388 W InputReader: Device virtio_input_multi_touch_7 is associated with display ADISPLAY_ID_NONE.
01-29 11:25:06.916 478 2388 W InputReader: Device virtio_input_multi_touch_11 is associated with display ADISPLAY_ID_NONE.
01-29 11:25:06.916 478 2388 W InputReader: Device virtio_input_multi_touch_5 is associated with display ADISPLAY_ID_NONE.
01-29 11:25:06.916 478 2388 W InputReader: Device virtio_input_multi_touch_2 is associated with display ADISPLAY_ID_NONE.
01-29 11:25:06.916 478 2388 W InputReader: Device virtio_input_multi_touch_6 is associated with display ADISPLAY_ID_NONE.
01-29 11:25:06.916 478 2388 W InputReader: Device virtio_input_multi_touch_8 is associated with display ADISPLAY_ID_NONE.
01-29 11:25:06.916 478 2388 W InputReader: Device virtio_input_multi_touch_9 is associated with display ADISPLAY_ID_NONE.
01-29 11:25:06.916 478 2388 W InputReader: Device virtio_input_multi_touch_3 is associated with display ADISPLAY_ID_NONE.
01-29 11:25:06.916 478 2388 W InputReader: Device virtio_input_multi_touch_4 is associated with display ADISPLAY_ID_NONE.
01-29 11:25:06.916 478 2388 W InputReader: Device virtio_input_multi_touch_10 is associated with display ADISPLAY_ID_NONE.
01-29 11:25:06.916 478 2388 W InputReader: Device virtio_input_multi_touch_7 is associated with display ADISPLAY_ID_NONE.
01-29 11:25:06.916 478 2388 W InputReader: Device virtio_input_multi_touch_11 is associated with display ADISPLAY_ID_NONE.
01-29 11:25:06.916 478 2388 W InputReader: Device virtio_input_multi_touch_5 is associated with display ADISPLAY_ID_NONE.
01-29 11:25:06.916 478 2388 W InputReader: Device virtio_input_multi_touch_2 is associated with display ADISPLAY_ID_NONE.
01-29 11:25:06.916 478 2388 W InputReader: Device virtio_input_multi_touch_6 is associated with display ADISPLAY_ID_NONE.
01-29 11:25:06.916 478 2388 W InputReader: Device virtio_input_multi_touch_8 is associated with display ADISPLAY_ID_NONE.
01-29 11:25:06.916 478 2388 W InputReader: Device virtio_input_multi_touch_9 is associated with display ADISPLAY_ID_NONE.
01-29 11:25:06.916 478 2388 W InputReader: Device virtio_input_multi_touch_3 is associated with display ADISPLAY_ID_NONE.
01-29 11:25:06.916 478 2388 W InputReader: Device virtio_input_multi_touch_4 is associated with display ADISPLAY_ID_NONE.
01-29 11:25:06.927 2145 2145 W CustomTabsClient: Unable to find any Custom Tabs packages, you may need to add a element to your manifest. See the docs for CustomTabsClient#getPackageName.
01-29 11:25:06.927 2145 2145 W AppActivity$bindCustomTabsService: CustomTabs: Service NOT supported
01-29 11:25:06.937 273 1473 D goldfish-address-space: claimShared: Ask to claim region [0x3f57bb000 0x3f5fa4000]
01-29 11:25:06.944 842 842 D PhoneSwitcherNetworkRequstListener: got request NetworkRequest [ TRACK_DEFAULT id=25, [ Capabilities: INTERNET&NOT_RESTRICTED&TRUSTED Uid: 10130 AdministratorUids: [] RequestorUid: 10130 RequestorPackageName: tj.maktabmobile.app] ] with score 60 and providerId 3
01-29 11:25:06.945 478 572 D UntrustedWifiNetworkFactory: got request NetworkRequest [ TRACK_DEFAULT id=25, [ Capabilities: INTERNET&NOT_RESTRICTED&TRUSTED Uid: 10130 AdministratorUids: [] RequestorUid: 10130 RequestorPackageName: tj.maktabmobile.app] ] with score 60 and providerId 3
01-29 11:25:06.945 478 572 D WifiNetworkFactory: got request NetworkRequest [ TRACK_DEFAULT id=25, [ Capabilities: INTERNET&NOT_RESTRICTED&TRUSTED Uid: 10130 AdministratorUids: [] RequestorUid: 10130 RequestorPackageName: tj.maktabmobile.app] ] with score 60 and providerId 3
01-29 11:25:06.955 638 638 V KeyguardUpdateMonitor: onSubscriptionInfoChanged()
01-29 11:25:06.956 638 638 V KeyguardUpdateMonitor: SubInfo:{id=1 iccId=89014103211118510720 simSlotIndex=0 carrierId=1 displayName=T-Mobile carrierName=T-Mobile nameSource=3 iconTint=-16746133 number=+15555215554 dataRoaming=0 iconBitmap=android.graphics.Bitmap@baa3923 mcc=310 mnc=260 countryIso=us isEmbedded=false nativeAccessRules=null cardString=89014103211118510720 cardId=-1 isOpportunistic=false groupUUID=null isGroupDisabled=false profileClass=-1 ehplmns=null hplmns=null subscriptionType=0 groupOwner=null carrierConfigAccessRules=null areUiccApplicationsEnabled=true}
01-29 11:25:06.957 842 842 D Telephony: isEmergencyPreferredAccount: subId=1, activeData=1
01-29 11:25:06.957 842 842 D Telephony: isEmergencyPreferredAccount: Device does not require preference.
01-29 11:25:06.972 273 1473 D goldfish-address-space: claimShared: Ask to claim region [0x3f90e9000 0x3f98d2000]
01-29 11:25:06.973 273 1473 D goldfish-address-space: claimShared: Ask to claim region [0x3f98d2000 0x3fa0bb000]
01-29 11:25:06.973 273 1473 D goldfish-address-space: claimShared: Ask to claim region [0x3fa0bb000 0x3fa8a4000]
01-29 11:25:06.978 295 295 E Layer : [Surface(name=Task=1)/@0xc31bc2d - animation-leash#0] No local sync point found
01-29 11:25:06.978 295 295 E Layer : [Surface(name=Task=6)/@0x954a1d6 - animation-leash#0] No local sync point found
01-29 11:25:06.983 2145 2191 D DistCache: Service discovery started
01-29 11:25:06.984 478 504 I ActivityTaskManager: Displayed tj.maktabmobile.app/com.ustadmobile.port.android.view.AppActivity: +76ms
01-29 11:25:06.992 2145 2145 D UstadViewModelFunKt$ustadViewModel$viewModel$invoke: ustadViewModel(): create viewmodel for: com.ustadmobile.core.viewmodel.redirect.RedirectViewModel
01-29 11:25:06.994 295 295 E Layer : [Surface(name=Task=1)/@0xc31bc2d - animation-leash#0] No local sync point found
01-29 11:25:06.994 295 295 E Layer : [Surface(name=Task=6)/@0x954a1d6 - animation-leash#0] No local sync point found
01-29 11:25:07.011 295 295 E Layer : [Surface(name=Task=1)/@0xc31bc2d - animation-leash#0] No local sync point found
01-29 11:25:07.011 295 295 E Layer : [Surface(name=Task=6)/@0x954a1d6 - animation-leash#0] No local sync point found
01-29 11:25:07.011 2145 2145 D UstadNavControllerPreCompose$onCollectNavCommand: NavCommandEffect: Navigate: Go to addAccountSelectNewOrExisting
01-29 11:25:07.022 2145 2145 D UstadViewModelFunKt$ustadViewModel$viewModel$invoke: ustadViewModel(): create viewmodel for: com.ustadmobile.core.viewmodel.AddAccountSelectNewOrExistingViewModel
01-29 11:25:07.027 295 295 E Layer : [Surface(name=Task=1)/@0xc31bc2d - animation-leash#0] No local sync point found
01-29 11:25:07.027 295 295 E Layer : [Surface(name=Task=6)/@0x954a1d6 - animation-leash#0] No local sync point found
01-29 11:25:07.041 2021 2041 D Benchmark: Result: Starting: Intent { act=android.intent.action.MAIN cat=[android.intent.category.LAUNCHER] flg=0x10008000 pkg=tj.maktabmobile.app cmp=tj.maktabmobile.app/com.ustadmobile.port.android.view.AppActivity }
01-29 11:25:07.041 2021 2041 D Benchmark: Status: ok
01-29 11:25:07.041 2021 2041 D Benchmark: LaunchState: WARM
01-29 11:25:07.041 2021 2041 D Benchmark: Activity: tj.maktabmobile.app/com.ustadmobile.port.android.view.AppActivity
01-29 11:25:07.041 2021 2041 D Benchmark: TotalTime: 76
01-29 11:25:07.041 2021 2041 D Benchmark: WaitTime: 77
01-29 11:25:07.041 2021 2041 D Benchmark: Complete
01-29 11:25:07.044 295 295 E Layer : [Surface(name=Task=1)/@0xc31bc2d - animation-leash#0] No local sync point found
01-29 11:25:07.044 295 295 E Layer : [Surface(name=Task=6)/@0x954a1d6 - animation-leash#0] No local sync point found
01-29 11:25:07.061 295 295 E Layer : [Surface(name=Task=1)/@0xc31bc2d - animation-leash#0] No local sync point found
01-29 11:25:07.061 295 295 E Layer : [Surface(name=Task=6)/@0x954a1d6 - animation-leash#0] No local sync point found
01-29 11:25:07.077 295 295 E Layer : [Surface(name=Task=1)/@0xc31bc2d - animation-leash#0] No local sync point found
01-29 11:25:07.077 295 295 E Layer : [Surface(name=Task=6)/@0x954a1d6 - animation-leash#0] No local sync point found
01-29 11:25:07.158 2021 2041 I System.out: 0 Flags,IntendedVsync,Vsync,OldestInputEvent,NewestInputEvent,HandleInputStart,AnimationStart,PerformTraversalsStart,DrawStart,SyncQueued,SyncStart,IssueDrawCommandsStart,SwapBuffers,FrameCompleted,DequeueBufferDuration,QueueBufferDuration,GpuCompleted,
01-29 11:25:07.158 2021 2041 I System.out: 1 1,162106586584,162106586584,9223372036854775807,0,162116493101,162116493491,162116493682,162151912550,162152176656,162152349642,162152360071,162153203697,162155194970,121869,219152,162156711942,
01-29 11:25:07.158 2021 2041 I System.out: 2 0,162123253431,162156586763,9223372036854775807,0,162169759107,162169760149,162186314797,162186358559,162186902121,162186978334,162187008291,162187475399,162188767047,15058,461547,162188655778,
01-29 11:25:07.158 2021 2041 I System.out: 3 0,162189920636,162189920636,9223372036854775807,0,162192980437,162192980787,162226577330,162226608459,162238346743,162238418909,162238446130,162238879735,162249119644,16801,104838,162249080190,
01-29 11:25:07.158 2021 2041 I System.out: 4 0,162206587416,162239920748,9223372036854775807,0,162252416822,162252417513,162272079833,162272115640,162282815583,162282882539,162282920881,162285701268,162286555684,25698,144031,162290078435,
01-29 11:25:07.158 2021 2041 I System.out: 5 0,162256587778,162273254444,9223372036854775807,0,162283798491,162283799032,162284621979,162284650462,162285918576,162286769976,162286865095,162289989378,162301372686,37631,77696,162306123756,
01-29 11:25:07.158 2021 2041 I System.out: 6 0,162289921157,162289921157,9223372036854775807,0,162302003872,162302004664,162303187046,162303231119,162304809736,162304857166,162304890408,162305370951,162308579012,2377750,86232,162306171045,
01-29 11:25:07.158 2021 2041 I System.out: 7 0,162306587898,162306587898,9223372036854775807,0,162307677146,162307677377,162315834741,162315871429,162317281991,162317339219,162317384293,162318124505,162328588444,9393307,93125,162323403508,
01-29 11:25:07.158 2021 2041 I System.out: 8 0,162323254683,162323254683,9223372036854775807,0,162328789652,162328790093,162330110235,162330137867,162334719128,162334765976,162334828654,162335337410,162346907469,10268973,78988,162336597289,
01-29 11:25:07.158 2021 2041 I System.out: 9 0,162339921422,162339921422,9223372036854775807,0,162340268650,162340268820,162342515764,162342563023,162347545438,162347614308,162347649995,162348166426,162357800385,6515277,1671812,162351244742,
01-29 11:25:07.158 2021 2041 I System.out: 10 0,162356588260,162356588260,9223372036854775807,0,162357131327,162357131798,162358228590,162358249579,162359551577,162362293551,162362335900,162362785796,162377147102,11860144,149831,162373375903,
01-29 11:25:07.158 2021 2041 I System.out: 11 0,162373255029,162373255029,9223372036854775807,0,162373667090,162373667501,162374849583,162374878858,162377092098,162377189992,162377227302,162378366814,162396022673,12016388,2177202,162383923790,
01-29 11:25:07.158 2021 2041 I System.out: 12 0,162389921772,162389921772,9223372036854775807,0,162390295177,162390295748,162391238069,162391262014,162392409882,162396373252,162396642498,162397232046,162411287747,11240279,191971,162406707177,
01-29 11:25:07.158 2021 2041 I System.out: 13 0,162406588602,162406588602,9223372036854775807,0,162406974469,162406975130,162407960933,162407993084,162409225671,162411333233,162411542205,162413249765,162427027594,9298990,360067,162417686265,
01-29 11:25:07.158 2021 2041 I System.out: 14 0,162423255422,162423255422,9223372036854775807,0,162423657900,162423658220,162424674260,162424707493,162427730455,162427776071,162427948144,162428496826,162442828355,10159668,664890,162432588647,
01-29 11:25:07.158 2021 2041 I System.out: 15 0,162439922240,162439922240,9223372036854775807,0,162440337122,162440337443,162441505959,162441543149,162443130273,162443183963,162443212156,162443620785,162457849020,11816201,502595,162445974519,
01-29 11:25:07.158 2021 2041 I System.out: 16 0,162456588968,162456588968,9223372036854775807,0,162466717039,162466717661,162467223622,162467251765,162468543383,162468619556,162468658499,162469439848,162475328507,2191901,894933,162480792367,
01-29 11:25:07.158 2021 2041 I System.out: 17 0,162473255692,162473255692,9223372036854775807,0,162475375084,162475375565,162476135684,162476174768,162477632347,162477692681,162477736443,162478270457,162491551802,10625824,168517,162490090816,
01-29 11:25:07.158 2021 2041 I System.out: 18 0,162489922350,162489922350,9223372036854775807,0,162490176958,162490177238,162492134117,162492172940,162493690923,162493796412,162493830185,162494313353,162510858243,13415568,230754,162506860529,
01-29 11:25:07.158 2021 2041 I System.out: 19 0,162506588946,162506588946,9223372036854775807,0,162506884063,162506885275,162511320683,162511372450,162512564841,162512652616,162512691449,162513367510,162526997050,10903646,460566,162523449131,
01-29 11:25:07.158 2021 2041 I System.out: 20 0,162523255663,162523255663,9223372036854775807,0,162523494586,162523495839,162525592099,162525639458,162527302133,162527395409,162527434352,162528024131,162542763597,11270596,700186,162531438118,
01-29 11:25:07.158 2021 2041 I System.out: 21 0,162539922445,162539922445,9223372036854775807,0,162540083419,162540084541,162541912748,162541952793,162543510691,162543571936,162543611160,162544145645,162559980340,12332392,649882,162556752182,
01-29 11:25:07.158 2021 2041 I System.out: 22 0,162556589201,162556589201,9223372036854775807,0,162556772350,162556773502,162559933161,162559970822,162561390651,162561467606,162561506559,162562060240,162576399313,11455453,182684,162564898284,
01-29 11:25:07.158 2021 2041 I System.out: 23 0,162573256024,162573256024,9223372036854775807,0,162573438247,162573439339,162578296850,162578351152,162579709425,162579791930,162579835893,162580509790,162595649759,13836199,195187,162581771482,
01-29 11:25:07.158 2021 2041 I System.out: 24 0,162589922824,162589922824,9223372036854775807,0,162590304501,162590305523,162592844917,162592898277,162595826201,162595895952,162595948000,162596820520,162608046942,8187270,1565763,162599799489,
01-29 11:25:07.158 2021 2041 I System.out: 25 0,162606589537,162606589537,9223372036854775807,0,162606983544,162606985417,162608414113,162608456943,162610063333,162610160065,162610196443,162611605872,162624766040,11855816,145643,162612850001,
01-29 11:25:07.158 2021 2041 I System.out: 26 0,162623255926,162623255926,9223372036854775807,0,162623505521,162623506442,162625496002,162625540646,162626859635,162626945236,162626981985,162628431460,162641251148,11755407,160772,162640088252,
01-29 11:25:07.158 2021 2041 I System.out: 27 0,162639922740,162639922740,9223372036854775807,0,162640099032,162640099874,162641716723,162641763541,162643217614,162643527126,162643573864,162644924483,162657811938,11912733,198082,162645859660,
01-29 11:25:07.158 2021 2041 I System.out: 28 0,162656589504,162656589504,9223372036854775807,0,162656942934,162656944006,162657585001,162657627000,162660142458,162660246063,162660284906,162661036248,162676308937,14151992,155993,162673413855,
01-29 11:25:07.158 2021 2041 I System.out: 29 0,162673256320,162673256320,9223372036854775807,0,162673423563,162673424385,162676626935,162676662712,162677764182,162677819727,162677850435,162678484747,162693028876,13479829,287751,162690068341,
01-29 11:25:07.158 2021 2041 I System.out: 30 0,162689923014,162689923014,9223372036854775807,0,162690083730,162690084862,162691488631,162691535168,162693119496,162693190500,162693239732,162693927726,162709733266,14739717,353254,162706739829,
01-29 11:25:07.158 2021 2041 I System.out: 31 0,162706589705,162706589705,9223372036854775807,0,162706754016,162706755098,162709973638,162710036827,162710108020,162710176950,162710206626,162710752372,162726220387,14075839,683275,162712108892,
01-29 11:25:07.158 2021 2041 I System.out: 32 0,162723256479,162723256479,9223372036854775807,0,162723416507,162723427367,162725459337,162725488862,162726591074,162726647130,162726677036,162727322890,162742862200,13846858,1006602,162728976658,
01-29 11:25:07.158 2021 2041 I System.out: 33 0,162739923191,162739923191,9223372036854775807,0,162740106389,162740107992,162743841701,162743877147,162745257572,162745323927,162745354795,162746130042,162759573442,11800923,874204,110397814172,
01-29 11:25:07.158 2021 2041 I System.out: 34 0,162756589984,162756589984,9223372036854775807,0,162756773199,162756774221,162760274160,162760317220,162760770943,162760827590,162760855472,162761460099,162774402968,12112588,127970,-3211262987504685704,
01-29 11:25:07.158 2021 2041 I System.out: 35 0,162939923763,162939923763,9223372036854775807,0,162940037197,162940037637,162940037768,162940283880,162940344685,162940419686,162940449922,162941114822,162943107528,96751,1031639,-3921643605196060857,
01-29 11:25:07.159 2021 2041 I System.out: 0 Flags,IntendedVsync,Vsync,OldestInputEvent,NewestInputEvent,HandleInputStart,AnimationStart,PerformTraversalsStart,DrawStart,SyncQueued,SyncStart,IssueDrawCommandsStart,SwapBuffers,FrameCompleted,DequeueBufferDuration,QueueBufferDuration,GpuCompleted,
01-29 11:25:07.159 2021 2041 I System.out: 1 1,188173257297,188189923963,9223372036854775807,0,188192071407,188192071548,188192071658,188219551202,188219788729,188219963257,188219978425,188220730108,188221742461,27442,185028,188221620362,
01-29 11:25:07.159 2021 2041 I System.out: 2 0,188206590753,188223257419,9223372036854775807,0,188227050529,188227050980,188252565240,188252608792,188253155139,188253207868,188253228527,188253705453,188255646111,30657,968200,188255441737,
01-29 11:25:07.159 2021 2041 I System.out: 3 0,188239924115,188256590781,9223372036854775807,0,188258056732,188258057203,188279730724,188279758726,188287755809,188287928944,188287958981,188288456255,188289614092,37671,142208,188306724826,
01-29 11:25:07.159 2021 2041 I System.out: 4 0,188273257452,188289924118,9223372036854775807,0,188301226650,188301227382,188319545365,188319585911,188322809160,188322927713,188322958090,188323430768,188335330917,19417,89207,188335287466,
01-29 11:25:07.159 2021 2041 I System.out: 5 0,188306590959,188323257625,9223372036854775807,0,188336102959,188336103400,188336799418,188336826930,188339387914,188339477061,188339514592,188341213245,188341906909,21330,64411,136370317074,
01-29 11:25:07.159 2021 2041 I System.out: 6 0,188339924407,188339924407,9223372036854775807,0,188341932026,188341932447,188343060076,188343085865,188344146639,188344204538,188344247609,188348803703,188365816583,13144969,217479,136370490239,
01-29 11:25:07.159 2021 2041 I System.out: 7 0,188356591141,188356591141,9223372036854775807,0,188357036298,188357036548,188357843465,188357876307,188359382368,188366031186,188366075058,188366750017,188377600163,8424305,696689,136390102796,
01-29 11:25:07.159 2021 2041 D UiDevice: Waiting 10000ms for SearchCondition[hasObject=BySelector [TEXT='\QGet Started\E']].
01-29 11:25:07.159 2021 2041 D UiDevice: Searching for node with selector: BySelector [TEXT='\QGet Started\E'].
01-29 11:25:07.265 987 987 D TaplTarget: sendStateEventToTest: 0
01-29 11:25:07.265 987 987 D RecentsOrientedState: current RecentsOrientedState: [this=RecentsOrientedState@5c28903 mOrientationHandler=PortraitPagedViewHandler@4e57080 mDisplayRotation=0 mTouchRotation=0 mRecentsActivityRotation=0 isRecentsActivityRotationAllowed=false mSystemRotation=true mFlags=299]
01-29 11:25:07.265 987 987 I chatty : uid=10118(com.android.launcher3) identical 2 lines
01-29 11:25:07.265 987 987 D RecentsOrientedState: current RecentsOrientedState: [this=RecentsOrientedState@5c28903 mOrientationHandler=PortraitPagedViewHandler@4e57080 mDisplayRotation=0 mTouchRotation=0 mRecentsActivityRotation=0 isRecentsActivityRotationAllowed=false mSystemRotation=true mFlags=299]
01-29 11:25:07.278 478 2340 D HostConnection: HostConnection::get() New Host Connection established 0x7e5153e17890, tid 2340
01-29 11:25:07.281 478 2340 D HostConnection: HostComposition ext ANDROID_EMU_CHECKSUM_HELPER_v1 ANDROID_EMU_native_sync_v2 ANDROID_EMU_dma_v1 ANDROID_EMU_direct_mem ANDROID_EMU_host_composition_v1 ANDROID_EMU_host_composition_v2 ANDROID_EMU_vulkan ANDROID_EMU_deferred_vulkan_commands ANDROID_EMU_vulkan_null_optional_strings ANDROID_EMU_vulkan_create_resources_with_requirements ANDROID_EMU_YUV_Cache ANDROID_EMU_vulkan_ignored_handles ANDROID_EMU_has_shared_slots_host_memory_allocator ANDROID_EMU_vulkan_free_memory_sync ANDROID_EMU_vulkan_shader_float16_int8 ANDROID_EMU_vulkan_async_queue_submit ANDROID_EMU_sync_buffer_data ANDROID_EMU_vulkan_async_qsri ANDROID_EMU_read_color_buffer_dma GL_OES_EGL_image_external_essl3 GL_OES_vertex_array_object GL_KHR_texture_compression_astc_ldr ANDROID_EMU_host_side_tracing ANDROID_EMU_gles_max_version_3_0
01-29 11:25:07.281 478 2340 D EGL_emulation: eglCreateContext: 0x7e5143e968f0: maj 3 min 0 rcv 3
01-29 11:25:07.282 478 2340 D EGL_emulation: eglMakeCurrent: 0x7e5143e968f0: ver 3 0 (tinfo 0x7e50e3ee3700) (first time)
01-29 11:25:07.287 255 398 W netd : dnssd_clientstub DNSServiceProcessResult called with NULL DNSServiceRef
01-29 11:25:07.287 2145 2191 I DistCache: Discovery stopped: _dcache._tcp
01-29 11:25:07.289 2145 2145 D AppActivity$onDestroy: AppActivity#onDestroy
01-29 11:25:07.290 255 398 W netd : dnssd_clientstub DNSServiceProcessResult called with NULL DNSServiceRef
01-29 11:25:07.291 2145 2191 I DistCache: Unregistered: name: DCache, type: _dcache._tcp, host: null, port: 43263, txtRecord:
01-29 11:25:07.880 2021 2041 D UiDevice: Searching for node with selector: BySelector [TEXT='\QGet Started\E'].
01-29 11:25:08.355 2145 2188 D DistCache: DistributedCacheHashtable(43263 unknown Android SDK built for x86_64): sending pings to 0 nodes
01-29 11:25:08.471 2021 2041 D UiDevice: Searching for node with selector: BySelector [TEXT='\QGet Started\E'].
01-29 11:25:11.239 2021 2041 I chatty : uid=10131(com.ustadmobile.app_android_baselineprofile) roidJUnitRunner identical 27 lines
01-29 11:25:11.342 2021 2041 D UiDevice: Searching for node with selector: BySelector [TEXT='\QGet Started\E'].
01-29 11:25:11.356 2145 2188 D DistCache: DistributedCacheHashtable(43263 unknown Android SDK built for x86_64): sending pings to 0 nodes
01-29 11:25:11.444 2021 2041 D UiDevice: Searching for node with selector: BySelector [TEXT='\QGet Started\E'].
01-29 11:25:11.649 2021 2041 I chatty : uid=10131(com.ustadmobile.app_android_baselineprofile) roidJUnitRunner identical 2 lines
01-29 11:25:11.752 2021 2041 D UiDevice: Searching for node with selector: BySelector [TEXT='\QGet Started\E'].
01-29 11:25:11.771 350 350 I perfetto: probes_producer.cc:329 Producer stop (id=10)
01-29 11:25:11.771 361 361 I perfetto: ng_service_impl.cc:1948 Tracing session 10 ended, total sessions:1
01-29 11:25:11.854 2021 2041 D UiDevice: Searching for node with selector: BySelector [TEXT='\QGet Started\E'].
01-29 11:25:11.910 350 350 I perfetto: probes_producer.cc:329 Producer stop (id=11)
01-29 11:25:11.910 350 350 I perfetto: ftrace_procfs.cc:183 disabled ftrace
01-29 11:25:11.910 361 361 I perfetto: ng_service_impl.cc:1948 Tracing session 11 ended, total sessions:0
01-29 11:25:11.957 2021 2041 D UiDevice: Searching for node with selector: BySelector [TEXT='\QGet Started\E'].
01-29 11:25:12.984 2021 2041 I chatty : uid=10131(com.ustadmobile.app_android_baselineprofile) roidJUnitRunner identical 10 lines
01-29 11:25:13.087 2021 2041 D UiDevice: Searching for node with selector: BySelector [TEXT='\QGet Started\E'].
01-29 11:25:13.160 445 445 E netmgr : qemu_pipe_open_ns:62: Could not connect to the 'pipe:qemud:network' service: Invalid argument
01-29 11:25:13.160 445 445 E netmgr : Failed to open QEMU pipe 'qemud:network': Invalid argument
01-29 11:25:13.190 2021 2041 D UiDevice: Searching for node with selector: BySelector [TEXT='\QGet Started\E'].
01-29 11:25:13.217 447 447 E wifi_forwarder: qemu_pipe_open_ns:62: Could not connect to the 'pipe:qemud:wififorward' service: Invalid argument
01-29 11:25:13.217 447 447 E wifi_forwarder: RemoteConnection failed to initialize: RemoteConnection failed to open pipe
01-29 11:25:13.292 2021 2041 D UiDevice: Searching for node with selector: BySelector [TEXT='\QGet Started\E'].
01-29 11:25:14.214 2021 2041 I chatty : uid=10131(com.ustadmobile.app_android_baselineprofile) roidJUnitRunner identical 9 lines
01-29 11:25:14.317 2021 2041 D UiDevice: Searching for node with selector: BySelector [TEXT='\QGet Started\E'].
01-29 11:25:14.357 2145 2188 D DistCache: DistributedCacheHashtable(43263 unknown Android SDK built for x86_64): sending pings to 0 nodes
01-29 11:25:14.419 2021 2041 D UiDevice: Searching for node with selector: BySelector [TEXT='\QGet Started\E'].
01-29 11:25:17.091 2021 2041 I chatty : uid=10131(com.ustadmobile.app_android_baselineprofile) roidJUnitRunner identical 26 lines
01-29 11:25:17.193 2021 2041 D UiDevice: Searching for node with selector: BySelector [TEXT='\QGet Started\E'].
01-29 11:25:17.357 2145 2188 D DistCache: DistributedCacheHashtable(43263 unknown Android SDK built for x86_64): sending pings to 0 nodes
01-29 11:25:18.196 2021 2041 D UiDevice: Retrieving node with selector: BySelector [TEXT='\QGet Started\E'].
01-29 11:25:18.199 2021 2041 D UiDevice: Node not found with selector: BySelector [TEXT='\QGet Started\E'].
01-29 11:25:20.358 2145 2188 D DistCache: DistributedCacheHashtable(43263 unknown Android SDK built for x86_64): sending pings to 0 nodes
01-29 11:25:23.199 2021 2041 D Benchmark: Profile Installer - Save Profile
01-29 11:25:23.205 2145 2145 I Process : Sending signal. PID: 2145 SIG: 10
01-29 11:25:23.205 2145 2145 D ProfileInstaller:
01-29 11:25:23.205 2145 2153 I aktabmobile.ap: Thread[4,tid=2153,WaitingInMainSignalCatcherLoop,Thread*=0x7e5233e1f380,peer=0x134023e0,"Signal Catcher"]: reacting to signal 10
01-29 11:25:23.205 2145 2153 I aktabmobile.ap:
01-29 11:25:23.205 2145 2153 I aktabmobile.ap: SIGUSR1 forcing GC (no HPROF) and profile save
01-29 11:25:23.209 2898 2900 I cmd : oneway function results will be dropped but finished with status OK and parcel size 4
01-29 11:25:23.217 2145 2153 I aktabmobile.ap: Explicit concurrent copying GC freed 127406(4689KB) AllocSpace objects, 5(132KB) LOS objects, 49% free, 7000KB/13MB, paused 7us total 11.511ms
01-29 11:25:23.241 2145 2168 D UstadCache: CacheTrimmer: Trim cache run: max (evictable) size = 100000000 bytes
01-29 11:25:23.242 2145 2168 V UstadCache: CacheTrimmer: deleting
01-29 11:25:23.359 2145 2188 D DistCache: DistributedCacheHashtable(43263 unknown Android SDK built for x86_64): sending pings to 0 nodes
01-29 11:25:23.711 2021 2041 D Benchmark: Killing process tj.maktabmobile.app
01-29 11:25:23.711 2021 2041 D UiDevice: Executing shell command: killall tj.maktabmobile.app
01-29 11:25:23.734 478 563 I PackageDexOptimizer: Running dexopt (dexoptNeeded=-3) on: /data/app/~~udvmEuEJhL3rR0pnxkb45Q==/tj.maktabmobile.app-qWZ3Bw-qpBT7rr6Ga6g6aQ==/base.apk pkg=tj.maktabmobile.app isa=x86_64 dexoptFlags=boot_complete,profile_guided,force,enable_hidden_api_checks targetFilter=speed-profile oatDir=/data/app/~~udvmEuEJhL3rR0pnxkb45Q==/tj.maktabmobile.app-qWZ3Bw-qpBT7rr6Ga6g6aQ==/oat classLoaderContext=PCL[]{PCL[/system_ext/framework/androidx.window.sidecar.jar]}
01-29 11:25:23.735 380 380 V installd: DexInv: --- BEGIN '/data/app/~~udvmEuEJhL3rR0pnxkb45Q==/tj.maktabmobile.app-qWZ3Bw-qpBT7rr6Ga6g6aQ==/base.apk' ---
01-29 11:25:23.740 2912 2912 W dex2oat32: Unexpected CPU variant for X86 using defaults: x86_64
01-29 11:25:23.809 2912 2912 I dex2oat32: /apex/com.android.art/bin/dex2oat32 --input-vdex-fd=9 --output-vdex-fd=10 --updatable-bcp-packages-file=/system/etc/updatable-bcp-packages.txt --resolve-startup-const-strings=true --max-image-block-size=524288 --compiler-filter=speed-profile --profile-file-fd=12 --classpath-dir=/data/app/~~udvmEuEJhL3rR0pnxkb45Q==/tj.maktabmobile.app-qWZ3Bw-qpBT7rr6Ga6g6aQ== --class-loader-context=PCL[]{PCL[/system_ext/framework/androidx.window.sidecar.jar]} --generate-mini-debug-info --compilation-reason=unknown
01-29 11:25:23.809 2912 2912 I dex2oat32: setting boot class path to /apex/com.android.art/javalib/core-oj.jar:/apex/com.android.art/javalib/core-libart.jar:/apex/com.android.art/javalib/core-icu4j.jar:/apex/com.android.art/javalib/okhttp.jar:/apex/com.android.art/javalib/bouncycastle.jar:/apex/com.android.art/javalib/apache-xml.jar:/system/framework/framework.jar:/system/framework/ext.jar:/system/framework/telephony-common.jar:/system/framework/voip-common.jar:/system/framework/ims-common.jar:/system/framework/framework-atb-backward-compatibility.jar
01-29 11:25:26.360 2145 2188 D DistCache: DistributedCacheHashtable(43263 unknown Android SDK built for x86_64): sending pings to 0 nodes
01-29 11:25:27.655 2912 2912 W dex2oat32: Could not reserve sentinel fault page
01-29 11:25:28.268 2912 2912 W dex2oat32: Class androidx.compose.runtime.snapshots.SnapshotStateMap failed lock verification and will run slower.
01-29 11:25:28.268 2912 2912 W dex2oat32: Common causes for lock verification issues are non-optimized dex code
01-29 11:25:28.268 2912 2912 W dex2oat32: and incorrect proguard optimizations.
01-29 11:25:28.268 2912 2914 W dex2oat32: Class androidx.compose.runtime.snapshots.SnapshotStateList failed lock verification and will run slower.
01-29 11:25:28.327 2912 2914 W dex2oat32: Accessing hidden method Landroid/graphics/Canvas;->drawPatch(Landroid/graphics/NinePatch;Landroid/graphics/Rect;Landroid/graphics/Paint;)V (greylist-max-o, linking, denied)
01-29 11:25:28.327 2912 2914 W dex2oat32: Accessing hidden method Landroid/graphics/Canvas;->drawPatch(Landroid/graphics/NinePatch;Landroid/graphics/RectF;Landroid/graphics/Paint;)V (greylist-max-o, linking, denied)
01-29 11:25:28.332 2912 2914 W dex2oat32: Accessing hidden method Landroid/graphics/Bitmap;->getHardwareBuffer()Landroid/hardware/HardwareBuffer; (blacklist, linking, denied)
01-29 11:25:28.461 2912 2914 W dex2oat32: Accessing hidden method Landroid/app/job/JobParameters;->getStopReason()I (greylist-max-o, linking, denied)
01-29 11:25:29.361 2145 2188 D DistCache: DistributedCacheHashtable(43263 unknown Android SDK built for x86_64): sending pings to 0 nodes
01-29 11:25:30.185 2912 2912 I dex2oat32: Explicit concurrent copying GC freed 275896(40MB) AllocSpace objects, 0(0B) LOS objects, 49% free, 2264KB/4528KB, paused 13us total 6.598ms
01-29 11:25:30.209 2912 2912 W dex2oat32: Accessing hidden field Ljava/nio/file/FileSystemException;->file:Ljava/lang/String; (greylist-max-o, linking, denied)
01-29 11:25:30.209 2912 2912 W dex2oat32: Accessing hidden field Ljava/nio/file/FileSystemException;->other:Ljava/lang/String; (greylist-max-o, linking, denied)
01-29 11:25:30.209 2912 2912 W dex2oat32: Accessing hidden field Ljava/nio/file/InvalidPathException;->index:I (greylist-max-o, linking, denied)
01-29 11:25:30.209 2912 2912 W dex2oat32: Accessing hidden field Ljava/nio/file/InvalidPathException;->input:Ljava/lang/String; (greylist-max-o, linking, denied)
01-29 11:25:30.211 2912 2912 W dex2oat32: Accessing hidden method Landroid/graphics/Bitmap;->getHardwareBuffer()Landroid/hardware/HardwareBuffer; (blacklist, linking, denied)
01-29 11:25:30.211 2912 2912 W dex2oat32: Accessing hidden method Landroid/graphics/Canvas;->drawPatch(Landroid/graphics/NinePatch;Landroid/graphics/Rect;Landroid/graphics/Paint;)V (greylist-max-o, linking, denied)
01-29 11:25:30.211 2912 2912 W dex2oat32: Accessing hidden method Landroid/graphics/Canvas;->drawPatch(Landroid/graphics/NinePatch;Landroid/graphics/RectF;Landroid/graphics/Paint;)V (greylist-max-o, linking, denied)
01-29 11:25:30.222 2912 2912 W dex2oat32: Accessing hidden method Landroid/app/job/JobParameters;->getStopReason()I (greylist-max-o, linking, denied)
01-29 11:25:31.173 2912 2912 I dex2oat32: dex2oat took 7.433s (9.207s cpu) (threads: 2) arena alloc=3865KB (3957936B) java alloc=2280KB (2335144B) native alloc=81MB (85726800B) free=83MB (87475040B)
01-29 11:25:31.188 380 380 V installd: DexInv: --- END '/data/app/~~udvmEuEJhL3rR0pnxkb45Q==/tj.maktabmobile.app-qWZ3Bw-qpBT7rr6Ga6g6aQ==/base.apk' (success) ---
01-29 11:25:31.204 2021 2041 D Benchmark: Reference profile location: /data/misc/profiles/ref/tj.maktabmobile.app/primary.prof
01-29 11:25:31.223 2021 2041 D Benchmark: APK Path: /data/app/~~udvmEuEJhL3rR0pnxkb45Q==/tj.maktabmobile.app-qWZ3Bw-qpBT7rr6Ga6g6aQ==/base.apk
01-29 11:25:31.223 2021 2041 D Benchmark: Converting to human readable profile format
01-29 11:25:31.223 2021 2041 D Benchmark: Using profile location: /data/misc/profiles/ref/tj.maktabmobile.app/primary.prof
01-29 11:25:31.487 2940 2940 W profman : profman took 254.987ms
01-29 11:25:31.503 2021 2041 D Benchmark: Using profile location: /data/misc/profiles/cur/0/tj.maktabmobile.app/primary.prof
01-29 11:25:31.762 2951 2951 W profman : profman took 247.181ms
01-29 11:25:32.362 2145 2188 D DistCache: DistributedCacheHashtable(43263 unknown Android SDK built for x86_64): sending pings to 0 nodes
01-29 11:25:32.683 2021 2041 D Benchmark: Unstable profiles during iteration 6
01-29 11:25:32.683 2021 2041 D Benchmark: Killing package tj.maktabmobile.app
01-29 11:25:32.683 2021 2041 D Benchmark: Killing process tj.maktabmobile.app
01-29 11:25:32.683 2021 2041 D UiDevice: Executing shell command: killall tj.maktabmobile.app
01-29 11:25:32.689 2021 2041 D Benchmark: Compile iteration (7) for tj.maktabmobile.app
01-29 11:25:32.689 2021 2041 D UiDevice: Pressing home button.
01-29 11:25:32.698 638 638 V ShadeControllerImpl: NotificationShadeWindow: com.android.systemui.statusbar.phone.NotificationShadeWindowView{90561f7 I.E...... ......ID 0,0-1080,1920} canPanelBeCollapsed(): false
01-29 11:25:32.698 478 498 D EventSequenceValidator: inc AccIntentStartedEvents to 2
01-29 11:25:32.699 478 496 W InputReader: Device virtio_input_multi_touch_10 is associated with display ADISPLAY_ID_NONE.
01-29 11:25:32.699 478 496 W InputReader: Device virtio_input_multi_touch_7 is associated with display ADISPLAY_ID_NONE.
01-29 11:25:32.699 478 496 W InputReader: Device virtio_input_multi_touch_11 is associated with display ADISPLAY_ID_NONE.
01-29 11:25:32.699 478 496 W InputReader: Device virtio_input_multi_touch_5 is associated with display ADISPLAY_ID_NONE.
01-29 11:25:32.699 478 496 W InputReader: Device virtio_input_multi_touch_2 is associated with display ADISPLAY_ID_NONE.
01-29 11:25:32.699 478 496 W InputReader: Device virtio_input_multi_touch_6 is associated with display ADISPLAY_ID_NONE.
01-29 11:25:32.699 478 496 W InputReader: Device virtio_input_multi_touch_8 is associated with display ADISPLAY_ID_NONE.
01-29 11:25:32.699 478 496 W InputReader: Device virtio_input_multi_touch_9 is associated with display ADISPLAY_ID_NONE.
01-29 11:25:32.699 478 496 W InputReader: Device virtio_input_multi_touch_3 is associated with display ADISPLAY_ID_NONE.
01-29 11:25:32.699 478 496 W InputReader: Device virtio_input_multi_touch_4 is associated with display ADISPLAY_ID_NONE.
01-29 11:25:32.699 478 496 W InputReader: Device virtio_input_multi_touch_10 is associated with display ADISPLAY_ID_NONE.
01-29 11:25:32.699 478 496 W InputReader: Device virtio_input_multi_touch_7 is associated with display ADISPLAY_ID_NONE.
01-29 11:25:32.699 478 496 W InputReader: Device virtio_input_multi_touch_11 is associated with display ADISPLAY_ID_NONE.
01-29 11:25:32.699 478 496 W InputReader: Device virtio_input_multi_touch_5 is associated with display ADISPLAY_ID_NONE.
01-29 11:25:32.699 478 496 W InputReader: Device virtio_input_multi_touch_2 is associated with display ADISPLAY_ID_NONE.
01-29 11:25:32.699 478 496 W InputReader: Device virtio_input_multi_touch_6 is associated with display ADISPLAY_ID_NONE.
01-29 11:25:32.699 478 496 W InputReader: Device virtio_input_multi_touch_8 is associated with display ADISPLAY_ID_NONE.
01-29 11:25:32.699 478 496 W InputReader: Device virtio_input_multi_touch_9 is associated with display ADISPLAY_ID_NONE.
01-29 11:25:32.699 478 496 W InputReader: Device virtio_input_multi_touch_3 is associated with display ADISPLAY_ID_NONE.
01-29 11:25:32.699 478 496 W InputReader: Device virtio_input_multi_touch_4 is associated with display ADISPLAY_ID_NONE.
01-29 11:25:32.700 361 361 I perfetto: ing_service_impl.cc:758 Configured tracing session 12, #sources:1, duration:5000 ms, #buffers:1, total buffer size:4096 KB, total sessions:1, uid:1071 session name: ""
01-29 11:25:32.700 350 350 I perfetto: probes_producer.cc:230 Ftrace setup (target_buf=12)
01-29 11:25:32.701 987 987 D TaplTarget: Launcher.onNewIntent: Intent { act=android.intent.action.MAIN cat=[android.intent.category.HOME] flg=0x10400100 cmp=com.android.launcher3/.uioverrides.QuickstepLauncher (has extras) }
01-29 11:25:32.702 638 638 V ShadeControllerImpl: NotificationShadeWindow: com.android.systemui.statusbar.phone.NotificationShadeWindowView{90561f7 I.E...... ......ID 0,0-1080,1920} canPanelBeCollapsed(): false
01-29 11:25:32.715 273 1473 D goldfish-address-space: claimShared: Ask to claim region [0x3f57bb000 0x3f5fa4000]
01-29 11:25:32.716 273 1473 D goldfish-address-space: claimShared: Ask to claim region [0x3f678d000 0x3f6f76000]
01-29 11:25:32.716 273 1473 D goldfish-address-space: claimShared: Ask to claim region [0x3f6f76000 0x3f775f000]
01-29 11:25:32.717 350 350 I perfetto: ftrace_procfs.cc:176 enabled ftrace
01-29 11:25:32.721 273 1473 D goldfish-address-space: claimShared: Ask to claim region [0x3f775f000 0x3f7f48000]
01-29 11:25:32.723 478 498 D EventSequenceValidator: dec AccIntentStartedEvents to 1
01-29 11:25:32.727 478 504 D ArtManagerInternalImpl: /data/misc/iorapd/com.android.launcher3/30/com.android.launcher3.uioverrides.QuickstepLauncher/compiled_traces/compiled_trace.pb doesn't exist
01-29 11:25:33.453 2021 2041 I System.out: 0 Flags,IntendedVsync,Vsync,OldestInputEvent,NewestInputEvent,HandleInputStart,AnimationStart,PerformTraversalsStart,DrawStart,SyncQueued,SyncStart,IssueDrawCommandsStart,SwapBuffers,FrameCompleted,DequeueBufferDuration,QueueBufferDuration,GpuCompleted,
01-29 11:25:33.453 2021 2041 I System.out: 1 1,188173257297,188189923963,9223372036854775807,0,188192071407,188192071548,188192071658,188219551202,188219788729,188219963257,188219978425,188220730108,188221742461,27442,185028,188221620362,
01-29 11:25:33.453 2021 2041 I System.out: 2 0,188206590753,188223257419,9223372036854775807,0,188227050529,188227050980,188252565240,188252608792,188253155139,188253207868,188253228527,188253705453,188255646111,30657,968200,188255441737,
01-29 11:25:33.453 2021 2041 I System.out: 3 0,188239924115,188256590781,9223372036854775807,0,188258056732,188258057203,188279730724,188279758726,188287755809,188287928944,188287958981,188288456255,188289614092,37671,142208,188306724826,
01-29 11:25:33.453 2021 2041 I System.out: 4 0,188273257452,188289924118,9223372036854775807,0,188301226650,188301227382,188319545365,188319585911,188322809160,188322927713,188322958090,188323430768,188335330917,19417,89207,188335287466,
01-29 11:25:33.453 2021 2041 I System.out: 5 0,188306590959,188323257625,9223372036854775807,0,188336102959,188336103400,188336799418,188336826930,188339387914,188339477061,188339514592,188341213245,188341906909,21330,64411,188352545737,
01-29 11:25:33.453 2021 2041 I System.out: 6 0,188339924407,188339924407,9223372036854775807,0,188341932026,188341932447,188343060076,188343085865,188344146639,188344204538,188344247609,188348803703,188365816583,13144969,217479,188352633311,
01-29 11:25:33.453 2021 2041 I System.out: 7 0,188356591141,188356591141,9223372036854775807,0,188357036298,188357036548,188357843465,188357876307,188359382368,188366031186,188366075058,188366750017,188377600163,8424305,696689,188369135772,
01-29 11:25:33.453 2021 2041 I System.out: 8 0,188373257930,188373257930,9223372036854775807,0,188373488564,188373488824,188375189972,188375222112,188381108237,188381276713,188381317951,188381920113,188391611951,7889420,59151,188390059092,
01-29 11:25:33.453 2021 2041 I System.out: 9 0,188389924675,188389924675,9223372036854775807,0,188390070984,188390072247,188392548211,188392574300,188394736334,188395687642,188395729291,188399564019,188408542105,7032590,229291,188406732464,
01-29 11:25:33.453 2021 2041 I System.out: 10 0,188406591339,188406591339,9223372036854775807,0,188406898516,188406898666,188408878117,188408897674,188409807083,188409862948,188410043528,188413331047,188427542411,12398136,76875,188423395125,
01-29 11:25:33.453 2021 2041 I System.out: 11 0,188423258072,188423258072,9223372036854775807,0,188424430080,188424430391,188425361171,188425383022,188427493890,188427587676,188427762615,188430969974,188446944331,13258453,115196,188440049080,
01-29 11:25:33.453 2021 2041 I System.out: 12 0,188439924841,188439924841,9223372036854775807,0,188441195044,188441195385,188441972195,188441990129,188443228196,188446990067,188447269643,188448282567,188459385768,8396534,67407,188456730647,
