01-29 11:26:25.792 2021 2041 I System.out: 2 0,240756590744,240773257410,9223372036854775807,0,240787525904,240787527106,240798501655,240798542241,240800582196,240800687584,240800714094,240801284486,240804484762,29185,146214,240806717308,
01-29 11:26:25.792 2021 2041 I System.out: 3 0,240806590717,240806590717,9223372036854775807,0,240808346511,240808346821,240837364447,240837409652,240853100737,240853144639,240853175928,240853736522,240855261348,22443,737677,240856715702,
01-29 11:26:25.792 2021 2041 I System.out: 4 0,240823257413,240839924079,9223372036854775807,0,240855910288,240855910859,240865340985,240865388074,240867704007,240867818633,240867873856,240868429651,240871055607,32431,295436,240870987349,
01-29 11:26:25.792 2021 2041 I System.out: 5 0,240856590792,240856590792,9223372036854775807,0,240868892070,240868892451,240869674321,240869709697,240871207964,240871251626,240871298895,240873023346,240881911143,2669779,78277,240879179588,
01-29 11:26:25.792 2021 2041 I System.out: 6 0,240873257279,240873257279,9223372036854775807,0,240874419170,240874419591,240875536180,240875569673,240876608155,240881961207,240882013726,240882581433,240892634380,6881946,165561,240890040855,
01-29 11:26:25.792 2021 2041 I System.out: 7 0,240889923994,240889923994,9223372036854775807,0,240890736182,240890737063,240891732294,240891766889,240893025405,240893106157,240893151472,240894113901,240909034688,10805452,3548680,240906761104,
01-29 11:26:25.792 2021 2041 I System.out: 8 0,240906590371,240906590371,9223372036854775807,0,240907155606,240907156027,240908154554,240908179460,240910141979,240910183908,240910214466,240910866351,240924637096,8280154,122300,240923393559,
01-29 11:26:25.792 2021 2041 I System.out: 9 0,240923257116,240923257116,9223372036854775807,0,240923759537,240923759888,240925175158,240925207008,240926274444,240926316423,240926348183,240926904959,240941119449,5627839,65774,240935450463,
01-29 11:26:25.792 2021 2041 I System.out: 10 0,240939923820,240939923820,9223372036854775807,0,240940338671,240940339232,240941676135,240941699519,240943944750,240944765372,240944809385,240945481739,240963429145,10591470,2475183,240956709815,
01-29 11:26:25.792 2021 2041 I System.out: 11 0,240956590578,240956590578,9223372036854775807,0,240956976085,240956976516,240958029425,240958063760,240963387166,240963476404,240963503956,240964069739,240976223295,9623490,872890,240966561834,
01-29 11:26:25.792 2021 2041 I System.out: 12 0,240973257329,240973257329,9223372036854775807,0,240973441696,240973442678,240975209720,240975234667,240976766075,240976840014,240976873026,240977415306,240992636127,10045272,469192,240990066717,
01-29 11:26:25.792 2021 2041 I System.out: 13 0,240989923664,240989923664,9223372036854775807,0,240990095741,240990096733,240991820944,240991842405,240992852554,240995522763,240995564842,240996398108,241012997551,12182379,160753,241006714250,
01-29 11:26:25.792 2021 2041 I System.out: 14 0,241006590417,241006590417,9223372036854775807,0,241007010166,241007010537,241007844785,241007869401,241009487683,241013071560,241013120372,241013623437,241026592035,9266629,1373933,241017289929,
01-29 11:26:25.792 2021 2041 I System.out: 15 0,241023257112,241023257112,9223372036854775807,0,241023486247,241023486698,241025524097,241025546419,241027568821,241027662006,241027687173,241028108556,241043753724,13170166,312146,241030537091,
01-29 11:26:25.792 2021 2041 I System.out: 16 0,241039923613,241039923613,9223372036854775807,0,241040426530,241040427151,241041480441,241041521458,241046285093,241046529783,241046554780,241047009374,241059649504,10732635,157216,241048882856,
01-29 11:26:25.792 2021 2041 I System.out: 17 0,241056590294,241056590294,9223372036854775807,0,241065000933,241065001314,241065309934,241065326906,241066152308,241066352604,241066376008,241067088658,241076577484,6224290,473521,241073374854,
01-29 11:26:25.792 2021 2041 I System.out: 18 0,241073256935,241073256935,9223372036854775807,0,241073854005,241073854275,241074615927,241074646955,241076759747,241076811915,241076846520,241077261059,241090990687,11755397,74470,241090054488,
01-29 11:26:25.792 2021 2041 I System.out: 19 0,241089923711,241089923711,9223372036854775807,0,241090068935,241090069856,241091412931,241091435013,241092424162,241092464989,241092504753,241092988062,241109541929,14495127,83377,241106752906,
01-29 11:26:25.792 2021 2041 I System.out: 20 0,241106590092,241106590092,9223372036854775807,0,241106786730,241106787772,241110106680,241110141736,241111100018,241111158998,241111192812,241111637097,241124230870,10303618,332354,241113888299,
01-29 11:26:25.792 2021 2041 I System.out: 21 0,241123256851,241123256851,9223372036854775807,0,241123405799,241123407062,241124783148,241124819026,241125934773,241125998633,241126029952,241126461413,241140913399,12278200,315072,241128594763,
01-29 11:26:25.792 2021 2041 I System.out: 22 0,241139923562,241139923562,9223372036854775807,0,241140060025,241140060957,241141421254,241141455358,241142452632,241142514849,241142555335,241143045787,241157574047,12397924,195968,241145130105,
01-29 11:26:25.792 2021 2041 I System.out: 23 0,241156590290,241156590290,9223372036854775807,0,241156742143,241156743145,241158090026,241158127006,241159179384,241159242332,241159284852,241159761719,241176201631,14392755,155933,241161766437,
01-29 11:26:25.792 2021 2041 I System.out: 24 0,241173256984,241173256984,9223372036854775807,0,241173408481,241173409814,241177418629,241177452793,241178442273,241178489692,241178538695,241179174149,241193019925,12962416,153529,241180015170,
01-29 11:26:25.792 2021 2041 I System.out: 25 0,241189923671,241189923671,9223372036854775807,0,241190067155,241190068157,241193648697,241193687570,241194565220,241194636695,241194670047,241195324006,241207630089,11399628,147277,241206751798,
01-29 11:26:25.792 2021 2041 I System.out: 26 0,241206590195,241206590195,9223372036854775807,0,241206770182,241206771475,241208258991,241208299427,241209468054,241209616933,241209655255,241210431795,241226246433,14219800,868553,241211986938,
01-29 11:26:25.792 2021 2041 I System.out: 27 0,241223256799,241223256799,9223372036854775807,0,241223421923,241223423125,241226830280,241226872990,241227747985,241227813528,241227844516,241228413626,241240838402,10734277,932884,241230062305,
01-29 11:26:25.792 2021 2041 I System.out: 28 0,241239923516,241239923516,9223372036854775807,0,241240070478,241240071430,241241096467,241241132805,241242155988,241242233825,241242270203,241242956132,241260395263,15808286,898890,241244552593,
01-29 11:26:25.792 2021 2041 I System.out: 29 0,241256590153,241256590153,9223372036854775807,0,241256755001,241256755882,241258640936,241258659070,241259980494,241260435208,241260460556,241260997065,241274948419,12362318,933194,241262540526,
01-29 11:26:25.792 2021 2041 I System.out: 30 0,241273256799,241273256799,9223372036854775807,0,241274215211,241274215592,241274661380,241274691286,241275907963,241275991119,241276028880,241276736360,241290952884,12397585,971526,241278504594,
01-29 11:26:25.792 2021 2041 I System.out: 31 0,241289923541,241289923541,9223372036854775807,0,241290086896,241290087868,241291212151,241291250533,241292381088,241292454947,241292494061,241293233531,241309916711,14995838,1008837,241294876258,
01-29 11:26:25.792 2021 2041 I System.out: 32 0,241306590274,241306590274,9223372036854775807,0,241306747433,241306748926,241310098953,241310137335,241310207768,241310271157,241310303157,241310918574,241324355602,12327633,114575,241323403492,
01-29 11:26:25.792 2021 2041 I System.out: 33 0,241323256965,241323256965,9223372036854775807,0,241323415615,241323416637,241324578661,241324611723,241325878334,241325960449,241326002878,241326820185,241341470193,13064017,905392,241328360260,
01-29 11:26:25.792 2021 2041 I System.out: 34 0,241339923720,241339923720,9223372036854775807,0,241340067847,241340068879,241343184636,241343235832,241344432762,241344498646,241344528882,241345105176,241359542464,13635642,91722,0,
01-29 11:26:25.792 2021 2041 I System.out: 35 0,241356590422,241356590422,9223372036854775807,0,241356747350,241356748362,241360230878,241360275983,241360773799,241360832719,241360860051,241361435242,241376200386,12909296,1125666,0,
01-29 11:26:25.792 2021 2041 I System.out: 36 0,241856589784,241856589784,9223372036854775807,0,241856729835,241856730627,241856730817,241857055427,241857125609,241857220287,241857260352,241857876961,241859066107,19968,125226,0,
01-29 11:26:25.792 2021 2041 I System.out: 0 Flags,IntendedVsync,Vsync,OldestInputEvent,NewestInputEvent,HandleInputStart,AnimationStart,PerformTraversalsStart,DrawStart,SyncQueued,SyncStart,IssueDrawCommandsStart,SwapBuffers,FrameCompleted,DequeueBufferDuration,QueueBufferDuration,GpuCompleted,
01-29 11:26:25.792 2021 2041 I System.out: 1 1,266773255817,266773255817,9223372036854775807,0,266776104413,266776104784,266776104894,266814678212,266815121405,266815347640,266815360374,266816172711,266819152002,1581703,176282,266823412510,
01-29 11:26:25.792 2021 2041 I System.out: 2 0,266789922493,266806589159,9223372036854775807,0,266823005034,266823005545,266832235084,266832264930,266832774128,266833344900,266833370098,266833844029,266837209565,179257,1506412,266836794475,
01-29 11:26:25.792 2021 2041 I System.out: 3 0,266839922129,266839922129,9223372036854775807,0,266840680600,266840680820,266862446073,266862485637,266871529007,266871647038,266871677235,266872123544,266876735483,19527,331704,266876686141,
01-29 11:26:25.792 2021 2041 I System.out: 4 0,266856588824,266873255490,9223372036854775807,0,266876073830,266876074300,266887637196,266887698661,266891055872,266895217024,266895263571,266895697066,266901911628,73919,568168,266904853358,
01-29 11:26:25.792 2021 2041 I System.out: 5 0,266889922151,266889922151,9223372036854775807,0,266896975219,266896975700,266897984877,266898012669,266899378817,266901989815,266902054897,266903775892,266908093338,3144742,145724,266904905646,
01-29 11:26:25.792 2021 2041 I System.out: 6 0,266906588806,266906588806,9223372036854775807,0,266908262065,266908262516,266909066096,266909094369,266910174109,266915551157,266915600189,266916818198,266924496121,4750098,147036,266923404719,
01-29 11:26:25.792 2021 2041 I System.out: 7 0,266923255413,266923255413,9223372036854775807,0,266924360125,266924360676,266925372137,266925397685,266926472897,266926515296,266926551013,266935274501,266946692955,10340888,104717,266940055869,
01-29 11:26:25.792 2021 2041 I System.out: 8 0,266939922050,266939922050,9223372036854775807,0,266940065016,266940065978,266945761434,266945798443,266948070444,266948412437,266948447603,266948874225,266957883190,5451698,100829,214882515029,
01-29 11:26:25.792 2021 2041 I System.out: 9 0,266956588756,266956588756,9223372036854775807,0,266957202821,266957203231,266958488768,266958501121,266959523984,266959611649,266959653177,266961498495,266974812352,7585969,226225,214899272498,
01-29 11:26:25.792 2021 2041 I System.out: 10 0,266973255291,266973255291,9223372036854775807,0,266973802153,266973803145,266975168291,266975185463,266977460299,266978424121,266978463906,266981650837,266996295905,12804118,104957,214916032914,
01-29 11:26:25.793 2021 2041 D UiDevice: Waiting 10000ms for SearchCondition[hasObject=BySelector [TEXT='\QGet Started\E']].
01-29 11:26:25.793 2021 2041 D UiDevice: Searching for node with selector: BySelector [TEXT='\QGet Started\E'].
01-29 11:26:25.850 987 987 D TaplTarget: sendStateEventToTest: 0
01-29 11:26:25.850 987 987 D RecentsOrientedState: current RecentsOrientedState: [this=RecentsOrientedState@5c28903 mOrientationHandler=PortraitPagedViewHandler@4e57080 mDisplayRotation=0 mTouchRotation=0 mRecentsActivityRotation=0 isRecentsActivityRotationAllowed=false mSystemRotation=true mFlags=299]
01-29 11:26:25.850 987 987 I chatty : uid=10118(com.android.launcher3) identical 2 lines
01-29 11:26:25.850 987 987 D RecentsOrientedState: current RecentsOrientedState: [this=RecentsOrientedState@5c28903 mOrientationHandler=PortraitPagedViewHandler@4e57080 mDisplayRotation=0 mTouchRotation=0 mRecentsActivityRotation=0 isRecentsActivityRotationAllowed=false mSystemRotation=true mFlags=299]
01-29 11:26:25.853 478 2340 D HostConnection: HostConnection::get() New Host Connection established 0x7e5153e17890, tid 2340
01-29 11:26:25.855 478 2340 D HostConnection: HostComposition ext ANDROID_EMU_CHECKSUM_HELPER_v1 ANDROID_EMU_native_sync_v2 ANDROID_EMU_dma_v1 ANDROID_EMU_direct_mem ANDROID_EMU_host_composition_v1 ANDROID_EMU_host_composition_v2 ANDROID_EMU_vulkan ANDROID_EMU_deferred_vulkan_commands ANDROID_EMU_vulkan_null_optional_strings ANDROID_EMU_vulkan_create_resources_with_requirements ANDROID_EMU_YUV_Cache ANDROID_EMU_vulkan_ignored_handles ANDROID_EMU_has_shared_slots_host_memory_allocator ANDROID_EMU_vulkan_free_memory_sync ANDROID_EMU_vulkan_shader_float16_int8 ANDROID_EMU_vulkan_async_queue_submit ANDROID_EMU_sync_buffer_data ANDROID_EMU_vulkan_async_qsri ANDROID_EMU_read_color_buffer_dma GL_OES_EGL_image_external_essl3 GL_OES_vertex_array_object GL_KHR_texture_compression_astc_ldr ANDROID_EMU_host_side_tracing ANDROID_EMU_gles_max_version_3_0
01-29 11:26:25.855 478 2340 D EGL_emulation: eglCreateContext: 0x7e5143ebb360: maj 3 min 0 rcv 3
01-29 11:26:25.855 478 2340 D EGL_emulation: eglMakeCurrent: 0x7e5143ebb360: ver 3 0 (tinfo 0x7e50e3ee3700) (first time)
01-29 11:26:25.866 255 398 W netd : dnssd_clientstub DNSServiceProcessResult called with NULL DNSServiceRef
01-29 11:26:25.866 2145 2191 I DistCache: Discovery stopped: _dcache._tcp
01-29 11:26:25.867 255 398 W netd : dnssd_clientstub DNSServiceProcessResult called with NULL DNSServiceRef
01-29 11:26:25.868 2145 2145 D AppActivity$onDestroy: AppActivity#onDestroy
01-29 11:26:25.868 2145 2191 I DistCache: Unregistered: name: DCache, type: _dcache._tcp, host: null, port: 43263, txtRecord:
01-29 11:26:26.376 2145 2188 D DistCache: DistributedCacheHashtable(43263 unknown Android SDK built for x86_64): sending pings to 0 nodes
01-29 11:26:26.464 2021 2041 D UiDevice: Searching for node with selector: BySelector [TEXT='\QGet Started\E'].
01-29 11:26:29.207 2021 2041 I chatty : uid=10131(com.ustadmobile.app_android_baselineprofile) roidJUnitRunner identical 22 lines
01-29 11:26:29.309 2021 2041 D UiDevice: Searching for node with selector: BySelector [TEXT='\QGet Started\E'].
01-29 11:26:29.377 2145 2188 D DistCache: DistributedCacheHashtable(43263 unknown Android SDK built for x86_64): sending pings to 0 nodes
01-29 11:26:29.412 2021 2041 D UiDevice: Searching for node with selector: BySelector [TEXT='\QGet Started\E'].
01-29 11:26:30.232 2021 2041 I chatty : uid=10131(com.ustadmobile.app_android_baselineprofile) roidJUnitRunner identical 8 lines
01-29 11:26:30.334 2021 2041 D UiDevice: Searching for node with selector: BySelector [TEXT='\QGet Started\E'].
01-29 11:26:30.352 350 350 I perfetto: probes_producer.cc:329 Producer stop (id=15)
01-29 11:26:30.352 361 361 I perfetto: ng_service_impl.cc:1948 Tracing session 15 ended, total sessions:1
01-29 11:26:30.436 2021 2041 D UiDevice: Searching for node with selector: BySelector [TEXT='\QGet Started\E'].
01-29 11:26:30.498 350 350 I perfetto: probes_producer.cc:329 Producer stop (id=16)
01-29 11:26:30.499 350 350 I perfetto: ftrace_procfs.cc:183 disabled ftrace
01-29 11:26:30.499 361 361 I perfetto: ng_service_impl.cc:1948 Tracing session 16 ended, total sessions:0
01-29 11:26:30.539 2021 2041 D UiDevice: Searching for node with selector: BySelector [TEXT='\QGet Started\E'].
01-29 11:26:32.178 2021 2041 I chatty : uid=10131(com.ustadmobile.app_android_baselineprofile) roidJUnitRunner identical 16 lines
01-29 11:26:32.281 2021 2041 D UiDevice: Searching for node with selector: BySelector [TEXT='\QGet Started\E'].
01-29 11:26:32.378 2145 2188 D DistCache: DistributedCacheHashtable(43263 unknown Android SDK built for x86_64): sending pings to 0 nodes
01-29 11:26:32.383 2021 2041 D UiDevice: Searching for node with selector: BySelector [TEXT='\QGet Started\E'].
01-29 11:26:35.258 2021 2041 I chatty : uid=10131(com.ustadmobile.app_android_baselineprofile) roidJUnitRunner identical 28 lines
01-29 11:26:35.361 2021 2041 D UiDevice: Searching for node with selector: BySelector [TEXT='\QGet Started\E'].
01-29 11:26:35.379 2145 2188 D DistCache: DistributedCacheHashtable(43263 unknown Android SDK built for x86_64): sending pings to 0 nodes
01-29 11:26:35.463 2021 2041 D UiDevice: Searching for node with selector: BySelector [TEXT='\QGet Started\E'].
01-29 11:26:35.771 2021 2041 I chatty : uid=10131(com.ustadmobile.app_android_baselineprofile) roidJUnitRunner identical 3 lines
01-29 11:26:35.873 2021 2041 D UiDevice: Searching for node with selector: BySelector [TEXT='\QGet Started\E'].
01-29 11:26:36.876 2021 2041 D UiDevice: Retrieving node with selector: BySelector [TEXT='\QGet Started\E'].
01-29 11:26:36.879 2021 2041 D UiDevice: Node not found with selector: BySelector [TEXT='\QGet Started\E'].
01-29 11:26:38.379 2145 2188 D DistCache: DistributedCacheHashtable(43263 unknown Android SDK built for x86_64): sending pings to 0 nodes
01-29 11:26:41.380 2145 2188 D DistCache: DistributedCacheHashtable(43263 unknown Android SDK built for x86_64): sending pings to 0 nodes
01-29 11:26:41.879 2021 2041 D Benchmark: Profile Installer - Save Profile
01-29 11:26:41.886 2145 2145 I Process : Sending signal. PID: 2145 SIG: 10
01-29 11:26:41.886 2145 2145 D ProfileInstaller:
01-29 11:26:41.886 2145 2153 I aktabmobile.ap: Thread[4,tid=2153,WaitingInMainSignalCatcherLoop,Thread*=0x7e5233e1f380,peer=0x13902500,"Signal Catcher"]: reacting to signal 10
01-29 11:26:41.886 2145 2153 I aktabmobile.ap:
01-29 11:26:41.886 2145 2153 I aktabmobile.ap: SIGUSR1 forcing GC (no HPROF) and profile save
01-29 11:26:41.889 3269 3271 I cmd : oneway function results will be dropped but finished with status OK and parcel size 4
01-29 11:26:41.898 2145 2153 I aktabmobile.ap: Explicit concurrent copying GC freed 128613(4728KB) AllocSpace objects, 5(132KB) LOS objects, 49% free, 7023KB/13MB, paused 11us total 12.076ms
01-29 11:26:42.391 2021 2041 D Benchmark: Killing process tj.maktabmobile.app
01-29 11:26:42.391 2021 2041 D UiDevice: Executing shell command: killall tj.maktabmobile.app
01-29 11:26:42.419 478 492 I PackageDexOptimizer: Running dexopt (dexoptNeeded=-3) on: /data/app/~~udvmEuEJhL3rR0pnxkb45Q==/tj.maktabmobile.app-qWZ3Bw-qpBT7rr6Ga6g6aQ==/base.apk pkg=tj.maktabmobile.app isa=x86_64 dexoptFlags=boot_complete,profile_guided,force,enable_hidden_api_checks targetFilter=speed-profile oatDir=/data/app/~~udvmEuEJhL3rR0pnxkb45Q==/tj.maktabmobile.app-qWZ3Bw-qpBT7rr6Ga6g6aQ==/oat classLoaderContext=PCL[]{PCL[/system_ext/framework/androidx.window.sidecar.jar]}
01-29 11:26:42.420 380 380 V installd: DexInv: --- BEGIN '/data/app/~~udvmEuEJhL3rR0pnxkb45Q==/tj.maktabmobile.app-qWZ3Bw-qpBT7rr6Ga6g6aQ==/base.apk' ---
01-29 11:26:42.425 3283 3283 W dex2oat32: Unexpected CPU variant for X86 using defaults: x86_64
01-29 11:26:42.495 3283 3283 I dex2oat32: /apex/com.android.art/bin/dex2oat32 --input-vdex-fd=9 --output-vdex-fd=10 --updatable-bcp-packages-file=/system/etc/updatable-bcp-packages.txt --resolve-startup-const-strings=true --max-image-block-size=524288 --compiler-filter=speed-profile --profile-file-fd=12 --classpath-dir=/data/app/~~udvmEuEJhL3rR0pnxkb45Q==/tj.maktabmobile.app-qWZ3Bw-qpBT7rr6Ga6g6aQ== --class-loader-context=PCL[]{PCL[/system_ext/framework/androidx.window.sidecar.jar]} --generate-mini-debug-info --compilation-reason=unknown
01-29 11:26:42.495 3283 3283 I dex2oat32: setting boot class path to /apex/com.android.art/javalib/core-oj.jar:/apex/com.android.art/javalib/core-libart.jar:/apex/com.android.art/javalib/core-icu4j.jar:/apex/com.android.art/javalib/okhttp.jar:/apex/com.android.art/javalib/bouncycastle.jar:/apex/com.android.art/javalib/apache-xml.jar:/system/framework/framework.jar:/system/framework/ext.jar:/system/framework/telephony-common.jar:/system/framework/voip-common.jar:/system/framework/ims-common.jar:/system/framework/framework-atb-backward-compatibility.jar
01-29 11:26:44.381 2145 2188 D DistCache: DistributedCacheHashtable(43263 unknown Android SDK built for x86_64): sending pings to 0 nodes
01-29 11:26:46.241 1168 1844 I Dialer : OmtpVvmCarrierCfgHlpr - OmtpEvent:CONFIG_STATUS_SMS_TIME_OUT
01-29 11:26:46.241 1168 1168 I Dialer : RetryPolicy - discarding deferred status: configuration_state=4
01-29 11:26:46.242 1168 1168 I Dialer : VvmTaskExecutor - no more tasks, stopping service if no task are added in 5000 millis
01-29 11:26:46.242 1168 1168 I Dialer : VvmTaskReceiver - task received
01-29 11:26:46.242 1168 1168 I Dialer : VvmTaskReceiver - TaskExecutor already running
01-29 11:26:46.242 1168 1168 I Dialer : Task.createTask - create task:com.android.voicemail.impl.ActivationTask
01-29 11:26:46.242 1168 1168 I Dialer : RetryPolicy - retry #4 for com.android.voicemail.impl.ActivationTask@d262e17 queued, executing in 5000
01-29 11:26:46.242 1168 1168 I Dialer : VvmTaskExecutor - com.android.voicemail.impl.ActivationTask@d262e17 added
01-29 11:26:46.242 1168 1168 I Dialer : VvmTaskExecutor - minimal wait time:5000
01-29 11:26:46.242 1168 1168 I Dialer : VvmTaskExecutor - sleep for 5000 millis
01-29 11:26:46.715 3283 3283 W dex2oat32: Class androidx.compose.runtime.snapshots.SnapshotStateMap failed lock verification and will run slower.
01-29 11:26:46.715 3283 3283 W dex2oat32: Common causes for lock verification issues are non-optimized dex code
01-29 11:26:46.715 3283 3283 W dex2oat32: and incorrect proguard optimizations.
01-29 11:26:46.715 3283 3285 W dex2oat32: Class androidx.compose.runtime.snapshots.SnapshotStateList failed lock verification and will run slower.
01-29 11:26:46.770 3283 3285 W dex2oat32: Accessing hidden method Landroid/graphics/Canvas;->drawPatch(Landroid/graphics/NinePatch;Landroid/graphics/Rect;Landroid/graphics/Paint;)V (greylist-max-o, linking, denied)
01-29 11:26:46.770 3283 3285 W dex2oat32: Accessing hidden method Landroid/graphics/Canvas;->drawPatch(Landroid/graphics/NinePatch;Landroid/graphics/RectF;Landroid/graphics/Paint;)V (greylist-max-o, linking, denied)
01-29 11:26:46.774 3283 3283 W dex2oat32: Accessing hidden method Landroid/graphics/Bitmap;->getHardwareBuffer()Landroid/hardware/HardwareBuffer; (blacklist, linking, denied)
01-29 11:26:46.895 3283 3283 W dex2oat32: Accessing hidden method Landroid/app/job/JobParameters;->getStopReason()I (greylist-max-o, linking, denied)
01-29 11:26:47.382 2145 2188 D DistCache: DistributedCacheHashtable(43263 unknown Android SDK built for x86_64): sending pings to 0 nodes
01-29 11:26:48.557 3283 3283 I dex2oat32: Explicit concurrent copying GC freed 275904(40MB) AllocSpace objects, 0(0B) LOS objects, 49% free, 2264KB/4528KB, paused 12us total 7.808ms
01-29 11:26:48.583 3283 3283 W dex2oat32: Accessing hidden field Ljava/nio/file/FileSystemException;->file:Ljava/lang/String; (greylist-max-o, linking, denied)
01-29 11:26:48.583 3283 3283 W dex2oat32: Accessing hidden field Ljava/nio/file/FileSystemException;->other:Ljava/lang/String; (greylist-max-o, linking, denied)
01-29 11:26:48.583 3283 3283 W dex2oat32: Accessing hidden field Ljava/nio/file/InvalidPathException;->index:I (greylist-max-o, linking, denied)
01-29 11:26:48.583 3283 3283 W dex2oat32: Accessing hidden field Ljava/nio/file/InvalidPathException;->input:Ljava/lang/String; (greylist-max-o, linking, denied)
01-29 11:26:48.585 3283 3283 W dex2oat32: Accessing hidden method Landroid/graphics/Bitmap;->getHardwareBuffer()Landroid/hardware/HardwareBuffer; (blacklist, linking, denied)
01-29 11:26:48.585 3283 3283 W dex2oat32: Accessing hidden method Landroid/graphics/Canvas;->drawPatch(Landroid/graphics/NinePatch;Landroid/graphics/Rect;Landroid/graphics/Paint;)V (greylist-max-o, linking, denied)
01-29 11:26:48.585 3283 3283 W dex2oat32: Accessing hidden method Landroid/graphics/Canvas;->drawPatch(Landroid/graphics/NinePatch;Landroid/graphics/RectF;Landroid/graphics/Paint;)V (greylist-max-o, linking, denied)
01-29 11:26:48.597 3283 3283 W dex2oat32: Accessing hidden method Landroid/app/job/JobParameters;->getStopReason()I (greylist-max-o, linking, denied)
01-29 11:26:49.671 3283 3283 I dex2oat32: dex2oat took 7.245s (8.959s cpu) (threads: 2) arena alloc=3887KB (3981288B) java alloc=2280KB (2335144B) native alloc=81MB (85726976B) free=83MB (87524480B)
01-29 11:26:49.687 380 380 V installd: DexInv: --- END '/data/app/~~udvmEuEJhL3rR0pnxkb45Q==/tj.maktabmobile.app-qWZ3Bw-qpBT7rr6Ga6g6aQ==/base.apk' (success) ---
01-29 11:26:49.694 3279 3281 I cmd : oneway function results will be dropped but finished with status OK and parcel size 4
01-29 11:26:49.706 2021 2041 D Benchmark: Reference profile location: /data/misc/profiles/ref/tj.maktabmobile.app/primary.prof
01-29 11:26:49.733 2021 2041 D Benchmark: APK Path: /data/app/~~udvmEuEJhL3rR0pnxkb45Q==/tj.maktabmobile.app-qWZ3Bw-qpBT7rr6Ga6g6aQ==/base.apk
01-29 11:26:49.733 2021 2041 D Benchmark: Converting to human readable profile format
01-29 11:26:49.733 2021 2041 D Benchmark: Using profile location: /data/misc/profiles/ref/tj.maktabmobile.app/primary.prof
01-29 11:26:50.020 3311 3311 W profman : profman took 276.327ms
01-29 11:26:50.043 2021 2041 D Benchmark: Using profile location: /data/misc/profiles/cur/0/tj.maktabmobile.app/primary.prof
01-29 11:26:50.311 3322 3322 W profman : profman took 249.774ms
01-29 11:26:50.382 2145 2188 D DistCache: DistributedCacheHashtable(43263 unknown Android SDK built for x86_64): sending pings to 0 nodes
01-29 11:26:51.225 2021 2041 D Benchmark: Unstable profiles during iteration 9
01-29 11:26:51.225 2021 2041 D Benchmark: Killing package tj.maktabmobile.app
01-29 11:26:51.225 2021 2041 D Benchmark: Killing process tj.maktabmobile.app
01-29 11:26:51.225 2021 2041 D UiDevice: Executing shell command: killall tj.maktabmobile.app
01-29 11:26:51.231 2021 2041 D Benchmark: Compile iteration (10) for tj.maktabmobile.app
01-29 11:26:51.231 2021 2041 D UiDevice: Pressing home button.
01-29 11:26:51.246 638 638 V ShadeControllerImpl: NotificationShadeWindow: com.android.systemui.statusbar.phone.NotificationShadeWindowView{90561f7 I.E...... ......ID 0,0-1080,1920} canPanelBeCollapsed(): false
01-29 11:26:51.247 478 498 D EventSequenceValidator: inc AccIntentStartedEvents to 2
01-29 11:26:51.248 478 496 W InputReader: Device virtio_input_multi_touch_10 is associated with display ADISPLAY_ID_NONE.
01-29 11:26:51.248 478 496 W InputReader: Device virtio_input_multi_touch_7 is associated with display ADISPLAY_ID_NONE.
01-29 11:26:51.248 478 496 W InputReader: Device virtio_input_multi_touch_11 is associated with display ADISPLAY_ID_NONE.
01-29 11:26:51.248 478 496 W InputReader: Device virtio_input_multi_touch_5 is associated with display ADISPLAY_ID_NONE.
01-29 11:26:51.248 478 496 W InputReader: Device virtio_input_multi_touch_2 is associated with display ADISPLAY_ID_NONE.
01-29 11:26:51.248 478 496 W InputReader: Device virtio_input_multi_touch_6 is associated with display ADISPLAY_ID_NONE.
01-29 11:26:51.248 478 496 W InputReader: Device virtio_input_multi_touch_8 is associated with display ADISPLAY_ID_NONE.
01-29 11:26:51.248 478 496 W InputReader: Device virtio_input_multi_touch_9 is associated with display ADISPLAY_ID_NONE.
01-29 11:26:51.248 478 496 W InputReader: Device virtio_input_multi_touch_3 is associated with display ADISPLAY_ID_NONE.
01-29 11:26:51.248 478 496 W InputReader: Device virtio_input_multi_touch_4 is associated with display ADISPLAY_ID_NONE.
01-29 11:26:51.248 478 496 W InputReader: Device virtio_input_multi_touch_10 is associated with display ADISPLAY_ID_NONE.
01-29 11:26:51.248 478 496 W InputReader: Device virtio_input_multi_touch_7 is associated with display ADISPLAY_ID_NONE.
01-29 11:26:51.248 478 496 W InputReader: Device virtio_input_multi_touch_11 is associated with display ADISPLAY_ID_NONE.
01-29 11:26:51.248 478 496 W InputReader: Device virtio_input_multi_touch_5 is associated with display ADISPLAY_ID_NONE.
01-29 11:26:51.248 478 496 W InputReader: Device virtio_input_multi_touch_2 is associated with display ADISPLAY_ID_NONE.
01-29 11:26:51.248 478 496 W InputReader: Device virtio_input_multi_touch_6 is associated with display ADISPLAY_ID_NONE.
01-29 11:26:51.248 478 496 W InputReader: Device virtio_input_multi_touch_8 is associated with display ADISPLAY_ID_NONE.
01-29 11:26:51.248 478 496 W InputReader: Device virtio_input_multi_touch_9 is associated with display ADISPLAY_ID_NONE.
01-29 11:26:51.248 478 496 W InputReader: Device virtio_input_multi_touch_3 is associated with display ADISPLAY_ID_NONE.
01-29 11:26:51.248 478 496 W InputReader: Device virtio_input_multi_touch_4 is associated with display ADISPLAY_ID_NONE.
01-29 11:26:51.248 361 361 I perfetto: ing_service_impl.cc:758 Configured tracing session 17, #sources:1, duration:5000 ms, #buffers:1, total buffer size:4096 KB, total sessions:1, uid:1071 session name: ""
01-29 11:26:51.249 350 350 I perfetto: probes_producer.cc:230 Ftrace setup (target_buf=17)
01-29 11:26:51.263 987 987 D TaplTarget: Launcher.onNewIntent: Intent { act=android.intent.action.MAIN cat=[android.intent.category.HOME] flg=0x10400100 cmp=com.android.launcher3/.uioverrides.QuickstepLauncher (has extras) }
01-29 11:26:51.264 350 350 I perfetto: ftrace_procfs.cc:176 enabled ftrace
01-29 11:26:51.265 638 638 V ShadeControllerImpl: NotificationShadeWindow: com.android.systemui.statusbar.phone.NotificationShadeWindowView{90561f7 I.E...... ......ID 0,0-1080,1920} canPanelBeCollapsed(): false
01-29 11:26:51.277 1168 1844 I Dialer : VvmTaskExecutor - executing task com.android.voicemail.impl.ActivationTask@d262e17
01-29 11:26:51.277 1168 1844 I Dialer : PreOMigrationHandler - ComponentInfo{com.android.phone/com.android.services.telephony.TelephonyConnectionService}, ***, UserHandle{0} already migrated
01-29 11:26:51.283 273 1473 D goldfish-address-space: claimShared: Ask to claim region [0x3f57bb000 0x3f5fa4000]
01-29 11:26:51.284 273 1473 D goldfish-address-space: claimShared: Ask to claim region [0x3f775f000 0x3f7f48000]
01-29 11:26:51.284 273 1473 D goldfish-address-space: claimShared: Ask to claim region [0x3f4000000 0x3f47e9000]
01-29 11:26:51.286 1305 1420 I VoicemailNotifier: receivers for android.intent.action.PROVIDER_CHANGED :[]
01-29 11:26:51.286 1168 1844 I Dialer : VvmActivationTask - VVM content provider configured - vvm_type_cvvm
01-29 11:26:51.286 1168 1844 I Dialer : OmtpVvmCarrierCfgHlpr - OmtpEvent:CONFIG_ACTIVATING
01-29 11:26:51.287 1305 1420 I VoicemailNotifier: receivers for android.intent.action.PROVIDER_CHANGED :[]
01-29 11:26:51.290 273 1473 D goldfish-address-space: claimShared: Ask to claim region [0x3f47e9000 0x3f4fd2000]
01-29 11:26:51.294 478 498 D EventSequenceValidator: dec AccIntentStartedEvents to 1
01-29 11:26:51.301 478 504 D ArtManagerInternalImpl: /data/misc/iorapd/com.android.launcher3/30/com.android.launcher3.uioverrides.QuickstepLauncher/compiled_traces/compiled_trace.pb doesn't exist
01-29 11:26:51.308 842 1063 D SmsNumberUtils: enter filterDestAddr. destAddr="[BajqU4K5_YhSYbs-7QUn0dOwcmI]"
01-29 11:26:51.309 842 1063 D SmsNumberUtils: destAddr is not formatted.
01-29 11:26:51.309 842 1063 D SmsNumberUtils: leave filterDestAddr, new destAddr="[BajqU4K5_YhSYbs-7QUn0dOwcmI]"
01-29 11:26:52.019 2021 2041 I System.out: 0 Flags,IntendedVsync,Vsync,OldestInputEvent,NewestInputEvent,HandleInputStart,AnimationStart,PerformTraversalsStart,DrawStart,SyncQueued,SyncStart,IssueDrawCommandsStart,SwapBuffers,FrameCompleted,DequeueBufferDuration,QueueBufferDuration,GpuCompleted,
01-29 11:26:52.019 2021 2041 I System.out: 1 1,266773255817,266773255817,9223372036854775807,0,266776104413,266776104784,266776104894,266814678212,266815121405,266815347640,266815360374,266816172711,266819152002,1581703,176282,266823412510,
01-29 11:26:52.019 2021 2041 I System.out: 2 0,266789922493,266806589159,9223372036854775807,0,266823005034,266823005545,266832235084,266832264930,266832774128,266833344900,266833370098,266833844029,266837209565,179257,1506412,266836794475,
01-29 11:26:52.019 2021 2041 I System.out: 3 0,266839922129,266839922129,9223372036854775807,0,266840680600,266840680820,266862446073,266862485637,266871529007,266871647038,266871677235,266872123544,266876735483,19527,331704,266876686141,
01-29 11:26:52.019 2021 2041 I System.out: 4 0,266856588824,266873255490,9223372036854775807,0,266876073830,266876074300,266887637196,266887698661,266891055872,266895217024,266895263571,266895697066,266901911628,73919,568168,266904853358,
01-29 11:26:52.019 2021 2041 I System.out: 5 0,266889922151,266889922151,9223372036854775807,0,266896975219,266896975700,266897984877,266898012669,266899378817,266901989815,266902054897,266903775892,266908093338,3144742,145724,266904905646,
01-29 11:26:52.019 2021 2041 I System.out: 6 0,266906588806,266906588806,9223372036854775807,0,266908262065,266908262516,266909066096,266909094369,266910174109,266915551157,266915600189,266916818198,266924496121,4750098,147036,266923404719,
01-29 11:26:52.019 2021 2041 I System.out: 7 0,266923255413,266923255413,9223372036854775807,0,266924360125,266924360676,266925372137,266925397685,266926472897,266926515296,266926551013,266935274501,266946692955,10340888,104717,266940055869,
01-29 11:26:52.019 2021 2041 I System.out: 8 0,266939922050,266939922050,9223372036854775807,0,266940065016,266940065978,266945761434,266945798443,266948070444,266948412437,266948447603,266948874225,266957883190,5451698,100829,266956732046,
01-29 11:26:52.019 2021 2041 I System.out: 9 0,266956588756,266956588756,9223372036854775807,0,266957202821,266957203231,266958488768,266958501121,266959523984,266959611649,266959653177,266961498495,266974812352,7585969,226225,266973430504,
01-29 11:26:52.019 2021 2041 I System.out: 10 0,266973255291,266973255291,9223372036854775807,0,266973802153,266973803145,266975168291,266975185463,266977460299,266978424121,266978463906,266981650837,266996295905,12804118,104957,266990076615,
01-29 11:26:52.019 2021 2041 I System.out: 11 0,266989921885,266989921885,9223372036854775807,0,266995522431,266995522792,266997006231,266997033993,266998196578,266998232997,266998263724,266998782059,267011262278,10090066,1029515,267001135232,
01-29 11:26:52.019 2021 2041 I System.out: 12 0,267006588553,267006588553,9223372036854775807,0,267011185724,267011186105,267012004914,267012030763,267013488643,267013526194,267013553595,267014012488,267028316245,12518992,99126,267023391979,
01-29 11:26:52.019 2021 2041 I System.out: 13 0,267023255286,267023255286,9223372036854775807,0,267023506875,267023507115,267027582837,267027619265,267029182514,267029235794,267029270800,267031643349,267044347620,11001671,179798,267033304612,
01-29 11:26:52.019 2021 2041 I System.out: 14 0,267039921891,267039921891,9223372036854775807,0,267040254506,267040254847,267044921148,267044948920,267046011708,267046258963,267046296944,267046741079,267057747368,7586972,151975,267050115121,
01-29 11:26:52.019 2021 2041 I System.out: 15 0,267056588596,267056588596,9223372036854775807,0,267057192996,267057193146,267058206942,267058233462,267059317109,267059375007,267059540178,267062252897,267079849194,10374251,2283482,267069435749,
01-29 11:26:52.019 2021 2041 I System.out: 16 0,267073255354,267073255354,9223372036854775807,0,267073399720,267073400612,267077715653,267077748575,267079820069,267079933242,267080122487,267080562184,267093478102,10870072,246984,267082576290,
01-29 11:26:52.019 2021 2041 I System.out: 17 0,267089922020,267089922020,9223372036854775807,0,267090832780,267090833050,267091629948,267091657149,267093740405,267093909333,267093940802,267094498460,267109998086,13517359,82756,267106771520,
01-29 11:26:52.019 2021 2041 I System.out: 18 0,267106588741,267106588741,9223372036854775807,0,267117805832,267117806203,267118180366,267118200654,267119042356,267119094524,267119120854,267119480570,267126998672,4489138,1068388,267122474979,
01-29 11:26:52.019 2021 2041 I System.out: 19 0,267123255509,267123255509,9223372036854775807,0,267123851096,267123852037,267124584154,267124616354,267126068844,267127050269,267127088140,267127588751,267141121189,10210013,1058289,267130861613,
01-29 11:26:52.019 2021 2041 I System.out: 20 0,267139922031,267139922031,9223372036854775807,0,267140334390,267140335302,267141507936,267141541900,267142692102,267142759278,267142811045,267143300565,267159609061,13789060,137488,267156778480,
01-29 11:26:52.019 2021 2041 I System.out: 21 0,267156588566,267156588566,9223372036854775807,0,267157008102,267157009074,267157717195,267157749686,267158816091,267159651180,267159683681,267160122186,267177639113,15528019,89178,267173411356,
01-29 11:26:52.019 2021 2041 I System.out: 22 0,267173255076,267173255076,9223372036854775807,0,267173419802,267173420954,267176943746,267176981657,267177753959,267177791239,267177819432,267178218382,267193057085,11907693,975253,267181110428,
01-29 11:26:52.019 2021 2041 I System.out: 23 0,267189921633,267189921633,9223372036854775807,0,267190266299,267190267381,267191046555,267191082693,267192232985,267193114112,267193147915,267193560441,267207537985,11092280,933845,267196401060,
01-29 11:26:52.019 2021 2041 I System.out: 24 0,267206588371,267206588371,9223372036854775807,0,267206755885,267206756947,267209244523,267209280180,267210319523,267210372914,267210410785,267210975186,267226563478,13908214,982276,267212615139,
01-29 11:26:52.019 2021 2041 I System.out: 25 0,267223254889,267223254889,9223372036854775807,0,267223438704,267223440157,267225721325,267225761871,267226751591,267226823987,267226855557,267227455044,267240911158,12622096,97713,267240058956,
01-29 11:26:52.020 2021 2041 I System.out: 26 0,267239921538,267239921538,9223372036854775807,0,267240089032,267240090325,267241601095,267241639046,267242906999,267242984244,267243014291,267243558013,267259533012,14333823,934356,267245160846,
01-29 11:26:52.020 2021 2041 I System.out: 27 0,267256588298,267256588298,9223372036854775807,0,267256745983,267256747285,267260162856,267260197280,267261090940,267261143189,267261173676,267261764907,267274506508,11004866,986274,267263457649,
01-29 11:26:52.020 2021 2041 I System.out: 28 0,267273255002,267273255002,9223372036854775807,0,267273432850,267273433832,267274707977,267274748894,267276067442,267276305229,267276347238,267276942978,267293160382,14394037,943303,267278715119,
01-29 11:26:52.020 2021 2041 I System.out: 29 0,267289921718,267289921718,9223372036854775807,0,267290247196,267290248509,267290740383,267290777293,267291929298,267293228721,267293266712,267293961077,267307809509,12895680,138440,267306735670,
01-29 11:26:52.020 2021 2041 I System.out: 30 0,267306588446,267306588446,9223372036854775807,0,267306778040,267306779493,267308116396,267308163795,267309575729,267309685405,267309723286,267310372396,267326363065,14299399,937262,267312020905,
01-29 11:26:52.020 2021 2041 I System.out: 31 0,267323255117,267323255117,9223372036854775807,0,267323645957,267323646959,267324161446,267324201912,267326575734,267326675592,267326714485,267327458023,267342726594,13343192,982096,267329338478,
01-29 11:26:52.020 2021 2041 I System.out: 32 0,267339921850,267339921850,9223372036854775807,0,267340064680,267340065612,267342919056,267342954272,267343021478,267343089586,267343119743,267343853161,267358110832,13408645,160602,267344652574,
01-29 11:26:52.020 2021 2041 I System.out: 33 0,267356588595,267356588595,9223372036854775807,0,267356761856,267356773859,267357883465,267357915435,267359629306,267359703296,267359738692,267360622373,267376585319,14354473,909349,267362189108,
01-29 11:26:52.020 2021 2041 I System.out: 34 0,267373255068,267373255068,9223372036854775807,0,267373419749,267373420631,267377280977,267377330921,267378392917,267378480842,267378523262,267379197079,267391188449,11093663,118403,-3211262987504685704,
01-29 11:26:52.020 2021 2041 I System.out: 35 0,267389921509,267389921509,9223372036854775807,0,267390359171,267390360603,267391409014,267391454870,267392033167,267392817602,267392897983,267393621322,267407674459,12338453,915010,-3921643605196060857,
01-29 11:26:52.020 2021 2041 I System.out: 36 0,267606587748,267606587748,9223372036854775807,0,267606726043,267606726714,267606726875,267607075180,267607148738,267607241843,267607272641,267607885082,267609098573,30978,358123,1710028795832469502,
01-29 11:26:52.020 2021 2041 D Benchmark: Starting activity with command: am start -W "intent:#Intent;action=android.intent.action.MAIN;category=android.intent.category.LAUNCHER;launchFlags=0x10008000;package=tj.maktabmobile.app;component=tj.maktabmobile.app/com.ustadmobile.port.android.view.AppActivity;end"
01-29 11:26:52.033 478 498 D EventSequenceValidator: inc AccIntentStartedEvents to 2
01-29 11:26:52.034 361 361 I perfetto: ing_service_impl.cc:758 Configured tracing session 18, #sources:1, duration:5000 ms, #buffers:1, total buffer size:4096 KB, total sessions:2, uid:1071 session name: ""
01-29 11:26:52.034 350 350 I perfetto: probes_producer.cc:230 Ftrace setup (target_buf=18)
01-29 11:26:52.036 478 492 W InputReader: Device virtio_input_multi_touch_10 is associated with display ADISPLAY_ID_NONE.
01-29 11:26:52.036 478 492 W InputReader: Device virtio_input_multi_touch_7 is associated with display ADISPLAY_ID_NONE.
01-29 11:26:52.036 478 492 W InputReader: Device virtio_input_multi_touch_11 is associated with display ADISPLAY_ID_NONE.
01-29 11:26:52.036 478 492 W InputReader: Device virtio_input_multi_touch_5 is associated with display ADISPLAY_ID_NONE.
01-29 11:26:52.036 478 492 W InputReader: Device virtio_input_multi_touch_2 is associated with display ADISPLAY_ID_NONE.
01-29 11:26:52.036 478 492 W InputReader: Device virtio_input_multi_touch_6 is associated with display ADISPLAY_ID_NONE.
01-29 11:26:52.036 478 492 W InputReader: Device virtio_input_multi_touch_8 is associated with display ADISPLAY_ID_NONE.
01-29 11:26:52.036 478 492 W InputReader: Device virtio_input_multi_touch_9 is associated with display ADISPLAY_ID_NONE.
01-29 11:26:52.036 478 492 W InputReader: Device virtio_input_multi_touch_3 is associated with display ADISPLAY_ID_NONE.
01-29 11:26:52.036 478 492 W InputReader: Device virtio_input_multi_touch_4 is associated with display ADISPLAY_ID_NONE.
01-29 11:26:52.036 478 492 W InputReader: Device virtio_input_multi_touch_10 is associated with display ADISPLAY_ID_NONE.
01-29 11:26:52.036 478 492 W InputReader: Device virtio_input_multi_touch_7 is associated with display ADISPLAY_ID_NONE.
01-29 11:26:52.036 478 492 W InputReader: Device virtio_input_multi_touch_11 is associated with display ADISPLAY_ID_NONE.
01-29 11:26:52.036 478 492 W InputReader: Device virtio_input_multi_touch_5 is associated with display ADISPLAY_ID_NONE.
01-29 11:26:52.036 478 492 W InputReader: Device virtio_input_multi_touch_2 is associated with display ADISPLAY_ID_NONE.
01-29 11:26:52.036 478 492 W InputReader: Device virtio_input_multi_touch_6 is associated with display ADISPLAY_ID_NONE.
01-29 11:26:52.036 478 492 W InputReader: Device virtio_input_multi_touch_8 is associated with display ADISPLAY_ID_NONE.
01-29 11:26:52.036 478 492 W InputReader: Device virtio_input_multi_touch_9 is associated with display ADISPLAY_ID_NONE.
01-29 11:26:52.036 478 492 W InputReader: Device virtio_input_multi_touch_3 is associated with display ADISPLAY_ID_NONE.
01-29 11:26:52.036 478 492 W InputReader: Device virtio_input_multi_touch_4 is associated with display ADISPLAY_ID_NONE.
01-29 11:26:52.037 2145 2145 D AppActivity$onDestroy: AppActivity#onDestroy
01-29 11:26:52.043 2145 2145 W CustomTabsClient: Unable to find any Custom Tabs packages, you may need to add a element to your manifest. See the docs for CustomTabsClient#getPackageName.
01-29 11:26:52.043 2145 2145 W AppActivity$bindCustomTabsService: CustomTabs: Service NOT supported
01-29 11:26:52.050 478 572 D UntrustedWifiNetworkFactory: got request NetworkRequest [ TRACK_DEFAULT id=29, [ Capabilities: INTERNET&NOT_RESTRICTED&TRUSTED Uid: 10130 AdministratorUids: [] RequestorUid: 10130 RequestorPackageName: tj.maktabmobile.app] ] with score 60 and providerId 3
01-29 11:26:52.050 478 572 D WifiNetworkFactory: got request NetworkRequest [ TRACK_DEFAULT id=29, [ Capabilities: INTERNET&NOT_RESTRICTED&TRUSTED Uid: 10130 AdministratorUids: [] RequestorUid: 10130 RequestorPackageName: tj.maktabmobile.app] ] with score 60 and providerId 3
01-29 11:26:52.050 842 842 D PhoneSwitcherNetworkRequstListener: got request NetworkRequest [ TRACK_DEFAULT id=29, [ Capabilities: INTERNET&NOT_RESTRICTED&TRUSTED Uid: 10130 AdministratorUids: [] RequestorUid: 10130 RequestorPackageName: tj.maktabmobile.app] ] with score 60 and providerId 3
01-29 11:26:52.051 273 1473 D goldfish-address-space: claimShared: Ask to claim region [0x3f5fa4000 0x3f678d000]
01-29 11:26:52.058 638 638 V KeyguardUpdateMonitor: onSubscriptionInfoChanged()
01-29 11:26:52.058 842 842 D Telephony: isEmergencyPreferredAccount: subId=1, activeData=1
01-29 11:26:52.058 842 842 D Telephony: isEmergencyPreferredAccount: Device does not require preference.
01-29 11:26:52.059 638 638 V KeyguardUpdateMonitor: SubInfo:{id=1 iccId=89014103211118510720 simSlotIndex=0 carrierId=1 displayName=T-Mobile carrierName=T-Mobile nameSource=3 iconTint=-16746133 number=+15555215554 dataRoaming=0 iconBitmap=android.graphics.Bitmap@9662f8b mcc=310 mnc=260 countryIso=us isEmbedded=false nativeAccessRules=null cardString=89014103211118510720 cardId=-1 isOpportunistic=false groupUUID=null isGroupDisabled=false profileClass=-1 ehplmns=null hplmns=null subscriptionType=0 groupOwner=null carrierConfigAccessRules=null areUiccApplicationsEnabled=true}
01-29 11:26:52.083 273 1473 D goldfish-address-space: claimShared: Ask to claim region [0x3f678d000 0x3f6f76000]
01-29 11:26:52.083 273 1473 D goldfish-address-space: claimShared: Ask to claim region [0x3f90e9000 0x3f98d2000]
01-29 11:26:52.084 273 1473 D goldfish-address-space: claimShared: Ask to claim region [0x3f98d2000 0x3fa0bb000]
01-29 11:26:52.089 478 504 D ArtManagerInternalImpl: /data/misc/iorapd/tj.maktabmobile.app/372/com.ustadmobile.port.android.view.AppActivity/compiled_traces/compiled_trace.pb doesn't exist
01-29 11:26:52.089 478 498 D EventSequenceValidator: dec AccIntentStartedEvents to 1
01-29 11:26:52.090 3358 3360 I cmd : oneway function results will be dropped but finished with status OK and parcel size 4
01-29 11:26:52.091 478 504 I ActivityTaskManager: Displayed tj.maktabmobile.app/com.ustadmobile.port.android.view.AppActivity: +56ms
01-29 11:26:52.096 2145 2191 D DistCache: Service discovery started
01-29 11:26:52.102 2145 2145 D UstadViewModelFunKt$ustadViewModel$viewModel$invoke: ustadViewModel(): create viewmodel for: com.ustadmobile.core.viewmodel.redirect.RedirectViewModel
01-29 11:26:52.110 2145 2145 D UstadNavControllerPreCompose$onCollectNavCommand: NavCommandEffect: Navigate: Go to addAccountSelectNewOrExisting
01-29 11:26:52.122 2145 2145 D UstadViewModelFunKt$ustadViewModel$viewModel$invoke: ustadViewModel(): create viewmodel for: com.ustadmobile.core.viewmodel.AddAccountSelectNewOrExistingViewModel
01-29 11:26:52.143 2021 2041 D Benchmark: Result: Starting: Intent { act=android.intent.action.MAIN cat=[android.intent.category.LAUNCHER] flg=0x10008000 pkg=tj.maktabmobile.app cmp=tj.maktabmobile.app/com.ustadmobile.port.android.view.AppActivity }
01-29 11:26:52.143 2021 2041 D Benchmark: Status: ok
01-29 11:26:52.143 2021 2041 D Benchmark: LaunchState: WARM
01-29 11:26:52.143 2021 2041 D Benchmark: Activity: tj.maktabmobile.app/com.ustadmobile.port.android.view.AppActivity
01-29 11:26:52.143 2021 2041 D Benchmark: TotalTime: 56
01-29 11:26:52.143 2021 2041 D Benchmark: WaitTime: 57
01-29 11:26:52.143 2021 2041 D Benchmark: Complete
01-29 11:26:52.206 2021 2041 I System.out: 0 Flags,IntendedVsync,Vsync,OldestInputEvent,NewestInputEvent,HandleInputStart,AnimationStart,PerformTraversalsStart,DrawStart,SyncQueued,SyncStart,IssueDrawCommandsStart,SwapBuffers,FrameCompleted,DequeueBufferDuration,QueueBufferDuration,GpuCompleted,
01-29 11:26:52.206 2021 2041 I System.out: 1 1,293289920342,293289920342,9223372036854775807,0,293303402815,293303403356,293303403436,293330560985,293330822016,293331071144,293331085731,293331829680,293333812086,28524,1119274,293333681561,
01-29 11:26:52.206 2021 2041 I System.out: 2 0,293306586850,293323253516,9223372036854775807,0,293336353223,293336353614,293351764061,293351793537,293352195322,293352272577,293352290601,293352672599,293354433820,26711,154701,293353547634,
01-29 11:26:52.206 2021 2041 I System.out: 3 0,293356586945,293356586945,9223372036854775807,0,293361433958,293361434339,293379599024,293379644599,293387048547,293387128928,293387155087,293387612357,293392814064,47981,4200826,240856715702,
01-29 11:26:52.206 2021 2041 I System.out: 4 0,293373253690,293389920356,9223372036854775807,0,293391130029,293391130359,293398275621,293398320214,293400254140,293400338889,293400370098,293400772664,293407876347,6229600,193614,240870987349,
01-29 11:26:52.206 2021 2041 I System.out: 5 0,293406587111,293406587111,9223372036854775807,0,293406962019,293406962299,293408260610,293408289424,293409276570,293409342724,293409391205,293415671781,293424716242,8192690,130435,240879179588,
01-29 11:26:52.206 2021 2041 D UiDevice: Waiting 10000ms for SearchCondition[hasObject=BySelector [TEXT='\QGet Started\E']].
01-29 11:26:52.206 2021 2041 D UiDevice: Searching for node with selector: BySelector [TEXT='\QGet Started\E'].
01-29 11:26:52.716 2021 2041 D UiDevice: Searching for node with selector: BySelector [TEXT='\QGet Started\E'].
01-29 11:26:52.809 2145 2191 I DistCache: Registered: name: DCache, type: null, host: null, port: 0, txtRecord:
01-29 11:26:53.059 2145 2191 D DistCache: Service discovery onServiceFound: name: DCache, type: _dcache._tcp., host: null, port: 0, txtRecord:
01-29 11:26:53.059 2145 2191 D DistCache: Service Found: _dcache._tcp.
