01-29 11:29:13.425 447 447 E wifi_forwarder: qemu_pipe_open_ns:62: Could not connect to the 'pipe:qemud:wififorward' service: Invalid argument
01-29 11:29:13.425 447 447 E wifi_forwarder: RemoteConnection failed to initialize: RemoteConnection failed to open pipe
01-29 11:29:13.490 2021 2041 D UiDevice: Searching for node with selector: BySelector [TEXT='\QGet Started\E'].
01-29 11:29:14.311 2021 2041 I chatty : uid=10131(com.ustadmobile.app_android_baselineprofile) roidJUnitRunner identical 8 lines
01-29 11:29:14.415 2021 2041 D UiDevice: Searching for node with selector: BySelector [TEXT='\QGet Started\E'].
01-29 11:29:14.422 2145 2188 D DistCache: DistributedCacheHashtable(43263 unknown Android SDK built for x86_64): sending pings to 0 nodes
01-29 11:29:14.517 2021 2041 D UiDevice: Searching for node with selector: BySelector [TEXT='\QGet Started\E'].
01-29 11:29:14.620 2021 2041 I chatty : uid=10131(com.ustadmobile.app_android_baselineprofile) roidJUnitRunner identical 1 line
01-29 11:29:14.723 2021 2041 D UiDevice: Searching for node with selector: BySelector [TEXT='\QGet Started\E'].
01-29 11:29:15.725 2021 2041 D UiDevice: Retrieving node with selector: BySelector [TEXT='\QGet Started\E'].
01-29 11:29:15.728 2021 2041 D UiDevice: Node not found with selector: BySelector [TEXT='\QGet Started\E'].
01-29 11:29:17.423 2145 2188 D DistCache: DistributedCacheHashtable(43263 unknown Android SDK built for x86_64): sending pings to 0 nodes
01-29 11:29:20.423 2145 2188 D DistCache: DistributedCacheHashtable(43263 unknown Android SDK built for x86_64): sending pings to 0 nodes
01-29 11:29:20.728 2021 2041 D Benchmark: Profile Installer - Save Profile
01-29 11:29:20.734 2145 2145 I Process : Sending signal. PID: 2145 SIG: 10
01-29 11:29:20.734 2145 2145 D ProfileInstaller:
01-29 11:29:20.734 2145 2153 I aktabmobile.ap: Thread[4,tid=2153,WaitingInMainSignalCatcherLoop,Thread*=0x7e5233e1f380,peer=0x13982578,"Signal Catcher"]: reacting to signal 10
01-29 11:29:20.735 2145 2153 I aktabmobile.ap:
01-29 11:29:20.735 2145 2153 I aktabmobile.ap: SIGUSR1 forcing GC (no HPROF) and profile save
01-29 11:29:20.737 4003 4005 I cmd : oneway function results will be dropped but finished with status OK and parcel size 4
01-29 11:29:20.745 2145 2153 I aktabmobile.ap: Explicit concurrent copying GC freed 128764(4784KB) AllocSpace objects, 5(132KB) LOS objects, 49% free, 7062KB/13MB, paused 9us total 10.420ms
01-29 11:29:21.238 2021 2041 D Benchmark: Killing process tj.maktabmobile.app
01-29 11:29:21.238 2021 2041 D UiDevice: Executing shell command: killall tj.maktabmobile.app
01-29 11:29:21.267 478 492 I PackageDexOptimizer: Running dexopt (dexoptNeeded=-3) on: /data/app/~~udvmEuEJhL3rR0pnxkb45Q==/tj.maktabmobile.app-qWZ3Bw-qpBT7rr6Ga6g6aQ==/base.apk pkg=tj.maktabmobile.app isa=x86_64 dexoptFlags=boot_complete,profile_guided,force,enable_hidden_api_checks targetFilter=speed-profile oatDir=/data/app/~~udvmEuEJhL3rR0pnxkb45Q==/tj.maktabmobile.app-qWZ3Bw-qpBT7rr6Ga6g6aQ==/oat classLoaderContext=PCL[]{PCL[/system_ext/framework/androidx.window.sidecar.jar]}
01-29 11:29:21.269 380 545 V installd: DexInv: --- BEGIN '/data/app/~~udvmEuEJhL3rR0pnxkb45Q==/tj.maktabmobile.app-qWZ3Bw-qpBT7rr6Ga6g6aQ==/base.apk' ---
01-29 11:29:21.274 4017 4017 W dex2oat32: Unexpected CPU variant for X86 using defaults: x86_64
01-29 11:29:21.356 4017 4017 I dex2oat32: /apex/com.android.art/bin/dex2oat32 --input-vdex-fd=9 --output-vdex-fd=10 --updatable-bcp-packages-file=/system/etc/updatable-bcp-packages.txt --resolve-startup-const-strings=true --max-image-block-size=524288 --compiler-filter=speed-profile --profile-file-fd=12 --classpath-dir=/data/app/~~udvmEuEJhL3rR0pnxkb45Q==/tj.maktabmobile.app-qWZ3Bw-qpBT7rr6Ga6g6aQ== --class-loader-context=PCL[]{PCL[/system_ext/framework/androidx.window.sidecar.jar]} --generate-mini-debug-info --compilation-reason=unknown
01-29 11:29:21.357 4017 4017 I dex2oat32: setting boot class path to /apex/com.android.art/javalib/core-oj.jar:/apex/com.android.art/javalib/core-libart.jar:/apex/com.android.art/javalib/core-icu4j.jar:/apex/com.android.art/javalib/okhttp.jar:/apex/com.android.art/javalib/bouncycastle.jar:/apex/com.android.art/javalib/apache-xml.jar:/system/framework/framework.jar:/system/framework/ext.jar:/system/framework/telephony-common.jar:/system/framework/voip-common.jar:/system/framework/ims-common.jar:/system/framework/framework-atb-backward-compatibility.jar
01-29 11:29:23.248 2145 2168 D UstadCache: CacheTrimmer: Trim cache run: max (evictable) size = 100000000 bytes
01-29 11:29:23.248 2145 2168 V UstadCache: CacheTrimmer: deleting
01-29 11:29:23.424 2145 2188 D DistCache: DistributedCacheHashtable(43263 unknown Android SDK built for x86_64): sending pings to 0 nodes
01-29 11:29:25.107 4017 4017 W dex2oat32: Could not reserve sentinel fault page
01-29 11:29:25.795 4017 4019 W dex2oat32: Class androidx.compose.runtime.snapshots.SnapshotStateMap failed lock verification and will run slower.
01-29 11:29:25.795 4017 4019 W dex2oat32: Common causes for lock verification issues are non-optimized dex code
01-29 11:29:25.795 4017 4019 W dex2oat32: and incorrect proguard optimizations.
01-29 11:29:25.795 4017 4017 W dex2oat32: Class androidx.compose.runtime.snapshots.SnapshotStateList failed lock verification and will run slower.
01-29 11:29:25.857 4017 4017 W dex2oat32: Accessing hidden method Landroid/graphics/Canvas;->drawPatch(Landroid/graphics/NinePatch;Landroid/graphics/Rect;Landroid/graphics/Paint;)V (greylist-max-o, linking, denied)
01-29 11:29:25.857 4017 4017 W dex2oat32: Accessing hidden method Landroid/graphics/Canvas;->drawPatch(Landroid/graphics/NinePatch;Landroid/graphics/RectF;Landroid/graphics/Paint;)V (greylist-max-o, linking, denied)
01-29 11:29:25.861 4017 4019 W dex2oat32: Accessing hidden method Landroid/graphics/Bitmap;->getHardwareBuffer()Landroid/hardware/HardwareBuffer; (blacklist, linking, denied)
01-29 11:29:26.000 4017 4019 W dex2oat32: Accessing hidden method Landroid/app/job/JobParameters;->getStopReason()I (greylist-max-o, linking, denied)
01-29 11:29:26.425 2145 2188 D DistCache: DistributedCacheHashtable(43263 unknown Android SDK built for x86_64): sending pings to 0 nodes
01-29 11:29:27.784 4017 4017 I dex2oat32: Explicit concurrent copying GC freed 275925(40MB) AllocSpace objects, 0(0B) LOS objects, 49% free, 2264KB/4528KB, paused 12us total 6.503ms
01-29 11:29:27.810 4017 4017 W dex2oat32: Accessing hidden field Ljava/nio/file/FileSystemException;->file:Ljava/lang/String; (greylist-max-o, linking, denied)
01-29 11:29:27.810 4017 4017 W dex2oat32: Accessing hidden field Ljava/nio/file/FileSystemException;->other:Ljava/lang/String; (greylist-max-o, linking, denied)
01-29 11:29:27.810 4017 4017 W dex2oat32: Accessing hidden field Ljava/nio/file/InvalidPathException;->index:I (greylist-max-o, linking, denied)
01-29 11:29:27.810 4017 4017 W dex2oat32: Accessing hidden field Ljava/nio/file/InvalidPathException;->input:Ljava/lang/String; (greylist-max-o, linking, denied)
01-29 11:29:27.811 4017 4017 W dex2oat32: Accessing hidden method Landroid/graphics/Bitmap;->getHardwareBuffer()Landroid/hardware/HardwareBuffer; (blacklist, linking, denied)
01-29 11:29:27.811 4017 4017 W dex2oat32: Accessing hidden method Landroid/graphics/Canvas;->drawPatch(Landroid/graphics/NinePatch;Landroid/graphics/Rect;Landroid/graphics/Paint;)V (greylist-max-o, linking, denied)
01-29 11:29:27.812 4017 4017 W dex2oat32: Accessing hidden method Landroid/graphics/Canvas;->drawPatch(Landroid/graphics/NinePatch;Landroid/graphics/RectF;Landroid/graphics/Paint;)V (greylist-max-o, linking, denied)
01-29 11:29:27.823 4017 4017 W dex2oat32: Accessing hidden method Landroid/app/job/JobParameters;->getStopReason()I (greylist-max-o, linking, denied)
01-29 11:29:28.783 4017 4017 I dex2oat32: dex2oat took 7.508s (9.360s cpu) (threads: 2) arena alloc=3820KB (3912352B) java alloc=2280KB (2335144B) native alloc=81MB (85726512B) free=83MB (87469952B)
01-29 11:29:28.797 380 545 V installd: DexInv: --- END '/data/app/~~udvmEuEJhL3rR0pnxkb45Q==/tj.maktabmobile.app-qWZ3Bw-qpBT7rr6Ga6g6aQ==/base.apk' (success) ---
01-29 11:29:28.803 4013 4015 I cmd : oneway function results will be dropped but finished with status OK and parcel size 4
01-29 11:29:28.811 2021 2041 D Benchmark: Reference profile location: /data/misc/profiles/ref/tj.maktabmobile.app/primary.prof
01-29 11:29:28.831 2021 2041 D Benchmark: APK Path: /data/app/~~udvmEuEJhL3rR0pnxkb45Q==/tj.maktabmobile.app-qWZ3Bw-qpBT7rr6Ga6g6aQ==/base.apk
01-29 11:29:28.831 2021 2041 D Benchmark: Converting to human readable profile format
01-29 11:29:28.831 2021 2041 D Benchmark: Using profile location: /data/misc/profiles/ref/tj.maktabmobile.app/primary.prof
01-29 11:29:29.098 4045 4045 W profman : profman took 257.605ms
01-29 11:29:29.114 2021 2041 D Benchmark: Using profile location: /data/misc/profiles/cur/0/tj.maktabmobile.app/primary.prof
01-29 11:29:29.371 4056 4056 W profman : profman took 244.535ms
01-29 11:29:29.426 2145 2188 D DistCache: DistributedCacheHashtable(43263 unknown Android SDK built for x86_64): sending pings to 0 nodes
01-29 11:29:30.272 2021 2041 D Benchmark: Unstable profiles during iteration 15
01-29 11:29:30.906 2021 2041 D Benchmark: Moving /storage/emulated/0/Android/media/com.ustadmobile.app_android_baselineprofile/BaselineProfileGenerator_generate-startup-prof.txt to /sdcard/Android/media/com.ustadmobile.app_android_baselineprofile/additional_test_output/BaselineProfileGenerator_generate-startup-prof.txt
01-29 11:29:30.910 1232 1333 W MediaProvider: Forgot to handle a top level directory in getContentUriForFile?
01-29 11:29:30.911 2021 2041 D Benchmark: Pull Baseline Profile with: `adb pull "/storage/emulated/0/Android/media/com.ustadmobile.app_android_baselineprofile/BaselineProfileGenerator_generate-startup-prof-2025-01-29-10-29-30.txt" .`
01-29 11:29:30.925 2021 2041 D Benchmark: Moving /storage/emulated/0/Android/media/com.ustadmobile.app_android_baselineprofile/BaselineProfileGenerator_generate-startup-prof-2025-01-29-10-29-30.txt to /sdcard/Android/media/com.ustadmobile.app_android_baselineprofile/additional_test_output/BaselineProfileGenerator_generate-startup-prof-2025-01-29-10-29-30.txt
01-29 11:29:30.927 1232 1332 W MediaProvider: Forgot to handle a top level directory in getContentUriForFile?
01-29 11:29:30.929 2021 2041 D Benchmark: Total Run Time Ns: 407520490836
01-29 11:29:30.929 2021 2041 D Benchmark: Killing process tj.maktabmobile.app
01-29 11:29:30.929 2021 2041 D UiDevice: Executing shell command: killall tj.maktabmobile.app
01-29 11:29:30.935 2021 2041 I TestRunner: finished: generate(com.ustadmobile.app_android_baselineprofile.BaselineProfileGenerator)
01-29 11:29:30.936 2021 2041 I TestRunner: started: startupCompilationBaselineProfiles(com.ustadmobile.app_android_baselineprofile.StartupBenchmarks)
01-29 11:29:30.938 2021 2041 I GrantPermissionCallable: Permission: android.permission.READ_EXTERNAL_STORAGE is already granted!
01-29 11:29:30.938 2021 2041 I GrantPermissionCallable: Permission: android.permission.WRITE_EXTERNAL_STORAGE is already granted!
01-29 11:29:30.938 2021 2041 E TestRunner: assumption failed: startupCompilationBaselineProfiles(com.ustadmobile.app_android_baselineprofile.StartupBenchmarks)
01-29 11:29:30.938 2021 2041 E TestRunner: ----- begin exception -----
01-29 11:29:30.939 2021 2041 E TestRunner: org.junit.AssumptionViolatedException: got: , expected: is
01-29 11:29:30.939 2021 2041 E TestRunner: at org.junit.Assume.assumeThat(Assume.java:106)
01-29 11:29:30.939 2021 2041 E TestRunner: at org.junit.Assume.assumeTrue(Assume.java:50)
01-29 11:29:30.939 2021 2041 E TestRunner: at androidx.benchmark.macro.junit4.MacrobenchmarkRule$applyInternal$1.evaluate(MacrobenchmarkRule.kt:131)
01-29 11:29:30.939 2021 2041 E TestRunner: at androidx.test.rule.GrantPermissionRule$RequestPermissionStatement.evaluate(GrantPermissionRule.java:136)
01-29 11:29:30.939 2021 2041 E TestRunner: at org.junit.rules.RunRules.evaluate(RunRules.java:20)
01-29 11:29:30.939 2021 2041 E TestRunner: at org.junit.runners.ParentRunner$3.evaluate(ParentRunner.java:306)
01-29 11:29:30.939 2021 2041 E TestRunner: at org.junit.runners.BlockJUnit4ClassRunner$1.evaluate(BlockJUnit4ClassRunner.java:100)
01-29 11:29:30.939 2021 2041 E TestRunner: at org.junit.runners.ParentRunner.runLeaf(ParentRunner.java:366)
01-29 11:29:30.939 2021 2041 E TestRunner: at org.junit.runners.BlockJUnit4ClassRunner.runChild(BlockJUnit4ClassRunner.java:103)
01-29 11:29:30.939 2021 2041 E TestRunner: at org.junit.runners.BlockJUnit4ClassRunner.runChild(BlockJUnit4ClassRunner.java:63)
01-29 11:29:30.939 2021 2041 E TestRunner: at org.junit.runners.ParentRunner$4.run(ParentRunner.java:331)
01-29 11:29:30.939 2021 2041 E TestRunner: at org.junit.runners.ParentRunner$1.schedule(ParentRunner.java:79)
01-29 11:29:30.939 2021 2041 E TestRunner: at org.junit.runners.ParentRunner.runChildren(ParentRunner.java:329)
01-29 11:29:30.939 2021 2041 E TestRunner: at org.junit.runners.ParentRunner.access$100(ParentRunner.java:66)
01-29 11:29:30.939 2021 2041 E TestRunner: at org.junit.runners.ParentRunner$2.evaluate(ParentRunner.java:293)
01-29 11:29:30.939 2021 2041 E TestRunner: at org.junit.runners.ParentRunner$3.evaluate(ParentRunner.java:306)
01-29 11:29:30.939 2021 2041 E TestRunner: at org.junit.runners.ParentRunner.run(ParentRunner.java:413)
01-29 11:29:30.939 2021 2041 E TestRunner: at androidx.test.ext.junit.runners.AndroidJUnit4.run(AndroidJUnit4.java:162)
01-29 11:29:30.939 2021 2041 E TestRunner: at org.junit.runners.Suite.runChild(Suite.java:128)
01-29 11:29:30.939 2021 2041 E TestRunner: at org.junit.runners.Suite.runChild(Suite.java:27)
01-29 11:29:30.939 2021 2041 E TestRunner: at org.junit.runners.ParentRunner$4.run(ParentRunner.java:331)
01-29 11:29:30.939 2021 2041 E TestRunner: at org.junit.runners.ParentRunner$1.schedule(ParentRunner.java:79)
01-29 11:29:30.939 2021 2041 E TestRunner: at org.junit.runners.ParentRunner.runChildren(ParentRunner.java:329)
01-29 11:29:30.939 2021 2041 E TestRunner: at org.junit.runners.ParentRunner.access$100(ParentRunner.java:66)
01-29 11:29:30.939 2021 2041 E TestRunner: at org.junit.runners.ParentRunner$2.evaluate(ParentRunner.java:293)
01-29 11:29:30.939 2021 2041 E TestRunner: at org.junit.runners.ParentRunner$3.evaluate(ParentRunner.java:306)
01-29 11:29:30.939 2021 2041 E TestRunner: at org.junit.runners.ParentRunner.run(ParentRunner.java:413)
01-29 11:29:30.939 2021 2041 E TestRunner: at org.junit.runner.JUnitCore.run(JUnitCore.java:137)
01-29 11:29:30.939 2021 2041 E TestRunner: at org.junit.runner.JUnitCore.run(JUnitCore.java:115)
01-29 11:29:30.939 2021 2041 E TestRunner: at androidx.test.internal.runner.TestExecutor.execute(TestExecutor.java:67)
01-29 11:29:30.939 2021 2041 E TestRunner: at androidx.test.internal.runner.TestExecutor.execute(TestExecutor.java:58)
01-29 11:29:30.939 2021 2041 E TestRunner: at androidx.test.runner.AndroidJUnitRunner.onStart(AndroidJUnitRunner.java:446)
01-29 11:29:30.939 2021 2041 E TestRunner: at android.app.Instrumentation$InstrumentationThread.run(Instrumentation.java:2205)
01-29 11:29:30.939 2021 2041 E TestRunner: ----- end exception -----
01-29 11:29:30.939 2021 2041 I TestRunner: finished: startupCompilationBaselineProfiles(com.ustadmobile.app_android_baselineprofile.StartupBenchmarks)
01-29 11:29:30.939 2021 2041 I TestRunner: started: startupCompilationNone(com.ustadmobile.app_android_baselineprofile.StartupBenchmarks)
01-29 11:29:30.941 2021 2041 I GrantPermissionCallable: Permission: android.permission.READ_EXTERNAL_STORAGE is already granted!
01-29 11:29:30.941 2021 2041 I GrantPermissionCallable: Permission: android.permission.WRITE_EXTERNAL_STORAGE is already granted!
01-29 11:29:30.941 2021 2041 E TestRunner: assumption failed: startupCompilationNone(com.ustadmobile.app_android_baselineprofile.StartupBenchmarks)
01-29 11:29:30.941 2021 2041 E TestRunner: ----- begin exception -----
01-29 11:29:30.941 2021 2041 E TestRunner: org.junit.AssumptionViolatedException: got: , expected: is
01-29 11:29:30.941 2021 2041 E TestRunner: at org.junit.Assume.assumeThat(Assume.java:106)
01-29 11:29:30.941 2021 2041 E TestRunner: at org.junit.Assume.assumeTrue(Assume.java:50)
01-29 11:29:30.941 2021 2041 E TestRunner: at androidx.benchmark.macro.junit4.MacrobenchmarkRule$applyInternal$1.evaluate(MacrobenchmarkRule.kt:131)
01-29 11:29:30.941 2021 2041 E TestRunner: at androidx.test.rule.GrantPermissionRule$RequestPermissionStatement.evaluate(GrantPermissionRule.java:136)
01-29 11:29:30.941 2021 2041 E TestRunner: at org.junit.rules.RunRules.evaluate(RunRules.java:20)
01-29 11:29:30.941 2021 2041 E TestRunner: at org.junit.runners.ParentRunner$3.evaluate(ParentRunner.java:306)
01-29 11:29:30.941 2021 2041 E TestRunner: at org.junit.runners.BlockJUnit4ClassRunner$1.evaluate(BlockJUnit4ClassRunner.java:100)
01-29 11:29:30.941 2021 2041 E TestRunner: at org.junit.runners.ParentRunner.runLeaf(ParentRunner.java:366)
01-29 11:29:30.941 2021 2041 E TestRunner: at org.junit.runners.BlockJUnit4ClassRunner.runChild(BlockJUnit4ClassRunner.java:103)
01-29 11:29:30.941 2021 2041 E TestRunner: at org.junit.runners.BlockJUnit4ClassRunner.runChild(BlockJUnit4ClassRunner.java:63)
01-29 11:29:30.941 2021 2041 E TestRunner: at org.junit.runners.ParentRunner$4.run(ParentRunner.java:331)
01-29 11:29:30.941 2021 2041 E TestRunner: at org.junit.runners.ParentRunner$1.schedule(ParentRunner.java:79)
01-29 11:29:30.941 2021 2041 E TestRunner: at org.junit.runners.ParentRunner.runChildren(ParentRunner.java:329)
01-29 11:29:30.941 2021 2041 E TestRunner: at org.junit.runners.ParentRunner.access$100(ParentRunner.java:66)
01-29 11:29:30.941 2021 2041 E TestRunner: at org.junit.runners.ParentRunner$2.evaluate(ParentRunner.java:293)
01-29 11:29:30.941 2021 2041 E TestRunner: at org.junit.runners.ParentRunner$3.evaluate(ParentRunner.java:306)
01-29 11:29:30.941 2021 2041 E TestRunner: at org.junit.runners.ParentRunner.run(ParentRunner.java:413)
01-29 11:29:30.941 2021 2041 E TestRunner: at androidx.test.ext.junit.runners.AndroidJUnit4.run(AndroidJUnit4.java:162)
01-29 11:29:30.941 2021 2041 E TestRunner: at org.junit.runners.Suite.runChild(Suite.java:128)
01-29 11:29:30.941 2021 2041 E TestRunner: at org.junit.runners.Suite.runChild(Suite.java:27)
01-29 11:29:30.941 2021 2041 E TestRunner: at org.junit.runners.ParentRunner$4.run(ParentRunner.java:331)
01-29 11:29:30.941 2021 2041 E TestRunner: at org.junit.runners.ParentRunner$1.schedule(ParentRunner.java:79)
01-29 11:29:30.941 2021 2041 E TestRunner: at org.junit.runners.ParentRunner.runChildren(ParentRunner.java:329)
01-29 11:29:30.941 2021 2041 E TestRunner: at org.junit.runners.ParentRunner.access$100(ParentRunner.java:66)
01-29 11:29:30.941 2021 2041 E TestRunner: at org.junit.runners.ParentRunner$2.evaluate(ParentRunner.java:293)
01-29 11:29:30.941 2021 2041 E TestRunner: at org.junit.runners.ParentRunner$3.evaluate(ParentRunner.java:306)
01-29 11:29:30.941 2021 2041 E TestRunner: at org.junit.runners.ParentRunner.run(ParentRunner.java:413)
01-29 11:29:30.941 2021 2041 E TestRunner: at org.junit.runner.JUnitCore.run(JUnitCore.java:137)
01-29 11:29:30.941 2021 2041 E TestRunner: at org.junit.runner.JUnitCore.run(JUnitCore.java:115)
01-29 11:29:30.941 2021 2041 E TestRunner: at androidx.test.internal.runner.TestExecutor.execute(TestExecutor.java:67)
01-29 11:29:30.941 2021 2041 E TestRunner: at androidx.test.internal.runner.TestExecutor.execute(TestExecutor.java:58)
01-29 11:29:30.941 2021 2041 E TestRunner: at androidx.test.runner.AndroidJUnitRunner.onStart(AndroidJUnitRunner.java:446)
01-29 11:29:30.941 2021 2041 E TestRunner: at android.app.Instrumentation$InstrumentationThread.run(Instrumentation.java:2205)
01-29 11:29:30.941 2021 2041 E TestRunner: ----- end exception -----
01-29 11:29:30.942 2021 2041 I TestRunner: finished: startupCompilationNone(com.ustadmobile.app_android_baselineprofile.StartupBenchmarks)
01-29 11:29:30.942 2021 2041 I TestRunner: run finished: 3 tests, 0 failed, 0 ignored
01-29 11:29:30.944 2021 2043 V UiAutomation: Init UiAutomation@9594ec5[id=-1, flags=0]
01-29 11:29:30.948 2008 2008 D AndroidRuntime: Shutting down VM
01-29 11:29:30.959 256 256 I Zygote : Process 2021 exited due to signal 9 (Killed)
01-29 11:29:30.964 987 987 D CompatibilityChangeReporter: Compat change id reported: 150939131; UID 10118; state: ENABLED
01-29 11:29:30.969 478 507 I libprocessgroup: Successfully killed process cgroup uid 10131 pid 2021 in 18ms
01-29 11:29:31.375 4070 4072 I cmd : oneway function results will be dropped but finished with status OK and parcel size 4
01-29 11:29:31.442 4087 4089 I cmd : oneway function results will be dropped but finished with status OK and parcel size 4 =================== END_TIME: 2025-01-29 10:29:32.430 END_TIME-NANOS: 2025-01-29 10:29:32.430383092 DURATION: 409321ms EXIT CODE: 143