01-29 11:27:43.271 2021 2041 D Benchmark: Using profile location: /data/misc/profiles/ref/tj.maktabmobile.app/primary.prof
01-29 11:27:43.542 3557 3557 W profman : profman took 262.646ms
01-29 11:27:43.558 2021 2041 D Benchmark: Using profile location: /data/misc/profiles/cur/0/tj.maktabmobile.app/primary.prof
01-29 11:27:43.809 3568 3568 W profman : profman took 242.398ms
01-29 11:27:44.396 2145 2188 D DistCache: DistributedCacheHashtable(43263 unknown Android SDK built for x86_64): sending pings to 0 nodes
01-29 11:27:44.713 2021 2041 D Benchmark: Unstable profiles during iteration 11
01-29 11:27:44.713 2021 2041 D Benchmark: Killing package tj.maktabmobile.app
01-29 11:27:44.713 2021 2041 D Benchmark: Killing process tj.maktabmobile.app
01-29 11:27:44.713 2021 2041 D UiDevice: Executing shell command: killall tj.maktabmobile.app
01-29 11:27:44.719 2021 2041 D Benchmark: Compile iteration (12) for tj.maktabmobile.app
01-29 11:27:44.719 2021 2041 D UiDevice: Pressing home button.
01-29 11:27:44.732 638 638 V ShadeControllerImpl: NotificationShadeWindow: com.android.systemui.statusbar.phone.NotificationShadeWindowView{90561f7 I.E...... ......ID 0,0-1080,1920} canPanelBeCollapsed(): false
01-29 11:27:44.732 478 498 D EventSequenceValidator: inc AccIntentStartedEvents to 2
01-29 11:27:44.732 478 496 W InputReader: Device virtio_input_multi_touch_10 is associated with display ADISPLAY_ID_NONE.
01-29 11:27:44.733 478 496 W InputReader: Device virtio_input_multi_touch_7 is associated with display ADISPLAY_ID_NONE.
01-29 11:27:44.733 478 496 W InputReader: Device virtio_input_multi_touch_11 is associated with display ADISPLAY_ID_NONE.
01-29 11:27:44.733 478 496 W InputReader: Device virtio_input_multi_touch_5 is associated with display ADISPLAY_ID_NONE.
01-29 11:27:44.733 478 496 W InputReader: Device virtio_input_multi_touch_2 is associated with display ADISPLAY_ID_NONE.
01-29 11:27:44.733 478 496 W InputReader: Device virtio_input_multi_touch_6 is associated with display ADISPLAY_ID_NONE.
01-29 11:27:44.733 478 496 W InputReader: Device virtio_input_multi_touch_8 is associated with display ADISPLAY_ID_NONE.
01-29 11:27:44.733 478 496 W InputReader: Device virtio_input_multi_touch_9 is associated with display ADISPLAY_ID_NONE.
01-29 11:27:44.733 478 496 W InputReader: Device virtio_input_multi_touch_3 is associated with display ADISPLAY_ID_NONE.
01-29 11:27:44.733 478 496 W InputReader: Device virtio_input_multi_touch_4 is associated with display ADISPLAY_ID_NONE.
01-29 11:27:44.733 478 496 W InputReader: Device virtio_input_multi_touch_10 is associated with display ADISPLAY_ID_NONE.
01-29 11:27:44.733 478 496 W InputReader: Device virtio_input_multi_touch_7 is associated with display ADISPLAY_ID_NONE.
01-29 11:27:44.733 478 496 W InputReader: Device virtio_input_multi_touch_11 is associated with display ADISPLAY_ID_NONE.
01-29 11:27:44.733 478 496 W InputReader: Device virtio_input_multi_touch_5 is associated with display ADISPLAY_ID_NONE.
01-29 11:27:44.733 478 496 W InputReader: Device virtio_input_multi_touch_2 is associated with display ADISPLAY_ID_NONE.
01-29 11:27:44.733 478 496 W InputReader: Device virtio_input_multi_touch_6 is associated with display ADISPLAY_ID_NONE.
01-29 11:27:44.733 478 496 W InputReader: Device virtio_input_multi_touch_8 is associated with display ADISPLAY_ID_NONE.
01-29 11:27:44.733 478 496 W InputReader: Device virtio_input_multi_touch_9 is associated with display ADISPLAY_ID_NONE.
01-29 11:27:44.733 478 496 W InputReader: Device virtio_input_multi_touch_3 is associated with display ADISPLAY_ID_NONE.
01-29 11:27:44.733 478 496 W InputReader: Device virtio_input_multi_touch_4 is associated with display ADISPLAY_ID_NONE.
01-29 11:27:44.733 361 361 I perfetto: ing_service_impl.cc:758 Configured tracing session 21, #sources:1, duration:5000 ms, #buffers:1, total buffer size:4096 KB, total sessions:1, uid:1071 session name: ""
01-29 11:27:44.733 350 350 I perfetto: probes_producer.cc:230 Ftrace setup (target_buf=21)
01-29 11:27:44.746 350 350 I perfetto: ftrace_procfs.cc:176 enabled ftrace
01-29 11:27:44.747 987 987 D TaplTarget: Launcher.onNewIntent: Intent { act=android.intent.action.MAIN cat=[android.intent.category.HOME] flg=0x10400100 cmp=com.android.launcher3/.uioverrides.QuickstepLauncher (has extras) }
01-29 11:27:44.748 638 638 V ShadeControllerImpl: NotificationShadeWindow: com.android.systemui.statusbar.phone.NotificationShadeWindowView{90561f7 I.E...... ......ID 0,0-1080,1920} canPanelBeCollapsed(): false
01-29 11:27:44.765 273 317 D goldfish-address-space: claimShared: Ask to claim region [0x3f4000000 0x3f47e9000]
01-29 11:27:44.765 273 317 D goldfish-address-space: claimShared: Ask to claim region [0x3f57bb000 0x3f5fa4000]
01-29 11:27:44.767 273 317 D goldfish-address-space: claimShared: Ask to claim region [0x3f678d000 0x3f6f76000]
01-29 11:27:44.772 273 317 D goldfish-address-space: claimShared: Ask to claim region [0x3f775f000 0x3f7f48000]
01-29 11:27:44.776 478 498 D EventSequenceValidator: dec AccIntentStartedEvents to 1
01-29 11:27:44.776 478 504 D ArtManagerInternalImpl: /data/misc/iorapd/com.android.launcher3/30/com.android.launcher3.uioverrides.QuickstepLauncher/compiled_traces/compiled_trace.pb doesn't exist
01-29 11:27:45.450 255 398 W netd : dnssd_clientstub DNSServiceProcessResult called with NULL DNSServiceRef
01-29 11:27:45.450 2145 2191 I DistCache: Discovery stopped: _dcache._tcp
01-29 11:27:45.451 478 2340 D HostConnection: HostConnection::get() New Host Connection established 0x7e5153e17890, tid 2340
01-29 11:27:45.453 478 2340 D HostConnection: HostComposition ext ANDROID_EMU_CHECKSUM_HELPER_v1 ANDROID_EMU_native_sync_v2 ANDROID_EMU_dma_v1 ANDROID_EMU_direct_mem ANDROID_EMU_host_composition_v1 ANDROID_EMU_host_composition_v2 ANDROID_EMU_vulkan ANDROID_EMU_deferred_vulkan_commands ANDROID_EMU_vulkan_null_optional_strings ANDROID_EMU_vulkan_create_resources_with_requirements ANDROID_EMU_YUV_Cache ANDROID_EMU_vulkan_ignored_handles ANDROID_EMU_has_shared_slots_host_memory_allocator ANDROID_EMU_vulkan_free_memory_sync ANDROID_EMU_vulkan_shader_float16_int8 ANDROID_EMU_vulkan_async_queue_submit ANDROID_EMU_sync_buffer_data ANDROID_EMU_vulkan_async_qsri ANDROID_EMU_read_color_buffer_dma GL_OES_EGL_image_external_essl3 GL_OES_vertex_array_object GL_KHR_texture_compression_astc_ldr ANDROID_EMU_host_side_tracing ANDROID_EMU_gles_max_version_3_0
01-29 11:27:45.453 478 2340 D EGL_emulation: eglCreateContext: 0x7e5143ed40c0: maj 3 min 0 rcv 3
01-29 11:27:45.454 478 2340 D EGL_emulation: eglMakeCurrent: 0x7e5143ed40c0: ver 3 0 (tinfo 0x7e50e3ee3700) (first time)
01-29 11:27:45.499 2021 2041 I System.out: 0 Flags,IntendedVsync,Vsync,OldestInputEvent,NewestInputEvent,HandleInputStart,AnimationStart,PerformTraversalsStart,DrawStart,SyncQueued,SyncStart,IssueDrawCommandsStart,SwapBuffers,FrameCompleted,DequeueBufferDuration,QueueBufferDuration,GpuCompleted,
01-29 11:27:45.499 2021 2041 I System.out: 1 1,320056586819,320056586819,9223372036854775807,0,320072926396,320072928179,320072928279,320092522491,320092812727,320093036527,320093051736,320093837984,320095505899,204584,178085,320106721331,
01-29 11:27:45.499 2021 2041 I System.out: 2 0,320089920098,320089920098,9223372036854775807,0,320097980371,320097981162,320104856877,320104881793,320105536374,320108257920,320108285642,320114571187,320123219213,246343,7253374,320122768175,
01-29 11:27:45.499 2021 2041 I System.out: 3 0,320106586806,320106586806,9223372036854775807,0,320112154153,320112154955,320133469110,320133522851,320139376965,320139454291,320139495949,320139899137,320143403825,24466,108463,320143353971,
01-29 11:27:45.499 2021 2041 I System.out: 4 0,320123253530,320139920196,9223372036854775807,0,320142294008,320142294830,320149593910,320149625289,320151384396,320151476780,320151509441,320151905375,320159399142,6468960,466146,320156699216,
01-29 11:27:45.499 2021 2041 I System.out: 5 0,320156586912,320156586912,9223372036854775807,0,320157486146,320157486396,320158233611,320158262685,320159261202,320159485043,320159533715,320160872782,320181194952,18265936,572717,320162878392,
01-29 11:27:45.499 2021 2041 I System.out: 6 0,320173253614,320173253614,9223372036854775807,0,320173709501,320173709742,320174463118,320174494968,320175527028,320181274091,320181318725,320181796362,320195513547,12931658,111550,320190082849,
01-29 11:27:45.499 2021 2041 I System.out: 7 0,320189920239,320189920239,9223372036854775807,0,320190341716,320190342066,320191114739,320191150045,320192297973,320195956740,320196002777,320198677775,320207873921,6844256,1467228,320200994620,
01-29 11:27:45.499 2021 2041 I System.out: 8 0,320206586983,320206586983,9223372036854775807,0,320206969381,320206969892,320207705385,320207828246,320208877428,320208947039,320208986843,320212851388,320224509512,7938903,135054,320223404184,
01-29 11:27:45.499 2021 2041 I System.out: 9 0,320223253528,320223253528,9223372036854775807,0,320223716802,320223717233,320224830585,320224865020,320225933909,320226009532,320226047834,320226668671,320243735271,11568555,2346390,320232124837,
01-29 11:27:45.499 2021 2041 I System.out: 10 0,320239920224,320239920224,9223372036854775807,0,320240360568,320240360959,320241158959,320241195467,320242298160,320243799993,320243842453,320247614754,320259016105,8771468,171532,320250196847,
01-29 11:27:45.499 2021 2041 I System.out: 11 0,320256586995,320256586995,9223372036854775807,0,320257783739,320257784230,320258864380,320258896731,320263782224,320264417118,320264465759,320264977271,320276112853,8892125,280186,320267177136,
01-29 11:27:45.499 2021 2041 I System.out: 12 0,320273253776,320273253776,9223372036854775807,0,320273526802,320273527152,320275040577,320275062057,320275990423,320276158889,320276191390,320276757444,320291529592,10377637,212910,320281107982,
01-29 11:27:45.499 2021 2041 I System.out: 13 0,320289920512,320289920512,9223372036854775807,0,320290918614,320290918864,320291790032,320291813375,320292841157,320292914626,320292954440,320296811340,320308383453,8610806,475955,320306726428,
01-29 11:27:45.499 2021 2041 I System.out: 14 0,320306587161,320306587161,9223372036854775807,0,320307156366,320307156877,320308190971,320308217731,320309295487,320310571546,320310616551,320311359657,320327939603,12211945,277813,320323396383,
01-29 11:27:45.499 2021 2041 I System.out: 15 0,320323253883,320323253883,9223372036854775807,0,320323424556,320323425247,320325113631,320325137396,320327898817,320328001239,320328042286,320329794240,320346521863,13747522,181210,320332729758,
01-29 11:27:45.499 2021 2041 I System.out: 16 0,320339920656,320339920656,9223372036854775807,0,320340081657,320340083040,320341817059,320341841034,320342688097,320346593898,320346635687,320347110109,320358911773,9529042,315403,320356725784,
01-29 11:27:45.499 2021 2041 I System.out: 17 0,320356587416,320356587416,9223372036854775807,0,320356749749,320356750660,320358564019,320358599606,320360680958,320360734790,320360764285,320361123941,320377695551,14312543,126397,320373419343,
01-29 11:27:45.499 2021 2041 I System.out: 18 0,320373254081,320373254081,9223372036854775807,0,320373571539,320373571910,320376593620,320376619288,320377729455,320377822129,320377856063,320378279138,320393653107,12966394,264458,320390069651,
01-29 11:27:45.499 2021 2041 I System.out: 19 0,320389920719,320389920719,9223372036854775807,0,320390401906,320390402237,320391268385,320391308911,320393183094,320393693032,320393739440,320394206017,320408016006,11641724,115226,320406725430,
01-29 11:27:45.499 2021 2041 I System.out: 20 0,320406587431,320406587431,9223372036854775807,0,320407194482,320407194722,320408343902,320408370803,320409659355,320409810279,320409967083,320410451263,320426720936,14147483,129623,320412537355,
01-29 11:27:45.499 2021 2041 I System.out: 21 0,320423253923,320423253923,9223372036854775807,0,320423562199,320423562439,320427154651,320427188796,320428067117,320428121990,320428154180,320428564993,320440899869,9444223,954654,320431407997,
01-29 11:27:45.499 2021 2041 I System.out: 22 0,320439920425,320439920425,9223372036854775807,0,320440097080,320440098162,320441539902,320441585888,320442671419,320442728105,320442769293,320443261728,320459837797,13606987,943142,320446187037,
01-29 11:27:45.499 2021 2041 I System.out: 23 0,320456586977,320456586977,9223372036854775807,0,320456779809,320456781071,320459663189,320459826135,320460980946,320461047170,320461092095,320461534967,320476385152,11928452,949916,320464421133,
01-29 11:27:45.499 2021 2041 I System.out: 24 0,320473253715,320473253715,9223372036854775807,0,320473555763,320473556805,320475374081,320475412023,320476893127,320476950985,320476990420,320477526728,320492983482,14684152,85260,320490058504,
01-29 11:27:45.499 2021 2041 I System.out: 25 0,320489920452,320489920452,9223372036854775807,0,320490074354,320490075296,320494342597,320494381520,320495260502,320495332267,320495365239,320496086816,320507670811,9595146,985312,320498032072,
01-29 11:27:45.499 2021 2041 I System.out: 26 0,320506587161,320506587161,9223372036854775807,0,320506901314,320506902847,320507994289,320508036117,320509456597,320509532129,320509563328,320510266941,320526351886,14419194,961618,320511892306,
01-29 11:27:45.499 2021 2041 I System.out: 27 0,320523253888,320523253888,9223372036854775807,0,320523423451,320523424493,320526866363,320526901459,320527701122,320527769761,320527801912,320528362746,320543201559,13088052,1013485,320530072520,
01-29 11:27:45.499 2021 2041 I System.out: 28 0,320539920465,320539920465,9223372036854775807,0,320540100660,320540101672,320543471126,320543509768,320544604526,320544665651,320544699926,320545275788,320559582290,12431238,971557,320556738575,
01-29 11:27:45.499 2021 2041 I System.out: 29 0,320556587175,320556587175,9223372036854775807,0,320556773250,320556774623,320559866605,320559902923,320560803366,320560853059,320560885160,320561457515,320575104288,11683021,1222217,320563381382,
01-29 11:27:45.499 2021 2041 I System.out: 30 0,320573253895,320573253895,9223372036854775807,0,320573537643,320573539066,320573933767,320573970316,320576060084,320576140826,320576176884,320576792171,320593083915,15454040,157486,320590068877,
01-29 11:27:45.499 2021 2041 I System.out: 31 0,320589920498,320589920498,9223372036854775807,0,320590237444,320590238526,320590775105,320590831030,320593182109,320593249055,320593279232,320593872066,320609718223,14215441,933615,320595452176,
01-29 11:27:45.499 2021 2041 I System.out: 32 0,320606587112,320606587112,9223372036854775807,0,320606895827,320606896899,320607361974,320607400496,320607478082,320609776482,320609809675,320610372663,320626562746,14426498,935899,320612095381,
01-29 11:27:45.499 2021 2041 I System.out: 33 0,320623253826,320623253826,9223372036854775807,0,320623451037,320623451989,320625548099,320625580890,320626757723,320626824949,320626858392,320627530686,320642777686,14171659,166693,320628534162,
01-29 11:27:45.499 2021 2041 I System.out: 34 0,320639920574,320639920574,9223372036854775807,0,320640092979,320640094071,320644374678,320644409804,320645457123,320645534678,320645565045,320646126230,320659771059,12671409,93696,-3211262987504685704,
01-29 11:27:45.499 2021 2041 I System.out: 35 0,320656586920,320656586920,9223372036854775807,0,320656840230,320656841222,320660498286,320660545986,320660987496,320661035546,320661064951,320661659038,320677253531,14684533,253537,-3921643605196060857,
01-29 11:27:45.499 2021 2041 I System.out: 36 0,320706586981,320706586981,9223372036854775807,0,320706711174,320706711956,320706712066,320706992142,320707064378,320707162583,320707203560,320708313075,320710330868,79490,1010119,1710028795832469502,
01-29 11:27:45.499 2021 2041 D Benchmark: Starting activity with command: am start -W "intent:#Intent;action=android.intent.action.MAIN;category=android.intent.category.LAUNCHER;launchFlags=0x10008000;package=tj.maktabmobile.app;component=tj.maktabmobile.app/com.ustadmobile.port.android.view.AppActivity;end"
01-29 11:27:45.532 255 398 W netd : dnssd_clientstub DNSServiceProcessResult called with NULL DNSServiceRef
01-29 11:27:45.533 478 498 D EventSequenceValidator: inc AccIntentStartedEvents to 2
01-29 11:27:45.534 2145 2145 D AppActivity$onDestroy: AppActivity#onDestroy
01-29 11:27:45.535 2145 2191 I DistCache: Unregistered: name: DCache, type: _dcache._tcp, host: null, port: 43263, txtRecord:
01-29 11:27:45.537 478 563 W InputReader: Device virtio_input_multi_touch_10 is associated with display ADISPLAY_ID_NONE.
01-29 11:27:45.537 478 563 W InputReader: Device virtio_input_multi_touch_7 is associated with display ADISPLAY_ID_NONE.
01-29 11:27:45.537 478 563 W InputReader: Device virtio_input_multi_touch_11 is associated with display ADISPLAY_ID_NONE.
01-29 11:27:45.537 478 563 W InputReader: Device virtio_input_multi_touch_5 is associated with display ADISPLAY_ID_NONE.
01-29 11:27:45.537 478 563 W InputReader: Device virtio_input_multi_touch_2 is associated with display ADISPLAY_ID_NONE.
01-29 11:27:45.537 478 563 W InputReader: Device virtio_input_multi_touch_6 is associated with display ADISPLAY_ID_NONE.
01-29 11:27:45.537 478 563 W InputReader: Device virtio_input_multi_touch_8 is associated with display ADISPLAY_ID_NONE.
01-29 11:27:45.537 478 563 W InputReader: Device virtio_input_multi_touch_9 is associated with display ADISPLAY_ID_NONE.
01-29 11:27:45.537 478 563 W InputReader: Device virtio_input_multi_touch_3 is associated with display ADISPLAY_ID_NONE.
01-29 11:27:45.537 478 563 W InputReader: Device virtio_input_multi_touch_4 is associated with display ADISPLAY_ID_NONE.
01-29 11:27:45.537 478 563 W InputReader: Device virtio_input_multi_touch_10 is associated with display ADISPLAY_ID_NONE.
01-29 11:27:45.537 478 563 W InputReader: Device virtio_input_multi_touch_7 is associated with display ADISPLAY_ID_NONE.
01-29 11:27:45.537 478 563 W InputReader: Device virtio_input_multi_touch_11 is associated with display ADISPLAY_ID_NONE.
01-29 11:27:45.537 478 563 W InputReader: Device virtio_input_multi_touch_5 is associated with display ADISPLAY_ID_NONE.
01-29 11:27:45.537 478 563 W InputReader: Device virtio_input_multi_touch_2 is associated with display ADISPLAY_ID_NONE.
01-29 11:27:45.537 478 563 W InputReader: Device virtio_input_multi_touch_6 is associated with display ADISPLAY_ID_NONE.
01-29 11:27:45.537 478 563 W InputReader: Device virtio_input_multi_touch_8 is associated with display ADISPLAY_ID_NONE.
01-29 11:27:45.537 478 563 W InputReader: Device virtio_input_multi_touch_9 is associated with display ADISPLAY_ID_NONE.
01-29 11:27:45.537 478 563 W InputReader: Device virtio_input_multi_touch_3 is associated with display ADISPLAY_ID_NONE.
01-29 11:27:45.537 478 563 W InputReader: Device virtio_input_multi_touch_4 is associated with display ADISPLAY_ID_NONE.
01-29 11:27:45.547 273 317 D goldfish-address-space: claimShared: Ask to claim region [0x3f5fa4000 0x3f678d000]
01-29 11:27:45.548 2145 2145 W CustomTabsClient: Unable to find any Custom Tabs packages, you may need to add a element to your manifest. See the docs for CustomTabsClient#getPackageName.
01-29 11:27:45.548 2145 2145 W AppActivity$bindCustomTabsService: CustomTabs: Service NOT supported
01-29 11:27:45.555 478 572 D UntrustedWifiNetworkFactory: got request NetworkRequest [ TRACK_DEFAULT id=31, [ Capabilities: INTERNET&NOT_RESTRICTED&TRUSTED Uid: 10130 AdministratorUids: [] RequestorUid: 10130 RequestorPackageName: tj.maktabmobile.app] ] with score 60 and providerId 3
01-29 11:27:45.555 478 572 D WifiNetworkFactory: got request NetworkRequest [ TRACK_DEFAULT id=31, [ Capabilities: INTERNET&NOT_RESTRICTED&TRUSTED Uid: 10130 AdministratorUids: [] RequestorUid: 10130 RequestorPackageName: tj.maktabmobile.app] ] with score 60 and providerId 3
01-29 11:27:45.555 842 842 D PhoneSwitcherNetworkRequstListener: got request NetworkRequest [ TRACK_DEFAULT id=31, [ Capabilities: INTERNET&NOT_RESTRICTED&TRUSTED Uid: 10130 AdministratorUids: [] RequestorUid: 10130 RequestorPackageName: tj.maktabmobile.app] ] with score 60 and providerId 3
01-29 11:27:45.561 638 638 V KeyguardUpdateMonitor: onSubscriptionInfoChanged()
01-29 11:27:45.561 842 842 D Telephony: isEmergencyPreferredAccount: subId=1, activeData=1
01-29 11:27:45.561 842 842 D Telephony: isEmergencyPreferredAccount: Device does not require preference.
01-29 11:27:45.562 638 638 V KeyguardUpdateMonitor: SubInfo:{id=1 iccId=89014103211118510720 simSlotIndex=0 carrierId=1 displayName=T-Mobile carrierName=T-Mobile nameSource=3 iconTint=-16746133 number=+15555215554 dataRoaming=0 iconBitmap=android.graphics.Bitmap@fd6ee5f mcc=310 mnc=260 countryIso=us isEmbedded=false nativeAccessRules=null cardString=89014103211118510720 cardId=-1 isOpportunistic=false groupUUID=null isGroupDisabled=false profileClass=-1 ehplmns=null hplmns=null subscriptionType=0 groupOwner=null carrierConfigAccessRules=null areUiccApplicationsEnabled=true}
01-29 11:27:45.572 273 317 D goldfish-address-space: claimShared: Ask to claim region [0x3f6f76000 0x3f775f000]
01-29 11:27:45.573 273 317 D goldfish-address-space: claimShared: Ask to claim region [0x3f47e9000 0x3f4fd2000]
01-29 11:27:45.573 273 317 D goldfish-address-space: claimShared: Ask to claim region [0x3f4fd2000 0x3f57bb000]
01-29 11:27:45.579 478 498 D EventSequenceValidator: dec AccIntentStartedEvents to 1
01-29 11:27:45.580 3604 3606 I cmd : oneway function results will be dropped but finished with status OK and parcel size 4
01-29 11:27:45.583 478 504 D ArtManagerInternalImpl: /data/misc/iorapd/tj.maktabmobile.app/372/com.ustadmobile.port.android.view.AppActivity/compiled_traces/compiled_trace.pb doesn't exist
01-29 11:27:45.592 2145 2145 D UstadViewModelFunKt$ustadViewModel$viewModel$invoke: ustadViewModel(): create viewmodel for: com.ustadmobile.core.viewmodel.redirect.RedirectViewModel
01-29 11:27:45.600 478 504 I ActivityTaskManager: Displayed tj.maktabmobile.app/com.ustadmobile.port.android.view.AppActivity: +50ms
01-29 11:27:45.604 2145 2191 D DistCache: Service discovery started
01-29 11:27:45.604 2145 2191 D DistCache: Service discovery onServiceFound: name: DCache, type: _dcache._tcp., host: null, port: 0, txtRecord:
01-29 11:27:45.604 2145 2191 D DistCache: Service Found: _dcache._tcp.
01-29 11:27:45.604 2145 2191 D DistCache: Service discovery onServiceFound: name: DCache, type: _dcache._tcp., host: null, port: 0, txtRecord:
01-29 11:27:45.604 2145 2191 D DistCache: Service Found: _dcache._tcp.
01-29 11:27:45.604 2145 2191 D DistCache: Service discovery onServiceFound: name: DCache, type: _dcache._tcp., host: null, port: 0, txtRecord:
01-29 11:27:45.604 2145 2191 D DistCache: Service Found: _dcache._tcp.
01-29 11:27:45.605 2145 2145 D UstadNavControllerPreCompose$onCollectNavCommand: NavCommandEffect: Navigate: Go to addAccountSelectNewOrExisting
01-29 11:27:45.608 478 579 E NsdServiceInfo: While parsing txt records (pos = 1): Zero sized txt record
01-29 11:27:45.608 255 398 W netd : dnssd_clientstub DNSServiceProcessResult called with NULL DNSServiceRef
01-29 11:27:45.608 2145 2191 E DistCache: Resolve failed: 3
01-29 11:27:45.608 2145 2191 E DistCache: Resolve failed: 3
01-29 11:27:45.609 2145 2191 I DistCache: Resolve Succeeded. name: DCache, type: ._dcache._tcp, host: /10.0.2.16, port: 43263, txtRecord:
01-29 11:27:45.609 2145 2169 D DistCache: /10.0.2.16 is local device
01-29 11:27:45.610 255 398 W netd : dnssd_clientstub DNSServiceProcessResult called with NULL DNSServiceRef
01-29 11:27:45.612 2145 2145 D UstadViewModelFunKt$ustadViewModel$viewModel$invoke: ustadViewModel(): create viewmodel for: com.ustadmobile.core.viewmodel.AddAccountSelectNewOrExistingViewModel
01-29 11:27:45.621 2021 2041 D Benchmark: Result: Starting: Intent { act=android.intent.action.MAIN cat=[android.intent.category.LAUNCHER] flg=0x10008000 pkg=tj.maktabmobile.app cmp=tj.maktabmobile.app/com.ustadmobile.port.android.view.AppActivity }
01-29 11:27:45.621 2021 2041 D Benchmark: Status: ok
01-29 11:27:45.621 2021 2041 D Benchmark: LaunchState: WARM
01-29 11:27:45.621 2021 2041 D Benchmark: Activity: tj.maktabmobile.app/com.ustadmobile.port.android.view.AppActivity
01-29 11:27:45.621 2021 2041 D Benchmark: TotalTime: 50
01-29 11:27:45.621 2021 2041 D Benchmark: WaitTime: 51
01-29 11:27:45.621 2021 2041 D Benchmark: Complete
01-29 11:27:45.629 478 492 D WifiNl80211Manager: Scan result ready event
01-29 11:27:45.629 478 492 D WifiNative: Scan result ready event
01-29 11:27:45.676 2021 2041 I System.out: 0 Flags,IntendedVsync,Vsync,OldestInputEvent,NewestInputEvent,HandleInputStart,AnimationStart,PerformTraversalsStart,DrawStart,SyncQueued,SyncStart,IssueDrawCommandsStart,SwapBuffers,FrameCompleted,DequeueBufferDuration,QueueBufferDuration,GpuCompleted,
01-29 11:27:45.676 2021 2041 I System.out: 1 1,346789918514,346789918514,9223372036854775807,0,346800733280,346800733861,346800766372,346819381033,346819629911,346819821681,346819836810,346820698189,346823150799,25468,1256131,346823024131,
01-29 11:27:45.676 2021 2041 I System.out: 2 0,346806585220,346823251886,9223372036854775807,0,346833132592,346833133414,346839846713,346839873624,346845586332,346846007424,346846034625,346847166392,346849762993,37250,400573,346856709491,
01-29 11:27:45.676 2021 2041 I System.out: 3 0,346839918660,346839918660,9223372036854775807,0,346851300964,346851301866,346869677988,346869729114,346882545195,346883138520,346883179748,346883601841,346885306606,239610,748347,293392735787,
01-29 11:27:45.676 2021 2041 I System.out: 4 0,346856585419,346873252085,9223372036854775807,0,346887678184,346887678825,346895777117,346895825949,346897983054,346898066601,346898097950,346898566030,346899456394,28764,149992,293406713241,
01-29 11:27:45.676 2021 2041 I System.out: 5 0,346889918892,346889918892,9223372036854775807,0,346900347499,346900348360,346901063765,346901092709,346902075877,346902148203,346902190142,346903450201,346907696904,3511020,198243,293423406250,
01-29 11:27:45.676 2021 2041 D UiDevice: Waiting 10000ms for SearchCondition[hasObject=BySelector [TEXT='\QGet Started\E']].
01-29 11:27:45.676 2021 2041 D UiDevice: Searching for node with selector: BySelector [TEXT='\QGet Started\E'].
01-29 11:27:46.268 2145 2191 I DistCache: Registered: name: DCache, type: null, host: null, port: 0, txtRecord:
01-29 11:27:46.297 2021 2041 D UiDevice: Searching for node with selector: BySelector [TEXT='\QGet Started\E'].
01-29 11:27:47.193 2021 2041 I chatty : uid=10131(com.ustadmobile.app_android_baselineprofile) roidJUnitRunner identical 4 lines
01-29 11:27:47.296 2021 2041 D UiDevice: Searching for node with selector: BySelector [TEXT='\QGet Started\E'].
01-29 11:27:47.397 2145 2188 D DistCache: DistributedCacheHashtable(43263 unknown Android SDK built for x86_64): sending pings to 0 nodes
01-29 11:27:47.399 2021 2041 D UiDevice: Searching for node with selector: BySelector [TEXT='\QGet Started\E'].
01-29 11:27:49.551 2021 2041 I chatty : uid=10131(com.ustadmobile.app_android_baselineprofile) roidJUnitRunner identical 21 lines
01-29 11:27:49.654 2021 2041 D UiDevice: Searching for node with selector: BySelector [TEXT='\QGet Started\E'].
01-29 11:27:49.734 350 350 I perfetto: probes_producer.cc:329 Producer stop (id=21)
01-29 11:27:49.734 350 350 I perfetto: ftrace_procfs.cc:183 disabled ftrace
01-29 11:27:49.735 361 361 I perfetto: ng_service_impl.cc:1948 Tracing session 21 ended, total sessions:0
01-29 11:27:49.756 2021 2041 D UiDevice: Searching for node with selector: BySelector [TEXT='\QGet Started\E'].
01-29 11:27:50.268 2021 2041 I chatty : uid=10131(com.ustadmobile.app_android_baselineprofile) roidJUnitRunner identical 5 lines
01-29 11:27:50.370 2021 2041 D UiDevice: Searching for node with selector: BySelector [TEXT='\QGet Started\E'].
01-29 11:27:50.398 2145 2188 D DistCache: DistributedCacheHashtable(43263 unknown Android SDK built for x86_64): sending pings to 0 nodes
01-29 11:27:50.473 2021 2041 D UiDevice: Searching for node with selector: BySelector [TEXT='\QGet Started\E'].
01-29 11:27:51.190 2021 2041 I chatty : uid=10131(com.ustadmobile.app_android_baselineprofile) roidJUnitRunner identical 7 lines
01-29 11:27:51.293 2021 2041 D UiDevice: Searching for node with selector: BySelector [TEXT='\QGet Started\E'].
01-29 11:27:51.343 1168 1844 I Dialer : OmtpVvmCarrierCfgHlpr - OmtpEvent:CONFIG_STATUS_SMS_TIME_OUT
01-29 11:27:51.344 1168 1168 I Dialer : RetryPolicy - Retry limit for com.android.voicemail.impl.ActivationTask@d262e17 reached
01-29 11:27:51.344 1168 1168 I Dialer : RetryPolicy - committing deferred status: configuration_state=4
01-29 11:27:51.349 1305 1420 I VoicemailNotifier: receivers for android.intent.action.PROVIDER_CHANGED :[]
01-29 11:27:51.349 1168 1168 I Dialer : VvmTaskExecutor - no more tasks, stopping service if no task are added in 5000 millis
01-29 11:27:51.395 2021 2041 D UiDevice: Searching for node with selector: BySelector [TEXT='\QGet Started\E'].
01-29 11:27:53.138 2021 2041 I chatty : uid=10131(com.ustadmobile.app_android_baselineprofile) roidJUnitRunner identical 17 lines
01-29 11:27:53.240 2021 2041 D UiDevice: Searching for node with selector: BySelector [TEXT='\QGet Started\E'].
01-29 11:27:53.245 2145 2168 D UstadCache: CacheTrimmer: Trim cache run: max (evictable) size = 100000000 bytes
01-29 11:27:53.246 2145 2168 V UstadCache: CacheTrimmer: deleting
01-29 11:27:53.343 2021 2041 D UiDevice: Searching for node with selector: BySelector [TEXT='\QGet Started\E'].
01-29 11:27:53.399 2145 2188 D DistCache: DistributedCacheHashtable(43263 unknown Android SDK built for x86_64): sending pings to 0 nodes
01-29 11:27:53.446 2021 2041 D UiDevice: Searching for node with selector: BySelector [TEXT='\QGet Started\E'].
01-29 11:27:55.599 2021 2041 I chatty : uid=10131(com.ustadmobile.app_android_baselineprofile) roidJUnitRunner identical 21 lines
01-29 11:27:55.701 2021 2041 D UiDevice: Searching for node with selector: BySelector [TEXT='\QGet Started\E'].
01-29 11:27:56.377 1168 1168 I Dialer : VvmTaskExecutor - Stopping service
01-29 11:27:56.377 1168 1168 I Dialer : VvmTaskExecutor - finishing Job
01-29 11:27:56.377 1168 1168 I Dialer : TaskSchedulerJobService - finishing job
01-29 11:27:56.379 1168 1168 I Dialer : JobFinishedPoller.run - Job finished
01-29 11:27:56.379 1168 1168 I Dialer : VvmTaskExecutor - terminated
01-29 11:27:56.399 2145 2188 D DistCache: DistributedCacheHashtable(43263 unknown Android SDK built for x86_64): sending pings to 0 nodes
01-29 11:27:56.703 2021 2041 D UiDevice: Retrieving node with selector: BySelector [TEXT='\QGet Started\E'].
01-29 11:27:56.706 2021 2041 D UiDevice: Node not found with selector: BySelector [TEXT='\QGet Started\E'].
01-29 11:27:59.400 2145 2188 D DistCache: DistributedCacheHashtable(43263 unknown Android SDK built for x86_64): sending pings to 0 nodes
01-29 11:28:00.001 638 638 D KeyguardClockSwitch: Updating clock: 1128
01-29 11:28:01.706 2021 2041 D Benchmark: Profile Installer - Save Profile
01-29 11:28:01.713 2145 2145 I Process : Sending signal. PID: 2145 SIG: 10
01-29 11:28:01.713 2145 2145 D ProfileInstaller:
01-29 11:28:01.713 2145 2153 I aktabmobile.ap: Thread[4,tid=2153,WaitingInMainSignalCatcherLoop,Thread*=0x7e5233e1f380,peer=0x13482500,"Signal Catcher"]: reacting to signal 10
01-29 11:28:01.713 2145 2153 I aktabmobile.ap:
01-29 11:28:01.713 2145 2153 I aktabmobile.ap: SIGUSR1 forcing GC (no HPROF) and profile save
01-29 11:28:01.724 2145 2153 I aktabmobile.ap: Explicit concurrent copying GC freed 128882(4765KB) AllocSpace objects, 5(132KB) LOS objects, 49% free, 7035KB/13MB, paused 8us total 11.134ms
01-29 11:28:02.214 2021 2041 D Benchmark: Killing process tj.maktabmobile.app
01-29 11:28:02.214 2021 2041 D UiDevice: Executing shell command: killall tj.maktabmobile.app
01-29 11:28:02.239 478 563 I PackageDexOptimizer: Running dexopt (dexoptNeeded=-3) on: /data/app/~~udvmEuEJhL3rR0pnxkb45Q==/tj.maktabmobile.app-qWZ3Bw-qpBT7rr6Ga6g6aQ==/base.apk pkg=tj.maktabmobile.app isa=x86_64 dexoptFlags=boot_complete,profile_guided,force,enable_hidden_api_checks targetFilter=speed-profile oatDir=/data/app/~~udvmEuEJhL3rR0pnxkb45Q==/tj.maktabmobile.app-qWZ3Bw-qpBT7rr6Ga6g6aQ==/oat classLoaderContext=PCL[]{PCL[/system_ext/framework/androidx.window.sidecar.jar]}
01-29 11:28:02.240 380 545 V installd: DexInv: --- BEGIN '/data/app/~~udvmEuEJhL3rR0pnxkb45Q==/tj.maktabmobile.app-qWZ3Bw-qpBT7rr6Ga6g6aQ==/base.apk' ---
01-29 11:28:02.246 3649 3649 W dex2oat32: Unexpected CPU variant for X86 using defaults: x86_64
01-29 11:28:02.316 3649 3649 I dex2oat32: /apex/com.android.art/bin/dex2oat32 --input-vdex-fd=9 --output-vdex-fd=10 --updatable-bcp-packages-file=/system/etc/updatable-bcp-packages.txt --resolve-startup-const-strings=true --max-image-block-size=524288 --compiler-filter=speed-profile --profile-file-fd=12 --classpath-dir=/data/app/~~udvmEuEJhL3rR0pnxkb45Q==/tj.maktabmobile.app-qWZ3Bw-qpBT7rr6Ga6g6aQ== --class-loader-context=PCL[]{PCL[/system_ext/framework/androidx.window.sidecar.jar]} --generate-mini-debug-info --compilation-reason=unknown
01-29 11:28:02.317 3649 3649 I dex2oat32: setting boot class path to /apex/com.android.art/javalib/core-oj.jar:/apex/com.android.art/javalib/core-libart.jar:/apex/com.android.art/javalib/core-icu4j.jar:/apex/com.android.art/javalib/okhttp.jar:/apex/com.android.art/javalib/bouncycastle.jar:/apex/com.android.art/javalib/apache-xml.jar:/system/framework/framework.jar:/system/framework/ext.jar:/system/framework/telephony-common.jar:/system/framework/voip-common.jar:/system/framework/ims-common.jar:/system/framework/framework-atb-backward-compatibility.jar
01-29 11:28:02.401 2145 2188 D DistCache: DistributedCacheHashtable(43263 unknown Android SDK built for x86_64): sending pings to 0 nodes
01-29 11:28:05.402 2145 2188 D DistCache: DistributedCacheHashtable(43263 unknown Android SDK built for x86_64): sending pings to 0 nodes
01-29 11:28:06.218 3649 3649 W dex2oat32: Could not reserve sentinel fault page
01-29 11:28:06.777 3649 3651 W dex2oat32: Class androidx.compose.runtime.snapshots.SnapshotStateList failed lock verification and will run slower.
01-29 11:28:06.777 3649 3651 W dex2oat32: Common causes for lock verification issues are non-optimized dex code
01-29 11:28:06.777 3649 3651 W dex2oat32: and incorrect proguard optimizations.
01-29 11:28:06.777 3649 3649 W dex2oat32: Class androidx.compose.runtime.snapshots.SnapshotStateMap failed lock verification and will run slower.
01-29 11:28:06.831 3649 3651 W dex2oat32: Accessing hidden method Landroid/graphics/Canvas;->drawPatch(Landroid/graphics/NinePatch;Landroid/graphics/Rect;Landroid/graphics/Paint;)V (greylist-max-o, linking, denied)
01-29 11:28:06.831 3649 3651 W dex2oat32: Accessing hidden method Landroid/graphics/Canvas;->drawPatch(Landroid/graphics/NinePatch;Landroid/graphics/RectF;Landroid/graphics/Paint;)V (greylist-max-o, linking, denied)
01-29 11:28:06.835 3649 3651 W dex2oat32: Accessing hidden method Landroid/graphics/Bitmap;->getHardwareBuffer()Landroid/hardware/HardwareBuffer; (blacklist, linking, denied)
01-29 11:28:06.953 3649 3651 W dex2oat32: Accessing hidden method Landroid/app/job/JobParameters;->getStopReason()I (greylist-max-o, linking, denied)
01-29 11:28:08.402 2145 2188 D DistCache: DistributedCacheHashtable(43263 unknown Android SDK built for x86_64): sending pings to 0 nodes
01-29 11:28:08.661 3649 3649 I dex2oat32: Explicit concurrent copying GC freed 275889(40MB) AllocSpace objects, 0(0B) LOS objects, 49% free, 2264KB/4528KB, paused 12us total 5.930ms
01-29 11:28:08.685 3649 3649 W dex2oat32: Accessing hidden field Ljava/nio/file/FileSystemException;->file:Ljava/lang/String; (greylist-max-o, linking, denied)
01-29 11:28:08.685 3649 3649 W dex2oat32: Accessing hidden field Ljava/nio/file/FileSystemException;->other:Ljava/lang/String; (greylist-max-o, linking, denied)
01-29 11:28:08.685 3649 3649 W dex2oat32: Accessing hidden field Ljava/nio/file/InvalidPathException;->index:I (greylist-max-o, linking, denied)
01-29 11:28:08.685 3649 3649 W dex2oat32: Accessing hidden field Ljava/nio/file/InvalidPathException;->input:Ljava/lang/String; (greylist-max-o, linking, denied)
01-29 11:28:08.687 3649 3649 W dex2oat32: Accessing hidden method Landroid/graphics/Bitmap;->getHardwareBuffer()Landroid/hardware/HardwareBuffer; (blacklist, linking, denied)
01-29 11:28:08.687 3649 3649 W dex2oat32: Accessing hidden method Landroid/graphics/Canvas;->drawPatch(Landroid/graphics/NinePatch;Landroid/graphics/Rect;Landroid/graphics/Paint;)V (greylist-max-o, linking, denied)
01-29 11:28:08.687 3649 3649 W dex2oat32: Accessing hidden method Landroid/graphics/Canvas;->drawPatch(Landroid/graphics/NinePatch;Landroid/graphics/RectF;Landroid/graphics/Paint;)V (greylist-max-o, linking, denied)
01-29 11:28:08.697 3649 3649 W dex2oat32: Accessing hidden method Landroid/app/job/JobParameters;->getStopReason()I (greylist-max-o, linking, denied)
01-29 11:28:09.574 3649 3649 I dex2oat32: dex2oat took 7.328s (9.042s cpu) (threads: 2) arena alloc=3887KB (3981288B) java alloc=2280KB (2335144B) native alloc=81MB (85727264B) free=83MB (87534944B)
01-29 11:28:09.589 380 545 V installd: DexInv: --- END '/data/app/~~udvmEuEJhL3rR0pnxkb45Q==/tj.maktabmobile.app-qWZ3Bw-qpBT7rr6Ga6g6aQ==/base.apk' (success) ---
01-29 11:28:09.605 2021 2041 D Benchmark: Reference profile location: /data/misc/profiles/ref/tj.maktabmobile.app/primary.prof
01-29 11:28:09.625 2021 2041 D Benchmark: APK Path: /data/app/~~udvmEuEJhL3rR0pnxkb45Q==/tj.maktabmobile.app-qWZ3Bw-qpBT7rr6Ga6g6aQ==/base.apk
01-29 11:28:09.625 2021 2041 D Benchmark: Converting to human readable profile format
01-29 11:28:09.625 2021 2041 D Benchmark: Using profile location: /data/misc/profiles/ref/tj.maktabmobile.app/primary.prof
01-29 11:28:09.883 3677 3677 W profman : profman took 249.591ms
01-29 11:28:09.899 2021 2041 D Benchmark: Using profile location: /data/misc/profiles/cur/0/tj.maktabmobile.app/primary.prof
01-29 11:28:10.147 3688 3688 W profman : profman took 239.964ms
01-29 11:28:11.082 2021 2041 D Benchmark: Unstable profiles during iteration 12
01-29 11:28:11.082 2021 2041 D Benchmark: Killing package tj.maktabmobile.app
01-29 11:28:11.082 2021 2041 D Benchmark: Killing process tj.maktabmobile.app
01-29 11:28:11.082 2021 2041 D UiDevice: Executing shell command: killall tj.maktabmobile.app
01-29 11:28:11.089 2021 2041 D Benchmark: Compile iteration (13) for tj.maktabmobile.app
01-29 11:28:11.089 2021 2041 D UiDevice: Pressing home button.
01-29 11:28:11.098 638 638 V ShadeControllerImpl: NotificationShadeWindow: com.android.systemui.statusbar.phone.NotificationShadeWindowView{90561f7 I.E...... ......ID 0,0-1080,1920} canPanelBeCollapsed(): false
01-29 11:28:11.099 478 498 D EventSequenceValidator: inc AccIntentStartedEvents to 2
01-29 11:28:11.100 361 361 I perfetto: ing_service_impl.cc:758 Configured tracing session 22, #sources:1, duration:5000 ms, #buffers:1, total buffer size:4096 KB, total sessions:1, uid:1071 session name: ""
01-29 11:28:11.100 478 496 W InputReader: Device virtio_input_multi_touch_10 is associated with display ADISPLAY_ID_NONE.
01-29 11:28:11.100 478 496 W InputReader: Device virtio_input_multi_touch_7 is associated with display ADISPLAY_ID_NONE.
01-29 11:28:11.100 478 496 W InputReader: Device virtio_input_multi_touch_11 is associated with display ADISPLAY_ID_NONE.
01-29 11:28:11.100 478 496 W InputReader: Device virtio_input_multi_touch_5 is associated with display ADISPLAY_ID_NONE.
01-29 11:28:11.100 478 496 W InputReader: Device virtio_input_multi_touch_2 is associated with display ADISPLAY_ID_NONE.
01-29 11:28:11.100 478 496 W InputReader: Device virtio_input_multi_touch_6 is associated with display ADISPLAY_ID_NONE.
01-29 11:28:11.100 478 496 W InputReader: Device virtio_input_multi_touch_8 is associated with display ADISPLAY_ID_NONE.
01-29 11:28:11.100 478 496 W InputReader: Device virtio_input_multi_touch_9 is associated with display ADISPLAY_ID_NONE.
01-29 11:28:11.100 478 496 W InputReader: Device virtio_input_multi_touch_3 is associated with display ADISPLAY_ID_NONE.
01-29 11:28:11.100 478 496 W InputReader: Device virtio_input_multi_touch_4 is associated with display ADISPLAY_ID_NONE.
01-29 11:28:11.100 478 496 W InputReader: Device virtio_input_multi_touch_10 is associated with display ADISPLAY_ID_NONE.
01-29 11:28:11.100 478 496 W InputReader: Device virtio_input_multi_touch_7 is associated with display ADISPLAY_ID_NONE.
01-29 11:28:11.100 478 496 W InputReader: Device virtio_input_multi_touch_11 is associated with display ADISPLAY_ID_NONE.
01-29 11:28:11.100 478 496 W InputReader: Device virtio_input_multi_touch_5 is associated with display ADISPLAY_ID_NONE.
01-29 11:28:11.100 478 496 W InputReader: Device virtio_input_multi_touch_2 is associated with display ADISPLAY_ID_NONE.
01-29 11:28:11.100 478 496 W InputReader: Device virtio_input_multi_touch_6 is associated with display ADISPLAY_ID_NONE.
01-29 11:28:11.100 478 496 W InputReader: Device virtio_input_multi_touch_8 is associated with display ADISPLAY_ID_NONE.
01-29 11:28:11.100 478 496 W InputReader: Device virtio_input_multi_touch_9 is associated with display ADISPLAY_ID_NONE.
01-29 11:28:11.100 478 496 W InputReader: Device virtio_input_multi_touch_3 is associated with display ADISPLAY_ID_NONE.
01-29 11:28:11.100 478 496 W InputReader: Device virtio_input_multi_touch_4 is associated with display ADISPLAY_ID_NONE.
01-29 11:28:11.101 350 350 I perfetto: probes_producer.cc:230 Ftrace setup (target_buf=22)
01-29 11:28:11.114 987 987 D TaplTarget: Launcher.onNewIntent: Intent { act=android.intent.action.MAIN cat=[android.intent.category.HOME] flg=0x10400100 cmp=com.android.launcher3/.uioverrides.QuickstepLauncher (has extras) }
01-29 11:28:11.115 350 350 I perfetto: ftrace_procfs.cc:176 enabled ftrace
01-29 11:28:11.117 638 638 V ShadeControllerImpl: NotificationShadeWindow: com.android.systemui.statusbar.phone.NotificationShadeWindowView{90561f7 I.E...... ......ID 0,0-1080,1920} canPanelBeCollapsed(): false
01-29 11:28:11.132 273 317 D goldfish-address-space: claimShared: Ask to claim region [0x3f4000000 0x3f47e9000]
01-29 11:28:11.133 273 317 D goldfish-address-space: claimShared: Ask to claim region [0x3f57bb000 0x3f5fa4000]
01-29 11:28:11.134 273 317 D goldfish-address-space: claimShared: Ask to claim region [0x3f5fa4000 0x3f678d000]
01-29 11:28:11.143 273 317 D goldfish-address-space: claimShared: Ask to claim region [0x3f678d000 0x3f6f76000]
01-29 11:28:11.148 478 504 D ArtManagerInternalImpl: /data/misc/iorapd/com.android.launcher3/30/com.android.launcher3.uioverrides.QuickstepLauncher/compiled_traces/compiled_trace.pb doesn't exist
01-29 11:28:11.152 478 498 D EventSequenceValidator: dec AccIntentStartedEvents to 1
01-29 11:28:11.243 2021 2041 I System.out: 0 Flags,IntendedVsync,Vsync,OldestInputEvent,NewestInputEvent,HandleInputStart,AnimationStart,PerformTraversalsStart,DrawStart,SyncQueued,SyncStart,IssueDrawCommandsStart,SwapBuffers,FrameCompleted,DequeueBufferDuration,QueueBufferDuration,GpuCompleted,
01-29 11:28:11.243 2021 2041 I System.out: 1 1,346789918514,346789918514,9223372036854775807,0,346800733280,346800733861,346800766372,346819381033,346819629911,346819821681,346819836810,346820698189,346823150799,25468,1256131,346823024131,
01-29 11:28:11.243 2021 2041 I System.out: 2 0,346806585220,346823251886,9223372036854775807,0,346833132592,346833133414,346839846713,346839873624,346845586332,346846007424,346846034625,346847166392,346849762993,37250,400573,346856709491,
01-29 11:28:11.243 2021 2041 I System.out: 3 0,346839918660,346839918660,9223372036854775807,0,346851300964,346851301866,346869677988,346869729114,346882545195,346883138520,346883179748,346883601841,346885306606,239610,748347,346885044673,
01-29 11:28:11.243 2021 2041 I System.out: 4 0,346856585419,346873252085,9223372036854775807,0,346887678184,346887678825,346895777117,346895825949,346897983054,346898066601,346898097950,346898566030,346899456394,28764,149992,346899404005,
01-29 11:28:11.243 2021 2041 I System.out: 5 0,346889918892,346889918892,9223372036854775807,0,346900347499,346900348360,346901063765,346901092709,346902075877,346902148203,346902190142,346903450201,346907696904,3511020,198243,346904150417,
01-29 11:28:11.243 2021 2041 I System.out: 6 0,346906585561,346906585561,9223372036854775807,0,346906944850,346906945140,346907624868,346907655285,346908746006,346908810918,346908846484,346909379777,346931250698,19445493,132910,346911765341,
01-29 11:28:11.243 2021 2041 I System.out: 7 0,346923252248,346923252248,9223372036854775807,0,346923511230,346923512202,346928733717,346928766819,346929807005,346931315731,346931368480,346932048658,346945046731,10805251,1407145,346934194863,
01-29 11:28:11.243 2021 2041 I System.out: 8 0,346939918876,346939918876,9223372036854775807,0,346940084744,346940086067,346943380890,346943417829,346944403242,346945114759,346945159503,346948121050,346958503436,7732034,1489449,346950727550,
01-29 11:28:11.243 2021 2041 I System.out: 9 0,346956585522,346956585522,9223372036854775807,0,346956759178,346956760190,346958240652,346958277171,346959407386,346959453542,346959497144,346962194986,346974633928,6934625,197862,346967653055,
01-29 11:28:11.243 2021 2041 I System.out: 10 0,346973252203,346973252203,9223372036854775807,0,346973444702,346973445624,346975173071,346975208337,346976164294,346976248062,346976304047,346978063715,346995129464,9847891,3153789,346985227340,
01-29 11:28:11.243 2021 2041 I System.out: 11 0,346989918933,346989918933,9223372036854775807,0,346990317579,346990341373,346991079491,346991111661,346994093907,346995180289,346995230844,346995680259,347008936187,9465052,157346,346999415240,
01-29 11:28:11.243 2021 2041 I System.out: 12 0,347006585680,347006585680,9223372036854775807,0,347006760587,347006761860,347008584456,347008620343,347015005606,347015089543,347015438650,347016932828,347025979454,7702459,185348,347018230758,
01-29 11:28:11.243 2021 2041 I System.out: 13 0,347023252381,347023252381,9223372036854775807,0,347024242929,347024243280,347025098377,347025120359,347026148782,347026202813,347026356011,347028048533,347042528331,10129410,178195,347032351652,
01-29 11:28:11.243 2021 2041 I System.out: 14 0,347039918663,347039918663,9223372036854775807,0,347040723759,347040724160,347041689294,347041732685,347042728908,347042780836,347042965232,347047265516,347058871933,9274464,160211,347049551343,
01-29 11:28:11.243 2021 2041 I System.out: 15 0,347056585398,347056585398,9223372036854775807,0,347057215118,347057215579,347058073271,347058094461,347059062771,347059112194,347059261375,347059850793,347075791627,10731572,154671,347073380134,
01-29 11:28:11.243 2021 2041 I System.out: 16 0,347073252164,347073252164,9223372036854775807,0,347073896445,347073897076,347074927733,347074953442,347076006792,347076057858,347076224942,347078080179,347092388485,10488134,169348,347090043577,
01-29 11:28:11.243 2021 2041 I System.out: 17 0,347089918918,347089918918,9223372036854775807,0,347091369209,347091369590,347092126352,347092148414,347093194119,347093273899,347093308655,347093736419,347109942422,13165648,97723,347106721117,
01-29 11:28:11.243 2021 2041 I System.out: 18 0,347106585163,347106585163,9223372036854775807,0,347109182824,347109183235,347110189005,347110216176,347111790075,347111824069,347111850288,347112259888,347126200944,11398797,145693,347114712208,
01-29 11:28:11.243 2021 2041 I System.out: 19 0,347123251868,347123251868,9223372036854775807,0,347124290412,347124290873,347124920286,347124949110,347126133517,347126239526,347126282407,347127050551,347141513327,11936879,166644,347140030179,
01-29 11:28:11.243 2021 2041 I System.out: 20 0,347139918633,347139918633,9223372036854775807,0,347140049185,347140050387,347141402478,347141425231,347142380056,347142771943,347142828639,347143442102,347157824327,12283840,198003,347145497596,
01-29 11:28:11.243 2021 2041 I System.out: 21 0,347156585195,347156585195,9223372036854775807,0,347156784803,347156785585,347158387436,347158425217,347159590868,347159680737,347159725260,347160136914,347176323451,13875823,161273,347162409055,
01-29 11:28:11.243 2021 2041 I System.out: 22 0,347173251810,347173251810,9223372036854775807,0,347173443838,347173444790,347176619147,347176650816,347177486807,347177541621,347177572999,347177960067,347192275947,11488315,898659,347180739201,
01-29 11:28:11.243 2021 2041 I System.out: 23 0,347189918571,347189918571,9223372036854775807,0,347190178675,347190179787,347191769074,347191808418,347192976795,347193059109,347193096620,347193552316,347209552523,13068456,949124,347196416080,
01-29 11:28:11.243 2021 2041 I System.out: 24 0,347206585335,347206585335,9223372036854775807,0,347206756306,347206757499,347211158842,347211201733,347212189489,347212248180,347212287133,347212964847,347226207630,11310601,1101300,347214843328,
01-29 11:28:11.243 2021 2041 I System.out: 25 0,347223252069,347223252069,9223372036854775807,0,347223438675,347223439837,347226618692,347226653728,347227534143,347227585370,347227616648,347228378480,347243121483,13163624,881948,347229920910,
01-29 11:28:11.243 2021 2041 I System.out: 26 0,347239918589,347239918589,9223372036854775807,0,347240106867,347240108209,347243590495,347243628897,347244611284,347244677729,347244714538,347245382744,347259658018,13413304,124434,347256736676,
01-29 11:28:11.243 2021 2041 I System.out: 27 0,347256585356,347256585356,9223372036854775807,0,347256894263,347256895815,347257716508,347257755902,347258862522,347259719483,347259756974,347260346492,347276454541,14307715,986013,347262095970,
01-29 11:28:11.243 2021 2041 I System.out: 28 0,347273251866,347273251866,9223372036854775807,0,347273416139,347273417151,347276485539,347276520595,347277534721,347277591959,347277620232,347278219749,347293014559,13851647,119274,347279091958,
