01-29 11:28:11.243 2021 2041 I System.out: 29 0,347289918618,347289918618,9223372036854775807,0,347290143001,347290144244,347293304905,347293341394,347294255792,347294310896,347294341033,347295176152,347307670228,10962045,948964,347296659811,
01-29 11:28:11.243 2021 2041 I System.out: 30 0,347306585289,347306585289,9223372036854775807,0,347306826763,347306827774,347308005488,347308044622,347309205494,347309269073,347309307606,347310165589,347326332769,15319757,124685,347310974289,
01-29 11:28:11.243 2021 2041 I System.out: 31 0,347323251301,347323251301,9223372036854775807,0,347323436184,347323437086,347324621141,347324658902,347325719706,347326382532,347326413581,347327038295,347340909860,12931548,278413,347327938667,
01-29 11:28:11.243 2021 2041 I System.out: 32 0,347339918091,347339918091,9223372036854775807,0,347340051176,347340052178,347341065883,347341101099,347341166011,347341237335,347341282049,347343040876,347357803996,13089705,916443,347344672783,
01-29 11:28:11.243 2021 2041 I System.out: 33 0,347356584871,347356584871,9223372036854775807,0,347356741439,347356755525,347358135039,347358168501,347359483654,347359552673,347359592558,347360217012,347376311125,15280753,112652,347373382149,
01-29 11:28:11.243 2021 2041 I System.out: 34 0,347373251629,347373251629,9223372036854775807,0,347373401505,347373402738,347377994710,347378034805,347379052788,347379120005,347379151774,347379877038,347392780854,10954772,1184376,0,
01-29 11:28:11.243 2021 2041 I System.out: 35 0,347389918297,347389918297,9223372036854775807,0,347390258412,347390259324,347391386733,347391423983,347391967535,347392823834,347392854161,347393420225,347409589499,15317443,127380,0,
01-29 11:28:11.243 2021 2041 I System.out: 36 0,347439917965,347439917965,9223372036854775807,0,347440111543,347440112965,347440113076,347440514851,347440619688,347440742819,347440784217,347441488441,347442982960,22232,150814,0,
01-29 11:28:11.243 2021 2041 D Benchmark: Starting activity with command: am start -W "intent:#Intent;action=android.intent.action.MAIN;category=android.intent.category.LAUNCHER;launchFlags=0x10008000;package=tj.maktabmobile.app;component=tj.maktabmobile.app/com.ustadmobile.port.android.view.AppActivity;end"
01-29 11:28:11.296 478 498 D EventSequenceValidator: inc AccIntentStartedEvents to 2
01-29 11:28:11.301 478 492 W InputReader: Device virtio_input_multi_touch_10 is associated with display ADISPLAY_ID_NONE.
01-29 11:28:11.301 478 492 W InputReader: Device virtio_input_multi_touch_7 is associated with display ADISPLAY_ID_NONE.
01-29 11:28:11.301 478 492 W InputReader: Device virtio_input_multi_touch_11 is associated with display ADISPLAY_ID_NONE.
01-29 11:28:11.301 478 492 W InputReader: Device virtio_input_multi_touch_5 is associated with display ADISPLAY_ID_NONE.
01-29 11:28:11.301 478 492 W InputReader: Device virtio_input_multi_touch_2 is associated with display ADISPLAY_ID_NONE.
01-29 11:28:11.301 478 492 W InputReader: Device virtio_input_multi_touch_6 is associated with display ADISPLAY_ID_NONE.
01-29 11:28:11.301 478 492 W InputReader: Device virtio_input_multi_touch_8 is associated with display ADISPLAY_ID_NONE.
01-29 11:28:11.301 478 492 W InputReader: Device virtio_input_multi_touch_9 is associated with display ADISPLAY_ID_NONE.
01-29 11:28:11.301 478 492 W InputReader: Device virtio_input_multi_touch_3 is associated with display ADISPLAY_ID_NONE.
01-29 11:28:11.301 478 492 W InputReader: Device virtio_input_multi_touch_4 is associated with display ADISPLAY_ID_NONE.
01-29 11:28:11.301 478 492 W InputReader: Device virtio_input_multi_touch_10 is associated with display ADISPLAY_ID_NONE.
01-29 11:28:11.301 478 492 W InputReader: Device virtio_input_multi_touch_7 is associated with display ADISPLAY_ID_NONE.
01-29 11:28:11.301 478 492 W InputReader: Device virtio_input_multi_touch_11 is associated with display ADISPLAY_ID_NONE.
01-29 11:28:11.301 478 492 W InputReader: Device virtio_input_multi_touch_5 is associated with display ADISPLAY_ID_NONE.
01-29 11:28:11.301 478 492 W InputReader: Device virtio_input_multi_touch_2 is associated with display ADISPLAY_ID_NONE.
01-29 11:28:11.301 478 492 W InputReader: Device virtio_input_multi_touch_6 is associated with display ADISPLAY_ID_NONE.
01-29 11:28:11.301 478 492 W InputReader: Device virtio_input_multi_touch_8 is associated with display ADISPLAY_ID_NONE.
01-29 11:28:11.301 478 492 W InputReader: Device virtio_input_multi_touch_9 is associated with display ADISPLAY_ID_NONE.
01-29 11:28:11.301 478 492 W InputReader: Device virtio_input_multi_touch_3 is associated with display ADISPLAY_ID_NONE.
01-29 11:28:11.301 478 492 W InputReader: Device virtio_input_multi_touch_4 is associated with display ADISPLAY_ID_NONE.
01-29 11:28:11.306 478 498 D EventSequenceValidator: dec AccIntentStartedEvents to 1
01-29 11:28:11.315 273 317 D goldfish-address-space: claimShared: Ask to claim region [0x3f90e9000 0x3f98d2000]
01-29 11:28:11.325 2145 2145 W CustomTabsClient: Unable to find any Custom Tabs packages, you may need to add a element to your manifest. See the docs for CustomTabsClient#getPackageName.
01-29 11:28:11.325 2145 2145 W AppActivity$bindCustomTabsService: CustomTabs: Service NOT supported
01-29 11:28:11.360 478 572 D UntrustedWifiNetworkFactory: got request NetworkRequest [ TRACK_DEFAULT id=32, [ Capabilities: INTERNET&NOT_RESTRICTED&TRUSTED Uid: 10130 AdministratorUids: [] RequestorUid: 10130 RequestorPackageName: tj.maktabmobile.app] ] with score 60 and providerId 3
01-29 11:28:11.360 842 842 D PhoneSwitcherNetworkRequstListener: got request NetworkRequest [ TRACK_DEFAULT id=32, [ Capabilities: INTERNET&NOT_RESTRICTED&TRUSTED Uid: 10130 AdministratorUids: [] RequestorUid: 10130 RequestorPackageName: tj.maktabmobile.app] ] with score 60 and providerId 3
01-29 11:28:11.360 478 572 D WifiNetworkFactory: got request NetworkRequest [ TRACK_DEFAULT id=32, [ Capabilities: INTERNET&NOT_RESTRICTED&TRUSTED Uid: 10130 AdministratorUids: [] RequestorUid: 10130 RequestorPackageName: tj.maktabmobile.app] ] with score 60 and providerId 3
01-29 11:28:11.361 295 295 E Layer : [Surface(name=Task=6)/@0x954a1d6 - animation-leash#0] No local sync point found
01-29 11:28:11.361 295 295 E Layer : [Surface(name=Task=1)/@0xc31bc2d - animation-leash#0] No local sync point found
01-29 11:28:11.364 842 842 D Telephony: isEmergencyPreferredAccount: subId=1, activeData=1
01-29 11:28:11.364 842 842 D Telephony: isEmergencyPreferredAccount: Device does not require preference.
01-29 11:28:11.366 638 638 V KeyguardUpdateMonitor: onSubscriptionInfoChanged()
01-29 11:28:11.366 638 638 V KeyguardUpdateMonitor: SubInfo:{id=1 iccId=89014103211118510720 simSlotIndex=0 carrierId=1 displayName=T-Mobile carrierName=T-Mobile nameSource=3 iconTint=-16746133 number=+15555215554 dataRoaming=0 iconBitmap=android.graphics.Bitmap@bd33ff1 mcc=310 mnc=260 countryIso=us isEmbedded=false nativeAccessRules=null cardString=89014103211118510720 cardId=-1 isOpportunistic=false groupUUID=null isGroupDisabled=false profileClass=-1 ehplmns=null hplmns=null subscriptionType=0 groupOwner=null carrierConfigAccessRules=null areUiccApplicationsEnabled=true}
01-29 11:28:11.377 295 295 E Layer : [Surface(name=Task=6)/@0x954a1d6 - animation-leash#0] No local sync point found
01-29 11:28:11.377 295 295 E Layer : [Surface(name=Task=1)/@0xc31bc2d - animation-leash#0] No local sync point found
01-29 11:28:11.382 273 317 D goldfish-address-space: claimShared: Ask to claim region [0x3f98d2000 0x3fa0bb000]
01-29 11:28:11.389 273 317 D goldfish-address-space: claimShared: Ask to claim region [0x3fa0bb000 0x3fa8a4000]
01-29 11:28:11.390 273 317 D goldfish-address-space: claimShared: Ask to claim region [0x3fa8a4000 0x3fb08d000]
01-29 11:28:11.394 295 295 E Layer : [Surface(name=Task=6)/@0x954a1d6 - animation-leash#0] No local sync point found
01-29 11:28:11.394 295 295 E Layer : [Surface(name=Task=1)/@0xc31bc2d - animation-leash#0] No local sync point found
01-29 11:28:11.395 478 504 I ActivityTaskManager: Displayed tj.maktabmobile.app/com.ustadmobile.port.android.view.AppActivity: +98ms
01-29 11:28:11.404 2145 2145 D UstadViewModelFunKt$ustadViewModel$viewModel$invoke: ustadViewModel(): create viewmodel for: com.ustadmobile.core.viewmodel.redirect.RedirectViewModel
01-29 11:28:11.405 2145 2188 D DistCache: DistributedCacheHashtable(43263 unknown Android SDK built for x86_64): sending pings to 0 nodes
01-29 11:28:11.412 2145 2145 D UstadNavControllerPreCompose$onCollectNavCommand: NavCommandEffect: Navigate: Go to addAccountSelectNewOrExisting
01-29 11:28:11.420 2145 2145 D UstadViewModelFunKt$ustadViewModel$viewModel$invoke: ustadViewModel(): create viewmodel for: com.ustadmobile.core.viewmodel.AddAccountSelectNewOrExistingViewModel
01-29 11:28:11.427 295 295 E Layer : [Surface(name=Task=6)/@0x954a1d6 - animation-leash#0] No local sync point found
01-29 11:28:11.427 295 295 E Layer : [Surface(name=Task=1)/@0xc31bc2d - animation-leash#0] No local sync point found
01-29 11:28:11.428 2021 2041 D Benchmark: Result: Starting: Intent { act=android.intent.action.MAIN cat=[android.intent.category.LAUNCHER] flg=0x10008000 pkg=tj.maktabmobile.app cmp=tj.maktabmobile.app/com.ustadmobile.port.android.view.AppActivity }
01-29 11:28:11.428 2021 2041 D Benchmark: Status: ok
01-29 11:28:11.428 2021 2041 D Benchmark: LaunchState: WARM
01-29 11:28:11.428 2021 2041 D Benchmark: Activity: tj.maktabmobile.app/com.ustadmobile.port.android.view.AppActivity
01-29 11:28:11.428 2021 2041 D Benchmark: TotalTime: 98
01-29 11:28:11.428 2021 2041 D Benchmark: WaitTime: 100
01-29 11:28:11.428 2021 2041 D Benchmark: Complete
01-29 11:28:11.444 295 295 E Layer : [Surface(name=Task=6)/@0x954a1d6 - animation-leash#0] No local sync point found
01-29 11:28:11.444 295 295 E Layer : [Surface(name=Task=1)/@0xc31bc2d - animation-leash#0] No local sync point found
01-29 11:28:11.658 478 2340 D HostConnection: HostConnection::get() New Host Connection established 0x7e5153e17890, tid 2340
01-29 11:28:11.660 478 2340 D HostConnection: HostComposition ext ANDROID_EMU_CHECKSUM_HELPER_v1 ANDROID_EMU_native_sync_v2 ANDROID_EMU_dma_v1 ANDROID_EMU_direct_mem ANDROID_EMU_host_composition_v1 ANDROID_EMU_host_composition_v2 ANDROID_EMU_vulkan ANDROID_EMU_deferred_vulkan_commands ANDROID_EMU_vulkan_null_optional_strings ANDROID_EMU_vulkan_create_resources_with_requirements ANDROID_EMU_YUV_Cache ANDROID_EMU_vulkan_ignored_handles ANDROID_EMU_has_shared_slots_host_memory_allocator ANDROID_EMU_vulkan_free_memory_sync ANDROID_EMU_vulkan_shader_float16_int8 ANDROID_EMU_vulkan_async_queue_submit ANDROID_EMU_sync_buffer_data ANDROID_EMU_vulkan_async_qsri ANDROID_EMU_read_color_buffer_dma GL_OES_EGL_image_external_essl3 GL_OES_vertex_array_object GL_KHR_texture_compression_astc_ldr ANDROID_EMU_host_side_tracing ANDROID_EMU_gles_max_version_3_0
01-29 11:28:11.660 2021 2041 I System.out: 0 Flags,IntendedVsync,Vsync,OldestInputEvent,NewestInputEvent,HandleInputStart,AnimationStart,PerformTraversalsStart,DrawStart,SyncQueued,SyncStart,IssueDrawCommandsStart,SwapBuffers,FrameCompleted,DequeueBufferDuration,QueueBufferDuration,GpuCompleted,
01-29 11:28:11.660 2021 2041 I System.out: 1 1,346789918514,346789918514,9223372036854775807,0,346800733280,346800733861,346800766372,346819381033,346819629911,346819821681,346819836810,346820698189,346823150799,25468,1256131,346823024131,
01-29 11:28:11.660 2021 2041 I System.out: 2 0,346806585220,346823251886,9223372036854775807,0,346833132592,346833133414,346839846713,346839873624,346845586332,346846007424,346846034625,346847166392,346849762993,37250,400573,346856709491,
01-29 11:28:11.660 2021 2041 I System.out: 3 0,346839918660,346839918660,9223372036854775807,0,346851300964,346851301866,346869677988,346869729114,346882545195,346883138520,346883179748,346883601841,346885306606,239610,748347,346885044673,
01-29 11:28:11.660 2021 2041 I System.out: 4 0,346856585419,346873252085,9223372036854775807,0,346887678184,346887678825,346895777117,346895825949,346897983054,346898066601,346898097950,346898566030,346899456394,28764,149992,346899404005,
01-29 11:28:11.660 2021 2041 I System.out: 5 0,346889918892,346889918892,9223372036854775807,0,346900347499,346900348360,346901063765,346901092709,346902075877,346902148203,346902190142,346903450201,346907696904,3511020,198243,346904150417,
01-29 11:28:11.660 2021 2041 I System.out: 6 0,346906585561,346906585561,9223372036854775807,0,346906944850,346906945140,346907624868,346907655285,346908746006,346908810918,346908846484,346909379777,346931250698,19445493,132910,346911765341,
01-29 11:28:11.660 2021 2041 I System.out: 7 0,346923252248,346923252248,9223372036854775807,0,346923511230,346923512202,346928733717,346928766819,346929807005,346931315731,346931368480,346932048658,346945046731,10805251,1407145,346934194863,
01-29 11:28:11.660 2021 2041 I System.out: 8 0,346939918876,346939918876,9223372036854775807,0,346940084744,346940086067,346943380890,346943417829,346944403242,346945114759,346945159503,346948121050,346958503436,7732034,1489449,346950727550,
01-29 11:28:11.660 2021 2041 I System.out: 9 0,346956585522,346956585522,9223372036854775807,0,346956759178,346956760190,346958240652,346958277171,346959407386,346959453542,346959497144,346962194986,346974633928,6934625,197862,346967653055,
01-29 11:28:11.660 2021 2041 I System.out: 10 0,346973252203,346973252203,9223372036854775807,0,346973444702,346973445624,346975173071,346975208337,346976164294,346976248062,346976304047,346978063715,346995129464,9847891,3153789,346985227340,
01-29 11:28:11.660 2021 2041 I System.out: 11 0,346989918933,346989918933,9223372036854775807,0,346990317579,346990341373,346991079491,346991111661,346994093907,346995180289,346995230844,346995680259,347008936187,9465052,157346,346999415240,
01-29 11:28:11.660 2021 2041 I System.out: 12 0,347006585680,347006585680,9223372036854775807,0,347006760587,347006761860,347008584456,347008620343,347015005606,347015089543,347015438650,347016932828,347025979454,7702459,185348,347018230758,
01-29 11:28:11.660 2021 2041 I System.out: 13 0,347023252381,347023252381,9223372036854775807,0,347024242929,347024243280,347025098377,347025120359,347026148782,347026202813,347026356011,347028048533,347042528331,10129410,178195,347032351652,
01-29 11:28:11.660 2021 2041 I System.out: 14 0,347039918663,347039918663,9223372036854775807,0,347040723759,347040724160,347041689294,347041732685,347042728908,347042780836,347042965232,347047265516,347058871933,9274464,160211,347049551343,
01-29 11:28:11.660 2021 2041 I System.out: 15 0,347056585398,347056585398,9223372036854775807,0,347057215118,347057215579,347058073271,347058094461,347059062771,347059112194,347059261375,347059850793,347075791627,10731572,154671,347073380134,
01-29 11:28:11.660 2021 2041 I System.out: 16 0,347073252164,347073252164,9223372036854775807,0,347073896445,347073897076,347074927733,347074953442,347076006792,347076057858,347076224942,347078080179,347092388485,10488134,169348,347090043577,
01-29 11:28:11.660 2021 2041 I System.out: 17 0,347089918918,347089918918,9223372036854775807,0,347091369209,347091369590,347092126352,347092148414,347093194119,347093273899,347093308655,347093736419,347109942422,13165648,97723,347106721117,
01-29 11:28:11.660 2021 2041 I System.out: 18 0,347106585163,347106585163,9223372036854775807,0,347109182824,347109183235,347110189005,347110216176,347111790075,347111824069,347111850288,347112259888,347126200944,11398797,145693,347114712208,
01-29 11:28:11.660 2021 2041 I System.out: 19 0,347123251868,347123251868,9223372036854775807,0,347124290412,347124290873,347124920286,347124949110,347126133517,347126239526,347126282407,347127050551,347141513327,11936879,166644,347140030179,
01-29 11:28:11.660 2021 2041 I System.out: 20 0,347139918633,347139918633,9223372036854775807,0,347140049185,347140050387,347141402478,347141425231,347142380056,347142771943,347142828639,347143442102,347157824327,12283840,198003,347145497596,
01-29 11:28:11.660 2021 2041 I System.out: 21 0,347156585195,347156585195,9223372036854775807,0,347156784803,347156785585,347158387436,347158425217,347159590868,347159680737,347159725260,347160136914,347176323451,13875823,161273,347162409055,
01-29 11:28:11.660 2021 2041 I System.out: 22 0,347173251810,347173251810,9223372036854775807,0,347173443838,347173444790,347176619147,347176650816,347177486807,347177541621,347177572999,347177960067,347192275947,11488315,898659,347180739201,
01-29 11:28:11.660 2021 2041 I System.out: 23 0,347189918571,347189918571,9223372036854775807,0,347190178675,347190179787,347191769074,347191808418,347192976795,347193059109,347193096620,347193552316,347209552523,13068456,949124,347196416080,
01-29 11:28:11.660 2021 2041 I System.out: 24 0,347206585335,347206585335,9223372036854775807,0,347206756306,347206757499,347211158842,347211201733,347212189489,347212248180,347212287133,347212964847,347226207630,11310601,1101300,347214843328,
01-29 11:28:11.660 2021 2041 I System.out: 25 0,347223252069,347223252069,9223372036854775807,0,347223438675,347223439837,347226618692,347226653728,347227534143,347227585370,347227616648,347228378480,347243121483,13163624,881948,347229920910,
01-29 11:28:11.660 2021 2041 I System.out: 26 0,347239918589,347239918589,9223372036854775807,0,347240106867,347240108209,347243590495,347243628897,347244611284,347244677729,347244714538,347245382744,347259658018,13413304,124434,347256736676,
01-29 11:28:11.660 2021 2041 I System.out: 27 0,347256585356,347256585356,9223372036854775807,0,347256894263,347256895815,347257716508,347257755902,347258862522,347259719483,347259756974,347260346492,347276454541,14307715,986013,347262095970,
01-29 11:28:11.660 2021 2041 I System.out: 28 0,347273251866,347273251866,9223372036854775807,0,347273416139,347273417151,347276485539,347276520595,347277534721,347277591959,347277620232,347278219749,347293014559,13851647,119274,347279091958,
01-29 11:28:11.660 2021 2041 I System.out: 29 0,347289918618,347289918618,9223372036854775807,0,347290143001,347290144244,347293304905,347293341394,347294255792,347294310896,347294341033,347295176152,347307670228,10962045,948964,347296659811,
01-29 11:28:11.660 2021 2041 I System.out: 30 0,347306585289,347306585289,9223372036854775807,0,347306826763,347306827774,347308005488,347308044622,347309205494,347309269073,347309307606,347310165589,347326332769,15319757,124685,347310974289,
01-29 11:28:11.660 2021 2041 I System.out: 31 0,347323251301,347323251301,9223372036854775807,0,347323436184,347323437086,347324621141,347324658902,347325719706,347326382532,347326413581,347327038295,347340909860,12931548,278413,347327938667,
01-29 11:28:11.660 2021 2041 I System.out: 32 0,347339918091,347339918091,9223372036854775807,0,347340051176,347340052178,347341065883,347341101099,347341166011,347341237335,347341282049,347343040876,347357803996,13089705,916443,347344672783,
01-29 11:28:11.660 2021 2041 I System.out: 33 0,347356584871,347356584871,9223372036854775807,0,347356741439,347356755525,347358135039,347358168501,347359483654,347359552673,347359592558,347360217012,347376311125,15280753,112652,347373382149,
01-29 11:28:11.660 2021 2041 I System.out: 34 0,347373251629,347373251629,9223372036854775807,0,347373401505,347373402738,347377994710,347378034805,347379052788,347379120005,347379151774,347379877038,347392780854,10954772,1184376,0,
01-29 11:28:11.660 2021 2041 I System.out: 35 0,347389918297,347389918297,9223372036854775807,0,347390258412,347390259324,347391386733,347391423983,347391967535,347392823834,347392854161,347393420225,347409589499,15317443,127380,0,
01-29 11:28:11.660 2021 2041 I System.out: 36 0,347439917965,347439917965,9223372036854775807,0,347440111543,347440112965,347440113076,347440514851,347440619688,347440742819,347440784217,347441488441,347442982960,22232,150814,0,
01-29 11:28:11.660 2021 2041 I System.out: 0 Flags,IntendedVsync,Vsync,OldestInputEvent,NewestInputEvent,HandleInputStart,AnimationStart,PerformTraversalsStart,DrawStart,SyncQueued,SyncStart,IssueDrawCommandsStart,SwapBuffers,FrameCompleted,DequeueBufferDuration,QueueBufferDuration,GpuCompleted,
01-29 11:28:11.660 2021 2041 I System.out: 1 1,372556583710,372589917042,9223372036854775807,0,372595046402,372595046953,372595047033,372635285772,372635728544,372635974586,372635991348,372636753501,372638985646,17793,165962,372638826848,
01-29 11:28:11.660 2021 2041 I System.out: 2 0,372606583811,372639917143,9223372036854775807,0,372645386609,372645387160,372653215785,372653245251,372653669278,372653737446,372653759457,372654225083,372656545665,26129,984240,372656719371,
01-29 11:28:11.660 478 2340 D EGL_emulation: eglCreateContext: 0x7e5143eae310: maj 3 min 0 rcv 3
01-29 11:28:11.660 2021 2041 I System.out: 3 0,372656584012,372656584012,9223372036854775807,0,372658997664,372658997944,372687514017,372687562648,372702083073,372702194823,372702246681,372703782818,372705935765,35567,1122841,372705864842,
01-29 11:28:11.660 2021 2041 I System.out: 4 0,372673250590,372689917256,9223372036854775807,0,372705178952,372705179934,372723223862,372723271181,372726963963,372727030828,372727063470,372731842994,372734014937,30568,228901,372733951227,
01-29 11:28:11.660 2021 2041 I System.out: 5 0,372706583915,372723250581,9223372036854775807,0,372735609684,372735610766,372742709630,372746085165,372747702315,372748280402,372748334303,372752212623,372753462142,27421,188314,372753404544,
01-29 11:28:11.660 2021 2041 I System.out: 6 0,372739917269,372739917269,9223372036854775807,0,372751402150,372751402621,372752060227,372752219055,372753453927,372753494964,372753531983,372756246065,372760111702,2421702,58731,372768645112,
01-29 11:28:11.660 2021 2041 I System.out: 7 0,372756583834,372756583834,9223372036854775807,0,372756747919,372756748830,372758284246,372758327388,372761353115,372761415462,372761449947,372765749409,372774522290,5775817,2045324,320200994620,
01-29 11:28:11.660 2021 2041 I System.out: 8 0,372773250561,372773250561,9223372036854775807,0,372773406011,372773407143,372775065701,372775100206,372776210774,372776273852,372776318686,372776815400,372794270261,13539050,144512,320223404184,
01-29 11:28:11.660 2021 2041 I System.out: 9 0,372789916940,372789916940,9223372036854775807,0,372790111463,372790112776,372793558793,372793597095,372795645886,372795698515,372795736637,372798770340,372815061012,13163664,143901,320232124837,
01-29 11:28:11.661 2021 2041 D UiDevice: Waiting 10000ms for SearchCondition[hasObject=BySelector [TEXT='\QGet Started\E']].
01-29 11:28:11.661 2021 2041 D UiDevice: Searching for node with selector: BySelector [TEXT='\QGet Started\E'].
01-29 11:28:11.666 987 987 D TaplTarget: sendStateEventToTest: 0
01-29 11:28:11.666 478 2340 D EGL_emulation: eglMakeCurrent: 0x7e5143eae310: ver 3 0 (tinfo 0x7e50e3ee3700) (first time)
01-29 11:28:11.667 987 987 D RecentsOrientedState: current RecentsOrientedState: [this=RecentsOrientedState@5c28903 mOrientationHandler=PortraitPagedViewHandler@4e57080 mDisplayRotation=0 mTouchRotation=0 mRecentsActivityRotation=0 isRecentsActivityRotationAllowed=false mSystemRotation=true mFlags=299]
01-29 11:28:11.667 987 987 I chatty : uid=10118(com.android.launcher3) identical 2 lines
01-29 11:28:11.667 987 987 D RecentsOrientedState: current RecentsOrientedState: [this=RecentsOrientedState@5c28903 mOrientationHandler=PortraitPagedViewHandler@4e57080 mDisplayRotation=0 mTouchRotation=0 mRecentsActivityRotation=0 isRecentsActivityRotationAllowed=false mSystemRotation=true mFlags=299]
01-29 11:28:11.668 255 398 W netd : dnssd_clientstub DNSServiceProcessResult called with NULL DNSServiceRef
01-29 11:28:11.670 2145 2145 D AppActivity$onDestroy: AppActivity#onDestroy
01-29 11:28:11.671 255 398 W netd : dnssd_clientstub DNSServiceProcessResult called with NULL DNSServiceRef
01-29 11:28:11.671 2145 2191 I DistCache: Discovery stopped: _dcache._tcp
01-29 11:28:11.671 2145 2191 I DistCache: Unregistered: name: DCache, type: _dcache._tcp, host: null, port: 43263, txtRecord:
01-29 11:28:12.282 2021 2041 D UiDevice: Searching for node with selector: BySelector [TEXT='\QGet Started\E'].
01-29 11:28:13.178 2021 2041 I chatty : uid=10131(com.ustadmobile.app_android_baselineprofile) roidJUnitRunner identical 4 lines
01-29 11:28:13.281 2021 2041 D UiDevice: Searching for node with selector: BySelector [TEXT='\QGet Started\E'].
01-29 11:28:13.293 445 445 E netmgr : qemu_pipe_open_ns:62: Could not connect to the 'pipe:qemud:network' service: Invalid argument
01-29 11:28:13.293 445 445 E netmgr : Failed to open QEMU pipe 'qemud:network': Invalid argument
01-29 11:28:13.365 447 447 E wifi_forwarder: qemu_pipe_open_ns:62: Could not connect to the 'pipe:qemud:wififorward' service: Invalid argument
01-29 11:28:13.365 447 447 E wifi_forwarder: RemoteConnection failed to initialize: RemoteConnection failed to open pipe
01-29 11:28:13.384 2021 2041 D UiDevice: Searching for node with selector: BySelector [TEXT='\QGet Started\E'].
01-29 11:28:14.205 2021 2041 I chatty : uid=10131(com.ustadmobile.app_android_baselineprofile) roidJUnitRunner identical 8 lines
01-29 11:28:14.308 2021 2041 D UiDevice: Searching for node with selector: BySelector [TEXT='\QGet Started\E'].
01-29 11:28:14.406 2145 2188 D DistCache: DistributedCacheHashtable(43263 unknown Android SDK built for x86_64): sending pings to 0 nodes
01-29 11:28:14.411 2021 2041 D UiDevice: Searching for node with selector: BySelector [TEXT='\QGet Started\E'].
01-29 11:28:15.952 2021 2041 I chatty : uid=10131(com.ustadmobile.app_android_baselineprofile) roidJUnitRunner identical 15 lines
01-29 11:28:16.054 2021 2041 D UiDevice: Searching for node with selector: BySelector [TEXT='\QGet Started\E'].
01-29 11:28:16.105 350 350 I perfetto: probes_producer.cc:329 Producer stop (id=22)
01-29 11:28:16.105 361 361 I perfetto: ng_service_impl.cc:1948 Tracing session 22 ended, total sessions:0
01-29 11:28:16.105 350 350 I perfetto: ftrace_procfs.cc:183 disabled ftrace
01-29 11:28:16.157 2021 2041 D UiDevice: Searching for node with selector: BySelector [TEXT='\QGet Started\E'].
01-29 11:28:17.286 2021 2041 I chatty : uid=10131(com.ustadmobile.app_android_baselineprofile) roidJUnitRunner identical 11 lines
01-29 11:28:17.388 2021 2041 D UiDevice: Searching for node with selector: BySelector [TEXT='\QGet Started\E'].
01-29 11:28:17.407 2145 2188 D DistCache: DistributedCacheHashtable(43263 unknown Android SDK built for x86_64): sending pings to 0 nodes
01-29 11:28:17.491 2021 2041 D UiDevice: Searching for node with selector: BySelector [TEXT='\QGet Started\E'].
01-29 11:28:20.257 2021 2041 I chatty : uid=10131(com.ustadmobile.app_android_baselineprofile) roidJUnitRunner identical 27 lines
01-29 11:28:20.360 2021 2041 D UiDevice: Searching for node with selector: BySelector [TEXT='\QGet Started\E'].
01-29 11:28:20.408 2145 2188 D DistCache: DistributedCacheHashtable(43263 unknown Android SDK built for x86_64): sending pings to 0 nodes
01-29 11:28:20.462 2021 2041 D UiDevice: Searching for node with selector: BySelector [TEXT='\QGet Started\E'].
01-29 11:28:21.589 2021 2041 I chatty : uid=10131(com.ustadmobile.app_android_baselineprofile) roidJUnitRunner identical 11 lines
01-29 11:28:21.691 2021 2041 D UiDevice: Searching for node with selector: BySelector [TEXT='\QGet Started\E'].
01-29 11:28:22.694 2021 2041 D UiDevice: Retrieving node with selector: BySelector [TEXT='\QGet Started\E'].
01-29 11:28:22.696 2021 2041 D UiDevice: Node not found with selector: BySelector [TEXT='\QGet Started\E'].
01-29 11:28:23.246 2145 2169 D UstadCache: CacheTrimmer: Trim cache run: max (evictable) size = 100000000 bytes
01-29 11:28:23.246 2145 2169 V UstadCache: CacheTrimmer: deleting
01-29 11:28:23.408 2145 2188 D DistCache: DistributedCacheHashtable(43263 unknown Android SDK built for x86_64): sending pings to 0 nodes
01-29 11:28:26.409 2145 2188 D DistCache: DistributedCacheHashtable(43263 unknown Android SDK built for x86_64): sending pings to 0 nodes
01-29 11:28:27.697 2021 2041 D Benchmark: Profile Installer - Save Profile
01-29 11:28:27.703 2145 2145 I Process : Sending signal. PID: 2145 SIG: 10
01-29 11:28:27.703 2145 2145 D ProfileInstaller:
01-29 11:28:27.704 2145 2153 I aktabmobile.ap: Thread[4,tid=2153,WaitingInMainSignalCatcherLoop,Thread*=0x7e5233e1f380,peer=0x13982578,"Signal Catcher"]: reacting to signal 10
01-29 11:28:27.704 2145 2153 I aktabmobile.ap:
01-29 11:28:27.704 2145 2153 I aktabmobile.ap: SIGUSR1 forcing GC (no HPROF) and profile save
01-29 11:28:27.708 3754 3756 I cmd : oneway function results will be dropped but finished with status OK and parcel size 4
01-29 11:28:27.712 256 256 I Zygote : Process 1675 exited due to signal 9 (Killed)
01-29 11:28:27.716 2145 2153 I aktabmobile.ap: Explicit concurrent copying GC freed 128312(4764KB) AllocSpace objects, 5(132KB) LOS objects, 49% free, 7058KB/13MB, paused 7us total 12.604ms
01-29 11:28:27.747 478 507 I libprocessgroup: Successfully killed process cgroup uid 1000 pid 1675 in 40ms
01-29 11:28:28.209 2021 2041 D Benchmark: Killing process tj.maktabmobile.app
01-29 11:28:28.209 2021 2041 D UiDevice: Executing shell command: killall tj.maktabmobile.app
01-29 11:28:28.232 478 1102 I PackageDexOptimizer: Running dexopt (dexoptNeeded=-3) on: /data/app/~~udvmEuEJhL3rR0pnxkb45Q==/tj.maktabmobile.app-qWZ3Bw-qpBT7rr6Ga6g6aQ==/base.apk pkg=tj.maktabmobile.app isa=x86_64 dexoptFlags=boot_complete,profile_guided,force,enable_hidden_api_checks targetFilter=speed-profile oatDir=/data/app/~~udvmEuEJhL3rR0pnxkb45Q==/tj.maktabmobile.app-qWZ3Bw-qpBT7rr6Ga6g6aQ==/oat classLoaderContext=PCL[]{PCL[/system_ext/framework/androidx.window.sidecar.jar]}
01-29 11:28:28.233 380 545 V installd: DexInv: --- BEGIN '/data/app/~~udvmEuEJhL3rR0pnxkb45Q==/tj.maktabmobile.app-qWZ3Bw-qpBT7rr6Ga6g6aQ==/base.apk' ---
01-29 11:28:28.238 3769 3769 W dex2oat32: Unexpected CPU variant for X86 using defaults: x86_64
01-29 11:28:28.304 3769 3769 I dex2oat32: /apex/com.android.art/bin/dex2oat32 --input-vdex-fd=9 --output-vdex-fd=10 --updatable-bcp-packages-file=/system/etc/updatable-bcp-packages.txt --resolve-startup-const-strings=true --max-image-block-size=524288 --compiler-filter=speed-profile --profile-file-fd=12 --classpath-dir=/data/app/~~udvmEuEJhL3rR0pnxkb45Q==/tj.maktabmobile.app-qWZ3Bw-qpBT7rr6Ga6g6aQ== --class-loader-context=PCL[]{PCL[/system_ext/framework/androidx.window.sidecar.jar]} --generate-mini-debug-info --compilation-reason=unknown
01-29 11:28:28.305 3769 3769 I dex2oat32: setting boot class path to /apex/com.android.art/javalib/core-oj.jar:/apex/com.android.art/javalib/core-libart.jar:/apex/com.android.art/javalib/core-icu4j.jar:/apex/com.android.art/javalib/okhttp.jar:/apex/com.android.art/javalib/bouncycastle.jar:/apex/com.android.art/javalib/apache-xml.jar:/system/framework/framework.jar:/system/framework/ext.jar:/system/framework/telephony-common.jar:/system/framework/voip-common.jar:/system/framework/ims-common.jar:/system/framework/framework-atb-backward-compatibility.jar
01-29 11:28:29.410 2145 2188 D DistCache: DistributedCacheHashtable(43263 unknown Android SDK built for x86_64): sending pings to 0 nodes
01-29 11:28:31.924 3769 3769 W dex2oat32: Could not reserve sentinel fault page
01-29 11:28:32.410 2145 2188 D DistCache: DistributedCacheHashtable(43263 unknown Android SDK built for x86_64): sending pings to 0 nodes
01-29 11:28:32.536 3769 3769 W dex2oat32: Class androidx.compose.runtime.snapshots.SnapshotStateMap failed lock verification and will run slower.
01-29 11:28:32.536 3769 3769 W dex2oat32: Common causes for lock verification issues are non-optimized dex code
01-29 11:28:32.536 3769 3769 W dex2oat32: and incorrect proguard optimizations.
01-29 11:28:32.536 3769 3771 W dex2oat32: Class androidx.compose.runtime.snapshots.SnapshotStateList failed lock verification and will run slower.
01-29 11:28:32.592 3769 3769 W dex2oat32: Accessing hidden method Landroid/graphics/Canvas;->drawPatch(Landroid/graphics/NinePatch;Landroid/graphics/Rect;Landroid/graphics/Paint;)V (greylist-max-o, linking, denied)
01-29 11:28:32.592 3769 3769 W dex2oat32: Accessing hidden method Landroid/graphics/Canvas;->drawPatch(Landroid/graphics/NinePatch;Landroid/graphics/RectF;Landroid/graphics/Paint;)V (greylist-max-o, linking, denied)
01-29 11:28:32.596 3769 3769 W dex2oat32: Accessing hidden method Landroid/graphics/Bitmap;->getHardwareBuffer()Landroid/hardware/HardwareBuffer; (blacklist, linking, denied)
01-29 11:28:32.727 3769 3769 W dex2oat32: Accessing hidden method Landroid/app/job/JobParameters;->getStopReason()I (greylist-max-o, linking, denied)
01-29 11:28:34.575 3769 3769 I dex2oat32: Explicit concurrent copying GC freed 275898(40MB) AllocSpace objects, 0(0B) LOS objects, 49% free, 2264KB/4528KB, paused 14us total 7.747ms
01-29 11:28:34.601 3769 3769 W dex2oat32: Accessing hidden field Ljava/nio/file/FileSystemException;->file:Ljava/lang/String; (greylist-max-o, linking, denied)
01-29 11:28:34.601 3769 3769 W dex2oat32: Accessing hidden field Ljava/nio/file/FileSystemException;->other:Ljava/lang/String; (greylist-max-o, linking, denied)
01-29 11:28:34.602 3769 3769 W dex2oat32: Accessing hidden field Ljava/nio/file/InvalidPathException;->index:I (greylist-max-o, linking, denied)
01-29 11:28:34.602 3769 3769 W dex2oat32: Accessing hidden field Ljava/nio/file/InvalidPathException;->input:Ljava/lang/String; (greylist-max-o, linking, denied)
01-29 11:28:34.603 3769 3769 W dex2oat32: Accessing hidden method Landroid/graphics/Bitmap;->getHardwareBuffer()Landroid/hardware/HardwareBuffer; (blacklist, linking, denied)
01-29 11:28:34.603 3769 3769 W dex2oat32: Accessing hidden method Landroid/graphics/Canvas;->drawPatch(Landroid/graphics/NinePatch;Landroid/graphics/Rect;Landroid/graphics/Paint;)V (greylist-max-o, linking, denied)
01-29 11:28:34.603 3769 3769 W dex2oat32: Accessing hidden method Landroid/graphics/Canvas;->drawPatch(Landroid/graphics/NinePatch;Landroid/graphics/RectF;Landroid/graphics/Paint;)V (greylist-max-o, linking, denied)
01-29 11:28:34.615 3769 3769 W dex2oat32: Accessing hidden method Landroid/app/job/JobParameters;->getStopReason()I (greylist-max-o, linking, denied)
01-29 11:28:35.411 2145 2188 D DistCache: DistributedCacheHashtable(43263 unknown Android SDK built for x86_64): sending pings to 0 nodes
01-29 11:28:35.598 3769 3769 I dex2oat32: dex2oat took 7.360s (9.162s cpu) (threads: 2) arena alloc=3967KB (4062456B) java alloc=2280KB (2335144B) native alloc=81MB (85728032B) free=83MB (87490384B)
01-29 11:28:35.614 380 545 V installd: DexInv: --- END '/data/app/~~udvmEuEJhL3rR0pnxkb45Q==/tj.maktabmobile.app-qWZ3Bw-qpBT7rr6Ga6g6aQ==/base.apk' (success) ---
01-29 11:28:35.631 2021 2041 D Benchmark: Reference profile location: /data/misc/profiles/ref/tj.maktabmobile.app/primary.prof
01-29 11:28:35.644 3784 3786 I cmd : oneway function results will be dropped but finished with status OK and parcel size 4
01-29 11:28:35.654 2021 2041 D Benchmark: APK Path: /data/app/~~udvmEuEJhL3rR0pnxkb45Q==/tj.maktabmobile.app-qWZ3Bw-qpBT7rr6Ga6g6aQ==/base.apk
01-29 11:28:35.654 2021 2041 D Benchmark: Converting to human readable profile format
01-29 11:28:35.654 2021 2041 D Benchmark: Using profile location: /data/misc/profiles/ref/tj.maktabmobile.app/primary.prof
01-29 11:28:35.934 3797 3797 W profman : profman took 269.475ms
01-29 11:28:35.950 2021 2041 D Benchmark: Using profile location: /data/misc/profiles/cur/0/tj.maktabmobile.app/primary.prof
01-29 11:28:36.204 3808 3808 W profman : profman took 245.294ms
01-29 11:28:37.122 2021 2041 D Benchmark: Unstable profiles during iteration 13
01-29 11:28:37.122 2021 2041 D Benchmark: Killing package tj.maktabmobile.app
01-29 11:28:37.123 2021 2041 D Benchmark: Killing process tj.maktabmobile.app
01-29 11:28:37.123 2021 2041 D UiDevice: Executing shell command: killall tj.maktabmobile.app
01-29 11:28:37.129 2021 2041 D Benchmark: Compile iteration (14) for tj.maktabmobile.app
01-29 11:28:37.129 2021 2041 D UiDevice: Pressing home button.
01-29 11:28:37.148 638 638 V ShadeControllerImpl: NotificationShadeWindow: com.android.systemui.statusbar.phone.NotificationShadeWindowView{90561f7 I.E...... ......ID 0,0-1080,1920} canPanelBeCollapsed(): false
01-29 11:28:37.148 478 498 D EventSequenceValidator: inc AccIntentStartedEvents to 2
01-29 11:28:37.149 478 496 W InputReader: Device virtio_input_multi_touch_10 is associated with display ADISPLAY_ID_NONE.
01-29 11:28:37.149 478 496 W InputReader: Device virtio_input_multi_touch_7 is associated with display ADISPLAY_ID_NONE.
01-29 11:28:37.149 478 496 W InputReader: Device virtio_input_multi_touch_11 is associated with display ADISPLAY_ID_NONE.
01-29 11:28:37.149 478 496 W InputReader: Device virtio_input_multi_touch_5 is associated with display ADISPLAY_ID_NONE.
01-29 11:28:37.149 478 496 W InputReader: Device virtio_input_multi_touch_2 is associated with display ADISPLAY_ID_NONE.
01-29 11:28:37.149 478 496 W InputReader: Device virtio_input_multi_touch_6 is associated with display ADISPLAY_ID_NONE.
01-29 11:28:37.149 478 496 W InputReader: Device virtio_input_multi_touch_8 is associated with display ADISPLAY_ID_NONE.
01-29 11:28:37.149 478 496 W InputReader: Device virtio_input_multi_touch_9 is associated with display ADISPLAY_ID_NONE.
01-29 11:28:37.149 478 496 W InputReader: Device virtio_input_multi_touch_3 is associated with display ADISPLAY_ID_NONE.
01-29 11:28:37.149 478 496 W InputReader: Device virtio_input_multi_touch_4 is associated with display ADISPLAY_ID_NONE.
01-29 11:28:37.149 478 496 W InputReader: Device virtio_input_multi_touch_10 is associated with display ADISPLAY_ID_NONE.
01-29 11:28:37.149 478 496 W InputReader: Device virtio_input_multi_touch_7 is associated with display ADISPLAY_ID_NONE.
01-29 11:28:37.149 478 496 W InputReader: Device virtio_input_multi_touch_11 is associated with display ADISPLAY_ID_NONE.
01-29 11:28:37.149 478 496 W InputReader: Device virtio_input_multi_touch_5 is associated with display ADISPLAY_ID_NONE.
01-29 11:28:37.149 478 496 W InputReader: Device virtio_input_multi_touch_2 is associated with display ADISPLAY_ID_NONE.
01-29 11:28:37.149 478 496 W InputReader: Device virtio_input_multi_touch_6 is associated with display ADISPLAY_ID_NONE.
01-29 11:28:37.149 478 496 W InputReader: Device virtio_input_multi_touch_8 is associated with display ADISPLAY_ID_NONE.
01-29 11:28:37.149 478 496 W InputReader: Device virtio_input_multi_touch_9 is associated with display ADISPLAY_ID_NONE.
01-29 11:28:37.149 478 496 W InputReader: Device virtio_input_multi_touch_3 is associated with display ADISPLAY_ID_NONE.
01-29 11:28:37.149 478 496 W InputReader: Device virtio_input_multi_touch_4 is associated with display ADISPLAY_ID_NONE.
01-29 11:28:37.149 361 361 I perfetto: ing_service_impl.cc:758 Configured tracing session 23, #sources:1, duration:5000 ms, #buffers:1, total buffer size:4096 KB, total sessions:1, uid:1071 session name: ""
01-29 11:28:37.150 350 350 I perfetto: probes_producer.cc:230 Ftrace setup (target_buf=23)
01-29 11:28:37.152 987 987 D TaplTarget: Launcher.onNewIntent: Intent { act=android.intent.action.MAIN cat=[android.intent.category.HOME] flg=0x10400100 cmp=com.android.launcher3/.uioverrides.QuickstepLauncher (has extras) }
01-29 11:28:37.153 638 638 V ShadeControllerImpl: NotificationShadeWindow: com.android.systemui.statusbar.phone.NotificationShadeWindowView{90561f7 I.E...... ......ID 0,0-1080,1920} canPanelBeCollapsed(): false
01-29 11:28:37.164 273 317 D goldfish-address-space: claimShared: Ask to claim region [0x3f6f76000 0x3f775f000]
01-29 11:28:37.164 350 350 I perfetto: ftrace_procfs.cc:176 enabled ftrace
01-29 11:28:37.165 273 317 D goldfish-address-space: claimShared: Ask to claim region [0x3f4000000 0x3f47e9000]
01-29 11:28:37.166 273 317 D goldfish-address-space: claimShared: Ask to claim region [0x3f47e9000 0x3f4fd2000]
01-29 11:28:37.172 273 317 D goldfish-address-space: claimShared: Ask to claim region [0x3f4fd2000 0x3f57bb000]
01-29 11:28:37.176 478 498 D EventSequenceValidator: dec AccIntentStartedEvents to 1
01-29 11:28:37.177 478 504 D ArtManagerInternalImpl: /data/misc/iorapd/com.android.launcher3/30/com.android.launcher3.uioverrides.QuickstepLauncher/compiled_traces/compiled_trace.pb doesn't exist
01-29 11:28:37.894 2021 2041 I System.out: 0 Flags,IntendedVsync,Vsync,OldestInputEvent,NewestInputEvent,HandleInputStart,AnimationStart,PerformTraversalsStart,DrawStart,SyncQueued,SyncStart,IssueDrawCommandsStart,SwapBuffers,FrameCompleted,DequeueBufferDuration,QueueBufferDuration,GpuCompleted,
01-29 11:28:37.894 2021 2041 I System.out: 1 1,372556583710,372589917042,9223372036854775807,0,372595046402,372595046953,372595047033,372635285772,372635728544,372635974586,372635991348,372636753501,372638985646,17793,165962,372638826848,
01-29 11:28:37.894 2021 2041 I System.out: 2 0,372606583811,372639917143,9223372036854775807,0,372645386609,372645387160,372653215785,372653245251,372653669278,372653737446,372653759457,372654225083,372656545665,26129,984240,372656719371,
01-29 11:28:37.894 2021 2041 I System.out: 3 0,372656584012,372656584012,9223372036854775807,0,372658997664,372658997944,372687514017,372687562648,372702083073,372702194823,372702246681,372703782818,372705935765,35567,1122841,372705864842,
01-29 11:28:37.894 2021 2041 I System.out: 4 0,372673250590,372689917256,9223372036854775807,0,372705178952,372705179934,372723223862,372723271181,372726963963,372727030828,372727063470,372731842994,372734014937,30568,228901,372733951227,
01-29 11:28:37.894 2021 2041 I System.out: 5 0,372706583915,372723250581,9223372036854775807,0,372735609684,372735610766,372742709630,372746085165,372747702315,372748280402,372748334303,372752212623,372753462142,27421,188314,372753404544,
01-29 11:28:37.894 2021 2041 I System.out: 6 0,372739917269,372739917269,9223372036854775807,0,372751402150,372751402621,372752060227,372752219055,372753453927,372753494964,372753531983,372756246065,372760111702,2421702,58731,372768645112,
01-29 11:28:37.894 2021 2041 I System.out: 7 0,372756583834,372756583834,9223372036854775807,0,372756747919,372756748830,372758284246,372758327388,372761353115,372761415462,372761449947,372765749409,372774522290,5775817,2045324,372773383639,
01-29 11:28:37.894 2021 2041 I System.out: 8 0,372773250561,372773250561,9223372036854775807,0,372773406011,372773407143,372775065701,372775100206,372776210774,372776273852,372776318686,372776815400,372794270261,13539050,144512,372790092928,
01-29 11:28:37.894 2021 2041 I System.out: 9 0,372789916940,372789916940,9223372036854775807,0,372790111463,372790112776,372793558793,372793597095,372795645886,372795698515,372795736637,372798770340,372815061012,13163664,143901,372806982266,
01-29 11:28:37.894 2021 2041 I System.out: 10 0,372806583002,372806583002,9223372036854775807,0,372806782150,372806783412,372808322886,372808358152,372815003073,372815868940,372816145280,372816663935,372833013568,9899769,137288,372823072281,
01-29 11:28:37.894 2021 2041 I System.out: 11 0,372823249714,372823249714,9223372036854775807,0,372824304647,372824304978,372825331598,372825367646,372832117193,372833974103,372834270220,372834879495,372845206457,7502112,82665,372837658910,
01-29 11:28:37.894 2021 2041 I System.out: 12 0,372839916425,372839916425,9223372036854775807,0,372840415351,372840415712,372841574240,372841611079,372845125756,372845257213,372845302838,372846359946,372858075588,3719542,270038,372854314548,
01-29 11:28:37.894 2021 2041 I System.out: 13 0,372856583088,372856583088,9223372036854775807,0,372857253813,372857254424,372858451294,372858488835,372865479325,372865570947,372865625910,372867651698,372875633823,4006972,747535,372871519589,
01-29 11:28:37.894 2021 2041 I System.out: 14 0,372873237432,372873237432,9223372036854775807,0,372873631298,372873631809,372876427054,372876471988,372879834599,372879896856,372879947782,372880511471,372891290874,6277871,1621418,372884972767,
01-29 11:28:37.894 2021 2041 I System.out: 15 0,372889904298,372889904298,9223372036854775807,0,372890380753,372890381424,372891683562,372891727444,372895071801,372895326770,372895361175,372896066751,372910545698,11235820,152436,372899233253,
01-29 11:28:37.894 2021 2041 I System.out: 16 0,372906571077,372906571077,9223372036854775807,0,372919285005,372919285627,372920738848,372920769466,372921987736,372922196328,372922327184,372923614975,372930594124,18806,84699,372930548307,
01-29 11:28:37.894 2021 2041 I System.out: 17 0,372923237809,372923237809,9223372036854775807,0,372924576282,372924577113,372925145131,372925186288,372926387747,372930631975,372930680807,372931297466,372943516785,8554921,1248076,372940022426,
01-29 11:28:37.894 2021 2041 I System.out: 18 0,372939904792,372939904792,9223372036854775807,0,372940041202,372940041672,372943931374,372943976058,372945642891,372945699668,372945729684,372946315295,372957895753,9312355,128692,372956730573,
01-29 11:28:37.894 2021 2041 I System.out: 19 0,372956571604,372956571604,9223372036854775807,0,372956750300,372956751292,372958485312,372958533172,372960176230,372960231805,372960277711,372960868241,372974664134,11268432,135044,372963353422,
01-29 11:28:37.894 2021 2041 I System.out: 20 0,372973238488,372973238488,9223372036854775807,0,372973417260,372973418252,372975075737,372975111204,372976512638,372976570467,372976607627,372977602607,372993272132,12470781,416724,372980745034,
01-29 11:28:37.894 2021 2041 I System.out: 21 0,372989905198,372989905198,9223372036854775807,0,372990085131,372990086063,372991591803,372991629604,372993208091,372993323538,372993358234,372993964954,373007633958,10699752,676301,372996883330,
01-29 11:28:37.894 2021 2041 I System.out: 22 0,373006571986,373006571986,9223372036854775807,0,373006742342,373006743224,373008171028,373008206905,373009284671,373009380782,373009422440,373009966473,373026041770,12713778,1050695,373013283247,
01-29 11:28:37.894 2021 2041 I System.out: 23 0,373023238811,373023238811,9223372036854775807,0,373023455098,373023456030,373025712080,373025752336,373027034095,373027101963,373027140636,373027859296,373041012501,12295001,138841,373028671052,
01-29 11:28:37.894 2021 2041 I System.out: 24 0,373039905728,373039905728,9223372036854775807,0,373040080820,373040081641,373042244948,373042285444,373043471614,373043547256,373043578975,373044203980,373059228232,14150699,138259,373056726589,
01-29 11:28:37.894 2021 2041 I System.out: 25 0,373056572660,373056572660,9223372036854775807,0,373056764661,373056765833,373058368325,373058412358,373059871631,373059942004,373059982099,373060654102,373076381786,14814878,95850,373073380224,
01-29 11:28:37.894 2021 2041 I System.out: 26 0,373073239560,373073239560,9223372036854775807,0,373073388099,373073389371,373075646143,373075689004,373076994317,373077061424,373077091991,373077701276,373091748521,13056202,120937,373078659257,
01-29 11:28:37.894 2021 2041 I System.out: 27 0,373089905763,373089905763,9223372036854775807,0,373090126452,373090155507,373091237451,373091277195,373092816910,373092919933,373092970048,373093792443,373109862581,15132235,93446,373106711818,
01-29 11:28:37.894 2021 2041 I System.out: 28 0,373106572657,373106572657,9223372036854775807,0,373106729772,373106730614,373110104466,373110147857,373111252915,373111338495,373111377208,373112062436,373124788979,11220992,105889,373113522000,
01-29 11:28:37.894 2021 2041 I System.out: 29 0,373123239520,373123239520,9223372036854775807,0,373123425766,373123426648,373124547314,373124589804,373126001408,373126091106,373126128787,373126834063,373143024467,15195835,106681,373140084791,
01-29 11:28:37.894 2021 2041 I System.out: 30 0,373139906170,373139906170,9223372036854775807,0,373140142329,373140143221,373143402898,373143442993,373144724723,373144797059,373144833136,373145448974,373157805551,11294310,163557,373146469613,
01-29 11:28:37.894 2021 2041 I System.out: 31 0,373156572892,373156572892,9223372036854775807,0,373156757381,373156758283,373158052345,373158099794,373158169565,373158373449,373158418864,373159708649,373176343448,14702076,947060,373161596878,
01-29 11:28:37.894 2021 2041 I System.out: 32 0,373173239815,373173239815,9223372036854775807,0,373173414141,373173415103,373176577698,373176611221,373177810054,373177902388,373177943064,373178582567,373191090508,11599594,112461,373190053529,
01-29 11:28:37.894 2021 2041 I System.out: 33 0,373189906648,373189906648,9223372036854775807,0,373190086471,373190087503,373193420959,373193463980,373194661972,373194738886,373194772419,373195409787,373208654374,12021337,295235,320628534162,
01-29 11:28:37.894 2021 2041 I System.out: 34 0,373206573537,373206573537,9223372036854775807,0,373206727141,373206727962,373209033536,373209070295,373209671105,373209776363,373209839101,373210486648,373224335209,12852950,119215,-3211262987504685704,
01-29 11:28:37.894 2021 2041 I System.out: 35 0,373423239123,373423239123,9223372036854775807,0,373423393987,373423394839,373423395029,373423727555,373423802776,373423872156,373423918103,373424656711,373425720751,24326,267643,-3921643605196060857,
01-29 11:28:37.894 2021 2041 D Benchmark: Starting activity with command: am start -W "intent:#Intent;action=android.intent.action.MAIN;category=android.intent.category.LAUNCHER;launchFlags=0x10008000;package=tj.maktabmobile.app;component=tj.maktabmobile.app/com.ustadmobile.port.android.view.AppActivity;end"
01-29 11:28:37.908 478 498 D EventSequenceValidator: inc AccIntentStartedEvents to 2
01-29 11:28:37.909 361 361 I perfetto: ing_service_impl.cc:758 Configured tracing session 24, #sources:1, duration:5000 ms, #buffers:1, total buffer size:4096 KB, total sessions:2, uid:1071 session name: ""
01-29 11:28:37.909 350 350 I perfetto: probes_producer.cc:230 Ftrace setup (target_buf=24)
01-29 11:28:37.912 478 776 W InputReader: Device virtio_input_multi_touch_10 is associated with display ADISPLAY_ID_NONE.
01-29 11:28:37.912 478 776 W InputReader: Device virtio_input_multi_touch_7 is associated with display ADISPLAY_ID_NONE.
