EXECUTING: /var/lib/jenkins/Android/Sdk/platform-tools/adb -H localhost -P 5037 -s emulator-5554 shell logcat -v threadtime -b main -b crash -T '01-20 08:46:35.000' CURRENT_WORKING_DIRECTORY: /home/jenkins/.jenkins/workspace/Release-Maktab START_TIME: 2025-01-29 10:22:43.108 START_TIME-NANOS: 2025-01-29 10:22:43.108818543 ENVIRONMENT: ANDROID_SDK_HOME=/var/lib/jenkins/Android/Sdk ANDROID_ADB=/var/lib/jenkins/Android/Sdk/platform-tools/adb ***************************************** STDOUT/STDERR BELOW =================== --------- beginning of main
01-20 08:46:35.131 1932 1932 I dex2oat32: dex2oat took 3.040s (4.371s cpu) (threads: 2) arena alloc=2368B (2368B) java alloc=41MB (43121000B) native alloc=45MB (48050432B) free=13MB (13675712B) swap=16MB (16777216B)
01-20 08:46:35.141 380 380 V installd: DexInv: --- END '/data/app/~~udvmEuEJhL3rR0pnxkb45Q==/tj.maktabmobile.app-qWZ3Bw-qpBT7rr6Ga6g6aQ==/base.apk' (success) ---
01-20 08:46:35.160 380 380 E installd: Couldn't opendir /data/app/vmdl549611208.tmp: No such file or directory
01-20 08:46:35.160 380 380 E installd: Failed to delete /data/app/vmdl549611208.tmp: No such file or directory
01-20 08:46:35.166 1920 1925 I abb : oneway function results will be dropped but finished with status OK and parcel size 4
01-20 08:46:35.164 478 478 W Binder:478_7: type=1400 audit(0.0:39): avc: denied { getopt } for scontext=u:r:system_server:s0 tcontext=u:r:shell:s0 tclass=unix_stream_socket permissive=0
01-20 08:46:35.171 1725 1936 E BackupHelper: Could not parse delayed permissions
01-20 08:46:35.171 1725 1936 E BackupHelper: java.io.FileNotFoundException: /data/user_de/0/com.android.permissioncontroller/files/delayed_restore_permissions.xml: open failed: ENOENT (No such file or directory)
01-20 08:46:35.171 1725 1936 E BackupHelper: at libcore.io.IoBridge.open(IoBridge.java:492)
01-20 08:46:35.171 1725 1936 E BackupHelper: at java.io.FileInputStream.(FileInputStream.java:160)
01-20 08:46:35.171 1725 1936 E BackupHelper: at android.app.ContextImpl.openFileInput(ContextImpl.java:636)
01-20 08:46:35.171 1725 1936 E BackupHelper: at com.android.permissioncontroller.permission.service.BackupHelper.restoreDelayedState(BackupHelper.java:338)
01-20 08:46:35.171 1725 1936 E BackupHelper: at com.android.permissioncontroller.permission.service.PermissionControllerServiceImpl.onRestoreDelayedRuntimePermissionsBackup(PermissionControllerServiceImpl.java:413)
01-20 08:46:35.171 1725 1936 E BackupHelper: at com.android.permissioncontroller.permission.service.PermissionControllerServiceImpl.lambda$onApplyStagedRuntimePermissionBackup$4(PermissionControllerServiceImpl.java:407)
01-20 08:46:35.171 1725 1936 E BackupHelper: at com.android.permissioncontroller.permission.service.PermissionControllerServiceImpl.lambda$onApplyStagedRuntimePermissionBackup$4$PermissionControllerServiceImpl(Unknown Source:0)
01-20 08:46:35.171 1725 1936 E BackupHelper: at com.android.permissioncontroller.permission.service.-$$Lambda$PermissionControllerServiceImpl$mE7NqZpMEJTKa_y63m6czFzewlg.run(Unknown Source:8)
01-20 08:46:35.171 1725 1936 E BackupHelper: at android.os.AsyncTask$SerialExecutor$1.run(AsyncTask.java:305)
01-20 08:46:35.171 1725 1936 E BackupHelper: at java.util.concurrent.ThreadPoolExecutor.runWorker(ThreadPoolExecutor.java:1167)
01-20 08:46:35.171 1725 1936 E BackupHelper: at java.util.concurrent.ThreadPoolExecutor$Worker.run(ThreadPoolExecutor.java:641)
01-20 08:46:35.171 1725 1936 E BackupHelper: at java.lang.Thread.run(Thread.java:923)
01-20 08:46:35.171 1725 1936 E BackupHelper: Caused by: android.system.ErrnoException: open failed: ENOENT (No such file or directory)
01-20 08:46:35.171 1725 1936 E BackupHelper: at libcore.io.Linux.open(Native Method)
01-20 08:46:35.171 1725 1936 E BackupHelper: at libcore.io.ForwardingOs.open(ForwardingOs.java:166)
01-20 08:46:35.171 1725 1936 E BackupHelper: at libcore.io.BlockGuardOs.open(BlockGuardOs.java:254)
01-20 08:46:35.171 1725 1936 E BackupHelper: at libcore.io.ForwardingOs.open(ForwardingOs.java:166)
01-20 08:46:35.171 1725 1936 E BackupHelper: at android.app.ActivityThread$AndroidOs.open(ActivityThread.java:7542)
01-20 08:46:35.171 1725 1936 E BackupHelper: at libcore.io.IoBridge.open(IoBridge.java:478)
01-20 08:46:35.171 1725 1936 E BackupHelper: ... 11 more
01-20 08:46:35.175 1920 1920 I abb : StartCommandInProcess(73657474696e67730067657400676c6f settings.get.glo [truncated])
01-20 08:46:35.178 1232 1232 I MediaProvider: Invalidating LocalCallingIdentity cache for package tj.maktabmobile.app. Reason: package android.intent.action.PACKAGE_ADDED
01-20 08:46:35.185 619 619 V AvrcpMediaPlayerList: mPackageChangedBroadcastReceiver: action: android.intent.action.PACKAGE_ADDED
01-20 08:46:35.185 619 619 D AvrcpMediaPlayerList: Name of package changed: tj.maktabmobile.app
01-20 08:46:35.187 478 554 I InputReader: Reconfiguring input devices, changes=KEYBOARD_LAYOUTS |
01-20 08:46:35.194 1725 1741 I PermissionControllerServiceImpl: Updating user sensitive for uid 10130
01-20 08:46:35.205 1920 1925 I abb : oneway function results will be dropped but finished with status OK and parcel size 4
01-20 08:46:35.206 1920 1920 I abb : StartCommandInProcess(7061636b61676500696e7374616c6c2d package.install- [truncated])
01-20 08:46:35.208 842 842 D CarrierSvcBindHelper: No carrier app for: 0
01-20 08:46:35.210 1920 1925 I abb : oneway function results will be dropped but finished with status OK and parcel size 4
01-20 08:46:35.211 1920 1920 I abb : StartCommandInProcess(7061636b61676500696e7374616c6c2d package.install- [truncated])
01-20 08:46:35.214 256 256 D Zygote : Forked child process 1947
01-20 08:46:35.164 478 478 W Binder:478_7: type=1400 audit(0.0:40): avc: denied { getopt } for scontext=u:r:system_server:s0 tcontext=u:r:shell:s0 tclass=unix_stream_socket permissive=0
01-20 08:46:35.164 478 478 I chatty : uid=1000(system) Binder:478_3 identical 1 line
01-20 08:46:35.204 478 478 W Binder:478_7: type=1400 audit(0.0:42): avc: denied { getopt } for scontext=u:r:system_server:s0 tcontext=u:r:shell:s0 tclass=unix_stream_socket permissive=0
01-20 08:46:35.222 1947 1947 W tatementservic: Unexpected CPU variant for X86 using defaults: x86_64
01-20 08:46:35.233 842 842 D CarrierConfigLoader: mHandler: 9 phoneId: 0
01-20 08:46:35.236 334 374 I adbd : jdwp connection from 1947
01-20 08:46:35.242 1947 1947 I tatementservic: The ClassLoaderContext is a special shared library.
01-20 08:46:35.245 1947 1947 I tatementservic: The ClassLoaderContext is a special shared library.
01-20 08:46:35.204 478 478 W Binder:478_7: type=1400 audit(0.0:43): avc: denied { getopt } for scontext=u:r:system_server:s0 tcontext=u:r:shell:s0 tclass=unix_stream_socket permissive=0
01-20 08:46:35.253 1947 1947 D NetworkSecurityConfig: No Network Security Config specified, using platform default
01-20 08:46:35.254 1947 1947 D NetworkSecurityConfig: No Network Security Config specified, using platform default
01-20 08:46:35.259 1947 1947 I IntentFilterVerificationReceiver: Verifying IntentFilter. verificationId:0 scheme:"https" hosts:"applinktest.ustadmobile.com 192.168.1.52" package:"tj.maktabmobile.app".
01-20 08:46:35.307 1920 1925 I abb : oneway function results will be dropped but finished with status OK and parcel size 4
01-20 08:46:35.308 1920 1920 I abb : StartCommandInProcess(7061636b61676500696e7374616c6c2d package.install- [truncated])
01-20 08:46:35.342 478 488 I system_server: Background concurrent copying GC freed 120686(6015KB) AllocSpace objects, 96(3716KB) LOS objects, 49% free, 10MB/20MB, paused 66us total 185.992ms
01-20 08:46:35.448 1232 1251 I MediaProvider: Invalidating LocalCallingIdentity cache for package com.ustadmobile.app_android_baselineprofile. Reason: op android:read_external_storage
01-20 08:46:35.448 1232 1251 I chatty : uid=10128(com.android.providers.media.module) Binder:1232_1 identical 1 line
01-20 08:46:35.448 1232 1251 I MediaProvider: Invalidating LocalCallingIdentity cache for package com.ustadmobile.app_android_baselineprofile. Reason: op android:read_external_storage
01-20 08:46:35.456 380 380 E installd: Couldn't opendir /data/app/vmdl459749904.tmp: No such file or directory
01-20 08:46:35.456 380 380 E installd: Failed to delete /data/app/vmdl459749904.tmp: No such file or directory
01-20 08:46:35.457 1920 1925 I abb : oneway function results will be dropped but finished with status OK and parcel size 4
01-20 08:46:35.463 478 554 I InputReader: Reconfiguring input devices, changes=KEYBOARD_LAYOUTS |
01-20 08:46:35.463 1232 1232 I MediaProvider: Invalidating LocalCallingIdentity cache for package com.ustadmobile.app_android_baselineprofile. Reason: package android.intent.action.PACKAGE_ADDED
01-20 08:46:35.465 1725 1741 I PermissionControllerServiceImpl: Updating user sensitive for uid 10131
01-20 08:46:35.466 619 619 V AvrcpMediaPlayerList: mPackageChangedBroadcastReceiver: action: android.intent.action.PACKAGE_ADDED
01-20 08:46:35.466 619 619 D AvrcpMediaPlayerList: Name of package changed: com.ustadmobile.app_android_baselineprofile
01-20 08:46:35.477 842 842 D CarrierSvcBindHelper: No carrier app for: 0
01-20 08:46:35.481 842 842 D CarrierConfigLoader: mHandler: 9 phoneId: 0
01-20 08:46:35.824 2008 2008 D AndroidRuntime: >>>>>> START com.android.internal.os.RuntimeInit uid 2000 <<<<<<
01-20 08:46:35.830 2008 2008 E libc : Access denied finding property "persist.device_config.runtime_native_boot.profilebootclasspath"
01-20 08:46:35.830 2008 2008 E libc : Access denied finding property "persist.device_config.runtime_native_boot.enable_apex_image"
01-20 08:46:35.830 2008 2008 I AndroidRuntime: Using default boot image
01-20 08:46:35.830 2008 2008 E libc : Access denied finding property "persist.device_config.runtime_native_boot.disable_lock_profiling"
01-20 08:46:35.830 2008 2008 I AndroidRuntime: Leaving lock profiling enabled
01-20 08:46:35.830 2008 2008 E libc : Access denied finding property "persist.device_config.runtime_native_boot.enable_generational_cc"
01-20 08:46:35.832 2008 2008 I app_process: Core platform API reporting enabled, enforcing=false
01-20 08:46:35.874 2008 2008 D app_process: Time zone APEX ICU file found: /apex/com.android.tzdata/etc/icu/icu_tzdata.dat
01-20 08:46:35.875 2008 2008 D app_process: I18n APEX ICU file found: /apex/com.android.i18n/etc/icu/icudt66l.dat
01-20 08:46:35.880 2008 2008 W app_process: Unexpected CPU variant for X86 using defaults: x86_64
01-20 08:46:35.882 2008 2008 I app_process: The ClassLoaderContext is a special shared library.
01-20 08:46:35.889 2008 2008 W app_process: JNI RegisterNativeMethods: attempt to register 0 native methods for android.media.AudioAttributes
01-20 08:46:35.891 2008 2008 D AndroidRuntime: Calling main entry com.android.commands.am.Am
01-20 08:46:35.897 256 256 D Zygote : Forked child process 2021
01-20 08:46:35.900 2021 2021 I baselineprofil: Late-enabling -Xcheck:jni
01-20 08:46:35.908 2021 2021 I baselineprofil: Unquickening 12 vdex files!
01-20 08:46:35.909 2021 2021 W baselineprofil: Unexpected CPU variant for X86 using defaults: x86_64
01-20 08:46:35.911 334 374 I adbd : jdwp connection from 2021
01-20 08:46:35.921 2021 2021 D ApplicationLoaders: Returning zygote-cached class loader: /system/framework/android.test.base.jar
01-20 08:46:35.921 2021 2021 D ApplicationLoaders: Returning zygote-cached class loader: /system/framework/android.test.base.jar
01-20 08:46:35.922 2021 2021 I baselineprofil: The ClassLoaderContext is a special shared library.
01-20 08:46:35.923 2021 2021 D ApplicationLoaders: Returning zygote-cached class loader: /system/framework/android.test.base.jar
01-20 08:46:35.923 2021 2021 D ApplicationLoaders: Returning zygote-cached class loader: /system/framework/android.test.base.jar
01-20 08:46:35.924 2021 2021 I baselineprofil: The ClassLoaderContext is a special shared library.
01-20 08:46:35.960 2021 2021 W baselineprofil: Accessing hidden method Landroid/app/Instrumentation;->execStartActivity(Landroid/content/Context;Landroid/os/IBinder;Landroid/os/IBinder;Landroid/app/Activity;Landroid/content/Intent;ILandroid/os/Bundle;)Landroid/app/Instrumentation$ActivityResult; (greylist, linking, allowed)
01-20 08:46:35.960 2021 2021 W baselineprofil: Accessing hidden method Landroid/app/Instrumentation;->execStartActivity(Landroid/content/Context;Landroid/os/IBinder;Landroid/os/IBinder;Ljava/lang/String;Landroid/content/Intent;ILandroid/os/Bundle;)Landroid/app/Instrumentation$ActivityResult; (greylist, linking, allowed)
01-20 08:46:35.962 2021 2021 D NetworkSecurityConfig: Using Network Security Config from resource network_security_config debugBuild: true
01-20 08:46:35.963 2021 2021 D NetworkSecurityConfig: Using Network Security Config from resource network_security_config debugBuild: true
01-20 08:46:35.963 2021 2021 I MonitoringInstr: newApplication called!
01-20 08:46:35.966 2021 2021 I MonitoringInstr: Instrumentation started!
01-20 08:46:35.970 2021 2021 I AndroidJUnitRunner: onCreate Bundle[{testTimeoutSeconds=31536000, androidx.benchmark.targetPackageName=tj.maktabmobile.app, additionalTestOutputDir=/sdcard/Android/media/com.ustadmobile.app_android_baselineprofile/additional_test_output, androidx.benchmark.enabledRules=baselineprofile}]
01-20 08:46:35.971 2021 2021 V TestEventClient: No service name argument was given (testDiscoveryService, testRunEventService or orchestratorService)
01-20 08:46:35.973 2021 2041 D AndroidJUnitRunner: onStart is called.
01-20 08:46:35.974 2021 2021 I MonitoringInstr: No JSBridge.
01-20 08:46:35.977 2021 2041 D TestRequestBuilder: Using class path scanning to discover tests
01-20 08:46:35.977 2021 2041 I TestRequestBuilder: Scanning classpath to find tests in paths [/data/app/~~3Z-ClVGYuX4ri6YmaWi_xQ==/com.ustadmobile.app_android_baselineprofile-6CWpGUF4maUR48kKbEHeTw==/base.apk]
01-20 08:46:35.977 2021 2041 W baselineprofil: Opening an oat file without a class loader. Are you using the deprecated DexFile APIs?
01-20 08:46:36.134 2021 2041 D AndroidJUnitRunner: Use the raw file system for managing file I/O.
01-20 08:46:36.137 2021 2041 D TestExecutor: Adding listener androidx.test.internal.runner.listener.LogRunListener
01-20 08:46:36.137 2021 2041 D TestExecutor: Adding listener androidx.test.internal.runner.listener.InstrumentationResultPrinter
01-20 08:46:36.137 2021 2041 D TestExecutor: Adding listener androidx.test.internal.runner.listener.ActivityFinisherRunListener
01-20 08:46:36.137 2021 2041 D TestExecutor: Adding listener androidx.test.internal.runner.listener.TraceRunListener
01-20 08:46:36.148 2021 2041 I TestRunner: run started: 3 tests
01-20 08:46:36.149 2021 2041 I TestRunner: started: generate(com.ustadmobile.app_android_baselineprofile.BaselineProfileGenerator)
01-20 08:46:36.167 2021 2043 V UiAutomation: Init UiAutomation@9594ec5[id=1, flags=0]
01-20 08:46:36.167 2021 2041 I UiAutomationShellCmd: Requesting permission: pm grant com.ustadmobile.app_android_baselineprofile android.permission.READ_EXTERNAL_STORAGE
01-20 08:46:36.167 2021 2041 W UiAutomation: UiAutomation.grantRuntimePermission() is more robust and should be used instead of 'pm grant'
01-20 08:46:36.183 1232 1251 I MediaProvider: Invalidating LocalCallingIdentity cache for package com.ustadmobile.app_android_baselineprofile. Reason: op android:read_external_storage
01-20 08:46:36.184 273 1473 D goldfish-address-space: claimShared: Ask to claim region [0x3f90e7000 0x3f90e9000]
01-20 08:46:36.190 2021 2041 I UiAutomationShellCmd: Requesting permission: pm grant com.ustadmobile.app_android_baselineprofile android.permission.WRITE_EXTERNAL_STORAGE
01-20 08:46:36.190 2021 2041 W UiAutomation: UiAutomation.grantRuntimePermission() is more robust and should be used instead of 'pm grant'
01-20 08:46:36.208 1232 1251 I MediaProvider: Invalidating LocalCallingIdentity cache for package com.ustadmobile.app_android_baselineprofile. Reason: op android:read_external_storage
01-20 08:46:36.226 2021 2041 D Benchmark: additionalTestOutputDir=/sdcard/Android/media/com.ustadmobile.app_android_baselineprofile/additional_test_output
01-20 08:46:36.241 2021 2041 D Benchmark: Usable output directory: /storage/emulated/0/Android/media/com.ustadmobile.app_android_baselineprofile
01-20 08:46:36.241 2021 2041 D Benchmark: Output Directory: /sdcard/Android/media/com.ustadmobile.app_android_baselineprofile/additional_test_output
01-20 08:46:36.293 1232 2063 I MediaProvider: Deleted 1 items on external_primary due to com.ustadmobile.app_android_baselineprofile
01-20 08:46:36.299 987 1358 E FrameEvents: updateAcquireFence: Did not find frame.
01-20 08:46:36.299 273 1473 D goldfish-address-space: claimShared: Ask to claim region [0x3f90e9000 0x3f90eb000]
01-20 08:46:36.337 1232 2062 I MediaProvider: Invalidating LocalCallingIdentity cache for package com.ustadmobile.app_android_baselineprofile. Reason: owned_database_row_deleted:/storage/emulated/0/Android/media/com.ustadmobile.app_android_baselineprofile/temporaryScript3628935355714112211.tmp
01-20 08:46:36.347 1232 2062 I MediaProvider: Deleted 1 items on external_primary due to com.android.shell
01-20 08:46:36.350 2021 2041 I UiDevice: Creating a new instance, old instance exists: false
01-20 08:46:36.351 2021 2041 D UiDevice: Setting accessibility service flags: 65618
01-20 08:46:36.354 2021 2041 D UiDevice: Turning on screen.
01-20 08:46:36.354 2021 2041 D Benchmark: Killing process tj.maktabmobile.app
01-20 08:46:36.354 2021 2041 D UiDevice: Executing shell command: killall tj.maktabmobile.app
01-20 08:46:36.368 2021 2041 D Benchmark: Resetting compiled state for tj.maktabmobile.app for stable profiles.
01-20 08:46:36.368 2021 2041 D Benchmark: Resetting tj.maktabmobile.app
01-20 08:46:36.368 2021 2041 D Benchmark: Re-compiling tj.maktabmobile.app
01-20 08:46:36.388 478 941 I PackageDexOptimizer: Running dexopt (dexoptNeeded=-3) on: /data/app/~~udvmEuEJhL3rR0pnxkb45Q==/tj.maktabmobile.app-qWZ3Bw-qpBT7rr6Ga6g6aQ==/base.apk pkg=tj.maktabmobile.app isa=x86_64 dexoptFlags=boot_complete,profile_guided,force,enable_hidden_api_checks targetFilter=speed-profile oatDir=/data/app/~~udvmEuEJhL3rR0pnxkb45Q==/tj.maktabmobile.app-qWZ3Bw-qpBT7rr6Ga6g6aQ==/oat classLoaderContext=PCL[]{PCL[/system_ext/framework/androidx.window.sidecar.jar]}
01-20 08:46:36.389 380 380 V installd: DexInv: --- BEGIN '/data/app/~~udvmEuEJhL3rR0pnxkb45Q==/tj.maktabmobile.app-qWZ3Bw-qpBT7rr6Ga6g6aQ==/base.apk' ---
01-20 08:46:36.394 2098 2098 W dex2oat32: Unexpected CPU variant for X86 using defaults: x86_64
01-20 08:46:36.488 2098 2098 I dex2oat32: /apex/com.android.art/bin/dex2oat32 --input-vdex-fd=9 --output-vdex-fd=10 --updatable-bcp-packages-file=/system/etc/updatable-bcp-packages.txt --resolve-startup-const-strings=true --max-image-block-size=524288 --compiler-filter=speed-profile --profile-file-fd=12 --classpath-dir=/data/app/~~udvmEuEJhL3rR0pnxkb45Q==/tj.maktabmobile.app-qWZ3Bw-qpBT7rr6Ga6g6aQ== --class-loader-context=PCL[]{PCL[/system_ext/framework/androidx.window.sidecar.jar]} --generate-mini-debug-info --compilation-reason=unknown
01-20 08:46:36.489 2098 2098 I dex2oat32: setting boot class path to /apex/com.android.art/javalib/core-oj.jar:/apex/com.android.art/javalib/core-libart.jar:/apex/com.android.art/javalib/core-icu4j.jar:/apex/com.android.art/javalib/okhttp.jar:/apex/com.android.art/javalib/bouncycastle.jar:/apex/com.android.art/javalib/apache-xml.jar:/system/framework/framework.jar:/system/framework/ext.jar:/system/framework/telephony-common.jar:/system/framework/voip-common.jar:/system/framework/ims-common.jar:/system/framework/framework-atb-backward-compatibility.jar
01-20 08:46:36.950 478 495 D AlarmManagerService: Setting time of day to sec=1738146164
01-29 11:22:44.018 638 638 D KeyguardClockSwitch: Updating clock: 1122
01-29 11:22:44.046 256 256 D Zygote : Forked child process 2100
01-29 11:22:44.049 2100 2100 W ndroid.calenda: Unexpected CPU variant for X86 using defaults: x86_64
01-29 11:22:44.054 334 374 I adbd : jdwp connection from 2100
01-29 11:22:44.060 2100 2100 D ApplicationLoaders: Returning zygote-cached class loader: /system/framework/android.test.base.jar
01-29 11:22:44.061 2100 2100 I ndroid.calenda: The ClassLoaderContext is a special shared library.
01-29 11:22:44.061 2100 2100 D nativeloader: classloader namespace configured for unbundled product apk. library_path=/product/app/Calendar/lib/x86_64:/product/lib64:/system/product/lib64
01-29 11:22:44.063 2100 2100 D NetworkSecurityConfig: No Network Security Config specified, using platform default
01-29 11:22:44.063 2100 2100 D NetworkSecurityConfig: No Network Security Config specified, using platform default
01-29 11:22:44.076 1148 1148 I AlarmClock: AlarmInitReceiver android.intent.action.TIME_SET
01-29 11:22:44.078 1148 1213 I AlarmClock: Fixing alarm instances
01-29 11:22:44.080 1148 1213 V AlarmClock: AlarmInitReceiver finished
01-29 11:22:44.083 1148 1148 I DigitalWidgetProvider: onReceive: Intent { act=android.intent.action.TIME_SET flg=0x25200010 cmp=com.android.deskclock/com.android.alarmclock.DigitalAppWidgetProvider }
01-29 11:22:45.557 478 572 D WifiConfigStore: Writing to stores completed in 8 ms.
01-29 11:22:45.609 478 492 D WifiNl80211Manager: Scan result ready event
01-29 11:22:45.610 478 492 D WifiNative: Scan result ready event
01-29 11:22:48.694 2021 2127 D ProfileInstaller: Installing profile for com.ustadmobile.app_android_baselineprofile
01-29 11:22:48.876 2098 2098 W dex2oat32: Could not reserve sentinel fault page
01-29 11:22:50.287 2098 2130 W dex2oat32: Class androidx.compose.runtime.snapshots.SnapshotStateMap failed lock verification and will run slower.
01-29 11:22:50.287 2098 2130 W dex2oat32: Common causes for lock verification issues are non-optimized dex code
01-29 11:22:50.287 2098 2130 W dex2oat32: and incorrect proguard optimizations.
01-29 11:22:50.287 2098 2098 W dex2oat32: Class androidx.compose.runtime.snapshots.SnapshotStateList failed lock verification and will run slower.
01-29 11:22:50.387 2098 2130 W dex2oat32: Accessing hidden method Landroid/graphics/Canvas;->drawPatch(Landroid/graphics/NinePatch;Landroid/graphics/Rect;Landroid/graphics/Paint;)V (greylist-max-o, linking, denied)
01-29 11:22:50.387 2098 2130 W dex2oat32: Accessing hidden method Landroid/graphics/Canvas;->drawPatch(Landroid/graphics/NinePatch;Landroid/graphics/RectF;Landroid/graphics/Paint;)V (greylist-max-o, linking, denied)
01-29 11:22:50.393 2098 2098 W dex2oat32: Accessing hidden method Landroid/graphics/Bitmap;->getHardwareBuffer()Landroid/hardware/HardwareBuffer; (blacklist, linking, denied)
01-29 11:22:50.592 2098 2130 W dex2oat32: Accessing hidden method Landroid/app/job/JobParameters;->getStopReason()I (greylist-max-o, linking, denied)
01-29 11:22:52.242 256 256 I Zygote : Process 1555 exited due to signal 9 (Killed)
01-29 11:22:52.273 478 507 I libprocessgroup: Successfully killed process cgroup uid 10098 pid 1555 in 43ms
01-29 11:22:52.303 2098 2098 I dex2oat32: Explicit concurrent copying GC freed 273393(41MB) AllocSpace objects, 0(0B) LOS objects, 99% free, 2808B/1538KB, paused 17us total 2.893ms
01-29 11:22:52.329 2098 2098 W dex2oat32: Accessing hidden field Ljava/nio/file/FileSystemException;->file:Ljava/lang/String; (greylist-max-o, linking, denied)
01-29 11:22:52.329 2098 2098 W dex2oat32: Accessing hidden field Ljava/nio/file/FileSystemException;->other:Ljava/lang/String; (greylist-max-o, linking, denied)
01-29 11:22:52.329 2098 2098 W dex2oat32: Accessing hidden field Ljava/nio/file/InvalidPathException;->index:I (greylist-max-o, linking, denied)
01-29 11:22:52.329 2098 2098 W dex2oat32: Accessing hidden field Ljava/nio/file/InvalidPathException;->input:Ljava/lang/String; (greylist-max-o, linking, denied)
01-29 11:22:52.331 2098 2098 W dex2oat32: Accessing hidden method Landroid/graphics/Bitmap;->getHardwareBuffer()Landroid/hardware/HardwareBuffer; (blacklist, linking, denied)
01-29 11:22:52.331 2098 2098 W dex2oat32: Accessing hidden method Landroid/graphics/Canvas;->drawPatch(Landroid/graphics/NinePatch;Landroid/graphics/Rect;Landroid/graphics/Paint;)V (greylist-max-o, linking, denied)
01-29 11:22:52.331 2098 2098 W dex2oat32: Accessing hidden method Landroid/graphics/Canvas;->drawPatch(Landroid/graphics/NinePatch;Landroid/graphics/RectF;Landroid/graphics/Paint;)V (greylist-max-o, linking, denied)
01-29 11:22:52.342 2098 2098 W dex2oat32: Accessing hidden method Landroid/app/job/JobParameters;->getStopReason()I (greylist-max-o, linking, denied)
01-29 11:22:53.097 2098 2098 I dex2oat32: dex2oat took 9.649s (11.387s cpu) (threads: 2) arena alloc=1000B (1000B) java alloc=18KB (19192B) native alloc=71MB (75218288B) free=89MB (94359200B)
01-29 11:22:53.115 380 380 V installd: DexInv: --- END '/data/app/~~udvmEuEJhL3rR0pnxkb45Q==/tj.maktabmobile.app-qWZ3Bw-qpBT7rr6Ga6g6aQ==/base.apk' (success) ---
01-29 11:22:53.120 2094 2096 I cmd : oneway function results will be dropped but finished with status OK and parcel size 4
01-29 11:22:53.137 2021 2041 D Benchmark: Profile Installer - Skip File Operation: WRITE_SKIP_FILE
01-29 11:22:53.148 256 256 D Zygote : Forked child process 2145
01-29 11:22:53.151 2145 2145 W aktabmobile.ap: Unexpected CPU variant for X86 using defaults: x86_64
01-29 11:22:53.152 334 374 I adbd : jdwp connection from 2145
01-29 11:22:53.158 2145 2145 I aktabmobile.ap: The ClassLoaderContext is a special shared library.
01-29 11:22:53.179 2145 2145 D NetworkSecurityConfig: No Network Security Config specified, using platform default
01-29 11:22:53.179 2145 2145 D NetworkSecurityConfig: No Network Security Config specified, using platform default
01-29 11:22:53.183 2145 2145 I ACRA : ACRA is enabled for tj.maktabmobile.app, initializing...
01-29 11:22:53.201 2145 2145 D WM-WrkMgrInitializer: Initializing WorkManager with default configuration.
01-29 11:22:53.202 2145 2145 W aktabmobile.ap: Accessing hidden field Ljava/util/Collections$SynchronizedCollection;->mutex:Ljava/lang/Object; (greylist-max-o, reflection, denied)
01-29 11:22:53.202 2145 2145 W aktabmobile.ap: Accessing hidden method Ljava/util/Collections$SynchronizedSet;->(Ljava/util/Set;Ljava/lang/Object;)V (greylist-max-o, reflection, denied)
01-29 11:22:53.202 2145 2145 W aktabmobile.ap: Accessing hidden method Ljava/util/Collections$SynchronizedCollection;->(Ljava/util/Collection;Ljava/lang/Object;)V (greylist-max-o, reflection, denied)
01-29 11:22:53.203 2145 2145 I TetheringManager: registerTetheringEventCallback:tj.maktabmobile.app
01-29 11:22:53.204 2145 2145 D WM-PackageManagerHelper: androidx.work.impl.background.systemjob.SystemJobService enabled
01-29 11:22:53.204 2145 2145 D WM-Schedulers: Created SystemJobScheduler and enabled SystemJobService
01-29 11:22:53.223 2145 2145 D ProfileInstaller: RESULT_INSTALL_SKIP_FILE_SUCCESS
01-29 11:22:53.227 2142 2144 I cmd : oneway function results will be dropped but finished with status OK and parcel size 4
01-29 11:22:53.228 2021 2041 D Benchmark: Killing process tj.maktabmobile.app
01-29 11:22:53.228 2021 2041 D Benchmark: Killing process tj.maktabmobile.app
01-29 11:22:53.229 2021 2041 D UiDevice: Executing shell command: killall tj.maktabmobile.app
01-29 11:22:53.238 2021 2041 D UiDevice: Pressing home button.
01-29 11:22:53.239 256 256 I Zygote : Process 1579 exited due to signal 9 (Killed)
01-29 11:22:53.255 638 638 V ShadeControllerImpl: NotificationShadeWindow: com.android.systemui.statusbar.phone.NotificationShadeWindowView{90561f7 I.E...... ......ID 0,0-1080,1920} canPanelBeCollapsed(): false
01-29 11:22:53.256 478 498 D EventSequenceValidator: inc AccIntentStartedEvents to 2
01-29 11:22:53.258 987 987 D TaplTarget: Launcher.onNewIntent: Intent { act=android.intent.action.MAIN cat=[android.intent.category.HOME] flg=0x10000100 cmp=com.android.launcher3/.uioverrides.QuickstepLauncher (has extras) }
01-29 11:22:53.271 478 498 D EventSequenceValidator: dec AccIntentStartedEvents to 1
01-29 11:22:53.271 638 638 V ShadeControllerImpl: NotificationShadeWindow: com.android.systemui.statusbar.phone.NotificationShadeWindowView{90561f7 I.E...... ......ID 0,0-1080,1920} canPanelBeCollapsed(): false
01-29 11:22:53.272 361 361 I perfetto: ing_service_impl.cc:758 Configured tracing session 1, #sources:1, duration:5000 ms, #buffers:1, total buffer size:4096 KB, total sessions:1, uid:1071 session name: ""
01-29 11:22:53.277 478 507 I libprocessgroup: Successfully killed process cgroup uid 1000 pid 1579 in 43ms
01-29 11:22:53.279 2145 2168 I DistCache: DistributedCacheHashtable(43263 unknown Android SDK built for x86_64) initialized on udp port 43263
01-29 11:22:53.281 2145 2189 D DistCache: DistributedCacheHashtable(43263 unknown Android SDK built for x86_64) waiting to receive hashes from neighbors
01-29 11:22:53.315 179 179 E android.hardware.atrace@1.0-service: Failed to enable tracing on: /sys/kernel/debug/tracing/events/mdss/enable
01-29 11:22:53.316 179 179 E android.hardware.atrace@1.0-service: Failed to enable tracing on: /sys/kernel/debug/tracing/events/sde/enable
01-29 11:22:53.316 179 179 E android.hardware.atrace@1.0-service: Failed to enable tracing on: /sys/kernel/debug/tracing/events/mali_systrace/enable
01-29 11:22:53.316 179 179 E android.hardware.atrace@1.0-service: Failed to disable tracing on: /sys/kernel/debug/tracing/events/mdss/enable
01-29 11:22:53.316 179 179 E android.hardware.atrace@1.0-service: Failed to disable tracing on: /sys/kernel/debug/tracing/events/sde/enable
01-29 11:22:53.316 179 179 E android.hardware.atrace@1.0-service: Failed to disable tracing on: /sys/kernel/debug/tracing/events/mali_systrace/enable
01-29 11:22:53.316 179 179 E android.hardware.atrace@1.0-service: Failed to disable tracing on: /sys/kernel/debug/tracing/events/kmem/ion_alloc_buffer_start/enable
01-29 11:22:53.316 179 179 E android.hardware.atrace@1.0-service: Failed to enable tracing on: /sys/kernel/debug/tracing/events/kmem/ion_alloc_buffer_start/enable
01-29 11:22:53.316 179 179 E android.hardware.atrace@1.0-service: Failed to disable tracing on: /sys/kernel/debug/tracing/events/mdss/enable
01-29 11:22:53.316 179 179 E android.hardware.atrace@1.0-service: Failed to disable tracing on: /sys/kernel/debug/tracing/events/sde/enable
01-29 11:22:53.316 179 179 E android.hardware.atrace@1.0-service: Failed to disable tracing on: /sys/kernel/debug/tracing/events/mali_systrace/enable
01-29 11:22:53.316 179 179 E android.hardware.atrace@1.0-service: Failed to disable tracing on: /sys/kernel/debug/tracing/events/kmem/ion_alloc_buffer_start/enable
01-29 11:22:53.509 350 350 I perfetto: probes_producer.cc:230 Ftrace setup (target_buf=1)
01-29 11:22:53.615 350 350 I perfetto: ftrace_procfs.cc:176 enabled ftrace
01-29 11:22:54.265 2021 2041 W InteractionController: Timed out waiting 1000ms for command and events.
01-29 11:22:54.327 2021 2041 D Benchmark: Starting activity with command: am start -W "intent:#Intent;action=android.intent.action.MAIN;category=android.intent.category.LAUNCHER;launchFlags=0x10008000;package=tj.maktabmobile.app;component=tj.maktabmobile.app/com.ustadmobile.port.android.view.AppActivity;end"
01-29 11:22:54.343 478 498 D EventSequenceValidator: inc AccIntentStartedEvents to 2
01-29 11:22:54.344 361 361 I perfetto: ing_service_impl.cc:758 Configured tracing session 2, #sources:1, duration:5000 ms, #buffers:1, total buffer size:4096 KB, total sessions:2, uid:1071 session name: ""
01-29 11:22:54.347 350 350 I perfetto: probes_producer.cc:230 Ftrace setup (target_buf=2)
01-29 11:22:54.355 478 776 W InputReader: Device virtio_input_multi_touch_10 is associated with display ADISPLAY_ID_NONE.
01-29 11:22:54.355 478 776 W InputReader: Device virtio_input_multi_touch_7 is associated with display ADISPLAY_ID_NONE.
01-29 11:22:54.355 478 776 W InputReader: Device virtio_input_multi_touch_11 is associated with display ADISPLAY_ID_NONE.
01-29 11:22:54.355 478 776 W InputReader: Device virtio_input_multi_touch_5 is associated with display ADISPLAY_ID_NONE.
01-29 11:22:54.355 478 776 W InputReader: Device virtio_input_multi_touch_2 is associated with display ADISPLAY_ID_NONE.
01-29 11:22:54.355 478 776 W InputReader: Device virtio_input_multi_touch_6 is associated with display ADISPLAY_ID_NONE.
01-29 11:22:54.355 478 776 W InputReader: Device virtio_input_multi_touch_8 is associated with display ADISPLAY_ID_NONE.
01-29 11:22:54.355 478 776 W InputReader: Device virtio_input_multi_touch_9 is associated with display ADISPLAY_ID_NONE.
01-29 11:22:54.355 478 776 W InputReader: Device virtio_input_multi_touch_3 is associated with display ADISPLAY_ID_NONE.
01-29 11:22:54.355 478 776 W InputReader: Device virtio_input_multi_touch_4 is associated with display ADISPLAY_ID_NONE.
01-29 11:22:54.356 478 776 W InputReader: Device virtio_input_multi_touch_10 is associated with display ADISPLAY_ID_NONE.
01-29 11:22:54.356 478 776 W InputReader: Device virtio_input_multi_touch_7 is associated with display ADISPLAY_ID_NONE.
01-29 11:22:54.356 478 776 W InputReader: Device virtio_input_multi_touch_11 is associated with display ADISPLAY_ID_NONE.
01-29 11:22:54.356 478 776 W InputReader: Device virtio_input_multi_touch_5 is associated with display ADISPLAY_ID_NONE.
01-29 11:22:54.356 478 776 W InputReader: Device virtio_input_multi_touch_2 is associated with display ADISPLAY_ID_NONE.
01-29 11:22:54.356 478 776 W InputReader: Device virtio_input_multi_touch_6 is associated with display ADISPLAY_ID_NONE.
01-29 11:22:54.356 478 776 W InputReader: Device virtio_input_multi_touch_8 is associated with display ADISPLAY_ID_NONE.
01-29 11:22:54.356 478 776 W InputReader: Device virtio_input_multi_touch_9 is associated with display ADISPLAY_ID_NONE.
01-29 11:22:54.356 478 776 W InputReader: Device virtio_input_multi_touch_3 is associated with display ADISPLAY_ID_NONE.
01-29 11:22:54.356 478 776 W InputReader: Device virtio_input_multi_touch_4 is associated with display ADISPLAY_ID_NONE.
01-29 11:22:54.367 478 499 W System : ClassLoader referenced unknown path:
01-29 11:22:54.393 2145 2145 D AppLocalesStorageHelper: Storing App Locales : app-locales: tg persisted successfully.
01-29 11:22:54.393 2145 2145 W aktabmobile.ap: Accessing hidden method Landroid/graphics/Canvas;->drawPatch(Landroid/graphics/NinePatch;Landroid/graphics/Rect;Landroid/graphics/Paint;)V (greylist-max-o, linking, denied)
01-29 11:22:54.393 2145 2145 W aktabmobile.ap: Accessing hidden method Landroid/graphics/Canvas;->drawPatch(Landroid/graphics/NinePatch;Landroid/graphics/RectF;Landroid/graphics/Paint;)V (greylist-max-o, linking, denied)
01-29 11:22:54.395 2145 2226 D libEGL : loaded /vendor/lib64/egl/libEGL_emulation.so
01-29 11:22:54.399 2145 2226 D libEGL : loaded /vendor/lib64/egl/libGLESv1_CM_emulation.so
01-29 11:22:54.403 273 1473 D goldfish-address-space: claimShared: Ask to claim region [0x3f90e9000 0x3f98d2000]
01-29 11:22:54.406 142 142 I hwservicemanager: getTransport: Cannot find entry android.hardware.graphics.mapper@4.0::IMapper/default in either framework or device manifest.
01-29 11:22:54.406 478 499 I Gralloc4: mapper 4.x is not supported
01-29 11:22:54.406 478 499 D HostConnection: createUnique: call
01-29 11:22:54.407 478 499 D HostConnection: HostConnection::get() New Host Connection established 0x7e5153e144d0, tid 499
01-29 11:22:54.407 478 499 D goldfish-address-space: allocate: Ask for block of size 0x100
01-29 11:22:54.407 478 499 D goldfish-address-space: allocate: ioctl allocate returned offset 0x3f7ffe000 size 0x2000
01-29 11:22:54.479 2145 2226 D libEGL : loaded /vendor/lib64/egl/libGLESv2_emulation.so
01-29 11:22:54.485 478 499 D HostConnection: HostComposition ext ANDROID_EMU_CHECKSUM_HELPER_v1 ANDROID_EMU_native_sync_v2 ANDROID_EMU_dma_v1 ANDROID_EMU_direct_mem ANDROID_EMU_host_composition_v1 ANDROID_EMU_host_composition_v2 ANDROID_EMU_vulkan ANDROID_EMU_deferred_vulkan_commands ANDROID_EMU_vulkan_null_optional_strings ANDROID_EMU_vulkan_create_resources_with_requirements ANDROID_EMU_YUV_Cache ANDROID_EMU_vulkan_ignored_handles ANDROID_EMU_has_shared_slots_host_memory_allocator ANDROID_EMU_vulkan_free_memory_sync ANDROID_EMU_vulkan_shader_float16_int8 ANDROID_EMU_vulkan_async_queue_submit ANDROID_EMU_sync_buffer_data ANDROID_EMU_vulkan_async_qsri ANDROID_EMU_read_color_buffer_dma GL_OES_EGL_image_external_essl3 GL_OES_vertex_array_object GL_KHR_texture_compression_astc_ldr ANDROID_EMU_host_side_tracing ANDROID_EMU_gles_max_version_3_0
01-29 11:22:54.491 2145 2145 W CustomTabsClient: Unable to find any Custom Tabs packages, you may need to add a element to your manifest. See the docs for CustomTabsClient#getPackageName.
01-29 11:22:54.492 2145 2145 W AppActivity$bindCustomTabsService: CustomTabs: Service NOT supported
01-29 11:22:54.536 478 572 D UntrustedWifiNetworkFactory: got request NetworkRequest [ TRACK_DEFAULT id=20, [ Capabilities: INTERNET&NOT_RESTRICTED&TRUSTED Uid: 10130 AdministratorUids: [] RequestorUid: 10130 RequestorPackageName: tj.maktabmobile.app] ] with score 60 and providerId 3
01-29 11:22:54.536 478 572 D WifiNetworkFactory: got request NetworkRequest [ TRACK_DEFAULT id=20, [ Capabilities: INTERNET&NOT_RESTRICTED&TRUSTED Uid: 10130 AdministratorUids: [] RequestorUid: 10130 RequestorPackageName: tj.maktabmobile.app] ] with score 60 and providerId 3
01-29 11:22:54.537 842 842 D PhoneSwitcherNetworkRequstListener: got request NetworkRequest [ TRACK_DEFAULT id=20, [ Capabilities: INTERNET&NOT_RESTRICTED&TRUSTED Uid: 10130 AdministratorUids: [] RequestorUid: 10130 RequestorPackageName: tj.maktabmobile.app] ] with score 60 and providerId 3
01-29 11:22:54.542 842 842 D Telephony: isEmergencyPreferredAccount: subId=1, activeData=1
01-29 11:22:54.542 842 842 D Telephony: isEmergencyPreferredAccount: Device does not require preference.
01-29 11:22:54.543 638 638 V KeyguardUpdateMonitor: onSubscriptionInfoChanged()
01-29 11:22:54.544 638 638 V KeyguardUpdateMonitor: SubInfo:{id=1 iccId=89014103211118510720 simSlotIndex=0 carrierId=1 displayName=T-Mobile carrierName=T-Mobile nameSource=3 iconTint=-16746133 number=+15555215554 dataRoaming=0 iconBitmap=android.graphics.Bitmap@6ae32ea mcc=310 mnc=260 countryIso=us isEmbedded=false nativeAccessRules=null cardString=89014103211118510720 cardId=-1 isOpportunistic=false groupUUID=null isGroupDisabled=false profileClass=-1 ehplmns=null hplmns=null subscriptionType=0 groupOwner=null carrierConfigAccessRules=null areUiccApplicationsEnabled=true}
01-29 11:22:54.589 2145 2224 D HostConnection: HostConnection::get() New Host Connection established 0x7e5153e10990, tid 2224
01-29 11:22:54.591 2145 2224 D HostConnection: HostComposition ext ANDROID_EMU_CHECKSUM_HELPER_v1 ANDROID_EMU_native_sync_v2 ANDROID_EMU_dma_v1 ANDROID_EMU_direct_mem ANDROID_EMU_host_composition_v1 ANDROID_EMU_host_composition_v2 ANDROID_EMU_vulkan ANDROID_EMU_deferred_vulkan_commands ANDROID_EMU_vulkan_null_optional_strings ANDROID_EMU_vulkan_create_resources_with_requirements ANDROID_EMU_YUV_Cache ANDROID_EMU_vulkan_ignored_handles ANDROID_EMU_has_shared_slots_host_memory_allocator ANDROID_EMU_vulkan_free_memory_sync ANDROID_EMU_vulkan_shader_float16_int8 ANDROID_EMU_vulkan_async_queue_submit ANDROID_EMU_sync_buffer_data ANDROID_EMU_vulkan_async_qsri ANDROID_EMU_read_color_buffer_dma GL_OES_EGL_image_external_essl3 GL_OES_vertex_array_object GL_KHR_texture_compression_astc_ldr ANDROID_EMU_host_side_tracing ANDROID_EMU_gles_max_version_3_0
01-29 11:22:54.592 142 142 I hwservicemanager: getTransport: Cannot find entry android.hardware.configstore@1.0::ISurfaceFlingerConfigs/default in either framework or device manifest.
01-29 11:22:54.593 2145 2224 D EGL_emulation: eglCreateContext: 0x7e5143e42410: maj 3 min 0 rcv 3
01-29 11:22:54.593 2145 2224 D EGL_emulation: eglMakeCurrent: 0x7e5143e42410: ver 3 0 (tinfo 0x7e50e3e6d6b0) (first time)
01-29 11:22:54.605 273 1473 D goldfish-address-space: claimShared: Ask to claim region [0x3f98d2000 0x3fa0bb000]
01-29 11:22:54.606 142 142 I hwservicemanager: getTransport: Cannot find entry android.hardware.graphics.mapper@4.0::IMapper/default in either framework or device manifest.
01-29 11:22:54.606 2145 2224 I Gralloc4: mapper 4.x is not supported
01-29 11:22:54.606 2145 2224 D HostConnection: createUnique: call
01-29 11:22:54.606 2145 2224 D HostConnection: HostConnection::get() New Host Connection established 0x7e5153e14050, tid 2224
01-29 11:22:54.606 2145 2224 D goldfish-address-space: allocate: Ask for block of size 0x100
01-29 11:22:54.606 2145 2224 D goldfish-address-space: allocate: ioctl allocate returned offset 0x3f7ffe000 size 0x2000
01-29 11:22:54.628 2145 2224 D HostConnection: HostComposition ext ANDROID_EMU_CHECKSUM_HELPER_v1 ANDROID_EMU_native_sync_v2 ANDROID_EMU_dma_v1 ANDROID_EMU_direct_mem ANDROID_EMU_host_composition_v1 ANDROID_EMU_host_composition_v2 ANDROID_EMU_vulkan ANDROID_EMU_deferred_vulkan_commands ANDROID_EMU_vulkan_null_optional_strings ANDROID_EMU_vulkan_create_resources_with_requirements ANDROID_EMU_YUV_Cache ANDROID_EMU_vulkan_ignored_handles ANDROID_EMU_has_shared_slots_host_memory_allocator ANDROID_EMU_vulkan_free_memory_sync ANDROID_EMU_vulkan_shader_float16_int8 ANDROID_EMU_vulkan_async_queue_submit ANDROID_EMU_sync_buffer_data ANDROID_EMU_vulkan_async_qsri ANDROID_EMU_read_color_buffer_dma GL_OES_EGL_image_external_essl3 GL_OES_vertex_array_object GL_KHR_texture_compression_astc_ldr ANDROID_EMU_host_side_tracing ANDROID_EMU_gles_max_version_3_0
01-29 11:22:54.630 273 1473 D goldfish-address-space: claimShared: Ask to claim region [0x3fa0bb000 0x3fa8a4000]
01-29 11:22:54.631 273 1473 D goldfish-address-space: claimShared: Ask to claim region [0x3fa8a4000 0x3fb08d000]
01-29 11:22:54.779 478 498 D EventSequenceValidator: dec AccIntentStartedEvents to 1
01-29 11:22:54.792 2145 2145 W aktabmobile.ap: Class androidx.compose.runtime.snapshots.SnapshotStateList failed lock verification and will run slower.
01-29 11:22:54.792 2145 2145 W aktabmobile.ap: Common causes for lock verification issues are non-optimized dex code
01-29 11:22:54.792 2145 2145 W aktabmobile.ap: and incorrect proguard optimizations.
01-29 11:22:54.802 2145 2145 D UstadViewModelFunKt$ustadViewModel$viewModel$invoke: ustadViewModel(): create viewmodel for: com.ustadmobile.core.viewmodel.redirect.RedirectViewModel
01-29 11:22:54.818 295 810 W ServiceManager: Permission failure: android.permission.ACCESS_SURFACE_FLINGER from uid=10130 pid=2145
01-29 11:22:54.818 295 810 D PermissionCache: checking android.permission.ACCESS_SURFACE_FLINGER for uid=10130 => denied (510 us)
01-29 11:22:54.821 2213 2215 I cmd : oneway function results will be dropped but finished with status OK and parcel size 4
01-29 11:22:54.840 478 504 D ArtManagerInternalImpl: /data/misc/iorapd/tj.maktabmobile.app/372/com.ustadmobile.port.android.view.AppActivity/compiled_traces/compiled_trace.pb doesn't exist
01-29 11:22:54.841 478 504 I ActivityTaskManager: Displayed tj.maktabmobile.app/com.ustadmobile.port.android.view.AppActivity: +432ms
01-29 11:22:54.852 2145 2191 D DistCache: Service discovery started
01-29 11:22:54.890 381 938 E IPCThreadState: binder thread pool (1 threads) starved for 111 ms
01-29 11:22:54.908 2021 2041 D Benchmark: Result: Starting: Intent { act=android.intent.action.MAIN cat=[android.intent.category.LAUNCHER] flg=0x10008000 pkg=tj.maktabmobile.app cmp=tj.maktabmobile.app/com.ustadmobile.port.android.view.AppActivity }
01-29 11:22:54.908 2021 2041 D Benchmark: Status: ok
01-29 11:22:54.908 2021 2041 D Benchmark: LaunchState: WARM
01-29 11:22:54.908 2021 2041 D Benchmark: Activity: tj.maktabmobile.app/com.ustadmobile.port.android.view.AppActivity
01-29 11:22:54.908 2021 2041 D Benchmark: TotalTime: 432
01-29 11:22:54.908 2021 2041 D Benchmark: WaitTime: 437
01-29 11:22:54.908 2021 2041 D Benchmark: Complete
01-29 11:22:54.976 2021 2041 I System.out: 0 Flags,IntendedVsync,Vsync,OldestInputEvent,NewestInputEvent,HandleInputStart,AnimationStart,PerformTraversalsStart,DrawStart,SyncQueued,SyncStart,IssueDrawCommandsStart,SwapBuffers,FrameCompleted,DequeueBufferDuration,QueueBufferDuration,GpuCompleted,
01-29 11:22:54.976 2021 2041 I System.out: 1 1,55755957259,55755957259,9223372036854775807,0,55756403587,55756405571,55756405661,55875822513,55880899036,55881671438,55881714298,55966388213,56013373032,44834,658378,12,
01-29 11:22:54.976 2021 2041 I System.out: 2 0,55772633913,56022633903,9223372036854775807,0,56031389899,56031390670,56052373342,56052466006,56053373763,56053454164,56053484110,56054046598,56058231825,28343,212850,32772522036388713,
01-29 11:22:54.976 2021 2041 I System.out: 3 0,56056013780,56056013780,9223372036854775807,0,56066214530,56066215442,56067650289,56067685325,56067809829,56067860765,56070592259,56071047134,56079163280,4228629,216056,0,
01-29 11:22:54.978 2021 2041 D UiDevice: Waiting 10000ms for SearchCondition[hasObject=BySelector [TEXT='\QGet Started\E']].
01-29 11:22:54.978 2021 2041 D UiDevice: Searching for node with selector: BySelector [TEXT='\QGet Started\E'].
01-29 11:22:54.980 2145 2145 D UstadNavControllerPreCompose$onCollectNavCommand: NavCommandEffect: Navigate: Go to addAccountSelectNewOrExisting
01-29 11:22:54.988 2145 2145 D UstadViewModelFunKt$ustadViewModel$viewModel$invoke: ustadViewModel(): create viewmodel for: com.ustadmobile.core.viewmodel.AddAccountSelectNewOrExistingViewModel
01-29 11:22:55.361 2145 2157 I aktabmobile.ap: Background young concurrent copying GC freed 236931(12MB) AllocSpace objects, 32(2360KB) LOS objects, 78% free, 6560KB/30MB, paused 34us total 210.205ms
01-29 11:22:55.554 2145 2191 I DistCache: Registered: name: DCache, type: null, host: null, port: 0, txtRecord:
01-29 11:22:55.675 2021 2041 D UiDevice: Searching for node with selector: BySelector [TEXT='\QGet Started\E'].
01-29 11:22:55.801 2145 2191 D DistCache: Service discovery onServiceFound: name: DCache, type: _dcache._tcp., host: null, port: 0, txtRecord:
01-29 11:22:55.801 2145 2191 D DistCache: Service Found: _dcache._tcp.
01-29 11:22:55.801 2145 2191 D DistCache: Service discovery onServiceFound: name: DCache, type: _dcache._tcp., host: null, port: 0, txtRecord:
01-29 11:22:55.801 2145 2191 D DistCache: Service Found: _dcache._tcp.
01-29 11:22:55.802 2145 2191 E DistCache: Resolve failed: 3
01-29 11:22:55.802 2145 2191 D DistCache: Service discovery onServiceFound: name: DCache, type: _dcache._tcp., host: null, port: 0, txtRecord:
01-29 11:22:55.802 2145 2191 D DistCache: Service Found: _dcache._tcp.
01-29 11:22:55.802 478 579 E NsdServiceInfo: While parsing txt records (pos = 1): Zero sized txt record
01-29 11:22:55.802 255 398 W netd : dnssd_clientstub DNSServiceProcessResult called with NULL DNSServiceRef
01-29 11:22:55.802 2145 2191 E DistCache: Resolve failed: 3
01-29 11:22:55.802 2145 2191 I DistCache: Resolve Succeeded. name: DCache, type: ._dcache._tcp, host: /10.0.2.16, port: 43263, txtRecord:
01-29 11:22:55.803 2145 2169 D DistCache: /10.0.2.16 is local device
01-29 11:22:55.803 255 398 W netd : dnssd_clientstub DNSServiceProcessResult called with NULL DNSServiceRef
01-29 11:22:56.252 2021 2041 D UiDevice: Searching for node with selector: BySelector [TEXT='\QGet Started\E'].
01-29 11:22:56.317 2145 2188 D DistCache: DistributedCacheHashtable(43263 unknown Android SDK built for x86_64): sending pings to 0 nodes
01-29 11:22:56.357 2021 2041 D UiDevice: Searching for node with selector: BySelector [TEXT='\QGet Started\E'].
01-29 11:22:58.149 2021 2041 I chatty : uid=10131(com.ustadmobile.app_android_baselineprofile) roidJUnitRunner identical 17 lines
01-29 11:22:58.253 2021 2041 D UiDevice: Searching for node with selector: BySelector [TEXT='\QGet Started\E'].
01-29 11:22:58.276 350 350 I perfetto: probes_producer.cc:329 Producer stop (id=1)
01-29 11:22:58.278 361 361 I perfetto: ng_service_impl.cc:1948 Tracing session 1 ended, total sessions:1
01-29 11:22:58.357 2021 2041 D UiDevice: Searching for node with selector: BySelector [TEXT='\QGet Started\E'].
01-29 11:22:58.884 2021 2041 I chatty : uid=10131(com.ustadmobile.app_android_baselineprofile) roidJUnitRunner identical 5 lines
01-29 11:22:58.988 2021 2041 D UiDevice: Searching for node with selector: BySelector [TEXT='\QGet Started\E'].
01-29 11:22:59.061 2145 2257 D ProfileInstaller: Skipping profile installation for tj.maktabmobile.app
01-29 11:22:59.092 2021 2041 D UiDevice: Searching for node with selector: BySelector [TEXT='\QGet Started\E'].
01-29 11:22:59.198 2021 2041 I chatty : uid=10131(com.ustadmobile.app_android_baselineprofile) roidJUnitRunner identical 1 line
01-29 11:22:59.303 2021 2041 D UiDevice: Searching for node with selector: BySelector [TEXT='\QGet Started\E'].
01-29 11:22:59.318 2145 2188 D DistCache: DistributedCacheHashtable(43263 unknown Android SDK built for x86_64): sending pings to 0 nodes
01-29 11:22:59.344 350 350 I perfetto: probes_producer.cc:329 Producer stop (id=2)
01-29 11:22:59.345 350 350 I perfetto: ftrace_procfs.cc:183 disabled ftrace
01-29 11:22:59.345 361 361 I perfetto: ng_service_impl.cc:1948 Tracing session 2 ended, total sessions:0
01-29 11:22:59.406 2021 2041 D UiDevice: Searching for node with selector: BySelector [TEXT='\QGet Started\E'].
01-29 11:22:59.820 2021 2041 I chatty : uid=10131(com.ustadmobile.app_android_baselineprofile) roidJUnitRunner identical 4 lines
01-29 11:22:59.924 2021 2041 D UiDevice: Searching for node with selector: BySelector [TEXT='\QGet Started\E'].
01-29 11:23:00.001 638 638 D KeyguardClockSwitch: Updating clock: 1123
01-29 11:23:00.014 638 638 D KeyguardClockSwitch: Updating clock: 1123
01-29 11:23:00.028 2021 2041 D UiDevice: Searching for node with selector: BySelector [TEXT='\QGet Started\E'].
01-29 11:23:02.128 2021 2041 I chatty : uid=10131(com.ustadmobile.app_android_baselineprofile) roidJUnitRunner identical 14 lines
01-29 11:23:02.231 2021 2041 D UiDevice: Searching for node with selector: BySelector [TEXT='\QGet Started\E'].
