01-29 11:23:02.319 2145 2188 D DistCache: DistributedCacheHashtable(43263 unknown Android SDK built for x86_64): sending pings to 0 nodes
01-29 11:23:02.334 2021 2041 D UiDevice: Searching for node with selector: BySelector [TEXT='\QGet Started\E'].
01-29 11:23:03.062 2021 2041 I chatty : uid=10131(com.ustadmobile.app_android_baselineprofile) roidJUnitRunner identical 7 lines
01-29 11:23:03.166 2021 2041 D UiDevice: Searching for node with selector: BySelector [TEXT='\QGet Started\E'].
01-29 11:23:03.247 619 619 V AvrcpMediaPlayerList: mPackageChangedBroadcastReceiver: action: android.intent.action.PACKAGE_CHANGED
01-29 11:23:03.247 619 619 D AvrcpMediaPlayerList: Name of package changed: tj.maktabmobile.app
01-29 11:23:03.253 478 554 I InputReader: Reconfiguring input devices, changes=KEYBOARD_LAYOUTS |
01-29 11:23:03.257 842 842 D CarrierSvcBindHelper: No carrier app for: 0
01-29 11:23:03.262 1725 2255 I PermissionControllerServiceImpl: Updating user sensitive for uid 10130
01-29 11:23:03.270 2021 2041 D UiDevice: Searching for node with selector: BySelector [TEXT='\QGet Started\E'].
01-29 11:23:04.935 2021 2041 I chatty : uid=10131(com.ustadmobile.app_android_baselineprofile) roidJUnitRunner identical 16 lines
01-29 11:23:05.038 2021 2041 D UiDevice: Searching for node with selector: BySelector [TEXT='\QGet Started\E'].
01-29 11:23:05.320 2145 2188 D DistCache: DistributedCacheHashtable(43263 unknown Android SDK built for x86_64): sending pings to 0 nodes
01-29 11:23:05.581 478 572 E WifiHealthMonitor: Hit PackageManager exception
01-29 11:23:05.581 478 572 E WifiHealthMonitor: android.content.pm.PackageManager$NameNotFoundException: com.google.android.wifi
01-29 11:23:05.581 478 572 E WifiHealthMonitor: at android.app.ApplicationPackageManager.getPackageInfoAsUser(ApplicationPackageManager.java:206)
01-29 11:23:05.581 478 572 E WifiHealthMonitor: at android.app.ApplicationPackageManager.getPackageInfo(ApplicationPackageManager.java:178)
01-29 11:23:05.581 478 572 E WifiHealthMonitor: at com.android.server.wifi.WifiHealthMonitor.extractCurrentSoftwareBuildInfo(WifiHealthMonitor.java:545)
01-29 11:23:05.581 478 572 E WifiHealthMonitor: at com.android.server.wifi.WifiHealthMonitor.postBootSwBuildCheck(WifiHealthMonitor.java:477)
01-29 11:23:05.581 478 572 E WifiHealthMonitor: at com.android.server.wifi.WifiHealthMonitor.postBootDetectionHandler(WifiHealthMonitor.java:468)
01-29 11:23:05.581 478 572 E WifiHealthMonitor: at com.android.server.wifi.WifiHealthMonitor.access$200(WifiHealthMonitor.java:70)
01-29 11:23:05.581 478 572 E WifiHealthMonitor: at com.android.server.wifi.WifiHealthMonitor$2.onAlarm(WifiHealthMonitor.java:163)
01-29 11:23:05.581 478 572 E WifiHealthMonitor: at android.app.AlarmManager$ListenerWrapper.run(AlarmManager.java:239)
01-29 11:23:05.581 478 572 E WifiHealthMonitor: at android.os.Handler.handleCallback(Handler.java:938)
01-29 11:23:05.581 478 572 E WifiHealthMonitor: at android.os.Handler.dispatchMessage(Handler.java:99)
01-29 11:23:05.581 478 572 E WifiHealthMonitor: at android.os.Looper.loop(Looper.java:223)
01-29 11:23:05.581 478 572 E WifiHealthMonitor: at android.os.HandlerThread.run(HandlerThread.java:67)
01-29 11:23:05.622 478 941 D WifiNl80211Manager: Scan result ready event
01-29 11:23:05.622 478 941 D WifiNative: Scan result ready event
01-29 11:23:06.044 2021 2041 D UiDevice: Retrieving node with selector: BySelector [TEXT='\QGet Started\E'].
01-29 11:23:06.048 2021 2041 D UiDevice: Node not found with selector: BySelector [TEXT='\QGet Started\E'].
01-29 11:23:08.321 2145 2188 D DistCache: DistributedCacheHashtable(43263 unknown Android SDK built for x86_64): sending pings to 0 nodes
01-29 11:23:11.049 2021 2041 D Benchmark: Profile Installer - Save Profile
01-29 11:23:11.057 2145 2145 I Process : Sending signal. PID: 2145 SIG: 10
01-29 11:23:11.057 2145 2145 D ProfileInstaller:
01-29 11:23:11.057 2145 2153 I aktabmobile.ap: Thread[4,tid=2153,WaitingInMainSignalCatcherLoop,Thread*=0x7e5233e1f380,peer=0x141c0bb8,"Signal Catcher"]: reacting to signal 10
01-29 11:23:11.057 2145 2153 I aktabmobile.ap:
01-29 11:23:11.057 2145 2153 I aktabmobile.ap: SIGUSR1 forcing GC (no HPROF) and profile save
01-29 11:23:11.072 2145 2153 I aktabmobile.ap: Explicit concurrent copying GC freed 54659(2154KB) AllocSpace objects, 3(204KB) LOS objects, 49% free, 6316KB/12MB, paused 9us total 14.878ms
01-29 11:23:11.322 2145 2188 D DistCache: DistributedCacheHashtable(43263 unknown Android SDK built for x86_64): sending pings to 0 nodes
01-29 11:23:11.579 2021 2041 D Benchmark: Killing process tj.maktabmobile.app
01-29 11:23:11.579 2021 2041 D UiDevice: Executing shell command: killall tj.maktabmobile.app
01-29 11:23:11.609 478 941 I PackageDexOptimizer: Running dexopt (dexoptNeeded=-3) on: /data/app/~~udvmEuEJhL3rR0pnxkb45Q==/tj.maktabmobile.app-qWZ3Bw-qpBT7rr6Ga6g6aQ==/base.apk pkg=tj.maktabmobile.app isa=x86_64 dexoptFlags=boot_complete,profile_guided,force,enable_hidden_api_checks targetFilter=speed-profile oatDir=/data/app/~~udvmEuEJhL3rR0pnxkb45Q==/tj.maktabmobile.app-qWZ3Bw-qpBT7rr6Ga6g6aQ==/oat classLoaderContext=PCL[]{PCL[/system_ext/framework/androidx.window.sidecar.jar]}
01-29 11:23:11.610 380 380 V installd: DexInv: --- BEGIN '/data/app/~~udvmEuEJhL3rR0pnxkb45Q==/tj.maktabmobile.app-qWZ3Bw-qpBT7rr6Ga6g6aQ==/base.apk' ---
01-29 11:23:11.617 2276 2276 W dex2oat32: Unexpected CPU variant for X86 using defaults: x86_64
01-29 11:23:11.718 2276 2276 I dex2oat32: /apex/com.android.art/bin/dex2oat32 --input-vdex-fd=9 --output-vdex-fd=10 --updatable-bcp-packages-file=/system/etc/updatable-bcp-packages.txt --resolve-startup-const-strings=true --max-image-block-size=524288 --compiler-filter=speed-profile --profile-file-fd=12 --classpath-dir=/data/app/~~udvmEuEJhL3rR0pnxkb45Q==/tj.maktabmobile.app-qWZ3Bw-qpBT7rr6Ga6g6aQ== --class-loader-context=PCL[]{PCL[/system_ext/framework/androidx.window.sidecar.jar]} --generate-mini-debug-info --compilation-reason=unknown
01-29 11:23:11.718 2276 2276 I dex2oat32: setting boot class path to /apex/com.android.art/javalib/core-oj.jar:/apex/com.android.art/javalib/core-libart.jar:/apex/com.android.art/javalib/core-icu4j.jar:/apex/com.android.art/javalib/okhttp.jar:/apex/com.android.art/javalib/bouncycastle.jar:/apex/com.android.art/javalib/apache-xml.jar:/system/framework/framework.jar:/system/framework/ext.jar:/system/framework/telephony-common.jar:/system/framework/voip-common.jar:/system/framework/ims-common.jar:/system/framework/framework-atb-backward-compatibility.jar
01-29 11:23:13.045 445 445 E netmgr : qemu_pipe_open_ns:62: Could not connect to the 'pipe:qemud:network' service: Invalid argument
01-29 11:23:13.045 445 445 E netmgr : Failed to open QEMU pipe 'qemud:network': Invalid argument
01-29 11:23:13.137 447 447 E wifi_forwarder: qemu_pipe_open_ns:62: Could not connect to the 'pipe:qemud:wififorward' service: Invalid argument
01-29 11:23:13.138 447 447 E wifi_forwarder: RemoteConnection failed to initialize: RemoteConnection failed to open pipe
01-29 11:23:14.323 2145 2188 D DistCache: DistributedCacheHashtable(43263 unknown Android SDK built for x86_64): sending pings to 0 nodes
01-29 11:23:16.161 2276 2276 W dex2oat32: Could not reserve sentinel fault page
01-29 11:23:16.807 2276 2278 W dex2oat32: Class androidx.compose.runtime.snapshots.SnapshotStateMap failed lock verification and will run slower.
01-29 11:23:16.807 2276 2278 W dex2oat32: Common causes for lock verification issues are non-optimized dex code
01-29 11:23:16.807 2276 2278 W dex2oat32: and incorrect proguard optimizations.
01-29 11:23:16.807 2276 2276 W dex2oat32: Class androidx.compose.runtime.snapshots.SnapshotStateList failed lock verification and will run slower.
01-29 11:23:16.869 2276 2276 W dex2oat32: Accessing hidden method Landroid/graphics/Canvas;->drawPatch(Landroid/graphics/NinePatch;Landroid/graphics/Rect;Landroid/graphics/Paint;)V (greylist-max-o, linking, denied)
01-29 11:23:16.869 2276 2276 W dex2oat32: Accessing hidden method Landroid/graphics/Canvas;->drawPatch(Landroid/graphics/NinePatch;Landroid/graphics/RectF;Landroid/graphics/Paint;)V (greylist-max-o, linking, denied)
01-29 11:23:16.874 2276 2276 W dex2oat32: Accessing hidden method Landroid/graphics/Bitmap;->getHardwareBuffer()Landroid/hardware/HardwareBuffer; (blacklist, linking, denied)
01-29 11:23:17.013 2276 2276 W dex2oat32: Accessing hidden method Landroid/app/job/JobParameters;->getStopReason()I (greylist-max-o, linking, denied)
01-29 11:23:17.323 2145 2188 D DistCache: DistributedCacheHashtable(43263 unknown Android SDK built for x86_64): sending pings to 0 nodes
01-29 11:23:18.314 256 256 I Zygote : Process 1600 exited due to signal 9 (Killed)
01-29 11:23:18.355 478 507 I libprocessgroup: Successfully killed process cgroup uid 10073 pid 1600 in 45ms
01-29 11:23:18.828 2276 2276 I dex2oat32: Explicit concurrent copying GC freed 275909(40MB) AllocSpace objects, 0(0B) LOS objects, 49% free, 2264KB/4528KB, paused 21us total 9.144ms
01-29 11:23:18.854 2276 2276 W dex2oat32: Accessing hidden field Ljava/nio/file/FileSystemException;->file:Ljava/lang/String; (greylist-max-o, linking, denied)
01-29 11:23:18.854 2276 2276 W dex2oat32: Accessing hidden field Ljava/nio/file/FileSystemException;->other:Ljava/lang/String; (greylist-max-o, linking, denied)
01-29 11:23:18.854 2276 2276 W dex2oat32: Accessing hidden field Ljava/nio/file/InvalidPathException;->index:I (greylist-max-o, linking, denied)
01-29 11:23:18.854 2276 2276 W dex2oat32: Accessing hidden field Ljava/nio/file/InvalidPathException;->input:Ljava/lang/String; (greylist-max-o, linking, denied)
01-29 11:23:18.855 2276 2276 W dex2oat32: Accessing hidden method Landroid/graphics/Bitmap;->getHardwareBuffer()Landroid/hardware/HardwareBuffer; (blacklist, linking, denied)
01-29 11:23:18.855 2276 2276 W dex2oat32: Accessing hidden method Landroid/graphics/Canvas;->drawPatch(Landroid/graphics/NinePatch;Landroid/graphics/Rect;Landroid/graphics/Paint;)V (greylist-max-o, linking, denied)
01-29 11:23:18.855 2276 2276 W dex2oat32: Accessing hidden method Landroid/graphics/Canvas;->drawPatch(Landroid/graphics/NinePatch;Landroid/graphics/RectF;Landroid/graphics/Paint;)V (greylist-max-o, linking, denied)
01-29 11:23:18.867 2276 2276 W dex2oat32: Accessing hidden method Landroid/app/job/JobParameters;->getStopReason()I (greylist-max-o, linking, denied)
01-29 11:23:19.910 2276 2276 I dex2oat32: dex2oat took 8.293s (10.131s cpu) (threads: 2) arena alloc=4015KB (4112144B) java alloc=2280KB (2335144B) native alloc=81MB (85726288B) free=83MB (87480032B)
01-29 11:23:19.926 380 380 V installd: DexInv: --- END '/data/app/~~udvmEuEJhL3rR0pnxkb45Q==/tj.maktabmobile.app-qWZ3Bw-qpBT7rr6Ga6g6aQ==/base.apk' (success) ---
01-29 11:23:19.927 2272 2274 I cmd : oneway function results will be dropped but finished with status OK and parcel size 4
01-29 11:23:19.938 2021 2041 D Benchmark: Reference profile location: /data/misc/profiles/ref/tj.maktabmobile.app/primary.prof
01-29 11:23:19.957 2292 2294 I cmd : oneway function results will be dropped but finished with status OK and parcel size 4
01-29 11:23:19.968 2021 2041 D Benchmark: APK Path: /data/app/~~udvmEuEJhL3rR0pnxkb45Q==/tj.maktabmobile.app-qWZ3Bw-qpBT7rr6Ga6g6aQ==/base.apk
01-29 11:23:19.968 2021 2041 D Benchmark: Converting to human readable profile format
01-29 11:23:19.968 2021 2041 D Benchmark: Using profile location: /data/misc/profiles/ref/tj.maktabmobile.app/primary.prof
01-29 11:23:20.258 2307 2307 W profman : profman took 278.727ms
01-29 11:23:20.290 2021 2041 D Benchmark: Using profile location: /data/misc/profiles/cur/0/tj.maktabmobile.app/primary.prof
01-29 11:23:20.324 2145 2188 D DistCache: DistributedCacheHashtable(43263 unknown Android SDK built for x86_64): sending pings to 0 nodes
01-29 11:23:20.525 2318 2318 W profman : profman took 216.124ms
01-29 11:23:20.887 2021 2041 D Benchmark: Killing package tj.maktabmobile.app
01-29 11:23:20.887 2021 2041 D Benchmark: Killing process tj.maktabmobile.app
01-29 11:23:20.887 2021 2041 D UiDevice: Executing shell command: killall tj.maktabmobile.app
01-29 11:23:20.896 2021 2041 D Benchmark: Compile iteration (2) for tj.maktabmobile.app
01-29 11:23:20.896 2021 2041 D UiDevice: Pressing home button.
01-29 11:23:20.915 638 638 V ShadeControllerImpl: NotificationShadeWindow: com.android.systemui.statusbar.phone.NotificationShadeWindowView{90561f7 I.E...... ......ID 0,0-1080,1920} canPanelBeCollapsed(): false
01-29 11:23:20.915 478 498 D EventSequenceValidator: inc AccIntentStartedEvents to 2
01-29 11:23:20.916 478 496 W InputReader: Device virtio_input_multi_touch_10 is associated with display ADISPLAY_ID_NONE.
01-29 11:23:20.916 478 496 W InputReader: Device virtio_input_multi_touch_7 is associated with display ADISPLAY_ID_NONE.
01-29 11:23:20.916 478 496 W InputReader: Device virtio_input_multi_touch_11 is associated with display ADISPLAY_ID_NONE.
01-29 11:23:20.916 478 496 W InputReader: Device virtio_input_multi_touch_5 is associated with display ADISPLAY_ID_NONE.
01-29 11:23:20.916 478 496 W InputReader: Device virtio_input_multi_touch_2 is associated with display ADISPLAY_ID_NONE.
01-29 11:23:20.916 478 496 W InputReader: Device virtio_input_multi_touch_6 is associated with display ADISPLAY_ID_NONE.
01-29 11:23:20.916 478 496 W InputReader: Device virtio_input_multi_touch_8 is associated with display ADISPLAY_ID_NONE.
01-29 11:23:20.916 478 496 W InputReader: Device virtio_input_multi_touch_9 is associated with display ADISPLAY_ID_NONE.
01-29 11:23:20.916 478 496 W InputReader: Device virtio_input_multi_touch_3 is associated with display ADISPLAY_ID_NONE.
01-29 11:23:20.916 478 496 W InputReader: Device virtio_input_multi_touch_4 is associated with display ADISPLAY_ID_NONE.
01-29 11:23:20.916 478 496 W InputReader: Device virtio_input_multi_touch_10 is associated with display ADISPLAY_ID_NONE.
01-29 11:23:20.916 478 496 W InputReader: Device virtio_input_multi_touch_7 is associated with display ADISPLAY_ID_NONE.
01-29 11:23:20.916 478 496 W InputReader: Device virtio_input_multi_touch_11 is associated with display ADISPLAY_ID_NONE.
01-29 11:23:20.916 478 496 W InputReader: Device virtio_input_multi_touch_5 is associated with display ADISPLAY_ID_NONE.
01-29 11:23:20.916 478 496 W InputReader: Device virtio_input_multi_touch_2 is associated with display ADISPLAY_ID_NONE.
01-29 11:23:20.916 478 496 W InputReader: Device virtio_input_multi_touch_6 is associated with display ADISPLAY_ID_NONE.
01-29 11:23:20.916 478 496 W InputReader: Device virtio_input_multi_touch_8 is associated with display ADISPLAY_ID_NONE.
01-29 11:23:20.916 478 496 W InputReader: Device virtio_input_multi_touch_9 is associated with display ADISPLAY_ID_NONE.
01-29 11:23:20.916 478 496 W InputReader: Device virtio_input_multi_touch_3 is associated with display ADISPLAY_ID_NONE.
01-29 11:23:20.916 478 496 W InputReader: Device virtio_input_multi_touch_4 is associated with display ADISPLAY_ID_NONE.
01-29 11:23:20.921 361 361 I perfetto: ing_service_impl.cc:758 Configured tracing session 3, #sources:1, duration:5000 ms, #buffers:1, total buffer size:4096 KB, total sessions:1, uid:1071 session name: ""
01-29 11:23:20.921 350 350 I perfetto: probes_producer.cc:230 Ftrace setup (target_buf=3)
01-29 11:23:20.925 842 854 I m.android.phon: JIT allocated 75KB for compiled code of boolean com.android.internal.telephony.ITelephony$Stub.onTransact(int, android.os.Parcel, android.os.Parcel, int)
01-29 11:23:20.925 842 854 I m.android.phon: Compiler allocated 4900KB to compile boolean com.android.internal.telephony.ITelephony$Stub.onTransact(int, android.os.Parcel, android.os.Parcel, int)
01-29 11:23:20.930 987 987 D TaplTarget: Launcher.onNewIntent: Intent { act=android.intent.action.MAIN cat=[android.intent.category.HOME] flg=0x10400100 cmp=com.android.launcher3/.uioverrides.QuickstepLauncher (has extras) }
01-29 11:23:20.941 350 350 I perfetto: ftrace_procfs.cc:176 enabled ftrace
01-29 11:23:20.943 638 638 V ShadeControllerImpl: NotificationShadeWindow: com.android.systemui.statusbar.phone.NotificationShadeWindowView{90561f7 I.E...... ......ID 0,0-1080,1920} canPanelBeCollapsed(): false
01-29 11:23:20.948 273 1473 D goldfish-address-space: claimShared: Ask to claim region [0x3f90e9000 0x3f98d2000]
01-29 11:23:20.950 273 1473 D goldfish-address-space: claimShared: Ask to claim region [0x3fb08d000 0x3fb876000]
01-29 11:23:20.950 273 1473 D goldfish-address-space: claimShared: Ask to claim region [0x3f8000000 0x3f87e9000]
01-29 11:23:20.961 295 338 D PermissionCache: checking android.permission.READ_FRAME_BUFFER for uid=1000 => granted (35 us)
01-29 11:23:20.961 273 1473 D goldfish-address-space: claimShared: Ask to claim region [0x3f87e9000 0x3f8fd2000]
01-29 11:23:21.050 478 504 D ArtManagerInternalImpl: /data/misc/iorapd/com.android.launcher3/30/com.android.launcher3.uioverrides.QuickstepLauncher/compiled_traces/compiled_trace.pb doesn't exist
01-29 11:23:21.052 478 498 D EventSequenceValidator: dec AccIntentStartedEvents to 1
01-29 11:23:21.733 255 398 W netd : dnssd_clientstub DNSServiceProcessResult called with NULL DNSServiceRef
01-29 11:23:21.733 2145 2191 I DistCache: Discovery stopped: _dcache._tcp
01-29 11:23:21.755 478 2340 D libEGL : loaded /vendor/lib64/egl/libEGL_emulation.so
01-29 11:23:21.755 478 2340 D libEGL : loaded /vendor/lib64/egl/libGLESv1_CM_emulation.so
01-29 11:23:21.756 478 2340 D libEGL : loaded /vendor/lib64/egl/libGLESv2_emulation.so
01-29 11:23:21.767 478 2340 D HostConnection: HostConnection::get() New Host Connection established 0x7e5153e19690, tid 2340
01-29 11:23:21.770 478 2340 D HostConnection: HostComposition ext ANDROID_EMU_CHECKSUM_HELPER_v1 ANDROID_EMU_native_sync_v2 ANDROID_EMU_dma_v1 ANDROID_EMU_direct_mem ANDROID_EMU_host_composition_v1 ANDROID_EMU_host_composition_v2 ANDROID_EMU_vulkan ANDROID_EMU_deferred_vulkan_commands ANDROID_EMU_vulkan_null_optional_strings ANDROID_EMU_vulkan_create_resources_with_requirements ANDROID_EMU_YUV_Cache ANDROID_EMU_vulkan_ignored_handles ANDROID_EMU_has_shared_slots_host_memory_allocator ANDROID_EMU_vulkan_free_memory_sync ANDROID_EMU_vulkan_shader_float16_int8 ANDROID_EMU_vulkan_async_queue_submit ANDROID_EMU_sync_buffer_data ANDROID_EMU_vulkan_async_qsri ANDROID_EMU_read_color_buffer_dma GL_OES_EGL_image_external_essl3 GL_OES_vertex_array_object GL_KHR_texture_compression_astc_ldr ANDROID_EMU_host_side_tracing ANDROID_EMU_gles_max_version_3_0
01-29 11:23:21.771 142 142 I hwservicemanager: getTransport: Cannot find entry android.hardware.configstore@1.0::ISurfaceFlingerConfigs/default in either framework or device manifest.
01-29 11:23:21.772 478 2340 D EGL_emulation: eglCreateContext: 0x7e5143e92a60: maj 3 min 0 rcv 3
01-29 11:23:21.773 478 2340 D EGL_emulation: eglMakeCurrent: 0x7e5143e92a60: ver 3 0 (tinfo 0x7e50e3ee3700) (first time)
01-29 11:23:21.791 2021 2041 I System.out: 0 Flags,IntendedVsync,Vsync,OldestInputEvent,NewestInputEvent,HandleInputStart,AnimationStart,PerformTraversalsStart,DrawStart,SyncQueued,SyncStart,IssueDrawCommandsStart,SwapBuffers,FrameCompleted,DequeueBufferDuration,QueueBufferDuration,GpuCompleted,
01-29 11:23:21.791 2021 2041 I System.out: 1 1,55755957259,55755957259,9223372036854775807,0,55756403587,55756405571,55756405661,55875822513,55880899036,55881671438,55881714298,55966388213,56013373032,44834,658378,56003717322,
01-29 11:23:21.791 2021 2041 I System.out: 2 0,55772633913,56022633903,9223372036854775807,0,56031389899,56031390670,56052373342,56052466006,56053373763,56053454164,56053484110,56054046598,56058231825,28343,212850,56068412442,
01-29 11:23:21.791 2021 2041 I System.out: 3 0,56056013780,56056013780,9223372036854775807,0,56066214530,56066215442,56067650289,56067685325,56067809829,56067860765,56070592259,56071047134,56079163280,4228629,216056,56079255894,
01-29 11:23:21.791 2021 2041 I System.out: 4 0,56222757758,56222757758,9223372036854775807,0,56227155266,56227156458,56284576733,56284618001,56313666775,56313775780,56313815505,56314398721,56315419870,27863,185188,56322894591,
01-29 11:23:21.791 2021 2041 I System.out: 5 0,56289462624,56306129290,9223372036854775807,0,56318393931,56318395173,56343634106,56343686835,56348000373,56348111071,56348167978,56348703044,56351099449,37140,1390925,56351016262,
01-29 11:23:21.791 2021 2041 I System.out: 6 0,56322811278,56339477944,9223372036854775807,0,56349872502,56349873294,56351279197,56351319472,56353636808,56353713262,56353776721,56724685542,56756429603,44364,2287279,56756340345,
01-29 11:23:21.791 2021 2041 I System.out: 7 0,56356151748,56356151748,9223372036854775807,0,56356289224,56356290567,56363720282,56363772240,56366114904,56756541052,56767682164,56768414281,56770282522,35387,199004,56770218833,
01-29 11:23:21.791 2021 2041 I System.out: 8 0,56372825306,56756158624,9223372036854775807,0,56761609079,56761609610,56765287794,56765333219,56768179229,56770330292,56770385576,56771256894,56784546335,1770357,4508855,56782726113,
01-29 11:23:21.791 2021 2041 I System.out: 9 0,56772876266,56772876266,9223372036854775807,0,56789259354,56789260225,56798290470,56800370400,56800527485,56800616763,56800664462,56801686413,56803773927,24065,151114,56806356772,
01-29 11:23:21.791 2021 2041 I System.out: 10 0,56789549071,56789549071,9223372036854775807,0,56804543123,56804543825,56806253629,56806474975,56808796939,56808896737,56808940319,56811585221,56812812738,22863,121398,-2785489875739983313,
01-29 11:23:21.791 2021 2041 I System.out: 11 0,56806221715,56806221715,9223372036854775807,0,56813477888,56813478329,56817318648,56817358383,56820108733,56820180427,56820223047,56821638067,56826610133,3224531,350669,249661751296,
01-29 11:23:21.791 2021 2041 I System.out: 12 0,56822894264,56822894264,9223372036854775807,0,56823924365,56823924796,56825267049,56825333073,56827005607,56827077221,56827122727,56829748693,56844647529,12197649,187453,-4735894424392593330,
01-29 11:23:21.791 2021 2041 I System.out: 13 8,56839566686,56839566686,9223372036854775807,0,56839938577,56839939609,56839939810,56839979795,56839991988,56844746455,-8799752571548145091,-4945710563804435933,-6611461652565496694,4025745753561183701,3958759373739050422,4387352124249903819,
01-29 11:23:21.791 2021 2041 D Benchmark: Starting activity with command: am start -W "intent:#Intent;action=android.intent.action.MAIN;category=android.intent.category.LAUNCHER;launchFlags=0x10008000;package=tj.maktabmobile.app;component=tj.maktabmobile.app/com.ustadmobile.port.android.view.AppActivity;end"
01-29 11:23:21.811 478 498 D EventSequenceValidator: inc AccIntentStartedEvents to 2
01-29 11:23:21.814 255 398 W netd : dnssd_clientstub DNSServiceProcessResult called with NULL DNSServiceRef
01-29 11:23:21.814 2145 2191 I DistCache: Unregistered: name: DCache, type: _dcache._tcp, host: null, port: 43263, txtRecord:
01-29 11:23:21.815 478 1102 W InputReader: Device virtio_input_multi_touch_10 is associated with display ADISPLAY_ID_NONE.
01-29 11:23:21.815 478 1102 W InputReader: Device virtio_input_multi_touch_7 is associated with display ADISPLAY_ID_NONE.
01-29 11:23:21.815 478 1102 W InputReader: Device virtio_input_multi_touch_11 is associated with display ADISPLAY_ID_NONE.
01-29 11:23:21.815 478 1102 W InputReader: Device virtio_input_multi_touch_5 is associated with display ADISPLAY_ID_NONE.
01-29 11:23:21.815 478 1102 W InputReader: Device virtio_input_multi_touch_2 is associated with display ADISPLAY_ID_NONE.
01-29 11:23:21.815 478 1102 W InputReader: Device virtio_input_multi_touch_6 is associated with display ADISPLAY_ID_NONE.
01-29 11:23:21.815 478 1102 W InputReader: Device virtio_input_multi_touch_8 is associated with display ADISPLAY_ID_NONE.
01-29 11:23:21.815 478 1102 W InputReader: Device virtio_input_multi_touch_9 is associated with display ADISPLAY_ID_NONE.
01-29 11:23:21.815 478 1102 W InputReader: Device virtio_input_multi_touch_3 is associated with display ADISPLAY_ID_NONE.
01-29 11:23:21.815 478 1102 W InputReader: Device virtio_input_multi_touch_4 is associated with display ADISPLAY_ID_NONE.
01-29 11:23:21.815 478 1102 W InputReader: Device virtio_input_multi_touch_10 is associated with display ADISPLAY_ID_NONE.
01-29 11:23:21.815 478 1102 W InputReader: Device virtio_input_multi_touch_7 is associated with display ADISPLAY_ID_NONE.
01-29 11:23:21.815 478 1102 W InputReader: Device virtio_input_multi_touch_11 is associated with display ADISPLAY_ID_NONE.
01-29 11:23:21.815 478 1102 W InputReader: Device virtio_input_multi_touch_5 is associated with display ADISPLAY_ID_NONE.
01-29 11:23:21.815 478 1102 W InputReader: Device virtio_input_multi_touch_2 is associated with display ADISPLAY_ID_NONE.
01-29 11:23:21.815 478 1102 W InputReader: Device virtio_input_multi_touch_6 is associated with display ADISPLAY_ID_NONE.
01-29 11:23:21.815 478 1102 W InputReader: Device virtio_input_multi_touch_8 is associated with display ADISPLAY_ID_NONE.
01-29 11:23:21.815 478 1102 W InputReader: Device virtio_input_multi_touch_9 is associated with display ADISPLAY_ID_NONE.
01-29 11:23:21.815 478 1102 W InputReader: Device virtio_input_multi_touch_3 is associated with display ADISPLAY_ID_NONE.
01-29 11:23:21.815 478 1102 W InputReader: Device virtio_input_multi_touch_4 is associated with display ADISPLAY_ID_NONE.
01-29 11:23:21.822 2145 2145 D AppActivity$onDestroy: AppActivity#onDestroy
01-29 11:23:21.835 273 1473 D goldfish-address-space: claimShared: Ask to claim region [0x3f98d2000 0x3fa0bb000]
01-29 11:23:21.852 2145 2145 W CustomTabsClient: Unable to find any Custom Tabs packages, you may need to add a element to your manifest. See the docs for CustomTabsClient#getPackageName.
01-29 11:23:21.852 2145 2145 W AppActivity$bindCustomTabsService: CustomTabs: Service NOT supported
01-29 11:23:21.860 478 572 D UntrustedWifiNetworkFactory: got request NetworkRequest [ TRACK_DEFAULT id=21, [ Capabilities: INTERNET&NOT_RESTRICTED&TRUSTED Uid: 10130 AdministratorUids: [] RequestorUid: 10130 RequestorPackageName: tj.maktabmobile.app] ] with score 60 and providerId 3
01-29 11:23:21.860 478 572 D WifiNetworkFactory: got request NetworkRequest [ TRACK_DEFAULT id=21, [ Capabilities: INTERNET&NOT_RESTRICTED&TRUSTED Uid: 10130 AdministratorUids: [] RequestorUid: 10130 RequestorPackageName: tj.maktabmobile.app] ] with score 60 and providerId 3
01-29 11:23:21.860 842 842 D PhoneSwitcherNetworkRequstListener: got request NetworkRequest [ TRACK_DEFAULT id=21, [ Capabilities: INTERNET&NOT_RESTRICTED&TRUSTED Uid: 10130 AdministratorUids: [] RequestorUid: 10130 RequestorPackageName: tj.maktabmobile.app] ] with score 60 and providerId 3
01-29 11:23:21.867 638 638 V KeyguardUpdateMonitor: onSubscriptionInfoChanged()
01-29 11:23:21.867 638 638 V KeyguardUpdateMonitor: SubInfo:{id=1 iccId=89014103211118510720 simSlotIndex=0 carrierId=1 displayName=T-Mobile carrierName=T-Mobile nameSource=3 iconTint=-16746133 number=+15555215554 dataRoaming=0 iconBitmap=android.graphics.Bitmap@e0ab1bb mcc=310 mnc=260 countryIso=us isEmbedded=false nativeAccessRules=null cardString=89014103211118510720 cardId=-1 isOpportunistic=false groupUUID=null isGroupDisabled=false profileClass=-1 ehplmns=null hplmns=null subscriptionType=0 groupOwner=null carrierConfigAccessRules=null areUiccApplicationsEnabled=true}
01-29 11:23:21.869 842 842 D Telephony: isEmergencyPreferredAccount: subId=1, activeData=1
01-29 11:23:21.869 842 842 D Telephony: isEmergencyPreferredAccount: Device does not require preference.
01-29 11:23:21.887 273 1473 D goldfish-address-space: claimShared: Ask to claim region [0x3fa0bb000 0x3fa8a4000]
01-29 11:23:21.888 273 1473 D goldfish-address-space: claimShared: Ask to claim region [0x3fa8a4000 0x3fb08d000]
01-29 11:23:21.892 273 1473 D goldfish-address-space: claimShared: Ask to claim region [0x3ff274000 0x3ffa5d000]
01-29 11:23:21.906 2359 2361 I cmd : oneway function results will be dropped but finished with status OK and parcel size 4
01-29 11:23:21.906 478 504 D ArtManagerInternalImpl: /data/misc/iorapd/tj.maktabmobile.app/372/com.ustadmobile.port.android.view.AppActivity/compiled_traces/compiled_trace.pb doesn't exist
01-29 11:23:21.907 478 498 D EventSequenceValidator: dec AccIntentStartedEvents to 1
01-29 11:23:21.910 2145 2145 D UstadViewModelFunKt$ustadViewModel$viewModel$invoke: ustadViewModel(): create viewmodel for: com.ustadmobile.core.viewmodel.redirect.RedirectViewModel
01-29 11:23:21.925 2145 2191 D DistCache: Service discovery started
01-29 11:23:21.928 478 504 I ActivityTaskManager: Displayed tj.maktabmobile.app/com.ustadmobile.port.android.view.AppActivity: +94ms
01-29 11:23:21.929 2145 2145 D UstadNavControllerPreCompose$onCollectNavCommand: NavCommandEffect: Navigate: Go to addAccountSelectNewOrExisting
01-29 11:23:21.938 2145 2145 D UstadViewModelFunKt$ustadViewModel$viewModel$invoke: ustadViewModel(): create viewmodel for: com.ustadmobile.core.viewmodel.AddAccountSelectNewOrExistingViewModel
01-29 11:23:21.969 2021 2041 D Benchmark: Result: Starting: Intent { act=android.intent.action.MAIN cat=[android.intent.category.LAUNCHER] flg=0x10008000 pkg=tj.maktabmobile.app cmp=tj.maktabmobile.app/com.ustadmobile.port.android.view.AppActivity }
01-29 11:23:21.969 2021 2041 D Benchmark: Status: ok
01-29 11:23:21.969 2021 2041 D Benchmark: LaunchState: WARM
01-29 11:23:21.969 2021 2041 D Benchmark: Activity: tj.maktabmobile.app/com.ustadmobile.port.android.view.AppActivity
01-29 11:23:21.969 2021 2041 D Benchmark: TotalTime: 94
01-29 11:23:21.969 2021 2041 D Benchmark: WaitTime: 94
01-29 11:23:21.969 2021 2041 D Benchmark: Complete
01-29 11:23:22.025 2021 2041 I System.out: 0 Flags,IntendedVsync,Vsync,OldestInputEvent,NewestInputEvent,HandleInputStart,AnimationStart,PerformTraversalsStart,DrawStart,SyncQueued,SyncStart,IssueDrawCommandsStart,SwapBuffers,FrameCompleted,DequeueBufferDuration,QueueBufferDuration,GpuCompleted,
01-29 11:23:22.026 2021 2041 I System.out: 1 1,83073138285,83106471617,9223372036854775807,0,83116325231,83116325521,83116325601,83134274911,83134632864,83134871242,83134884798,83138123696,83139337678,26550,190157,25,
01-29 11:23:22.026 2021 2041 I System.out: 2 0,83123144151,83139810817,9223372036854775807,0,83148218552,83148219444,83161381875,83161414988,83162284903,83164002882,83164033610,83164491300,83172149506,32121,1797098,0,
01-29 11:23:22.026 2021 2041 I System.out: 3 0,83173149788,83173149788,9223372036854775807,0,83176011956,83176012758,83205658464,83205701915,83217813642,83217908400,83217952123,83218416205,83219660704,41268,357492,0,
01-29 11:23:22.026 2021 2041 D UiDevice: Waiting 10000ms for SearchCondition[hasObject=BySelector [TEXT='\QGet Started\E']].
01-29 11:23:22.026 2021 2041 D UiDevice: Searching for node with selector: BySelector [TEXT='\QGet Started\E'].
01-29 11:23:22.576 2145 2191 I DistCache: Registered: name: DCache, type: null, host: null, port: 0, txtRecord:
01-29 11:23:22.650 2021 2041 D UiDevice: Searching for node with selector: BySelector [TEXT='\QGet Started\E'].
01-29 11:23:22.915 2145 2191 D DistCache: Service discovery onServiceFound: name: DCache, type: _dcache._tcp., host: null, port: 0, txtRecord:
01-29 11:23:22.915 2145 2191 D DistCache: Service Found: _dcache._tcp.
01-29 11:23:22.915 2145 2191 D DistCache: Service discovery onServiceFound: name: DCache, type: _dcache._tcp., host: null, port: 0, txtRecord:
01-29 11:23:22.915 2145 2191 D DistCache: Service Found: _dcache._tcp.
01-29 11:23:22.915 2145 2191 D DistCache: Service discovery onServiceFound: name: DCache, type: _dcache._tcp., host: null, port: 0, txtRecord:
01-29 11:23:22.915 2145 2191 D DistCache: Service Found: _dcache._tcp.
01-29 11:23:22.915 478 579 E NsdServiceInfo: While parsing txt records (pos = 1): Zero sized txt record
01-29 11:23:22.915 255 398 W netd : dnssd_clientstub DNSServiceProcessResult called with NULL DNSServiceRef
01-29 11:23:22.916 2145 2191 E DistCache: Resolve failed: 3
01-29 11:23:22.916 2145 2191 E DistCache: Resolve failed: 3
01-29 11:23:22.916 255 398 W netd : dnssd_clientstub DNSServiceProcessResult called with NULL DNSServiceRef
01-29 11:23:22.916 2145 2191 I DistCache: Resolve Succeeded. name: DCache, type: ._dcache._tcp, host: /10.0.2.16, port: 43263, txtRecord:
01-29 11:23:22.916 2145 2169 D DistCache: /10.0.2.16 is local device
01-29 11:23:23.235 2021 2041 D UiDevice: Searching for node with selector: BySelector [TEXT='\QGet Started\E'].
01-29 11:23:23.238 2145 2168 D UstadCache: CacheTrimmer: Trim cache run: max (evictable) size = 100000000 bytes
01-29 11:23:23.238 2145 2168 V UstadCache: CacheTrimmer: deleting
01-29 11:23:23.325 2145 2188 D DistCache: DistributedCacheHashtable(43263 unknown Android SDK built for x86_64): sending pings to 0 nodes
01-29 11:23:23.338 2021 2041 D UiDevice: Searching for node with selector: BySelector [TEXT='\QGet Started\E'].
01-29 11:23:25.805 2021 2041 I chatty : uid=10131(com.ustadmobile.app_android_baselineprofile) roidJUnitRunner identical 24 lines
01-29 11:23:25.908 2021 2041 D UiDevice: Searching for node with selector: BySelector [TEXT='\QGet Started\E'].
01-29 11:23:25.927 350 350 I perfetto: probes_producer.cc:329 Producer stop (id=3)
01-29 11:23:25.927 350 350 I perfetto: ftrace_procfs.cc:183 disabled ftrace
01-29 11:23:25.927 361 361 I perfetto: ng_service_impl.cc:1948 Tracing session 3 ended, total sessions:0
01-29 11:23:26.011 2021 2041 D UiDevice: Searching for node with selector: BySelector [TEXT='\QGet Started\E'].
01-29 11:23:26.216 2021 2041 I chatty : uid=10131(com.ustadmobile.app_android_baselineprofile) roidJUnitRunner identical 2 lines
01-29 11:23:26.319 2021 2041 D UiDevice: Searching for node with selector: BySelector [TEXT='\QGet Started\E'].
01-29 11:23:26.326 2145 2188 D DistCache: DistributedCacheHashtable(43263 unknown Android SDK built for x86_64): sending pings to 0 nodes
01-29 11:23:26.422 2021 2041 D UiDevice: Searching for node with selector: BySelector [TEXT='\QGet Started\E'].
01-29 11:23:28.377 2021 2041 I chatty : uid=10131(com.ustadmobile.app_android_baselineprofile) roidJUnitRunner identical 19 lines
01-29 11:23:28.480 2021 2041 D UiDevice: Searching for node with selector: BySelector [TEXT='\QGet Started\E'].
01-29 11:23:28.527 478 2389 I system_server: The ClassLoaderContext is a special shared library.
01-29 11:23:28.547 478 2389 I chatty : uid=1000(system) BackgroundDexOp identical 18 lines
01-29 11:23:28.548 478 2389 I system_server: The ClassLoaderContext is a special shared library.
01-29 11:23:28.553 380 380 V installd: DexInv: --- BEGIN '/apex/com.android.os.statsd/javalib/service-statsd.jar' ---
01-29 11:23:28.558 2390 2390 W dex2oat32: Unexpected CPU variant for X86 using defaults: x86_64
01-29 11:23:28.558 2390 2390 I dex2oat32: /apex/com.android.art/bin/dex2oat32 --input-vdex-fd=-1 --output-vdex-fd=9 --updatable-bcp-packages-file=/system/etc/updatable-bcp-packages.txt --resolve-startup-const-strings=true --max-image-block-size=524288 --compiler-filter=verify --classpath-dir=/apex/com.android.os.statsd/javalib --class-loader-context=PCL[];PCL[/system/framework/com.android.location.provider.jar:/system/framework/services.jar:/system/framework/ethernet-service.jar:/apex/com.android.permission/javalib/service-permission.jar:/apex/com.android.wifi/javalib/service-wifi.jar:/apex/com.android.ipsec/javalib/android.net.ipsec.ike.jar] --generate-mini-debug-info --compact-dex-level=none --compilation-reason=boot
01-29 11:23:28.559 2390 2390 I dex2oat32: setting boot class path to /apex/com.android.art/javalib/core-oj.jar:/apex/com.android.art/javalib/core-libart.jar:/apex/com.android.art/javalib/core-icu4j.jar:/apex/com.android.art/javalib/okhttp.jar:/apex/com.android.art/javalib/bouncycastle.jar:/apex/com.android.art/javalib/apache-xml.jar:/system/framework/framework.jar:/system/framework/ext.jar:/system/framework/telephony-common.jar:/system/framework/voip-common.jar:/system/framework/ims-common.jar:/system/framework/framework-atb-backward-compatibility.jar
01-29 11:23:28.579 2390 2390 I dex2oat32: dex2oat took 21.475ms (20.112ms cpu) (threads: 2) arena alloc=0B (0B) java alloc=33KB (34600B) native alloc=1005KB (1030128B) free=1504KB (1540864B)
01-29 11:23:28.581 380 380 V installd: DexInv: --- END '/apex/com.android.os.statsd/javalib/service-statsd.jar' (success) ---
01-29 11:23:28.582 2021 2041 D UiDevice: Searching for node with selector: BySelector [TEXT='\QGet Started\E'].
01-29 11:23:28.583 478 2389 I system_server: The ClassLoaderContext is a special shared library.
01-29 11:23:28.597 478 2389 I chatty : uid=1000(system) BackgroundDexOp identical 14 lines
01-29 11:23:28.597 478 2389 I system_server: The ClassLoaderContext is a special shared library.
01-29 11:23:28.598 478 2389 I PackageDexOptimizer: Running dexopt (dexoptNeeded=1) on: /data/app/~~3Z-ClVGYuX4ri6YmaWi_xQ==/com.ustadmobile.app_android_baselineprofile-6CWpGUF4maUR48kKbEHeTw==/base.apk pkg=com.ustadmobile.app_android_baselineprofile isa=x86_64 dexoptFlags=boot_complete,debuggable,public,enable_hidden_api_checks targetFilter=verify oatDir=/data/app/~~3Z-ClVGYuX4ri6YmaWi_xQ==/com.ustadmobile.app_android_baselineprofile-6CWpGUF4maUR48kKbEHeTw==/oat classLoaderContext=PCL[]{PCL[/system/framework/android.test.base.jar]#PCL[/system/framework/android.test.mock.jar]{PCL[/system/framework/android.test.base.jar]}#PCL[/system/framework/android.test.runner.jar]{PCL[/system/framework/android.test.base.jar]#PCL[/system/framework/android.test.mock.jar]{PCL[/system/framework/android.test.base.jar]}}}
01-29 11:23:28.598 380 380 V installd: DexInv: --- BEGIN '/data/app/~~3Z-ClVGYuX4ri6YmaWi_xQ==/com.ustadmobile.app_android_baselineprofile-6CWpGUF4maUR48kKbEHeTw==/base.apk' ---
01-29 11:23:28.603 2394 2394 W dex2oat32: Unexpected CPU variant for X86 using defaults: x86_64
01-29 11:23:28.603 2394 2394 I dex2oat32: /apex/com.android.art/bin/dex2oat32 --input-vdex-fd=-1 --output-vdex-fd=9 --updatable-bcp-packages-file=/system/etc/updatable-bcp-packages.txt --resolve-startup-const-strings=true --max-image-block-size=524288 --compiler-filter=verify --debuggable --classpath-dir=/data/app/~~3Z-ClVGYuX4ri6YmaWi_xQ==/com.ustadmobile.app_android_baselineprofile-6CWpGUF4maUR48kKbEHeTw== --class-loader-context=PCL[]{PCL[/system/framework/android.test.base.jar]#PCL[/system/framework/android.test.mock.jar]{PCL[/system/framework/android.test.base.jar]}#PCL[/system/framework/android.test.runner.jar]{PCL[/system/framework/android.test.base.jar]#PCL[/system/framework/android.test.mock.jar]{PCL[/system/framework/android.test.base.jar]}}} --generate-mini-debug-info --compact-dex-level=none --compilation-reason=boot
01-29 11:23:28.604 2394 2394 I dex2oat32: setting boot class path to /apex/com.android.art/javalib/core-oj.jar:/apex/com.android.art/javalib/core-libart.jar:/apex/com.android.art/javalib/core-icu4j.jar:/apex/com.android.art/javalib/okhttp.jar:/apex/com.android.art/javalib/bouncycastle.jar:/apex/com.android.art/javalib/apache-xml.jar:/system/framework/framework.jar:/system/framework/ext.jar:/system/framework/telephony-common.jar:/system/framework/voip-common.jar:/system/framework/ims-common.jar:/system/framework/framework-atb-backward-compatibility.jar
01-29 11:23:28.669 2394 2394 W dex2oat32: Accessing hidden method Landroid/graphics/Bitmap;->getHardwareBuffer()Landroid/hardware/HardwareBuffer; (blacklist, linking, denied)
01-29 11:23:28.685 2021 2041 D UiDevice: Searching for node with selector: BySelector [TEXT='\QGet Started\E'].
01-29 11:23:28.772 2394 2394 I dex2oat32: Explicit concurrent copying GC freed 21346(3399KB) AllocSpace objects, 0(0B) LOS objects, 96% free, 56KB/1592KB, paused 12us total 2.873ms
01-29 11:23:28.773 2394 2394 I dex2oat32: Explicit concurrent copying GC freed 205(47KB) AllocSpace objects, 0(0B) LOS objects, 96% free, 57KB/1593KB, paused 4us total 774us
01-29 11:23:28.775 2394 2394 I dex2oat32: Explicit concurrent copying GC freed 182(31KB) AllocSpace objects, 0(0B) LOS objects, 96% free, 58KB/1594KB, paused 4us total 748us
01-29 11:23:28.787 2394 2394 I dex2oat32: dex2oat took 184.185ms (250.726ms cpu) (threads: 2) arena alloc=0B (0B) java alloc=58KB (59696B) native alloc=4063KB (4161328B) free=1679KB (1719664B)
01-29 11:23:28.788 2021 2041 D UiDevice: Searching for node with selector: BySelector [TEXT='\QGet Started\E'].
01-29 11:23:28.790 380 380 V installd: DexInv: --- END '/data/app/~~3Z-ClVGYuX4ri6YmaWi_xQ==/com.ustadmobile.app_android_baselineprofile-6CWpGUF4maUR48kKbEHeTw==/base.apk' (success) ---
01-29 11:23:28.801 478 2389 I system_server: The ClassLoaderContext is a special shared library.
01-29 11:23:28.859 478 2389 I chatty : uid=1000(system) BackgroundDexOp identical 53 lines
01-29 11:23:28.860 478 2389 I system_server: The ClassLoaderContext is a special shared library.
01-29 11:23:28.860 478 2389 I BackgroundDexOptService: Pinning optimized code {android, com.ustadmobile.app_android_baselineprofile}
01-29 11:23:28.860 478 2389 D IorapForwardingService: onPackagesUpdated: android
01-29 11:23:28.861 478 2389 D IorapForwardingService: onPackagesUpdated: com.ustadmobile.app_android_baselineprofile
01-29 11:23:28.891 2021 2041 D UiDevice: Searching for node with selector: BySelector [TEXT='\QGet Started\E'].
01-29 11:23:29.199 2021 2041 I chatty : uid=10131(com.ustadmobile.app_android_baselineprofile) roidJUnitRunner identical 3 lines
01-29 11:23:29.302 2021 2041 D UiDevice: Searching for node with selector: BySelector [TEXT='\QGet Started\E'].
01-29 11:23:29.327 2145 2188 D DistCache: DistributedCacheHashtable(43263 unknown Android SDK built for x86_64): sending pings to 0 nodes
01-29 11:23:29.404 2021 2041 D UiDevice: Searching for node with selector: BySelector [TEXT='\QGet Started\E'].
01-29 11:23:30.843 2021 2041 I chatty : uid=10131(com.ustadmobile.app_android_baselineprofile) roidJUnitRunner identical 14 lines
01-29 11:23:30.946 2021 2041 D UiDevice: Searching for node with selector: BySelector [TEXT='\QGet Started\E'].
01-29 11:23:30.988 1168 1844 I Dialer : OmtpVvmCarrierCfgHlpr - OmtpEvent:CONFIG_STATUS_SMS_TIME_OUT
01-29 11:23:30.989 1168 1168 I Dialer : RetryPolicy - discarding deferred status: configuration_state=4
01-29 11:23:30.990 1168 1168 I Dialer : VvmTaskExecutor - no more tasks, stopping service if no task are added in 5000 millis
01-29 11:23:30.990 1168 1168 I Dialer : VvmTaskReceiver - task received
01-29 11:23:30.990 1168 1168 I Dialer : VvmTaskReceiver - TaskExecutor already running
01-29 11:23:30.990 1168 1168 I Dialer : Task.createTask - create task:com.android.voicemail.impl.ActivationTask
01-29 11:23:30.991 1168 1168 I Dialer : RetryPolicy - retry #1 for com.android.voicemail.impl.ActivationTask@84f917d queued, executing in 5000
01-29 11:23:30.991 1168 1168 I Dialer : VvmTaskExecutor - com.android.voicemail.impl.ActivationTask@84f917d added
01-29 11:23:30.991 1168 1168 I Dialer : VvmTaskExecutor - minimal wait time:5000
01-29 11:23:30.991 1168 1168 I Dialer : VvmTaskExecutor - sleep for 5000 millis
01-29 11:23:31.048 2021 2041 D UiDevice: Searching for node with selector: BySelector [TEXT='\QGet Started\E'].
01-29 11:23:31.975 2021 2041 I chatty : uid=10131(com.ustadmobile.app_android_baselineprofile) roidJUnitRunner identical 9 lines
01-29 11:23:32.078 2021 2041 D UiDevice: Searching for node with selector: BySelector [TEXT='\QGet Started\E'].
01-29 11:23:32.327 2145 2188 D DistCache: DistributedCacheHashtable(43263 unknown Android SDK built for x86_64): sending pings to 0 nodes
01-29 11:23:33.081 2021 2041 D UiDevice: Retrieving node with selector: BySelector [TEXT='\QGet Started\E'].
01-29 11:23:33.084 2021 2041 D UiDevice: Node not found with selector: BySelector [TEXT='\QGet Started\E'].
01-29 11:23:35.328 2145 2188 D DistCache: DistributedCacheHashtable(43263 unknown Android SDK built for x86_64): sending pings to 0 nodes
01-29 11:23:35.997 1168 1844 I Dialer : VvmTaskExecutor - executing task com.android.voicemail.impl.ActivationTask@84f917d
01-29 11:23:35.997 1168 1844 I Dialer : PreOMigrationHandler - ComponentInfo{com.android.phone/com.android.services.telephony.TelephonyConnectionService}, ***, UserHandle{0} already migrated
01-29 11:23:36.007 1305 1420 I VoicemailNotifier: receivers for android.intent.action.PROVIDER_CHANGED :[]
01-29 11:23:36.008 1168 1844 I Dialer : VvmActivationTask - VVM content provider configured - vvm_type_cvvm
01-29 11:23:36.008 1168 1844 I Dialer : OmtpVvmCarrierCfgHlpr - OmtpEvent:CONFIG_ACTIVATING
01-29 11:23:36.010 1305 1420 I VoicemailNotifier: receivers for android.intent.action.PROVIDER_CHANGED :[]
01-29 11:23:36.014 842 1100 D SmsNumberUtils: enter filterDestAddr. destAddr="[BajqU4K5_YhSYbs-7QUn0dOwcmI]"
01-29 11:23:36.015 842 1100 D SmsNumberUtils: destAddr is not formatted.
01-29 11:23:36.015 842 1100 D SmsNumberUtils: leave filterDestAddr, new destAddr="[BajqU4K5_YhSYbs-7QUn0dOwcmI]"
01-29 11:23:38.084 2021 2041 D Benchmark: Profile Installer - Save Profile
01-29 11:23:38.093 2145 2145 I Process : Sending signal. PID: 2145 SIG: 10
01-29 11:23:38.093 2145 2145 D ProfileInstaller:
01-29 11:23:38.093 2145 2153 I aktabmobile.ap: Thread[4,tid=2153,WaitingInMainSignalCatcherLoop,Thread*=0x7e5233e1f380,peer=0x13082608,"Signal Catcher"]: reacting to signal 10
01-29 11:23:38.093 2145 2153 I aktabmobile.ap:
01-29 11:23:38.093 2145 2153 I aktabmobile.ap: SIGUSR1 forcing GC (no HPROF) and profile save
01-29 11:23:38.104 2145 2153 I aktabmobile.ap: Explicit concurrent copying GC freed 107618(4057KB) AllocSpace objects, 5(132KB) LOS objects, 49% free, 6964KB/13MB, paused 11us total 11.003ms
01-29 11:23:38.329 2145 2188 D DistCache: DistributedCacheHashtable(43263 unknown Android SDK built for x86_64): sending pings to 0 nodes
01-29 11:23:38.599 2021 2041 D Benchmark: Killing process tj.maktabmobile.app
01-29 11:23:38.599 2021 2041 D UiDevice: Executing shell command: killall tj.maktabmobile.app
01-29 11:23:38.622 478 563 I PackageDexOptimizer: Running dexopt (dexoptNeeded=-3) on: /data/app/~~udvmEuEJhL3rR0pnxkb45Q==/tj.maktabmobile.app-qWZ3Bw-qpBT7rr6Ga6g6aQ==/base.apk pkg=tj.maktabmobile.app isa=x86_64 dexoptFlags=boot_complete,profile_guided,force,enable_hidden_api_checks targetFilter=speed-profile oatDir=/data/app/~~udvmEuEJhL3rR0pnxkb45Q==/tj.maktabmobile.app-qWZ3Bw-qpBT7rr6Ga6g6aQ==/oat classLoaderContext=PCL[]{PCL[/system_ext/framework/androidx.window.sidecar.jar]}
01-29 11:23:38.623 380 380 V installd: DexInv: --- BEGIN '/data/app/~~udvmEuEJhL3rR0pnxkb45Q==/tj.maktabmobile.app-qWZ3Bw-qpBT7rr6Ga6g6aQ==/base.apk' ---
01-29 11:23:38.628 2417 2417 W dex2oat32: Unexpected CPU variant for X86 using defaults: x86_64
01-29 11:23:38.722 2417 2417 I dex2oat32: /apex/com.android.art/bin/dex2oat32 --input-vdex-fd=9 --output-vdex-fd=10 --updatable-bcp-packages-file=/system/etc/updatable-bcp-packages.txt --resolve-startup-const-strings=true --max-image-block-size=524288 --compiler-filter=speed-profile --profile-file-fd=12 --classpath-dir=/data/app/~~udvmEuEJhL3rR0pnxkb45Q==/tj.maktabmobile.app-qWZ3Bw-qpBT7rr6Ga6g6aQ== --class-loader-context=PCL[]{PCL[/system_ext/framework/androidx.window.sidecar.jar]} --generate-mini-debug-info --compilation-reason=unknown
01-29 11:23:38.722 2417 2417 I dex2oat32: setting boot class path to /apex/com.android.art/javalib/core-oj.jar:/apex/com.android.art/javalib/core-libart.jar:/apex/com.android.art/javalib/core-icu4j.jar:/apex/com.android.art/javalib/okhttp.jar:/apex/com.android.art/javalib/bouncycastle.jar:/apex/com.android.art/javalib/apache-xml.jar:/system/framework/framework.jar:/system/framework/ext.jar:/system/framework/telephony-common.jar:/system/framework/voip-common.jar:/system/framework/ims-common.jar:/system/framework/framework-atb-backward-compatibility.jar
01-29 11:23:41.330 2145 2188 D DistCache: DistributedCacheHashtable(43263 unknown Android SDK built for x86_64): sending pings to 0 nodes
01-29 11:23:43.245 2417 2417 W dex2oat32: Could not reserve sentinel fault page
01-29 11:23:43.878 2417 2417 W dex2oat32: Class androidx.compose.runtime.snapshots.SnapshotStateMap failed lock verification and will run slower.
01-29 11:23:43.878 2417 2417 W dex2oat32: Common causes for lock verification issues are non-optimized dex code
01-29 11:23:43.878 2417 2417 W dex2oat32: and incorrect proguard optimizations.
01-29 11:23:43.878 2417 2419 W dex2oat32: Class androidx.compose.runtime.snapshots.SnapshotStateList failed lock verification and will run slower.
01-29 11:23:43.933 2417 2419 W dex2oat32: Accessing hidden method Landroid/graphics/Canvas;->drawPatch(Landroid/graphics/NinePatch;Landroid/graphics/Rect;Landroid/graphics/Paint;)V (greylist-max-o, linking, denied)
01-29 11:23:43.933 2417 2419 W dex2oat32: Accessing hidden method Landroid/graphics/Canvas;->drawPatch(Landroid/graphics/NinePatch;Landroid/graphics/RectF;Landroid/graphics/Paint;)V (greylist-max-o, linking, denied)
01-29 11:23:43.937 2417 2419 W dex2oat32: Accessing hidden method Landroid/graphics/Bitmap;->getHardwareBuffer()Landroid/hardware/HardwareBuffer; (blacklist, linking, denied)
01-29 11:23:44.062 2417 2417 W dex2oat32: Accessing hidden method Landroid/app/job/JobParameters;->getStopReason()I (greylist-max-o, linking, denied)
01-29 11:23:44.331 2145 2188 D DistCache: DistributedCacheHashtable(43263 unknown Android SDK built for x86_64): sending pings to 0 nodes
01-29 11:23:45.621 478 776 D WifiNl80211Manager: Scan result ready event
01-29 11:23:45.621 478 776 D WifiNative: Scan result ready event
01-29 11:23:45.818 2417 2417 I dex2oat32: Explicit concurrent copying GC freed 275916(40MB) AllocSpace objects, 0(0B) LOS objects, 49% free, 2264KB/4528KB, paused 12us total 6.944ms
01-29 11:23:45.842 2417 2417 W dex2oat32: Accessing hidden field Ljava/nio/file/FileSystemException;->file:Ljava/lang/String; (greylist-max-o, linking, denied)
01-29 11:23:45.842 2417 2417 W dex2oat32: Accessing hidden field Ljava/nio/file/FileSystemException;->other:Ljava/lang/String; (greylist-max-o, linking, denied)
