06-04 12:05:41.129 478 2384 D HostConnection: HostComposition ext ANDROID_EMU_CHECKSUM_HELPER_v1 ANDROID_EMU_native_sync_v2 ANDROID_EMU_dma_v1 ANDROID_EMU_direct_mem ANDROID_EMU_host_composition_v1 ANDROID_EMU_host_composition_v2 ANDROID_EMU_vulkan ANDROID_EMU_deferred_vulkan_commands ANDROID_EMU_vulkan_null_optional_strings ANDROID_EMU_vulkan_create_resources_with_requirements ANDROID_EMU_YUV_Cache ANDROID_EMU_vulkan_ignored_handles ANDROID_EMU_has_shared_slots_host_memory_allocator ANDROID_EMU_vulkan_free_memory_sync ANDROID_EMU_vulkan_shader_float16_int8 ANDROID_EMU_vulkan_async_queue_submit ANDROID_EMU_sync_buffer_data ANDROID_EMU_vulkan_async_qsri ANDROID_EMU_read_color_buffer_dma GL_OES_EGL_image_external_essl3 GL_OES_vertex_array_object GL_KHR_texture_compression_astc_ldr ANDROID_EMU_host_side_tracing ANDROID_EMU_gles_max_version_3_0
06-04 12:05:41.130 478 2384 D EGL_emulation: eglCreateContext: 0x7e5143e95b30: maj 3 min 0 rcv 3
06-04 12:05:41.130 478 2384 D EGL_emulation: eglMakeCurrent: 0x7e5143e95b30: ver 3 0 (tinfo 0x7e50e3eba1e0) (first time)
06-04 12:05:41.142 2149 2149 D AppActivity$onDestroy: AppActivity#onDestroy
06-04 12:05:41.143 987 987 D TaplTarget: sendStateEventToTest: 0
06-04 12:05:41.148 987 987 D RecentsOrientedState: current RecentsOrientedState: [this=RecentsOrientedState@5c28903 mOrientationHandler=PortraitPagedViewHandler@4e57080 mDisplayRotation=0 mTouchRotation=0 mRecentsActivityRotation=0 isRecentsActivityRotationAllowed=false mSystemRotation=true mFlags=299]
06-04 12:05:41.148 987 987 I chatty : uid=10118(com.android.launcher3) identical 2 lines
06-04 12:05:41.148 987 987 D RecentsOrientedState: current RecentsOrientedState: [this=RecentsOrientedState@5c28903 mOrientationHandler=PortraitPagedViewHandler@4e57080 mDisplayRotation=0 mTouchRotation=0 mRecentsActivityRotation=0 isRecentsActivityRotationAllowed=false mSystemRotation=true mFlags=299]
06-04 12:05:41.756 2055 2075 D UiDevice: Searching for node with selector: BySelector [TEXT='\QGet Started\E'].
06-04 12:05:45.430 2055 2075 I chatty : uid=10131(com.ustadmobile.app_android_baselineprofile) roidJUnitRunner identical 31 lines
06-04 12:05:45.533 2055 2075 D UiDevice: Searching for node with selector: BySelector [TEXT='\QGet Started\E'].
06-04 12:05:45.630 350 350 I perfetto: probes_producer.cc:329 Producer stop (id=7)
06-04 12:05:45.631 350 350 I perfetto: ftrace_procfs.cc:183 disabled ftrace
06-04 12:05:45.631 361 361 I perfetto: ng_service_impl.cc:1948 Tracing session 7 ended, total sessions:0
06-04 12:05:45.636 2055 2075 D UiDevice: Searching for node with selector: BySelector [TEXT='\QGet Started\E'].
06-04 12:05:50.977 2055 2075 I chatty : uid=10131(com.ustadmobile.app_android_baselineprofile) roidJUnitRunner identical 52 lines
06-04 12:05:51.080 2055 2075 D UiDevice: Searching for node with selector: BySelector [TEXT='\QGet Started\E'].
06-04 12:05:52.083 2055 2075 D UiDevice: Retrieving node with selector: BySelector [TEXT='\QGet Started\E'].
06-04 12:05:52.085 2055 2075 D UiDevice: Node not found with selector: BySelector [TEXT='\QGet Started\E'].
06-04 12:05:57.085 2055 2075 D Benchmark: Profile Installer - Save Profile
06-04 12:05:57.093 2149 2149 I Process : Sending signal. PID: 2149 SIG: 10
06-04 12:05:57.093 2149 2149 D ProfileInstaller:
06-04 12:05:57.093 2149 2157 I n.learning_tre: Thread[3,tid=2157,WaitingInMainSignalCatcherLoop,Thread*=0x7e5233e1a010,peer=0x13381888,"Signal Catcher"]: reacting to signal 10
06-04 12:05:57.093 2149 2157 I n.learning_tre:
06-04 12:05:57.093 2149 2157 I n.learning_tre: SIGUSR1 forcing GC (no HPROF) and profile save
06-04 12:05:57.095 2886 2888 I cmd : oneway function results will be dropped but finished with status OK and parcel size 4
06-04 12:05:57.104 2149 2157 I n.learning_tre: Explicit concurrent copying GC freed 132744(4959KB) AllocSpace objects, 5(132KB) LOS objects, 49% free, 6124KB/11MB, paused 8us total 11.181ms
06-04 12:05:57.595 2055 2075 D Benchmark: Killing process com.savethechildren.learning_tree
06-04 12:05:57.596 2055 2075 D UiDevice: Executing shell command: killall com.savethechildren.learning_tree
06-04 12:05:57.622 478 776 I PackageDexOptimizer: Running dexopt (dexoptNeeded=-3) on: /data/app/~~YydvtuG-I1K6uwq-gJBazQ==/com.savethechildren.learning_tree-1CMBwdveIrDtkv3DFsnSwg==/base.apk pkg=com.savethechildren.learning_tree isa=x86_64 dexoptFlags=boot_complete,profile_guided,force,enable_hidden_api_checks targetFilter=speed-profile oatDir=/data/app/~~YydvtuG-I1K6uwq-gJBazQ==/com.savethechildren.learning_tree-1CMBwdveIrDtkv3DFsnSwg==/oat classLoaderContext=PCL[]{PCL[/system_ext/framework/androidx.window.sidecar.jar]}
06-04 12:05:57.623 380 380 V installd: DexInv: --- BEGIN '/data/app/~~YydvtuG-I1K6uwq-gJBazQ==/com.savethechildren.learning_tree-1CMBwdveIrDtkv3DFsnSwg==/base.apk' ---
06-04 12:05:57.628 2900 2900 W dex2oat32: Unexpected CPU variant for X86 using defaults: x86_64
06-04 12:05:57.707 2900 2900 I dex2oat32: /apex/com.android.art/bin/dex2oat32 --input-vdex-fd=9 --output-vdex-fd=10 --updatable-bcp-packages-file=/system/etc/updatable-bcp-packages.txt --resolve-startup-const-strings=true --max-image-block-size=524288 --compiler-filter=speed-profile --profile-file-fd=12 --classpath-dir=/data/app/~~YydvtuG-I1K6uwq-gJBazQ==/com.savethechildren.learning_tree-1CMBwdveIrDtkv3DFsnSwg== --class-loader-context=PCL[]{PCL[/system_ext/framework/androidx.window.sidecar.jar]} --generate-mini-debug-info --compilation-reason=unknown
06-04 12:05:57.707 2900 2900 I dex2oat32: setting boot class path to /apex/com.android.art/javalib/core-oj.jar:/apex/com.android.art/javalib/core-libart.jar:/apex/com.android.art/javalib/core-icu4j.jar:/apex/com.android.art/javalib/okhttp.jar:/apex/com.android.art/javalib/bouncycastle.jar:/apex/com.android.art/javalib/apache-xml.jar:/system/framework/framework.jar:/system/framework/ext.jar:/system/framework/telephony-common.jar:/system/framework/voip-common.jar:/system/framework/ims-common.jar:/system/framework/framework-atb-backward-compatibility.jar
06-04 12:05:59.061 2149 2169 D UstadCache: CacheTrimmer: Trim cache run: max (evictable) size = 100000000 bytes
06-04 12:05:59.062 2149 2169 V UstadCache: CacheTrimmer: deleting
06-04 12:06:00.001 638 638 D KeyguardClockSwitch: Updating clock: 1206
06-04 12:06:02.484 2900 2900 W dex2oat32: Could not reserve sentinel fault page
06-04 12:06:03.150 2900 2900 W dex2oat32: Accessing hidden method Landroid/graphics/Canvas;->drawPatch(Landroid/graphics/NinePatch;Landroid/graphics/Rect;Landroid/graphics/Paint;)V (greylist-max-o, linking, denied)
06-04 12:06:03.150 2900 2900 W dex2oat32: Accessing hidden method Landroid/graphics/Canvas;->drawPatch(Landroid/graphics/NinePatch;Landroid/graphics/RectF;Landroid/graphics/Paint;)V (greylist-max-o, linking, denied)
06-04 12:06:03.154 2900 2900 W dex2oat32: Accessing hidden method Landroid/graphics/Bitmap;->getHardwareBuffer()Landroid/hardware/HardwareBuffer; (blacklist, linking, denied)
06-04 12:06:03.170 1168 1844 I Dialer : OmtpVvmCarrierCfgHlpr - OmtpEvent:CONFIG_STATUS_SMS_TIME_OUT
06-04 12:06:03.171 1168 1168 I Dialer : RetryPolicy - discarding deferred status: configuration_state=4
06-04 12:06:03.171 1168 1168 I Dialer : VvmTaskExecutor - no more tasks, stopping service if no task are added in 5000 millis
06-04 12:06:03.172 1168 1168 I Dialer : VvmTaskReceiver - task received
06-04 12:06:03.172 1168 1168 I Dialer : VvmTaskReceiver - TaskExecutor already running
06-04 12:06:03.172 1168 1168 I Dialer : Task.createTask - create task:com.android.voicemail.impl.ActivationTask
06-04 12:06:03.172 1168 1168 I Dialer : RetryPolicy - retry #3 for com.android.voicemail.impl.ActivationTask@bfd63ca queued, executing in 5000
06-04 12:06:03.172 1168 1168 I Dialer : VvmTaskExecutor - com.android.voicemail.impl.ActivationTask@bfd63ca added
06-04 12:06:03.172 1168 1168 I Dialer : VvmTaskExecutor - minimal wait time:5000
06-04 12:06:03.172 1168 1168 I Dialer : VvmTaskExecutor - sleep for 5000 millis
06-04 12:06:03.275 2900 2902 W dex2oat32: Accessing hidden method Landroid/app/job/JobParameters;->getStopReason()I (greylist-max-o, linking, denied)
06-04 12:06:04.977 2900 2900 I dex2oat32: Explicit concurrent copying GC freed 277757(40MB) AllocSpace objects, 0(0B) LOS objects, 49% free, 2216KB/4433KB, paused 13us total 7.119ms
06-04 12:06:05.002 2900 2900 W dex2oat32: Accessing hidden field Ljava/nio/file/FileSystemException;->file:Ljava/lang/String; (greylist-max-o, linking, denied)
06-04 12:06:05.002 2900 2900 W dex2oat32: Accessing hidden field Ljava/nio/file/FileSystemException;->other:Ljava/lang/String; (greylist-max-o, linking, denied)
06-04 12:06:05.002 2900 2900 W dex2oat32: Accessing hidden field Ljava/nio/file/InvalidPathException;->index:I (greylist-max-o, linking, denied)
06-04 12:06:05.002 2900 2900 W dex2oat32: Accessing hidden field Ljava/nio/file/InvalidPathException;->input:Ljava/lang/String; (greylist-max-o, linking, denied)
06-04 12:06:05.003 2900 2900 W dex2oat32: Accessing hidden method Landroid/graphics/Bitmap;->getHardwareBuffer()Landroid/hardware/HardwareBuffer; (blacklist, linking, denied)
06-04 12:06:05.003 2900 2900 W dex2oat32: Accessing hidden method Landroid/graphics/Canvas;->drawPatch(Landroid/graphics/NinePatch;Landroid/graphics/Rect;Landroid/graphics/Paint;)V (greylist-max-o, linking, denied)
06-04 12:06:05.003 2900 2900 W dex2oat32: Accessing hidden method Landroid/graphics/Canvas;->drawPatch(Landroid/graphics/NinePatch;Landroid/graphics/RectF;Landroid/graphics/Paint;)V (greylist-max-o, linking, denied)
06-04 12:06:05.014 2900 2900 W dex2oat32: Accessing hidden method Landroid/app/job/JobParameters;->getStopReason()I (greylist-max-o, linking, denied)
06-04 12:06:05.777 2900 2900 I dex2oat32: dex2oat took 8.149s (9.872s cpu) (threads: 2) arena alloc=4304KB (4408080B) java alloc=2232KB (2286104B) native alloc=81MB (85883024B) free=82MB (86028560B)
06-04 12:06:05.792 380 380 V installd: DexInv: --- END '/data/app/~~YydvtuG-I1K6uwq-gJBazQ==/com.savethechildren.learning_tree-1CMBwdveIrDtkv3DFsnSwg==/base.apk' (success) ---
06-04 12:06:05.799 2896 2898 I cmd : oneway function results will be dropped but finished with status OK and parcel size 4
06-04 12:06:05.809 2055 2075 D Benchmark: Reference profile location: /data/misc/profiles/ref/com.savethechildren.learning_tree/primary.prof
06-04 12:06:05.828 2055 2075 D Benchmark: APK Path: /data/app/~~YydvtuG-I1K6uwq-gJBazQ==/com.savethechildren.learning_tree-1CMBwdveIrDtkv3DFsnSwg==/base.apk
06-04 12:06:05.828 2055 2075 D Benchmark: Converting to human readable profile format
06-04 12:06:05.828 2055 2075 D Benchmark: Using profile location: /data/misc/profiles/ref/com.savethechildren.learning_tree/primary.prof
06-04 12:06:06.110 2928 2928 W profman : profman took 274.573ms
06-04 12:06:06.127 2055 2075 D Benchmark: Using profile location: /data/misc/profiles/cur/0/com.savethechildren.learning_tree/primary.prof
06-04 12:06:06.384 2939 2939 W profman : profman took 245.833ms
06-04 12:06:07.279 2055 2075 D Benchmark: Unstable profiles during iteration 6
06-04 12:06:07.279 2055 2075 D Benchmark: Killing package com.savethechildren.learning_tree
06-04 12:06:07.279 2055 2075 D Benchmark: Killing process com.savethechildren.learning_tree
06-04 12:06:07.279 2055 2075 D UiDevice: Executing shell command: killall com.savethechildren.learning_tree
06-04 12:06:07.286 2055 2075 D Benchmark: Compile iteration (7) for com.savethechildren.learning_tree
06-04 12:06:07.286 2055 2075 D UiDevice: Pressing home button.
06-04 12:06:07.307 638 638 V ShadeControllerImpl: NotificationShadeWindow: com.android.systemui.statusbar.phone.NotificationShadeWindowView{90561f7 I.E...... ......ID 0,0-1080,1920} canPanelBeCollapsed(): false
06-04 12:06:07.308 478 498 D EventSequenceValidator: inc AccIntentStartedEvents to 2
06-04 12:06:07.309 361 361 I perfetto: ing_service_impl.cc:758 Configured tracing session 8, #sources:1, duration:5000 ms, #buffers:1, total buffer size:4096 KB, total sessions:1, uid:1071 session name: ""
06-04 12:06:07.309 478 496 W InputReader: Device virtio_input_multi_touch_10 is associated with display ADISPLAY_ID_NONE.
06-04 12:06:07.309 478 496 W InputReader: Device virtio_input_multi_touch_7 is associated with display ADISPLAY_ID_NONE.
06-04 12:06:07.309 478 496 W InputReader: Device virtio_input_multi_touch_11 is associated with display ADISPLAY_ID_NONE.
06-04 12:06:07.309 478 496 W InputReader: Device virtio_input_multi_touch_5 is associated with display ADISPLAY_ID_NONE.
06-04 12:06:07.309 478 496 W InputReader: Device virtio_input_multi_touch_2 is associated with display ADISPLAY_ID_NONE.
06-04 12:06:07.309 478 496 W InputReader: Device virtio_input_multi_touch_6 is associated with display ADISPLAY_ID_NONE.
06-04 12:06:07.309 478 496 W InputReader: Device virtio_input_multi_touch_8 is associated with display ADISPLAY_ID_NONE.
06-04 12:06:07.309 478 496 W InputReader: Device virtio_input_multi_touch_9 is associated with display ADISPLAY_ID_NONE.
06-04 12:06:07.309 478 496 W InputReader: Device virtio_input_multi_touch_3 is associated with display ADISPLAY_ID_NONE.
06-04 12:06:07.309 478 496 W InputReader: Device virtio_input_multi_touch_4 is associated with display ADISPLAY_ID_NONE.
06-04 12:06:07.309 350 350 I perfetto: probes_producer.cc:230 Ftrace setup (target_buf=8)
06-04 12:06:07.309 478 496 W InputReader: Device virtio_input_multi_touch_10 is associated with display ADISPLAY_ID_NONE.
06-04 12:06:07.309 478 496 W InputReader: Device virtio_input_multi_touch_7 is associated with display ADISPLAY_ID_NONE.
06-04 12:06:07.309 478 496 W InputReader: Device virtio_input_multi_touch_11 is associated with display ADISPLAY_ID_NONE.
06-04 12:06:07.309 478 496 W InputReader: Device virtio_input_multi_touch_5 is associated with display ADISPLAY_ID_NONE.
06-04 12:06:07.309 478 496 W InputReader: Device virtio_input_multi_touch_2 is associated with display ADISPLAY_ID_NONE.
06-04 12:06:07.309 478 496 W InputReader: Device virtio_input_multi_touch_6 is associated with display ADISPLAY_ID_NONE.
06-04 12:06:07.309 478 496 W InputReader: Device virtio_input_multi_touch_8 is associated with display ADISPLAY_ID_NONE.
06-04 12:06:07.309 478 496 W InputReader: Device virtio_input_multi_touch_9 is associated with display ADISPLAY_ID_NONE.
06-04 12:06:07.309 478 496 W InputReader: Device virtio_input_multi_touch_3 is associated with display ADISPLAY_ID_NONE.
06-04 12:06:07.309 478 496 W InputReader: Device virtio_input_multi_touch_4 is associated with display ADISPLAY_ID_NONE.
06-04 12:06:07.322 987 987 D TaplTarget: Launcher.onNewIntent: Intent { act=android.intent.action.MAIN cat=[android.intent.category.HOME] flg=0x10400100 cmp=com.android.launcher3/.uioverrides.QuickstepLauncher (has extras) }
06-04 12:06:07.324 638 638 V ShadeControllerImpl: NotificationShadeWindow: com.android.systemui.statusbar.phone.NotificationShadeWindowView{90561f7 I.E...... ......ID 0,0-1080,1920} canPanelBeCollapsed(): false
06-04 12:06:07.324 350 350 I perfetto: ftrace_procfs.cc:176 enabled ftrace
06-04 12:06:07.340 273 1473 D goldfish-address-space: claimShared: Ask to claim region [0x3f5fa4000 0x3f678d000]
06-04 12:06:07.342 273 1473 D goldfish-address-space: claimShared: Ask to claim region [0x3f678d000 0x3f6f76000]
06-04 12:06:07.342 273 1473 D goldfish-address-space: claimShared: Ask to claim region [0x3f6f76000 0x3f775f000]
06-04 12:06:07.348 273 1473 D goldfish-address-space: claimShared: Ask to claim region [0x3f775f000 0x3f7f48000]
06-04 12:06:07.352 478 498 D EventSequenceValidator: dec AccIntentStartedEvents to 1
06-04 12:06:07.352 478 504 D ArtManagerInternalImpl: /data/misc/iorapd/com.android.launcher3/30/com.android.launcher3.uioverrides.QuickstepLauncher/compiled_traces/compiled_trace.pb doesn't exist
06-04 12:06:07.404 2055 2075 I System.out: 0 Flags,IntendedVsync,Vsync,OldestInputEvent,NewestInputEvent,HandleInputStart,AnimationStart,PerformTraversalsStart,DrawStart,SyncQueued,SyncStart,IssueDrawCommandsStart,SwapBuffers,FrameCompleted,DequeueBufferDuration,QueueBufferDuration,GpuCompleted,
06-04 12:06:07.404 2055 2075 I System.out: 1 1,200023251914,200023251914,9223372036854775807,0,200023378792,200023379173,200023379263,200067097855,200067328048,200067706159,200067715537,200068600891,200070344750,20388,144752,200069590081,
06-04 12:06:07.404 2055 2075 I System.out: 2 0,200039918715,200073252047,9223372036854775807,0,200079372335,200079372896,200085859061,200085893416,200086336950,200087009555,200087032137,200088029923,200089120424,23344,115156,200088964510,
06-04 12:06:07.404 2055 2075 I System.out: 3 0,200089919123,200089919123,9223372036854775807,0,200092731553,200092731854,200119870201,200119914164,200126416710,200126478236,200126503874,200127260988,200135179246,29656,186831,200135123742,
06-04 12:06:07.404 2055 2075 I System.out: 4 0,200106585868,200123252534,9223372036854775807,0,200136794834,200136795585,200144411465,200144441221,200147278716,200147402349,200147446372,200149692004,200153121292,25718,133971,200156713967,
06-04 12:06:07.404 2055 2075 I System.out: 5 0,200139919445,200139919445,9223372036854775807,0,200154840495,200154841226,200155497760,200155526835,200156321419,200156374960,200156415636,200159285863,200160417531,21651,154350,200166723909,
06-04 12:06:07.404 2055 2075 I System.out: 6 0,200156586271,200156586271,9223372036854775807,0,200161167962,200161168303,200161760195,200161794590,200162847279,200162892454,200162929694,200163823345,200175557237,8742759,126939,200173434045,
06-04 12:06:07.404 2055 2075 I System.out: 7 0,200173253131,200173253131,9223372036854775807,0,200175454234,200175455095,200176197912,200176225183,200177422725,200179846122,200179890806,200180730905,200194844653,11455750,163388,200190069605,
06-04 12:06:07.404 2055 2075 I System.out: 8 0,200189919845,200189919845,9223372036854775807,0,200190166857,200190167018,200195500306,200195532636,200197106135,200197178591,200197217635,200200742593,200208052247,4915082,645985,200203101528,
06-04 12:06:07.404 2055 2075 I System.out: 9 0,200206586646,200206586646,9223372036854775807,0,200206813748,200206813998,200208781989,200208805703,200210308158,200210502754,200210532921,200216192733,200234569005,15047744,110428,200219486656,
06-04 12:06:07.404 2055 2075 I System.out: 10 0,200223253370,200223253370,9223372036854775807,0,200223420673,200223421906,200235276105,200235307844,200236711003,200236763802,200236792576,200237271086,200247321683,8056398,474092,200239223387,
06-04 12:06:07.404 2055 2075 I System.out: 11 0,200239920072,200239920072,9223372036854775807,0,200240635001,200240635211,200245269044,200245299461,200247273573,200248855528,200248891796,200249699735,200259284657,5948555,135885,200253274797,
06-04 12:06:07.404 2055 2075 I System.out: 12 0,200256586854,200256586854,9223372036854775807,0,200256935530,200256935781,200258369326,200258391938,200259581074,200259639685,200259672727,200265775572,200276559629,6501424,1361200,200273407061,
06-04 12:06:07.404 2055 2075 I System.out: 13 0,200273253604,200273253604,9223372036854775807,0,200273575528,200273575768,200275426819,200275447027,200276511538,200276698860,200276889198,200277617698,200296322778,13221359,467178,200290039073,
06-04 12:06:07.404 2055 2075 I System.out: 14 0,200289920398,200289920398,9223372036854775807,0,200290325051,200290325542,200291123182,200291145574,200292315544,200296368735,200296652108,200297161395,200309348079,6398090,2489271,200302909403,
06-04 12:06:07.404 2055 2075 I System.out: 15 0,200306587096,200306587096,9223372036854775807,0,200307046552,200307046943,200307818654,200307849131,200309306281,200309395679,200309595575,200311704009,200326033352,10493000,157386,200315499466,
06-04 12:06:07.404 2055 2075 I System.out: 16 0,200323253929,200323253929,9223372036854775807,0,200323993567,200323994679,200324896124,200324917765,200325988668,200326072305,200326274205,200331503487,200343894155,9166295,186000,200334680100,
06-04 12:06:07.404 2055 2075 I System.out: 17 0,200339920448,200339920448,9223372036854775807,0,200340109669,200340110821,200342474225,200342498942,200343842939,200343978654,200344437417,200344939691,200359560552,10313823,244039,200356759295,
06-04 12:06:07.404 2055 2075 I System.out: 18 0,200356587174,200356587174,9223372036854775807,0,200357157784,200357158255,200359144770,200359169727,200360600678,200360659048,200360702299,200361455295,200374386719,9242118,1240242,200373390045,
06-04 12:06:07.404 2055 2075 I System.out: 19 0,200373253818,200373253818,9223372036854775807,0,200381912119,200381912890,200382171677,200382195742,200382911408,200382960530,200382992711,200383552383,200392945254,6344459,533083,200386567021,
06-04 12:06:07.404 2055 2075 I System.out: 20 0,200389920660,200389920660,9223372036854775807,0,200392919225,200392919516,200393550622,200393582873,200394686658,200394738506,200394766959,200395187240,200407948915,10707684,66976,200406710206,
06-04 12:06:07.404 2055 2075 I System.out: 21 0,200406587608,200406587608,9223372036854775807,0,200406806517,200406806647,200408436932,200408472630,200409485795,200409533164,200409573109,200410016943,200424651210,12221810,112592,200412388733,
06-04 12:06:07.404 2055 2075 I System.out: 22 0,200423254311,200423254311,9223372036854775807,0,200423492150,200423493423,200425334003,200425384108,200426918753,200426978255,200427114161,200427642825,200440978299,10065566,901615,200430860645,
06-04 12:06:07.404 2055 2075 I System.out: 23 0,200439921117,200439921117,9223372036854775807,0,200440096270,200440097242,200441719943,200441763165,200443138991,200443184146,200443213993,200443652507,200460721902,14478514,464804,200456748160,
06-04 12:06:07.404 2055 2075 I System.out: 24 0,200456587822,200456587822,9223372036854775807,0,200456752739,200456754061,200459567722,200459609280,200460609641,200460955171,200460991449,200461613318,200474201738,11640958,225955,200462527527,
06-04 12:06:07.404 2055 2075 I System.out: 25 0,200473254673,200473254673,9223372036854775807,0,200473508534,200473509666,200475627829,200475666422,200476574349,200476642347,200476674006,200477281198,200492967632,14735136,157426,200490066768,
06-04 12:06:07.404 2055 2075 I System.out: 26 0,200489921463,200489921463,9223372036854775807,0,200490107194,200490108356,200493636861,200493672017,200494519761,200494594441,200494623706,200495235126,200509630653,13496828,103645,200506719199,
06-04 12:06:07.404 2055 2075 I System.out: 27 0,200506588254,200506588254,9223372036854775807,0,200506754906,200506755818,200510057326,200510092041,200510939715,200511001912,200511032589,200511776147,200524316046,10215939,1126398,200514049963,
06-04 12:06:07.404 2055 2075 I System.out: 28 0,200523255027,200523255027,9223372036854775807,0,200523412306,200523413669,200524625257,200524663529,200526220106,200526285970,200526321506,200526912327,200540997391,12351965,940769,200528579081,
06-04 12:06:07.404 2055 2075 I System.out: 29 0,200539921780,200539921780,9223372036854775807,0,200540215581,200540216673,200540999595,200541039400,200542082982,200542153485,200542189873,200542920858,200557614355,12435181,976967,200545140241,
06-04 12:06:07.404 2055 2075 I System.out: 30 0,200556588609,200556588609,9223372036854775807,0,200556777101,200556778203,200557971998,200558011993,200559287882,200559387419,200559425921,200560065414,200574923451,13219827,867231,200561649262,
06-04 12:06:07.404 2055 2075 I System.out: 31 0,200573255385,200573255385,9223372036854775807,0,200573442286,200573443298,200575269051,200575307934,200576473185,200576531605,200576561441,200577156099,200592838245,14841717,103354,200577950613,
06-04 12:06:07.404 2055 2075 I System.out: 32 0,200589922135,200589922135,9223372036854775807,0,200590126497,200590127468,200591247695,200591286678,200591368823,200592923957,200592959463,200593628371,200609724125,14799327,338797,200594873833,
06-04 12:06:07.404 2055 2075 I System.out: 33 0,200606588838,200606588838,9223372036854775807,0,200606775561,200606776733,200607985356,200608017637,200609116623,200609775051,200609824875,200610439550,200626067355,13979365,883842,200612051521,
06-04 12:06:07.404 2055 2075 I System.out: 34 0,200623255587,200623255587,9223372036854775807,0,200623429285,200623430487,200628040926,200628089357,200629189646,200629256952,200629283442,200629844457,200640965517,10212633,111039,1924618579685082084,
06-04 12:06:07.404 2055 2075 I System.out: 35 0,200639922302,200639922302,9223372036854775807,0,200640115369,200640116361,200641903671,200641955038,200642446873,200642503750,200642536802,200643252898,200657789190,13638144,137890,2078757996228403584,
06-04 12:06:07.404 2055 2075 I System.out: 36 0,200889922364,200889922364,9223372036854775807,0,200890064339,200890065270,200890065391,200890367769,200890434845,200890531266,200890561183,200891212678,200892192510,22752,127981,5368796221853456077,
06-04 12:06:07.405 2055 2075 D Benchmark: Starting activity with command: am start -W "intent:#Intent;action=android.intent.action.MAIN;category=android.intent.category.LAUNCHER;launchFlags=0x10008000;package=com.savethechildren.learning_tree;component=com.savethechildren.learning_tree/com.ustadmobile.port.android.view.AppActivity;end"
06-04 12:06:07.435 478 498 D EventSequenceValidator: inc AccIntentStartedEvents to 2
06-04 12:06:07.436 361 361 I perfetto: ing_service_impl.cc:758 Configured tracing session 9, #sources:1, duration:5000 ms, #buffers:1, total buffer size:4096 KB, total sessions:2, uid:1071 session name: ""
06-04 12:06:07.436 350 350 I perfetto: probes_producer.cc:230 Ftrace setup (target_buf=9)
06-04 12:06:07.438 478 498 D EventSequenceValidator: dec AccIntentStartedEvents to 1
06-04 12:06:07.442 478 776 W InputReader: Device virtio_input_multi_touch_10 is associated with display ADISPLAY_ID_NONE.
06-04 12:06:07.442 478 776 W InputReader: Device virtio_input_multi_touch_7 is associated with display ADISPLAY_ID_NONE.
06-04 12:06:07.442 478 776 W InputReader: Device virtio_input_multi_touch_11 is associated with display ADISPLAY_ID_NONE.
06-04 12:06:07.442 478 776 W InputReader: Device virtio_input_multi_touch_5 is associated with display ADISPLAY_ID_NONE.
06-04 12:06:07.442 478 776 W InputReader: Device virtio_input_multi_touch_2 is associated with display ADISPLAY_ID_NONE.
06-04 12:06:07.442 478 776 W InputReader: Device virtio_input_multi_touch_6 is associated with display ADISPLAY_ID_NONE.
06-04 12:06:07.442 478 776 W InputReader: Device virtio_input_multi_touch_8 is associated with display ADISPLAY_ID_NONE.
06-04 12:06:07.442 478 776 W InputReader: Device virtio_input_multi_touch_9 is associated with display ADISPLAY_ID_NONE.
06-04 12:06:07.442 478 776 W InputReader: Device virtio_input_multi_touch_3 is associated with display ADISPLAY_ID_NONE.
06-04 12:06:07.442 478 776 W InputReader: Device virtio_input_multi_touch_4 is associated with display ADISPLAY_ID_NONE.
06-04 12:06:07.442 478 776 W InputReader: Device virtio_input_multi_touch_10 is associated with display ADISPLAY_ID_NONE.
06-04 12:06:07.442 478 776 W InputReader: Device virtio_input_multi_touch_7 is associated with display ADISPLAY_ID_NONE.
06-04 12:06:07.442 478 776 W InputReader: Device virtio_input_multi_touch_11 is associated with display ADISPLAY_ID_NONE.
06-04 12:06:07.442 478 776 W InputReader: Device virtio_input_multi_touch_5 is associated with display ADISPLAY_ID_NONE.
06-04 12:06:07.442 478 776 W InputReader: Device virtio_input_multi_touch_2 is associated with display ADISPLAY_ID_NONE.
06-04 12:06:07.442 478 776 W InputReader: Device virtio_input_multi_touch_6 is associated with display ADISPLAY_ID_NONE.
06-04 12:06:07.442 478 776 W InputReader: Device virtio_input_multi_touch_8 is associated with display ADISPLAY_ID_NONE.
06-04 12:06:07.442 478 776 W InputReader: Device virtio_input_multi_touch_9 is associated with display ADISPLAY_ID_NONE.
06-04 12:06:07.442 478 776 W InputReader: Device virtio_input_multi_touch_3 is associated with display ADISPLAY_ID_NONE.
06-04 12:06:07.442 478 776 W InputReader: Device virtio_input_multi_touch_4 is associated with display ADISPLAY_ID_NONE.
06-04 12:06:07.462 273 1473 D goldfish-address-space: claimShared: Ask to claim region [0x3f4000000 0x3f47e9000]
06-04 12:06:07.467 2149 2149 W CustomTabsClient: Unable to find any Custom Tabs packages, you may need to add a element to your manifest. See the docs for CustomTabsClient#getPackageName.
06-04 12:06:07.467 2149 2149 W AppActivity$bindCustomTabsService: CustomTabs: Service NOT supported
06-04 12:06:07.487 295 295 E Layer : [Surface(name=Task=6)/@0xe583fb0 - animation-leash#0] No local sync point found
06-04 12:06:07.487 295 295 E Layer : [Surface(name=Task=1)/@0x31e6f4f - animation-leash#0] No local sync point found
06-04 12:06:07.493 478 572 D UntrustedWifiNetworkFactory: got request NetworkRequest [ TRACK_DEFAULT id=26, [ Capabilities: INTERNET&NOT_RESTRICTED&TRUSTED Uid: 10130 AdministratorUids: [] RequestorUid: 10130 RequestorPackageName: com.savethechildren.learning_tree] ] with score 60 and providerId 3
06-04 12:06:07.493 478 572 D WifiNetworkFactory: got request NetworkRequest [ TRACK_DEFAULT id=26, [ Capabilities: INTERNET&NOT_RESTRICTED&TRUSTED Uid: 10130 AdministratorUids: [] RequestorUid: 10130 RequestorPackageName: com.savethechildren.learning_tree] ] with score 60 and providerId 3
06-04 12:06:07.493 842 842 D PhoneSwitcherNetworkRequstListener: got request NetworkRequest [ TRACK_DEFAULT id=26, [ Capabilities: INTERNET&NOT_RESTRICTED&TRUSTED Uid: 10130 AdministratorUids: [] RequestorUid: 10130 RequestorPackageName: com.savethechildren.learning_tree] ] with score 60 and providerId 3
06-04 12:06:07.495 842 842 D Telephony: isEmergencyPreferredAccount: subId=1, activeData=1
06-04 12:06:07.495 842 842 D Telephony: isEmergencyPreferredAccount: Device does not require preference.
06-04 12:06:07.503 295 295 E Layer : [Surface(name=Task=6)/@0xe583fb0 - animation-leash#0] No local sync point found
06-04 12:06:07.503 295 295 E Layer : [Surface(name=Task=1)/@0x31e6f4f - animation-leash#0] No local sync point found
06-04 12:06:07.509 273 1473 D goldfish-address-space: claimShared: Ask to claim region [0x3f47e9000 0x3f4fd2000]
06-04 12:06:07.513 638 638 V KeyguardUpdateMonitor: onSubscriptionInfoChanged()
06-04 12:06:07.514 273 1473 D goldfish-address-space: claimShared: Ask to claim region [0x3f4fd2000 0x3f57bb000]
06-04 12:06:07.514 638 638 V KeyguardUpdateMonitor: SubInfo:{id=1 iccId=89014103211118510720 simSlotIndex=0 carrierId=1 displayName=T-Mobile carrierName=T-Mobile nameSource=3 iconTint=-16746133 number=+15555215554 dataRoaming=0 iconBitmap=android.graphics.Bitmap@419a608 mcc=310 mnc=260 countryIso=us isEmbedded=false nativeAccessRules=null cardString=89014103211118510720 cardId=-1 isOpportunistic=false groupUUID=null isGroupDisabled=false profileClass=-1 ehplmns=null hplmns=null subscriptionType=0 groupOwner=null carrierConfigAccessRules=null areUiccApplicationsEnabled=true}
06-04 12:06:07.514 273 1473 D goldfish-address-space: claimShared: Ask to claim region [0x3f90e9000 0x3f98d2000]
06-04 12:06:07.518 2975 2977 I cmd : oneway function results will be dropped but finished with status OK and parcel size 4
06-04 12:06:07.519 478 504 I ActivityTaskManager: Displayed com.savethechildren.learning_tree/com.ustadmobile.port.android.view.AppActivity: +83ms
06-04 12:06:07.520 295 295 E Layer : [Surface(name=Task=6)/@0xe583fb0 - animation-leash#0] No local sync point found
06-04 12:06:07.520 295 295 E Layer : [Surface(name=Task=1)/@0x31e6f4f - animation-leash#0] No local sync point found
06-04 12:06:07.531 2149 2149 D UstadViewModelFunKt$ustadViewModel$viewModel$invoke: ustadViewModel(): create viewmodel for: com.ustadmobile.core.viewmodel.redirect.RedirectViewModel
06-04 12:06:07.537 295 295 E Layer : [Surface(name=Task=6)/@0xe583fb0 - animation-leash#0] No local sync point found
06-04 12:06:07.537 295 295 E Layer : [Surface(name=Task=1)/@0x31e6f4f - animation-leash#0] No local sync point found
06-04 12:06:07.544 2149 2149 D UstadNavControllerPreCompose$onCollectNavCommand: NavCommandEffect: Navigate: Go to AddAccountSelectNewOrExisting
06-04 12:06:07.551 2149 2149 D UstadViewModelFunKt$ustadViewModel$viewModel$invoke: ustadViewModel(): create viewmodel for: com.ustadmobile.core.viewmodel.account.addaccountselectneworexisting.AddAccountSelectNewOrExistingViewModel
06-04 12:06:07.553 295 295 E Layer : [Surface(name=Task=6)/@0xe583fb0 - animation-leash#0] No local sync point found
06-04 12:06:07.553 295 295 E Layer : [Surface(name=Task=1)/@0x31e6f4f - animation-leash#0] No local sync point found
06-04 12:06:07.557 2055 2075 D Benchmark: Result: Starting: Intent { act=android.intent.action.MAIN cat=[android.intent.category.LAUNCHER] flg=0x10008000 pkg=com.savethechildren.learning_tree cmp=com.savethechildren.learning_tree/com.ustadmobile.port.android.view.AppActivity }
06-04 12:06:07.557 2055 2075 D Benchmark: Status: ok
06-04 12:06:07.557 2055 2075 D Benchmark: LaunchState: WARM
06-04 12:06:07.557 2055 2075 D Benchmark: Activity: com.savethechildren.learning_tree/com.ustadmobile.port.android.view.AppActivity
06-04 12:06:07.557 2055 2075 D Benchmark: TotalTime: 83
06-04 12:06:07.557 2055 2075 D Benchmark: WaitTime: 84
06-04 12:06:07.557 2055 2075 D Benchmark: Complete
06-04 12:06:07.558 2149 2149 W GooglePlayServicesUtil: com.savethechildren.learning_tree requires the Google Play Store, but it is missing.
06-04 12:06:07.558 2149 2149 W PlayServicesImpl: Connection with Google Play Services was not successful. Connection result is: ConnectionResult{statusCode=SERVICE_INVALID, resolution=null, message=null}
06-04 12:06:07.558 2149 2149 E AddAccountSelectNewOrExistingViewModel$getCredentials$invokeSuspend: Error occurred: Failed to get credential: getCredentialAsync no provider dependencies found - please ensure the desired provider dependencies are added
06-04 12:06:07.570 295 295 E Layer : [Surface(name=Task=6)/@0xe583fb0 - animation-leash#0] No local sync point found
06-04 12:06:07.570 295 295 E Layer : [Surface(name=Task=1)/@0x31e6f4f - animation-leash#0] No local sync point found
06-04 12:06:07.587 295 295 E Layer : [Surface(name=Task=6)/@0xe583fb0 - animation-leash#0] No local sync point found
06-04 12:06:07.587 295 295 E Layer : [Surface(name=Task=1)/@0x31e6f4f - animation-leash#0] No local sync point found
06-04 12:06:07.603 295 295 E Layer : [Surface(name=Task=6)/@0xe583fb0 - animation-leash#0] No local sync point found
06-04 12:06:07.603 295 295 E Layer : [Surface(name=Task=1)/@0x31e6f4f - animation-leash#0] No local sync point found
06-04 12:06:07.647 2055 2075 I System.out: 0 Flags,IntendedVsync,Vsync,OldestInputEvent,NewestInputEvent,HandleInputStart,AnimationStart,PerformTraversalsStart,DrawStart,SyncQueued,SyncStart,IssueDrawCommandsStart,SwapBuffers,FrameCompleted,DequeueBufferDuration,QueueBufferDuration,GpuCompleted,
06-04 12:06:07.647 2055 2075 I System.out: 1 1,200023251914,200023251914,9223372036854775807,0,200023378792,200023379173,200023379263,200067097855,200067328048,200067706159,200067715537,200068600891,200070344750,20388,144752,200069590081,
06-04 12:06:07.647 2055 2075 I System.out: 2 0,200039918715,200073252047,9223372036854775807,0,200079372335,200079372896,200085859061,200085893416,200086336950,200087009555,200087032137,200088029923,200089120424,23344,115156,200088964510,
06-04 12:06:07.647 2055 2075 I System.out: 3 0,200089919123,200089919123,9223372036854775807,0,200092731553,200092731854,200119870201,200119914164,200126416710,200126478236,200126503874,200127260988,200135179246,29656,186831,200135123742,
06-04 12:06:07.647 2055 2075 I System.out: 4 0,200106585868,200123252534,9223372036854775807,0,200136794834,200136795585,200144411465,200144441221,200147278716,200147402349,200147446372,200149692004,200153121292,25718,133971,200156713967,
06-04 12:06:07.647 2055 2075 I System.out: 5 0,200139919445,200139919445,9223372036854775807,0,200154840495,200154841226,200155497760,200155526835,200156321419,200156374960,200156415636,200159285863,200160417531,21651,154350,200166723909,
06-04 12:06:07.647 2055 2075 I System.out: 6 0,200156586271,200156586271,9223372036854775807,0,200161167962,200161168303,200161760195,200161794590,200162847279,200162892454,200162929694,200163823345,200175557237,8742759,126939,200173434045,
06-04 12:06:07.647 2055 2075 I System.out: 7 0,200173253131,200173253131,9223372036854775807,0,200175454234,200175455095,200176197912,200176225183,200177422725,200179846122,200179890806,200180730905,200194844653,11455750,163388,200190069605,
06-04 12:06:07.647 2055 2075 I System.out: 8 0,200189919845,200189919845,9223372036854775807,0,200190166857,200190167018,200195500306,200195532636,200197106135,200197178591,200197217635,200200742593,200208052247,4915082,645985,200203101528,
06-04 12:06:07.647 2055 2075 I System.out: 9 0,200206586646,200206586646,9223372036854775807,0,200206813748,200206813998,200208781989,200208805703,200210308158,200210502754,200210532921,200216192733,200234569005,15047744,110428,200219486656,
06-04 12:06:07.647 2055 2075 I System.out: 10 0,200223253370,200223253370,9223372036854775807,0,200223420673,200223421906,200235276105,200235307844,200236711003,200236763802,200236792576,200237271086,200247321683,8056398,474092,200239223387,
06-04 12:06:07.647 2055 2075 I System.out: 11 0,200239920072,200239920072,9223372036854775807,0,200240635001,200240635211,200245269044,200245299461,200247273573,200248855528,200248891796,200249699735,200259284657,5948555,135885,200253274797,
06-04 12:06:07.647 2055 2075 I System.out: 12 0,200256586854,200256586854,9223372036854775807,0,200256935530,200256935781,200258369326,200258391938,200259581074,200259639685,200259672727,200265775572,200276559629,6501424,1361200,200273407061,
06-04 12:06:07.647 2055 2075 I System.out: 13 0,200273253604,200273253604,9223372036854775807,0,200273575528,200273575768,200275426819,200275447027,200276511538,200276698860,200276889198,200277617698,200296322778,13221359,467178,200290039073,
06-04 12:06:07.647 2055 2075 I System.out: 14 0,200289920398,200289920398,9223372036854775807,0,200290325051,200290325542,200291123182,200291145574,200292315544,200296368735,200296652108,200297161395,200309348079,6398090,2489271,200302909403,
06-04 12:06:07.647 2055 2075 I System.out: 15 0,200306587096,200306587096,9223372036854775807,0,200307046552,200307046943,200307818654,200307849131,200309306281,200309395679,200309595575,200311704009,200326033352,10493000,157386,200315499466,
06-04 12:06:07.647 2055 2075 I System.out: 16 0,200323253929,200323253929,9223372036854775807,0,200323993567,200323994679,200324896124,200324917765,200325988668,200326072305,200326274205,200331503487,200343894155,9166295,186000,200334680100,
06-04 12:06:07.647 2055 2075 I System.out: 17 0,200339920448,200339920448,9223372036854775807,0,200340109669,200340110821,200342474225,200342498942,200343842939,200343978654,200344437417,200344939691,200359560552,10313823,244039,200356759295,
06-04 12:06:07.647 2055 2075 I System.out: 18 0,200356587174,200356587174,9223372036854775807,0,200357157784,200357158255,200359144770,200359169727,200360600678,200360659048,200360702299,200361455295,200374386719,9242118,1240242,200373390045,
06-04 12:06:07.647 2055 2075 I System.out: 19 0,200373253818,200373253818,9223372036854775807,0,200381912119,200381912890,200382171677,200382195742,200382911408,200382960530,200382992711,200383552383,200392945254,6344459,533083,200386567021,
06-04 12:06:07.647 2055 2075 I System.out: 20 0,200389920660,200389920660,9223372036854775807,0,200392919225,200392919516,200393550622,200393582873,200394686658,200394738506,200394766959,200395187240,200407948915,10707684,66976,200406710206,
06-04 12:06:07.647 2055 2075 I System.out: 21 0,200406587608,200406587608,9223372036854775807,0,200406806517,200406806647,200408436932,200408472630,200409485795,200409533164,200409573109,200410016943,200424651210,12221810,112592,200412388733,
06-04 12:06:07.647 2055 2075 I System.out: 22 0,200423254311,200423254311,9223372036854775807,0,200423492150,200423493423,200425334003,200425384108,200426918753,200426978255,200427114161,200427642825,200440978299,10065566,901615,200430860645,
06-04 12:06:07.647 2055 2075 I System.out: 23 0,200439921117,200439921117,9223372036854775807,0,200440096270,200440097242,200441719943,200441763165,200443138991,200443184146,200443213993,200443652507,200460721902,14478514,464804,200456748160,
06-04 12:06:07.647 2055 2075 I System.out: 24 0,200456587822,200456587822,9223372036854775807,0,200456752739,200456754061,200459567722,200459609280,200460609641,200460955171,200460991449,200461613318,200474201738,11640958,225955,200462527527,
06-04 12:06:07.647 2055 2075 I System.out: 25 0,200473254673,200473254673,9223372036854775807,0,200473508534,200473509666,200475627829,200475666422,200476574349,200476642347,200476674006,200477281198,200492967632,14735136,157426,200490066768,
06-04 12:06:07.647 2055 2075 I System.out: 26 0,200489921463,200489921463,9223372036854775807,0,200490107194,200490108356,200493636861,200493672017,200494519761,200494594441,200494623706,200495235126,200509630653,13496828,103645,200506719199,
06-04 12:06:07.647 2055 2075 I System.out: 27 0,200506588254,200506588254,9223372036854775807,0,200506754906,200506755818,200510057326,200510092041,200510939715,200511001912,200511032589,200511776147,200524316046,10215939,1126398,200514049963,
06-04 12:06:07.647 2055 2075 I System.out: 28 0,200523255027,200523255027,9223372036854775807,0,200523412306,200523413669,200524625257,200524663529,200526220106,200526285970,200526321506,200526912327,200540997391,12351965,940769,200528579081,
06-04 12:06:07.647 2055 2075 I System.out: 29 0,200539921780,200539921780,9223372036854775807,0,200540215581,200540216673,200540999595,200541039400,200542082982,200542153485,200542189873,200542920858,200557614355,12435181,976967,200545140241,
06-04 12:06:07.647 2055 2075 I System.out: 30 0,200556588609,200556588609,9223372036854775807,0,200556777101,200556778203,200557971998,200558011993,200559287882,200559387419,200559425921,200560065414,200574923451,13219827,867231,200561649262,
06-04 12:06:07.647 2055 2075 I System.out: 31 0,200573255385,200573255385,9223372036854775807,0,200573442286,200573443298,200575269051,200575307934,200576473185,200576531605,200576561441,200577156099,200592838245,14841717,103354,200577950613,
06-04 12:06:07.647 2055 2075 I System.out: 32 0,200589922135,200589922135,9223372036854775807,0,200590126497,200590127468,200591247695,200591286678,200591368823,200592923957,200592959463,200593628371,200609724125,14799327,338797,200594873833,
06-04 12:06:07.647 2055 2075 I System.out: 33 0,200606588838,200606588838,9223372036854775807,0,200606775561,200606776733,200607985356,200608017637,200609116623,200609775051,200609824875,200610439550,200626067355,13979365,883842,200612051521,
06-04 12:06:07.647 2055 2075 I System.out: 34 0,200623255587,200623255587,9223372036854775807,0,200623429285,200623430487,200628040926,200628089357,200629189646,200629256952,200629283442,200629844457,200640965517,10212633,111039,1924618579685082084,
06-04 12:06:07.647 2055 2075 I System.out: 35 0,200639922302,200639922302,9223372036854775807,0,200640115369,200640116361,200641903671,200641955038,200642446873,200642503750,200642536802,200643252898,200657789190,13638144,137890,2078757996228403584,
06-04 12:06:07.647 2055 2075 I System.out: 36 0,200889922364,200889922364,9223372036854775807,0,200890064339,200890065270,200890065391,200890367769,200890434845,200890531266,200890561183,200891212678,200892192510,22752,127981,5368796221853456077,
06-04 12:06:07.647 2055 2075 I System.out: 0 Flags,IntendedVsync,Vsync,OldestInputEvent,NewestInputEvent,HandleInputStart,AnimationStart,PerformTraversalsStart,DrawStart,SyncQueued,SyncStart,IssueDrawCommandsStart,SwapBuffers,FrameCompleted,DequeueBufferDuration,QueueBufferDuration,GpuCompleted,
06-04 12:06:07.648 2055 2075 I System.out: 1 1,226689921825,226689921825,9223372036854775807,0,226705981976,226705982417,226706071485,226750597756,226751086695,226751284717,226751299004,226752117413,226753988611,30979,697772,226753720417,
06-04 12:06:07.648 2055 2075 I System.out: 2 0,226723255342,226756588674,9223372036854775807,0,226761170155,226761170515,226771548709,226771585348,226771934464,226772159227,226772178724,226772714972,226774238747,16020,100750,226790055456,
06-04 12:06:07.648 2055 2075 I System.out: 3 0,226773255469,226773255469,9223372036854775807,0,226782186441,226782187964,226809412874,226809447348,226823465526,226823987117,226824019388,226824457822,226832351043,20980,156014,173456691009,
06-04 12:06:07.648 2055 2075 I System.out: 4 0,226789922235,226823255567,9223372036854775807,0,226827169140,226827169461,226835573202,226835632173,226838515364,226838604952,226838638976,226839131833,226841351086,1621438,86373,173471323963,
06-04 12:06:07.648 2055 2075 I System.out: 5 0,226839922427,226839922427,9223372036854775807,0,226841902102,226841902402,226842594734,226842618829,226845205062,226845269694,226845309969,226852432712,226857812077,3935720,768265,173471378155,
06-04 12:06:07.648 2055 2075 D UiDevice: Waiting 10000ms for SearchCondition[hasObject=BySelector [TEXT='\QGet Started\E']].
06-04 12:06:07.648 2055 2075 D UiDevice: Searching for node with selector: BySelector [TEXT='\QGet Started\E'].
06-04 12:06:07.777 987 987 D TaplTarget: sendStateEventToTest: 0
06-04 12:06:07.778 987 987 D RecentsOrientedState: current RecentsOrientedState: [this=RecentsOrientedState@5c28903 mOrientationHandler=PortraitPagedViewHandler@4e57080 mDisplayRotation=0 mTouchRotation=0 mRecentsActivityRotation=0 isRecentsActivityRotationAllowed=false mSystemRotation=true mFlags=299]
06-04 12:06:07.778 987 987 I chatty : uid=10118(com.android.launcher3) identical 2 lines
06-04 12:06:07.778 987 987 D RecentsOrientedState: current RecentsOrientedState: [this=RecentsOrientedState@5c28903 mOrientationHandler=PortraitPagedViewHandler@4e57080 mDisplayRotation=0 mTouchRotation=0 mRecentsActivityRotation=0 isRecentsActivityRotationAllowed=false mSystemRotation=true mFlags=299]
06-04 12:06:07.784 478 2384 D HostConnection: HostConnection::get() New Host Connection established 0x7e5153e15fd0, tid 2384
06-04 12:06:07.785 478 2384 D HostConnection: HostComposition ext ANDROID_EMU_CHECKSUM_HELPER_v1 ANDROID_EMU_native_sync_v2 ANDROID_EMU_dma_v1 ANDROID_EMU_direct_mem ANDROID_EMU_host_composition_v1 ANDROID_EMU_host_composition_v2 ANDROID_EMU_vulkan ANDROID_EMU_deferred_vulkan_commands ANDROID_EMU_vulkan_null_optional_strings ANDROID_EMU_vulkan_create_resources_with_requirements ANDROID_EMU_YUV_Cache ANDROID_EMU_vulkan_ignored_handles ANDROID_EMU_has_shared_slots_host_memory_allocator ANDROID_EMU_vulkan_free_memory_sync ANDROID_EMU_vulkan_shader_float16_int8 ANDROID_EMU_vulkan_async_queue_submit ANDROID_EMU_sync_buffer_data ANDROID_EMU_vulkan_async_qsri ANDROID_EMU_read_color_buffer_dma GL_OES_EGL_image_external_essl3 GL_OES_vertex_array_object GL_KHR_texture_compression_astc_ldr ANDROID_EMU_host_side_tracing ANDROID_EMU_gles_max_version_3_0
06-04 12:06:07.786 478 2384 D EGL_emulation: eglCreateContext: 0x7e5143ecf520: maj 3 min 0 rcv 3
06-04 12:06:07.786 478 2384 D EGL_emulation: eglMakeCurrent: 0x7e5143ecf520: ver 3 0 (tinfo 0x7e50e3eba1e0) (first time)
06-04 12:06:07.799 2149 2149 D AppActivity$onDestroy: AppActivity#onDestroy
06-04 12:06:08.188 1168 1844 I Dialer : VvmTaskExecutor - executing task com.android.voicemail.impl.ActivationTask@bfd63ca
06-04 12:06:08.188 1168 1844 I Dialer : PreOMigrationHandler - ComponentInfo{com.android.phone/com.android.services.telephony.TelephonyConnectionService}, ***, UserHandle{0} already migrated
06-04 12:06:08.195 1305 1879 I VoicemailNotifier: receivers for android.intent.action.PROVIDER_CHANGED :[]
06-04 12:06:08.195 1168 1844 I Dialer : VvmActivationTask - VVM content provider configured - vvm_type_cvvm
06-04 12:06:08.195 1168 1844 I Dialer : OmtpVvmCarrierCfgHlpr - OmtpEvent:CONFIG_ACTIVATING
06-04 12:06:08.196 1305 1879 I VoicemailNotifier: receivers for android.intent.action.PROVIDER_CHANGED :[]
06-04 12:06:08.198 842 1096 D SmsNumberUtils: enter filterDestAddr. destAddr="[BajqU4K5_YhSYbs-7QUn0dOwcmI]"
06-04 12:06:08.198 842 1096 D SmsNumberUtils: destAddr is not formatted.
06-04 12:06:08.198 842 1096 D SmsNumberUtils: leave filterDestAddr, new destAddr="[BajqU4K5_YhSYbs-7QUn0dOwcmI]"
06-04 12:06:08.391 2055 2075 D UiDevice: Searching for node with selector: BySelector [TEXT='\QGet Started\E'].
06-04 12:06:12.172 2055 2075 I chatty : uid=10131(com.ustadmobile.app_android_baselineprofile) roidJUnitRunner identical 32 lines
06-04 12:06:12.275 2055 2075 D UiDevice: Searching for node with selector: BySelector [TEXT='\QGet Started\E'].
06-04 12:06:12.310 350 350 I perfetto: probes_producer.cc:329 Producer stop (id=8)
06-04 12:06:12.311 361 361 I perfetto: ng_service_impl.cc:1948 Tracing session 8 ended, total sessions:1
06-04 12:06:12.377 2055 2075 D UiDevice: Searching for node with selector: BySelector [TEXT='\QGet Started\E'].
06-04 12:06:12.436 350 350 I perfetto: probes_producer.cc:329 Producer stop (id=9)
06-04 12:06:12.437 350 350 I perfetto: ftrace_procfs.cc:183 disabled ftrace
06-04 12:06:12.437 361 361 I perfetto: ng_service_impl.cc:1948 Tracing session 9 ended, total sessions:0
06-04 12:06:12.480 2055 2075 D UiDevice: Searching for node with selector: BySelector [TEXT='\QGet Started\E'].
06-04 12:06:17.615 2055 2075 I chatty : uid=10131(com.ustadmobile.app_android_baselineprofile) roidJUnitRunner identical 50 lines
06-04 12:06:17.717 2055 2075 D UiDevice: Searching for node with selector: BySelector [TEXT='\QGet Started\E'].
06-04 12:06:18.720 2055 2075 D UiDevice: Retrieving node with selector: BySelector [TEXT='\QGet Started\E'].
06-04 12:06:18.722 2055 2075 D UiDevice: Node not found with selector: BySelector [TEXT='\QGet Started\E'].
06-04 12:06:23.722 2055 2075 D Benchmark: Profile Installer - Save Profile
06-04 12:06:23.730 2149 2149 I Process : Sending signal. PID: 2149 SIG: 10
