EXECUTING: /var/lib/jenkins/Android/Sdk/platform-tools/adb -H localhost -P 5037 -s emulator-5554 shell logcat -v threadtime -b main -b crash -T '06-04 12:03:10.000' CURRENT_WORKING_DIRECTORY: /home/jenkins/.jenkins/workspace/dev-simplified-onboarding-release-learningtree2 START_TIME: 2025-06-04 12:03:11.135 START_TIME-NANOS: 2025-06-04 12:03:11.135660240 ENVIRONMENT: ANDROID_SDK_HOME=/var/lib/jenkins/Android/Sdk ANDROID_ADB=/var/lib/jenkins/Android/Sdk/platform-tools/adb ***************************************** STDOUT/STDERR BELOW =================== --------- beginning of main
06-04 12:03:10.116 1920 2003 I abb : oneway function results will be dropped but finished with status OK and parcel size 4
06-04 12:03:10.124 1920 1920 I abb : StartCommandInProcess(7061636b61676500696e7374616c6c2d package.install- [truncated])
06-04 12:03:10.511 1232 1269 I MediaProvider: Invalidating LocalCallingIdentity cache for package com.ustadmobile.app_android_baselineprofile. Reason: op android:read_external_storage
06-04 12:03:10.519 1232 1269 I chatty : uid=10128(com.android.providers.media.module) Binder:1232_3 identical 1 line
06-04 12:03:10.528 1232 1269 I MediaProvider: Invalidating LocalCallingIdentity cache for package com.ustadmobile.app_android_baselineprofile. Reason: op android:read_external_storage
06-04 12:03:10.546 380 380 E installd: Couldn't opendir /data/app/vmdl1968076199.tmp: No such file or directory
06-04 12:03:10.546 380 380 E installd: Failed to delete /data/app/vmdl1968076199.tmp: No such file or directory
06-04 12:03:10.584 1920 2003 I abb : oneway function results will be dropped but finished with status OK and parcel size 4
06-04 12:03:10.588 1232 1232 I MediaProvider: Invalidating LocalCallingIdentity cache for package com.ustadmobile.app_android_baselineprofile. Reason: package android.intent.action.PACKAGE_ADDED
06-04 12:03:10.599 478 554 I InputReader: Reconfiguring input devices, changes=KEYBOARD_LAYOUTS |
06-04 12:03:10.609 619 619 V AvrcpMediaPlayerList: mPackageChangedBroadcastReceiver: action: android.intent.action.PACKAGE_ADDED
06-04 12:03:10.609 619 619 D AvrcpMediaPlayerList: Name of package changed: com.ustadmobile.app_android_baselineprofile
06-04 12:03:10.622 1725 1983 I PermissionControllerServiceImpl: Updating user sensitive for uid 10131
06-04 12:03:10.650 842 842 D CarrierSvcBindHelper: No carrier app for: 0
06-04 12:03:10.681 842 842 D CarrierConfigLoader: mHandler: 9 phoneId: 0
06-04 12:03:10.827 478 488 I system_server: Background concurrent copying GC freed 80373(3669KB) AllocSpace objects, 20(1348KB) LOS objects, 49% free, 9574KB/18MB, paused 36us total 278.392ms
06-04 12:03:11.211 987 1358 I OpenGLRenderer: Davey! duration=1291ms; Flags=0, IntendedVsync=49155927480, Vsync=49155927480, OldestInputEvent=9223372036854775807, NewestInputEvent=0, HandleInputStart=49158456462, AnimationStart=49158457854, PerformTraversalsStart=49158457965, DrawStart=49172846479, SyncQueued=49173479249, SyncStart=49173713158, IssueDrawCommandsStart=49174199944, SwapBuffers=50246862000, FrameCompleted=50447837226, DequeueBufferDuration=84719, QueueBufferDuration=21506768, GpuCompleted=2314885530818453548,
06-04 12:03:11.756 2042 2042 D AndroidRuntime: >>>>>> START com.android.internal.os.RuntimeInit uid 2000 <<<<<<
06-04 12:03:11.795 2042 2042 E libc : Access denied finding property "persist.device_config.runtime_native_boot.profilebootclasspath"
06-04 12:03:11.795 2042 2042 E libc : Access denied finding property "persist.device_config.runtime_native_boot.enable_apex_image"
06-04 12:03:11.795 2042 2042 I AndroidRuntime: Using default boot image
06-04 12:03:11.795 2042 2042 E libc : Access denied finding property "persist.device_config.runtime_native_boot.disable_lock_profiling"
06-04 12:03:11.795 2042 2042 I AndroidRuntime: Leaving lock profiling enabled
06-04 12:03:11.795 2042 2042 E libc : Access denied finding property "persist.device_config.runtime_native_boot.enable_generational_cc"
06-04 12:03:11.785 2042 2042 W app_process: type=1400 audit(0.0:55): avc: denied { read } for name="u:object_r:device_config_runtime_native_boot_prop:s0" dev="tmpfs" ino=8440 scontext=u:r:shell:s0 tcontext=u:object_r:device_config_runtime_native_boot_prop:s0 tclass=file permissive=0
06-04 12:03:11.793 2042 2042 I chatty : uid=2000(shell) app_process identical 2 lines
06-04 12:03:11.793 2042 2042 W app_process: type=1400 audit(0.0:58): avc: denied { read } for name="u:object_r:device_config_runtime_native_boot_prop:s0" dev="tmpfs" ino=8440 scontext=u:r:shell:s0 tcontext=u:object_r:device_config_runtime_native_boot_prop:s0 tclass=file permissive=0
06-04 12:03:11.819 2042 2042 I app_process: Core platform API reporting enabled, enforcing=false
06-04 12:03:11.999 2042 2042 D app_process: Time zone APEX ICU file found: /apex/com.android.tzdata/etc/icu/icu_tzdata.dat
06-04 12:03:12.000 2042 2042 D app_process: I18n APEX ICU file found: /apex/com.android.i18n/etc/icu/icudt66l.dat
06-04 12:03:12.010 2042 2042 W app_process: Unexpected CPU variant for X86 using defaults: x86_64
06-04 12:03:12.018 2042 2042 I app_process: The ClassLoaderContext is a special shared library.
06-04 12:03:12.040 2042 2042 W app_process: JNI RegisterNativeMethods: attempt to register 0 native methods for android.media.AudioAttributes
06-04 12:03:12.043 2042 2042 D AndroidRuntime: Calling main entry com.android.commands.am.Am
06-04 12:03:12.074 256 256 D Zygote : Forked child process 2055
06-04 12:03:12.090 2055 2055 I baselineprofil: Late-enabling -Xcheck:jni
06-04 12:03:12.128 2055 2055 I baselineprofil: Unquickening 12 vdex files!
06-04 12:03:12.141 2055 2055 W baselineprofil: Unexpected CPU variant for X86 using defaults: x86_64
06-04 12:03:12.143 334 374 I adbd : jdwp connection from 2055
06-04 12:03:12.185 2055 2055 D ApplicationLoaders: Returning zygote-cached class loader: /system/framework/android.test.base.jar
06-04 12:03:12.185 2055 2055 D ApplicationLoaders: Returning zygote-cached class loader: /system/framework/android.test.base.jar
06-04 12:03:12.196 2055 2055 I baselineprofil: The ClassLoaderContext is a special shared library.
06-04 12:03:12.198 2055 2055 D ApplicationLoaders: Returning zygote-cached class loader: /system/framework/android.test.base.jar
06-04 12:03:12.198 2055 2055 D ApplicationLoaders: Returning zygote-cached class loader: /system/framework/android.test.base.jar
06-04 12:03:12.208 2055 2055 I baselineprofil: The ClassLoaderContext is a special shared library.
06-04 12:03:12.348 2055 2055 W baselineprofil: Accessing hidden method Landroid/app/Instrumentation;->execStartActivity(Landroid/content/Context;Landroid/os/IBinder;Landroid/os/IBinder;Landroid/app/Activity;Landroid/content/Intent;ILandroid/os/Bundle;)Landroid/app/Instrumentation$ActivityResult; (greylist, linking, allowed)
06-04 12:03:12.348 2055 2055 W baselineprofil: Accessing hidden method Landroid/app/Instrumentation;->execStartActivity(Landroid/content/Context;Landroid/os/IBinder;Landroid/os/IBinder;Ljava/lang/String;Landroid/content/Intent;ILandroid/os/Bundle;)Landroid/app/Instrumentation$ActivityResult; (greylist, linking, allowed)
06-04 12:03:12.360 2055 2055 D NetworkSecurityConfig: Using Network Security Config from resource network_security_config debugBuild: true
06-04 12:03:12.371 2055 2055 D NetworkSecurityConfig: Using Network Security Config from resource network_security_config debugBuild: true
06-04 12:03:12.371 2055 2055 I MonitoringInstr: newApplication called!
06-04 12:03:12.408 2055 2055 I MonitoringInstr: Instrumentation started!
06-04 12:03:12.435 2055 2055 I AndroidJUnitRunner: onCreate Bundle[{testTimeoutSeconds=31536000, androidx.benchmark.targetPackageName=com.savethechildren.learning_tree, additionalTestOutputDir=/sdcard/Android/media/com.ustadmobile.app_android_baselineprofile/additional_test_output, androidx.benchmark.enabledRules=baselineprofile}]
06-04 12:03:12.436 2055 2055 V TestEventClient: No service name argument was given (testDiscoveryService, testRunEventService or orchestratorService)
06-04 12:03:12.462 2055 2075 D AndroidJUnitRunner: onStart is called.
06-04 12:03:12.470 2055 2055 I MonitoringInstr: No JSBridge.
06-04 12:03:12.482 2055 2075 D TestRequestBuilder: Using class path scanning to discover tests
06-04 12:03:12.482 2055 2075 I TestRequestBuilder: Scanning classpath to find tests in paths [/data/app/~~iCxHJ2Drn2SbGXaS6nO2hA==/com.ustadmobile.app_android_baselineprofile-030n22bWPK0VR6JaR9V5vg==/base.apk]
06-04 12:03:12.482 2055 2075 W baselineprofil: Opening an oat file without a class loader. Are you using the deprecated DexFile APIs?
06-04 12:03:12.768 2055 2075 D AndroidJUnitRunner: Use the raw file system for managing file I/O.
06-04 12:03:12.770 2055 2075 D TestExecutor: Adding listener androidx.test.internal.runner.listener.LogRunListener
06-04 12:03:12.771 2055 2075 D TestExecutor: Adding listener androidx.test.internal.runner.listener.InstrumentationResultPrinter
06-04 12:03:12.771 2055 2075 D TestExecutor: Adding listener androidx.test.internal.runner.listener.ActivityFinisherRunListener
06-04 12:03:12.771 2055 2075 D TestExecutor: Adding listener androidx.test.internal.runner.listener.TraceRunListener
06-04 12:03:12.772 2055 2075 I TestRunner: run started: 3 tests
06-04 12:03:12.772 2055 2075 I TestRunner: started: generate(com.ustadmobile.app_android_baselineprofile.BaselineProfileGenerator)
06-04 12:03:12.817 2055 2077 V UiAutomation: Init UiAutomation@9594ec5[id=1, flags=0]
06-04 12:03:12.821 2055 2075 I UiAutomationShellCmd: Requesting permission: pm grant com.ustadmobile.app_android_baselineprofile android.permission.READ_EXTERNAL_STORAGE
06-04 12:03:12.821 2055 2075 W UiAutomation: UiAutomation.grantRuntimePermission() is more robust and should be used instead of 'pm grant'
06-04 12:03:12.840 273 1473 D goldfish-address-space: claimShared: Ask to claim region [0x3f90e7000 0x3f90e9000]
06-04 12:03:12.933 1232 1269 I MediaProvider: Invalidating LocalCallingIdentity cache for package com.ustadmobile.app_android_baselineprofile. Reason: op android:read_external_storage
06-04 12:03:12.935 2055 2075 I UiAutomationShellCmd: Requesting permission: pm grant com.ustadmobile.app_android_baselineprofile android.permission.WRITE_EXTERNAL_STORAGE
06-04 12:03:12.935 2055 2075 W UiAutomation: UiAutomation.grantRuntimePermission() is more robust and should be used instead of 'pm grant'
06-04 12:03:12.950 1232 1269 I MediaProvider: Invalidating LocalCallingIdentity cache for package com.ustadmobile.app_android_baselineprofile. Reason: op android:read_external_storage
06-04 12:03:12.977 2055 2075 D Benchmark: additionalTestOutputDir=/sdcard/Android/media/com.ustadmobile.app_android_baselineprofile/additional_test_output
06-04 12:03:12.996 2055 2075 D Benchmark: Usable output directory: /storage/emulated/0/Android/media/com.ustadmobile.app_android_baselineprofile
06-04 12:03:12.996 2055 2075 D Benchmark: Output Directory: /sdcard/Android/media/com.ustadmobile.app_android_baselineprofile/additional_test_output
06-04 12:03:13.089 987 1358 E FrameEvents: updateAcquireFence: Did not find frame.
06-04 12:03:13.089 273 1473 D goldfish-address-space: claimShared: Ask to claim region [0x3f90e9000 0x3f90eb000]
06-04 12:03:13.090 1232 1333 I MediaProvider: Deleted 1 items on external_primary due to com.ustadmobile.app_android_baselineprofile
06-04 12:03:13.157 1232 1332 I MediaProvider: Invalidating LocalCallingIdentity cache for package com.ustadmobile.app_android_baselineprofile. Reason: owned_database_row_deleted:/storage/emulated/0/Android/media/com.ustadmobile.app_android_baselineprofile/temporaryScript4273377294647766754.tmp
06-04 12:03:13.168 1232 1332 I MediaProvider: Deleted 1 items on external_primary due to com.android.shell
06-04 12:03:13.178 2055 2075 I UiDevice: Creating a new instance, old instance exists: false
06-04 12:03:13.180 2055 2075 D UiDevice: Setting accessibility service flags: 65618
06-04 12:03:13.186 2055 2075 D UiDevice: Turning on screen.
06-04 12:03:13.187 2055 2075 D Benchmark: Killing process com.savethechildren.learning_tree
06-04 12:03:13.187 2055 2075 D UiDevice: Executing shell command: killall com.savethechildren.learning_tree
06-04 12:03:13.221 2055 2075 D Benchmark: Resetting compiled state for com.savethechildren.learning_tree for stable profiles.
06-04 12:03:13.221 2055 2075 D Benchmark: Resetting com.savethechildren.learning_tree
06-04 12:03:13.221 2055 2075 D Benchmark: Re-compiling com.savethechildren.learning_tree
06-04 12:03:13.265 478 1102 I PackageDexOptimizer: Running dexopt (dexoptNeeded=-3) on: /data/app/~~YydvtuG-I1K6uwq-gJBazQ==/com.savethechildren.learning_tree-1CMBwdveIrDtkv3DFsnSwg==/base.apk pkg=com.savethechildren.learning_tree isa=x86_64 dexoptFlags=boot_complete,profile_guided,force,enable_hidden_api_checks targetFilter=speed-profile oatDir=/data/app/~~YydvtuG-I1K6uwq-gJBazQ==/com.savethechildren.learning_tree-1CMBwdveIrDtkv3DFsnSwg==/oat classLoaderContext=PCL[]{PCL[/system_ext/framework/androidx.window.sidecar.jar]}
06-04 12:03:13.266 380 380 V installd: DexInv: --- BEGIN '/data/app/~~YydvtuG-I1K6uwq-gJBazQ==/com.savethechildren.learning_tree-1CMBwdveIrDtkv3DFsnSwg==/base.apk' ---
06-04 12:03:13.273 2132 2132 W dex2oat32: Unexpected CPU variant for X86 using defaults: x86_64
06-04 12:03:13.414 2132 2132 I dex2oat32: /apex/com.android.art/bin/dex2oat32 --input-vdex-fd=9 --output-vdex-fd=10 --updatable-bcp-packages-file=/system/etc/updatable-bcp-packages.txt --resolve-startup-const-strings=true --max-image-block-size=524288 --compiler-filter=speed-profile --profile-file-fd=12 --classpath-dir=/data/app/~~YydvtuG-I1K6uwq-gJBazQ==/com.savethechildren.learning_tree-1CMBwdveIrDtkv3DFsnSwg== --class-loader-context=PCL[]{PCL[/system_ext/framework/androidx.window.sidecar.jar]} --generate-mini-debug-info --compilation-reason=unknown
06-04 12:03:13.414 2132 2132 I dex2oat32: setting boot class path to /apex/com.android.art/javalib/core-oj.jar:/apex/com.android.art/javalib/core-libart.jar:/apex/com.android.art/javalib/core-icu4j.jar:/apex/com.android.art/javalib/okhttp.jar:/apex/com.android.art/javalib/bouncycastle.jar:/apex/com.android.art/javalib/apache-xml.jar:/system/framework/framework.jar:/system/framework/ext.jar:/system/framework/telephony-common.jar:/system/framework/voip-common.jar:/system/framework/ims-common.jar:/system/framework/framework-atb-backward-compatibility.jar
06-04 12:03:17.799 2055 2134 D ProfileInstaller: Installing profile for com.ustadmobile.app_android_baselineprofile
06-04 12:03:19.830 256 256 I Zygote : Process 1555 exited due to signal 9 (Killed)
06-04 12:03:19.877 478 507 I libprocessgroup: Successfully killed process cgroup uid 10098 pid 1555 in 107ms
06-04 12:03:21.623 2132 2132 W dex2oat32: Could not reserve sentinel fault page
06-04 12:03:22.720 2132 2135 W dex2oat32: Accessing hidden method Landroid/graphics/Canvas;->drawPatch(Landroid/graphics/NinePatch;Landroid/graphics/Rect;Landroid/graphics/Paint;)V (greylist-max-o, linking, denied)
06-04 12:03:22.720 2132 2135 W dex2oat32: Accessing hidden method Landroid/graphics/Canvas;->drawPatch(Landroid/graphics/NinePatch;Landroid/graphics/RectF;Landroid/graphics/Paint;)V (greylist-max-o, linking, denied)
06-04 12:03:22.726 2132 2132 W dex2oat32: Accessing hidden method Landroid/graphics/Bitmap;->getHardwareBuffer()Landroid/hardware/HardwareBuffer; (blacklist, linking, denied)
06-04 12:03:22.893 2132 2135 W dex2oat32: Accessing hidden method Landroid/app/job/JobParameters;->getStopReason()I (greylist-max-o, linking, denied)
06-04 12:03:25.270 2132 2132 I dex2oat32: Explicit concurrent copying GC freed 275203(41MB) AllocSpace objects, 0(0B) LOS objects, 99% free, 2808B/1538KB, paused 28us total 8.932ms
06-04 12:03:25.343 2132 2132 W dex2oat32: Accessing hidden field Ljava/nio/file/FileSystemException;->file:Ljava/lang/String; (greylist-max-o, linking, denied)
06-04 12:03:25.345 2132 2132 W dex2oat32: Accessing hidden field Ljava/nio/file/FileSystemException;->other:Ljava/lang/String; (greylist-max-o, linking, denied)
06-04 12:03:25.345 2132 2132 W dex2oat32: Accessing hidden field Ljava/nio/file/InvalidPathException;->index:I (greylist-max-o, linking, denied)
06-04 12:03:25.345 2132 2132 W dex2oat32: Accessing hidden field Ljava/nio/file/InvalidPathException;->input:Ljava/lang/String; (greylist-max-o, linking, denied)
06-04 12:03:25.352 2132 2132 W dex2oat32: Accessing hidden method Landroid/graphics/Bitmap;->getHardwareBuffer()Landroid/hardware/HardwareBuffer; (blacklist, linking, denied)
06-04 12:03:25.352 2132 2132 W dex2oat32: Accessing hidden method Landroid/graphics/Canvas;->drawPatch(Landroid/graphics/NinePatch;Landroid/graphics/Rect;Landroid/graphics/Paint;)V (greylist-max-o, linking, denied)
06-04 12:03:25.352 2132 2132 W dex2oat32: Accessing hidden method Landroid/graphics/Canvas;->drawPatch(Landroid/graphics/NinePatch;Landroid/graphics/RectF;Landroid/graphics/Paint;)V (greylist-max-o, linking, denied)
06-04 12:03:25.384 2132 2132 W dex2oat32: Accessing hidden method Landroid/app/job/JobParameters;->getStopReason()I (greylist-max-o, linking, denied)
06-04 12:03:25.832 256 256 I Zygote : Process 1579 exited due to signal 9 (Killed)
06-04 12:03:25.864 478 507 I libprocessgroup: Successfully killed process cgroup uid 1000 pid 1579 in 45ms
06-04 12:03:27.276 2132 2132 I dex2oat32: dex2oat took 14.003s (15.794s cpu) (threads: 2) arena alloc=2000B (2000B) java alloc=18KB (19192B) native alloc=72MB (75613536B) free=88MB (92994016B)
06-04 12:03:27.309 380 380 V installd: DexInv: --- END '/data/app/~~YydvtuG-I1K6uwq-gJBazQ==/com.savethechildren.learning_tree-1CMBwdveIrDtkv3DFsnSwg==/base.apk' (success) ---
06-04 12:03:27.318 2128 2130 I cmd : oneway function results will be dropped but finished with status OK and parcel size 4
06-04 12:03:27.351 2055 2075 D Benchmark: Profile Installer - Skip File Operation: WRITE_SKIP_FILE
06-04 12:03:27.378 256 256 D Zygote : Forked child process 2149
06-04 12:03:27.382 2149 2149 W n.learning_tre: Unexpected CPU variant for X86 using defaults: x86_64
06-04 12:03:27.389 334 374 I adbd : jdwp connection from 2149
06-04 12:03:27.401 2149 2149 I n.learning_tre: The ClassLoaderContext is a special shared library.
06-04 12:03:27.411 2149 2149 D NetworkSecurityConfig: No Network Security Config specified, using platform default
06-04 12:03:27.412 2149 2149 D NetworkSecurityConfig: No Network Security Config specified, using platform default
06-04 12:03:27.431 2149 2149 D WM-WrkMgrInitializer: Initializing WorkManager with default configuration.
06-04 12:03:27.432 2149 2149 W n.learning_tre: Accessing hidden field Ljava/util/Collections$SynchronizedCollection;->mutex:Ljava/lang/Object; (greylist-max-o, reflection, denied)
06-04 12:03:27.432 2149 2149 W n.learning_tre: Accessing hidden method Ljava/util/Collections$SynchronizedSet;->(Ljava/util/Set;Ljava/lang/Object;)V (greylist-max-o, reflection, denied)
06-04 12:03:27.432 2149 2149 W n.learning_tre: Accessing hidden method Ljava/util/Collections$SynchronizedCollection;->(Ljava/util/Collection;Ljava/lang/Object;)V (greylist-max-o, reflection, denied)
06-04 12:03:27.434 2149 2149 I TetheringManager: registerTetheringEventCallback:com.savethechildren.learning_tree
06-04 12:03:27.435 2149 2149 D WM-PackageManagerHelper: androidx.work.impl.background.systemjob.SystemJobService enabled
06-04 12:03:27.435 2149 2149 D WM-Schedulers: Created SystemJobScheduler and enabled SystemJobService
06-04 12:03:27.443 2149 2149 D ProfileInstaller: RESULT_INSTALL_SKIP_FILE_SUCCESS
06-04 12:03:27.445 2146 2148 I cmd : oneway function results will be dropped but finished with status OK and parcel size 4
06-04 12:03:27.453 2055 2075 D Benchmark: Killing process com.savethechildren.learning_tree
06-04 12:03:27.453 2055 2075 D Benchmark: Killing process com.savethechildren.learning_tree
06-04 12:03:27.453 2055 2075 D UiDevice: Executing shell command: killall com.savethechildren.learning_tree
06-04 12:03:27.465 256 256 I Zygote : Process 1649 exited due to signal 9 (Killed)
06-04 12:03:27.479 256 256 I Zygote : Process 1600 exited due to signal 9 (Killed)
06-04 12:03:27.482 2055 2075 D UiDevice: Pressing home button.
06-04 12:03:27.487 478 507 I libprocessgroup: Successfully killed process cgroup uid 10096 pid 1649 in 41ms
06-04 12:03:27.487 478 507 I libprocessgroup: Successfully killed process cgroup uid 10073 pid 1600 in 0ms
06-04 12:03:27.536 638 638 V ShadeControllerImpl: NotificationShadeWindow: com.android.systemui.statusbar.phone.NotificationShadeWindowView{90561f7 I.E...... ......ID 0,0-1080,1920} canPanelBeCollapsed(): false
06-04 12:03:27.563 478 498 D EventSequenceValidator: inc AccIntentStartedEvents to 2
06-04 12:03:27.570 478 572 E WifiHealthMonitor: Hit PackageManager exception
06-04 12:03:27.570 478 572 E WifiHealthMonitor: android.content.pm.PackageManager$NameNotFoundException: com.google.android.wifi
06-04 12:03:27.570 478 572 E WifiHealthMonitor: at android.app.ApplicationPackageManager.getPackageInfoAsUser(ApplicationPackageManager.java:206)
06-04 12:03:27.570 478 572 E WifiHealthMonitor: at android.app.ApplicationPackageManager.getPackageInfo(ApplicationPackageManager.java:178)
06-04 12:03:27.570 478 572 E WifiHealthMonitor: at com.android.server.wifi.WifiHealthMonitor.extractCurrentSoftwareBuildInfo(WifiHealthMonitor.java:545)
06-04 12:03:27.570 478 572 E WifiHealthMonitor: at com.android.server.wifi.WifiHealthMonitor.postBootSwBuildCheck(WifiHealthMonitor.java:477)
06-04 12:03:27.570 478 572 E WifiHealthMonitor: at com.android.server.wifi.WifiHealthMonitor.postBootDetectionHandler(WifiHealthMonitor.java:468)
06-04 12:03:27.570 478 572 E WifiHealthMonitor: at com.android.server.wifi.WifiHealthMonitor.access$200(WifiHealthMonitor.java:70)
06-04 12:03:27.570 478 572 E WifiHealthMonitor: at com.android.server.wifi.WifiHealthMonitor$2.onAlarm(WifiHealthMonitor.java:163)
06-04 12:03:27.570 478 572 E WifiHealthMonitor: at android.app.AlarmManager$ListenerWrapper.run(AlarmManager.java:239)
06-04 12:03:27.570 478 572 E WifiHealthMonitor: at android.os.Handler.handleCallback(Handler.java:938)
06-04 12:03:27.570 478 572 E WifiHealthMonitor: at android.os.Handler.dispatchMessage(Handler.java:99)
06-04 12:03:27.570 478 572 E WifiHealthMonitor: at android.os.Looper.loop(Looper.java:223)
06-04 12:03:27.570 478 572 E WifiHealthMonitor: at android.os.HandlerThread.run(HandlerThread.java:67)
06-04 12:03:27.570 987 987 D TaplTarget: Launcher.onNewIntent: Intent { act=android.intent.action.MAIN cat=[android.intent.category.HOME] flg=0x10000100 cmp=com.android.launcher3/.uioverrides.QuickstepLauncher (has extras) }
06-04 12:03:27.593 638 638 V ShadeControllerImpl: NotificationShadeWindow: com.android.systemui.statusbar.phone.NotificationShadeWindowView{90561f7 I.E...... ......ID 0,0-1080,1920} canPanelBeCollapsed(): false
06-04 12:03:27.604 361 361 I perfetto: ing_service_impl.cc:758 Configured tracing session 1, #sources:1, duration:5000 ms, #buffers:1, total buffer size:4096 KB, total sessions:1, uid:1071 session name: ""
06-04 12:03:27.607 478 498 D EventSequenceValidator: dec AccIntentStartedEvents to 1
06-04 12:03:27.650 478 776 D WifiNl80211Manager: Scan result ready event
06-04 12:03:27.650 478 776 D WifiNative: Scan result ready event
06-04 12:03:27.703 179 179 E android.hardware.atrace@1.0-service: Failed to enable tracing on: /sys/kernel/debug/tracing/events/mdss/enable
06-04 12:03:27.703 179 179 E android.hardware.atrace@1.0-service: Failed to enable tracing on: /sys/kernel/debug/tracing/events/sde/enable
06-04 12:03:27.703 179 179 E android.hardware.atrace@1.0-service: Failed to enable tracing on: /sys/kernel/debug/tracing/events/mali_systrace/enable
06-04 12:03:27.703 179 179 E android.hardware.atrace@1.0-service: Failed to disable tracing on: /sys/kernel/debug/tracing/events/mdss/enable
06-04 12:03:27.704 179 179 E android.hardware.atrace@1.0-service: Failed to disable tracing on: /sys/kernel/debug/tracing/events/sde/enable
06-04 12:03:27.704 179 179 E android.hardware.atrace@1.0-service: Failed to disable tracing on: /sys/kernel/debug/tracing/events/mali_systrace/enable
06-04 12:03:27.704 179 179 E android.hardware.atrace@1.0-service: Failed to disable tracing on: /sys/kernel/debug/tracing/events/kmem/ion_alloc_buffer_start/enable
06-04 12:03:27.704 179 179 E android.hardware.atrace@1.0-service: Failed to enable tracing on: /sys/kernel/debug/tracing/events/kmem/ion_alloc_buffer_start/enable
06-04 12:03:27.704 179 179 E android.hardware.atrace@1.0-service: Failed to disable tracing on: /sys/kernel/debug/tracing/events/mdss/enable
06-04 12:03:27.704 179 179 E android.hardware.atrace@1.0-service: Failed to disable tracing on: /sys/kernel/debug/tracing/events/sde/enable
06-04 12:03:27.704 179 179 E android.hardware.atrace@1.0-service: Failed to disable tracing on: /sys/kernel/debug/tracing/events/mali_systrace/enable
06-04 12:03:27.704 179 179 E android.hardware.atrace@1.0-service: Failed to disable tracing on: /sys/kernel/debug/tracing/events/kmem/ion_alloc_buffer_start/enable
06-04 12:03:27.836 350 350 I perfetto: probes_producer.cc:230 Ftrace setup (target_buf=1)
06-04 12:03:27.935 350 350 I perfetto: ftrace_procfs.cc:176 enabled ftrace
06-04 12:03:28.541 2055 2075 W InteractionController: Timed out waiting 1000ms for command and events.
06-04 12:03:28.679 2055 2075 D Benchmark: Starting activity with command: am start -W "intent:#Intent;action=android.intent.action.MAIN;category=android.intent.category.LAUNCHER;launchFlags=0x10008000;package=com.savethechildren.learning_tree;component=com.savethechildren.learning_tree/com.ustadmobile.port.android.view.AppActivity;end"
06-04 12:03:28.715 478 498 D EventSequenceValidator: inc AccIntentStartedEvents to 2
06-04 12:03:28.716 361 361 I perfetto: ing_service_impl.cc:758 Configured tracing session 2, #sources:1, duration:5000 ms, #buffers:1, total buffer size:4096 KB, total sessions:2, uid:1071 session name: ""
06-04 12:03:28.716 350 350 I perfetto: probes_producer.cc:230 Ftrace setup (target_buf=2)
06-04 12:03:28.728 478 831 W InputReader: Device virtio_input_multi_touch_10 is associated with display ADISPLAY_ID_NONE.
06-04 12:03:28.728 478 831 W InputReader: Device virtio_input_multi_touch_7 is associated with display ADISPLAY_ID_NONE.
06-04 12:03:28.728 478 831 W InputReader: Device virtio_input_multi_touch_11 is associated with display ADISPLAY_ID_NONE.
06-04 12:03:28.728 478 831 W InputReader: Device virtio_input_multi_touch_5 is associated with display ADISPLAY_ID_NONE.
06-04 12:03:28.728 478 831 W InputReader: Device virtio_input_multi_touch_2 is associated with display ADISPLAY_ID_NONE.
06-04 12:03:28.728 478 831 W InputReader: Device virtio_input_multi_touch_6 is associated with display ADISPLAY_ID_NONE.
06-04 12:03:28.728 478 831 W InputReader: Device virtio_input_multi_touch_8 is associated with display ADISPLAY_ID_NONE.
06-04 12:03:28.728 478 831 W InputReader: Device virtio_input_multi_touch_9 is associated with display ADISPLAY_ID_NONE.
06-04 12:03:28.728 478 831 W InputReader: Device virtio_input_multi_touch_3 is associated with display ADISPLAY_ID_NONE.
06-04 12:03:28.728 478 831 W InputReader: Device virtio_input_multi_touch_4 is associated with display ADISPLAY_ID_NONE.
06-04 12:03:28.729 478 831 W InputReader: Device virtio_input_multi_touch_10 is associated with display ADISPLAY_ID_NONE.
06-04 12:03:28.729 478 831 W InputReader: Device virtio_input_multi_touch_7 is associated with display ADISPLAY_ID_NONE.
06-04 12:03:28.729 478 831 W InputReader: Device virtio_input_multi_touch_11 is associated with display ADISPLAY_ID_NONE.
06-04 12:03:28.729 478 831 W InputReader: Device virtio_input_multi_touch_5 is associated with display ADISPLAY_ID_NONE.
06-04 12:03:28.729 478 831 W InputReader: Device virtio_input_multi_touch_2 is associated with display ADISPLAY_ID_NONE.
06-04 12:03:28.729 478 831 W InputReader: Device virtio_input_multi_touch_6 is associated with display ADISPLAY_ID_NONE.
06-04 12:03:28.729 478 831 W InputReader: Device virtio_input_multi_touch_8 is associated with display ADISPLAY_ID_NONE.
06-04 12:03:28.729 478 831 W InputReader: Device virtio_input_multi_touch_9 is associated with display ADISPLAY_ID_NONE.
06-04 12:03:28.729 478 831 W InputReader: Device virtio_input_multi_touch_3 is associated with display ADISPLAY_ID_NONE.
06-04 12:03:28.729 478 831 W InputReader: Device virtio_input_multi_touch_4 is associated with display ADISPLAY_ID_NONE.
06-04 12:03:28.734 478 499 W System : ClassLoader referenced unknown path:
06-04 12:03:28.773 2149 2217 D libEGL : loaded /vendor/lib64/egl/libEGL_emulation.so
06-04 12:03:28.777 2149 2149 W AppLocalesStorageHelper: Reading app Locales : Locales record file not found: androidx.appcompat.app.AppCompatDelegate.application_locales_record_file
06-04 12:03:28.783 273 1473 D goldfish-address-space: claimShared: Ask to claim region [0x3f90e9000 0x3f98d2000]
06-04 12:03:28.801 142 142 I hwservicemanager: getTransport: Cannot find entry android.hardware.graphics.mapper@4.0::IMapper/default in either framework or device manifest.
06-04 12:03:28.807 2149 2217 D libEGL : loaded /vendor/lib64/egl/libGLESv1_CM_emulation.so
06-04 12:03:28.814 2149 2217 D libEGL : loaded /vendor/lib64/egl/libGLESv2_emulation.so
06-04 12:03:28.838 478 499 I Gralloc4: mapper 4.x is not supported
06-04 12:03:28.846 2149 2149 W CustomTabsClient: Unable to find any Custom Tabs packages, you may need to add a element to your manifest. See the docs for CustomTabsClient#getPackageName.
06-04 12:03:28.847 2149 2149 W AppActivity$bindCustomTabsService: CustomTabs: Service NOT supported
06-04 12:03:28.882 478 499 D HostConnection: createUnique: call
06-04 12:03:28.882 478 499 D HostConnection: HostConnection::get() New Host Connection established 0x7e5153e16ed0, tid 499
06-04 12:03:28.882 478 499 D goldfish-address-space: allocate: Ask for block of size 0x100
06-04 12:03:28.882 478 499 D goldfish-address-space: allocate: ioctl allocate returned offset 0x3f7ffe000 size 0x2000
06-04 12:03:28.935 478 499 D HostConnection: HostComposition ext ANDROID_EMU_CHECKSUM_HELPER_v1 ANDROID_EMU_native_sync_v2 ANDROID_EMU_dma_v1 ANDROID_EMU_direct_mem ANDROID_EMU_host_composition_v1 ANDROID_EMU_host_composition_v2 ANDROID_EMU_vulkan ANDROID_EMU_deferred_vulkan_commands ANDROID_EMU_vulkan_null_optional_strings ANDROID_EMU_vulkan_create_resources_with_requirements ANDROID_EMU_YUV_Cache ANDROID_EMU_vulkan_ignored_handles ANDROID_EMU_has_shared_slots_host_memory_allocator ANDROID_EMU_vulkan_free_memory_sync ANDROID_EMU_vulkan_shader_float16_int8 ANDROID_EMU_vulkan_async_queue_submit ANDROID_EMU_sync_buffer_data ANDROID_EMU_vulkan_async_qsri ANDROID_EMU_read_color_buffer_dma GL_OES_EGL_image_external_essl3 GL_OES_vertex_array_object GL_KHR_texture_compression_astc_ldr ANDROID_EMU_host_side_tracing ANDROID_EMU_gles_max_version_3_0
06-04 12:03:29.010 842 842 D PhoneSwitcherNetworkRequstListener: got request NetworkRequest [ TRACK_DEFAULT id=20, [ Capabilities: INTERNET&NOT_RESTRICTED&TRUSTED Uid: 10130 AdministratorUids: [] RequestorUid: 10130 RequestorPackageName: com.savethechildren.learning_tree] ] with score 60 and providerId 3
06-04 12:03:29.010 478 572 D UntrustedWifiNetworkFactory: got request NetworkRequest [ TRACK_DEFAULT id=20, [ Capabilities: INTERNET&NOT_RESTRICTED&TRUSTED Uid: 10130 AdministratorUids: [] RequestorUid: 10130 RequestorPackageName: com.savethechildren.learning_tree] ] with score 60 and providerId 3
06-04 12:03:29.010 478 572 D WifiNetworkFactory: got request NetworkRequest [ TRACK_DEFAULT id=20, [ Capabilities: INTERNET&NOT_RESTRICTED&TRUSTED Uid: 10130 AdministratorUids: [] RequestorUid: 10130 RequestorPackageName: com.savethechildren.learning_tree] ] with score 60 and providerId 3
06-04 12:03:29.035 638 638 V KeyguardUpdateMonitor: onSubscriptionInfoChanged()
06-04 12:03:29.036 842 842 D Telephony: isEmergencyPreferredAccount: subId=1, activeData=1
06-04 12:03:29.036 842 842 D Telephony: isEmergencyPreferredAccount: Device does not require preference.
06-04 12:03:29.040 638 638 V KeyguardUpdateMonitor: SubInfo:{id=1 iccId=89014103211118510720 simSlotIndex=0 carrierId=1 displayName=T-Mobile carrierName=T-Mobile nameSource=3 iconTint=-16746133 number=+15555215554 dataRoaming=0 iconBitmap=android.graphics.Bitmap@3c100b mcc=310 mnc=260 countryIso=us isEmbedded=false nativeAccessRules=null cardString=89014103211118510720 cardId=-1 isOpportunistic=false groupUUID=null isGroupDisabled=false profileClass=-1 ehplmns=null hplmns=null subscriptionType=0 groupOwner=null carrierConfigAccessRules=null areUiccApplicationsEnabled=true}
06-04 12:03:29.149 2149 2216 D HostConnection: HostConnection::get() New Host Connection established 0x7e5153e10e10, tid 2216
06-04 12:03:29.153 2149 2216 D HostConnection: HostComposition ext ANDROID_EMU_CHECKSUM_HELPER_v1 ANDROID_EMU_native_sync_v2 ANDROID_EMU_dma_v1 ANDROID_EMU_direct_mem ANDROID_EMU_host_composition_v1 ANDROID_EMU_host_composition_v2 ANDROID_EMU_vulkan ANDROID_EMU_deferred_vulkan_commands ANDROID_EMU_vulkan_null_optional_strings ANDROID_EMU_vulkan_create_resources_with_requirements ANDROID_EMU_YUV_Cache ANDROID_EMU_vulkan_ignored_handles ANDROID_EMU_has_shared_slots_host_memory_allocator ANDROID_EMU_vulkan_free_memory_sync ANDROID_EMU_vulkan_shader_float16_int8 ANDROID_EMU_vulkan_async_queue_submit ANDROID_EMU_sync_buffer_data ANDROID_EMU_vulkan_async_qsri ANDROID_EMU_read_color_buffer_dma GL_OES_EGL_image_external_essl3 GL_OES_vertex_array_object GL_KHR_texture_compression_astc_ldr ANDROID_EMU_host_side_tracing ANDROID_EMU_gles_max_version_3_0
06-04 12:03:29.193 142 142 I hwservicemanager: getTransport: Cannot find entry android.hardware.configstore@1.0::ISurfaceFlingerConfigs/default in either framework or device manifest.
06-04 12:03:29.204 2149 2216 D EGL_emulation: eglCreateContext: 0x7e5143e415a0: maj 3 min 0 rcv 3
06-04 12:03:29.225 2149 2216 D EGL_emulation: eglMakeCurrent: 0x7e5143e415a0: ver 3 0 (tinfo 0x7e50e3e68be0) (first time)
06-04 12:03:29.229 273 1473 D goldfish-address-space: claimShared: Ask to claim region [0x3f98d2000 0x3fa0bb000]
06-04 12:03:29.244 142 142 I hwservicemanager: getTransport: Cannot find entry android.hardware.graphics.mapper@4.0::IMapper/default in either framework or device manifest.
06-04 12:03:29.246 2149 2216 I Gralloc4: mapper 4.x is not supported
06-04 12:03:29.255 2149 2216 D HostConnection: createUnique: call
06-04 12:03:29.255 2149 2216 D HostConnection: HostConnection::get() New Host Connection established 0x7e5153e0f490, tid 2216
06-04 12:03:29.255 2149 2216 D goldfish-address-space: allocate: Ask for block of size 0x100
06-04 12:03:29.255 2149 2216 D goldfish-address-space: allocate: ioctl allocate returned offset 0x3f7ffe000 size 0x2000
06-04 12:03:29.281 2149 2216 D HostConnection: HostComposition ext ANDROID_EMU_CHECKSUM_HELPER_v1 ANDROID_EMU_native_sync_v2 ANDROID_EMU_dma_v1 ANDROID_EMU_direct_mem ANDROID_EMU_host_composition_v1 ANDROID_EMU_host_composition_v2 ANDROID_EMU_vulkan ANDROID_EMU_deferred_vulkan_commands ANDROID_EMU_vulkan_null_optional_strings ANDROID_EMU_vulkan_create_resources_with_requirements ANDROID_EMU_YUV_Cache ANDROID_EMU_vulkan_ignored_handles ANDROID_EMU_has_shared_slots_host_memory_allocator ANDROID_EMU_vulkan_free_memory_sync ANDROID_EMU_vulkan_shader_float16_int8 ANDROID_EMU_vulkan_async_queue_submit ANDROID_EMU_sync_buffer_data ANDROID_EMU_vulkan_async_qsri ANDROID_EMU_read_color_buffer_dma GL_OES_EGL_image_external_essl3 GL_OES_vertex_array_object GL_KHR_texture_compression_astc_ldr ANDROID_EMU_host_side_tracing ANDROID_EMU_gles_max_version_3_0
06-04 12:03:29.292 273 1473 D goldfish-address-space: claimShared: Ask to claim region [0x3fa0bb000 0x3fa8a4000]
06-04 12:03:29.331 273 1473 D goldfish-address-space: claimShared: Ask to claim region [0x3fa8a4000 0x3fb08d000]
06-04 12:03:29.523 478 498 D EventSequenceValidator: dec AccIntentStartedEvents to 1
06-04 12:03:29.543 2205 2207 I cmd : oneway function results will be dropped but finished with status OK and parcel size 4
06-04 12:03:29.558 2149 2149 I Choreographer: Skipped 36 frames! The application may be doing too much work on its main thread.
06-04 12:03:29.570 2149 2149 D UstadViewModelFunKt$ustadViewModel$viewModel$invoke: ustadViewModel(): create viewmodel for: com.ustadmobile.core.viewmodel.redirect.RedirectViewModel
06-04 12:03:29.597 295 1124 W ServiceManager: Permission failure: android.permission.ACCESS_SURFACE_FLINGER from uid=10130 pid=2149
06-04 12:03:29.597 295 1124 D PermissionCache: checking android.permission.ACCESS_SURFACE_FLINGER for uid=10130 => denied (4207 us)
06-04 12:03:29.645 478 504 D ArtManagerInternalImpl: /data/misc/iorapd/com.savethechildren.learning_tree/363/com.ustadmobile.port.android.view.AppActivity/compiled_traces/compiled_trace.pb doesn't exist
06-04 12:03:29.648 478 504 I ActivityTaskManager: Displayed com.savethechildren.learning_tree/com.ustadmobile.port.android.view.AppActivity: +807ms
06-04 12:03:29.684 2055 2075 D Benchmark: Result: Starting: Intent { act=android.intent.action.MAIN cat=[android.intent.category.LAUNCHER] flg=0x10008000 pkg=com.savethechildren.learning_tree cmp=com.savethechildren.learning_tree/com.ustadmobile.port.android.view.AppActivity }
06-04 12:03:29.684 2055 2075 D Benchmark: Status: ok
06-04 12:03:29.684 2055 2075 D Benchmark: LaunchState: WARM
06-04 12:03:29.684 2055 2075 D Benchmark: Activity: com.savethechildren.learning_tree/com.ustadmobile.port.android.view.AppActivity
06-04 12:03:29.684 2055 2075 D Benchmark: TotalTime: 807
06-04 12:03:29.684 2055 2075 D Benchmark: WaitTime: 810
06-04 12:03:29.684 2055 2075 D Benchmark: Complete
06-04 12:03:29.782 2149 2149 D UstadNavControllerPreCompose$onCollectNavCommand: NavCommandEffect: Navigate: Go to AddAccountSelectNewOrExisting
06-04 12:03:29.798 2149 2149 D UstadViewModelFunKt$ustadViewModel$viewModel$invoke: ustadViewModel(): create viewmodel for: com.ustadmobile.core.viewmodel.account.addaccountselectneworexisting.AddAccountSelectNewOrExistingViewModel
06-04 12:03:29.800 2149 2149 W n.learning_tre: Accessing hidden method Landroid/graphics/Canvas;->drawPatch(Landroid/graphics/NinePatch;Landroid/graphics/Rect;Landroid/graphics/Paint;)V (greylist-max-o, linking, denied)
06-04 12:03:29.800 2149 2149 W n.learning_tre: Accessing hidden method Landroid/graphics/Canvas;->drawPatch(Landroid/graphics/NinePatch;Landroid/graphics/RectF;Landroid/graphics/Paint;)V (greylist-max-o, linking, denied)
06-04 12:03:29.810 2149 2149 W GooglePlayServicesUtil: com.savethechildren.learning_tree requires the Google Play Store, but it is missing.
06-04 12:03:29.810 2149 2149 W PlayServicesImpl: Connection with Google Play Services was not successful. Connection result is: ConnectionResult{statusCode=SERVICE_INVALID, resolution=null, message=null}
06-04 12:03:29.811 2149 2149 E AddAccountSelectNewOrExistingViewModel$getCredentials$invokeSuspend: Error occurred: Failed to get credential: getCredentialAsync no provider dependencies found - please ensure the desired provider dependencies are added
06-04 12:03:29.884 2055 2075 I System.out: 0 Flags,IntendedVsync,Vsync,OldestInputEvent,NewestInputEvent,HandleInputStart,AnimationStart,PerformTraversalsStart,DrawStart,SyncQueued,SyncStart,IssueDrawCommandsStart,SwapBuffers,FrameCompleted,DequeueBufferDuration,QueueBufferDuration,GpuCompleted,
06-04 12:03:29.884 2055 2075 I System.out: 1 1,68172034639,68172034639,9223372036854775807,0,68175149240,68175150192,68175150292,68519122210,68525199657,68527364017,68527439809,68682965398,68747324330,46657,478300,0,
06-04 12:03:29.884 2055 2075 I System.out: 2 0,68188701305,68788701281,9223372036854775807,0,68795144404,68795145917,68813401783,68813456977,68814488767,68816645241,68825561336,68829719434,68838635349,19487,101651,0,
06-04 12:03:29.884 2055 2075 I System.out: 3 0,68822226778,68838893444,9223372036854775807,0,68853796345,68853796846,68854542458,68854576562,68854695806,68855431530,68855449253,68856166271,68881771927,22011,185719,0,
06-04 12:03:29.885 2055 2075 D UiDevice: Waiting 10000ms for SearchCondition[hasObject=BySelector [TEXT='\QGet Started\E']].
06-04 12:03:29.885 2055 2075 D UiDevice: Searching for node with selector: BySelector [TEXT='\QGet Started\E'].
06-04 12:03:32.488 2055 2075 I chatty : uid=10131(com.ustadmobile.app_android_baselineprofile) roidJUnitRunner identical 15 lines
06-04 12:03:32.595 2055 2075 D UiDevice: Searching for node with selector: BySelector [TEXT='\QGet Started\E'].
06-04 12:03:32.607 350 350 I perfetto: probes_producer.cc:329 Producer stop (id=1)
06-04 12:03:32.608 361 361 I perfetto: ng_service_impl.cc:1948 Tracing session 1 ended, total sessions:1
06-04 12:03:32.701 2055 2075 D UiDevice: Searching for node with selector: BySelector [TEXT='\QGet Started\E'].
06-04 12:03:32.817 2055 2075 D UiDevice: Searching for node with selector: BySelector [TEXT='\QGet Started\E'].
06-04 12:03:32.822 2149 2251 D ProfileInstaller: Skipping profile installation for com.savethechildren.learning_tree
06-04 12:03:32.924 2055 2075 D UiDevice: Searching for node with selector: BySelector [TEXT='\QGet Started\E'].
06-04 12:03:33.499 2055 2075 I chatty : uid=10131(com.ustadmobile.app_android_baselineprofile) roidJUnitRunner identical 5 lines
06-04 12:03:33.628 2055 2075 D UiDevice: Searching for node with selector: BySelector [TEXT='\QGet Started\E'].
06-04 12:03:33.719 350 350 I perfetto: probes_producer.cc:329 Producer stop (id=2)
06-04 12:03:33.720 350 350 I perfetto: ftrace_procfs.cc:183 disabled ftrace
06-04 12:03:33.720 361 361 I perfetto: ng_service_impl.cc:1948 Tracing session 2 ended, total sessions:0
06-04 12:03:33.755 2055 2075 D UiDevice: Searching for node with selector: BySelector [TEXT='\QGet Started\E'].
06-04 12:03:34.908 2055 2075 I chatty : uid=10131(com.ustadmobile.app_android_baselineprofile) roidJUnitRunner identical 10 lines
06-04 12:03:35.028 2055 2075 D UiDevice: Searching for node with selector: BySelector [TEXT='\QGet Started\E'].
06-04 12:03:35.063 445 445 E netmgr : qemu_pipe_open_ns:62: Could not connect to the 'pipe:qemud:network' service: Invalid argument
06-04 12:03:35.063 445 445 E netmgr : Failed to open QEMU pipe 'qemud:network': Invalid argument
06-04 12:03:35.110 447 447 E wifi_forwarder: qemu_pipe_open_ns:62: Could not connect to the 'pipe:qemud:wififorward' service: Invalid argument
06-04 12:03:35.110 447 447 E wifi_forwarder: RemoteConnection failed to initialize: RemoteConnection failed to open pipe
06-04 12:03:35.159 2055 2075 D UiDevice: Searching for node with selector: BySelector [TEXT='\QGet Started\E'].
06-04 12:03:37.276 2055 2075 I chatty : uid=10131(com.ustadmobile.app_android_baselineprofile) roidJUnitRunner identical 19 lines
06-04 12:03:37.392 2055 2075 D UiDevice: Searching for node with selector: BySelector [TEXT='\QGet Started\E'].
06-04 12:03:37.478 619 619 V AvrcpMediaPlayerList: mPackageChangedBroadcastReceiver: action: android.intent.action.PACKAGE_CHANGED
06-04 12:03:37.478 619 619 D AvrcpMediaPlayerList: Name of package changed: com.savethechildren.learning_tree
06-04 12:03:37.489 1725 1742 I PermissionControllerServiceImpl: Updating user sensitive for uid 10130
06-04 12:03:37.489 842 842 D CarrierSvcBindHelper: No carrier app for: 0
06-04 12:03:37.493 478 554 I InputReader: Reconfiguring input devices, changes=KEYBOARD_LAYOUTS |
06-04 12:03:37.502 2055 2075 D UiDevice: Searching for node with selector: BySelector [TEXT='\QGet Started\E'].
06-04 12:03:39.808 2055 2075 I chatty : uid=10131(com.ustadmobile.app_android_baselineprofile) roidJUnitRunner identical 21 lines
06-04 12:03:39.924 2055 2075 D UiDevice: Searching for node with selector: BySelector [TEXT='\QGet Started\E'].
06-04 12:03:40.940 2055 2075 D UiDevice: Retrieving node with selector: BySelector [TEXT='\QGet Started\E'].
06-04 12:03:40.958 2055 2075 D UiDevice: Node not found with selector: BySelector [TEXT='\QGet Started\E'].
06-04 12:03:45.958 2055 2075 D Benchmark: Profile Installer - Save Profile
06-04 12:03:45.966 2149 2149 I Process : Sending signal. PID: 2149 SIG: 10
06-04 12:03:45.966 2149 2149 D ProfileInstaller:
06-04 12:03:45.966 2149 2157 I n.learning_tre: Thread[3,tid=2157,WaitingInMainSignalCatcherLoop,Thread*=0x7e5233e1a010,peer=0x135c09e8,"Signal Catcher"]: reacting to signal 10
06-04 12:03:45.966 2149 2157 I n.learning_tre:
06-04 12:03:45.966 2149 2157 I n.learning_tre: SIGUSR1 forcing GC (no HPROF) and profile save
06-04 12:03:45.975 2149 2157 I n.learning_tre: Explicit concurrent copying GC freed 11276(481KB) AllocSpace objects, 0(0B) LOS objects, 49% free, 5422KB/10MB, paused 11us total 8.920ms
06-04 12:03:46.485 2055 2075 D Benchmark: Killing process com.savethechildren.learning_tree
06-04 12:03:46.485 2055 2075 D UiDevice: Executing shell command: killall com.savethechildren.learning_tree
06-04 12:03:46.523 478 1253 I PackageDexOptimizer: Running dexopt (dexoptNeeded=-3) on: /data/app/~~YydvtuG-I1K6uwq-gJBazQ==/com.savethechildren.learning_tree-1CMBwdveIrDtkv3DFsnSwg==/base.apk pkg=com.savethechildren.learning_tree isa=x86_64 dexoptFlags=boot_complete,profile_guided,force,enable_hidden_api_checks targetFilter=speed-profile oatDir=/data/app/~~YydvtuG-I1K6uwq-gJBazQ==/com.savethechildren.learning_tree-1CMBwdveIrDtkv3DFsnSwg==/oat classLoaderContext=PCL[]{PCL[/system_ext/framework/androidx.window.sidecar.jar]}
06-04 12:03:46.523 380 380 V installd: DexInv: --- BEGIN '/data/app/~~YydvtuG-I1K6uwq-gJBazQ==/com.savethechildren.learning_tree-1CMBwdveIrDtkv3DFsnSwg==/base.apk' ---
06-04 12:03:46.531 2271 2271 W dex2oat32: Unexpected CPU variant for X86 using defaults: x86_64
06-04 12:03:46.635 2271 2271 I dex2oat32: /apex/com.android.art/bin/dex2oat32 --input-vdex-fd=9 --output-vdex-fd=10 --updatable-bcp-packages-file=/system/etc/updatable-bcp-packages.txt --resolve-startup-const-strings=true --max-image-block-size=524288 --compiler-filter=speed-profile --profile-file-fd=12 --classpath-dir=/data/app/~~YydvtuG-I1K6uwq-gJBazQ==/com.savethechildren.learning_tree-1CMBwdveIrDtkv3DFsnSwg== --class-loader-context=PCL[]{PCL[/system_ext/framework/androidx.window.sidecar.jar]} --generate-mini-debug-info --compilation-reason=unknown
06-04 12:03:46.636 2271 2271 I dex2oat32: setting boot class path to /apex/com.android.art/javalib/core-oj.jar:/apex/com.android.art/javalib/core-libart.jar:/apex/com.android.art/javalib/core-icu4j.jar:/apex/com.android.art/javalib/okhttp.jar:/apex/com.android.art/javalib/bouncycastle.jar:/apex/com.android.art/javalib/apache-xml.jar:/system/framework/framework.jar:/system/framework/ext.jar:/system/framework/telephony-common.jar:/system/framework/voip-common.jar:/system/framework/ims-common.jar:/system/framework/framework-atb-backward-compatibility.jar
06-04 12:03:51.057 2271 2271 W dex2oat32: Could not reserve sentinel fault page
06-04 12:03:51.728 2271 2271 W dex2oat32: Accessing hidden method Landroid/graphics/Canvas;->drawPatch(Landroid/graphics/NinePatch;Landroid/graphics/Rect;Landroid/graphics/Paint;)V (greylist-max-o, linking, denied)
06-04 12:03:51.728 2271 2271 W dex2oat32: Accessing hidden method Landroid/graphics/Canvas;->drawPatch(Landroid/graphics/NinePatch;Landroid/graphics/RectF;Landroid/graphics/Paint;)V (greylist-max-o, linking, denied)
06-04 12:03:51.732 2271 2271 W dex2oat32: Accessing hidden method Landroid/graphics/Bitmap;->getHardwareBuffer()Landroid/hardware/HardwareBuffer; (blacklist, linking, denied)
06-04 12:03:51.854 2271 2271 W dex2oat32: Accessing hidden method Landroid/app/job/JobParameters;->getStopReason()I (greylist-max-o, linking, denied)
06-04 12:03:53.003 1168 1844 I Dialer : OmtpVvmCarrierCfgHlpr - OmtpEvent:CONFIG_STATUS_SMS_TIME_OUT
06-04 12:03:53.004 1168 1168 I Dialer : RetryPolicy - discarding deferred status: configuration_state=4
06-04 12:03:53.005 1168 1168 I Dialer : VvmTaskExecutor - no more tasks, stopping service if no task are added in 5000 millis
06-04 12:03:53.005 1168 1168 I Dialer : VvmTaskReceiver - task received
06-04 12:03:53.005 1168 1168 I Dialer : VvmTaskReceiver - TaskExecutor already running
06-04 12:03:53.005 1168 1168 I Dialer : Task.createTask - create task:com.android.voicemail.impl.ActivationTask
06-04 12:03:53.006 1168 1168 I Dialer : RetryPolicy - retry #1 for com.android.voicemail.impl.ActivationTask@84f917d queued, executing in 5000
06-04 12:03:53.006 1168 1168 I Dialer : VvmTaskExecutor - com.android.voicemail.impl.ActivationTask@84f917d added
06-04 12:03:53.006 1168 1168 I Dialer : VvmTaskExecutor - minimal wait time:5000
06-04 12:03:53.006 1168 1168 I Dialer : VvmTaskExecutor - sleep for 5000 millis
06-04 12:03:53.596 2271 2271 I dex2oat32: Explicit concurrent copying GC freed 277769(40MB) AllocSpace objects, 0(0B) LOS objects, 49% free, 2216KB/4433KB, paused 15us total 8.989ms
06-04 12:03:53.622 2271 2271 W dex2oat32: Accessing hidden field Ljava/nio/file/FileSystemException;->file:Ljava/lang/String; (greylist-max-o, linking, denied)
06-04 12:03:53.623 2271 2271 W dex2oat32: Accessing hidden field Ljava/nio/file/FileSystemException;->other:Ljava/lang/String; (greylist-max-o, linking, denied)
06-04 12:03:53.623 2271 2271 W dex2oat32: Accessing hidden field Ljava/nio/file/InvalidPathException;->index:I (greylist-max-o, linking, denied)
06-04 12:03:53.623 2271 2271 W dex2oat32: Accessing hidden field Ljava/nio/file/InvalidPathException;->input:Ljava/lang/String; (greylist-max-o, linking, denied)
06-04 12:03:53.624 2271 2271 W dex2oat32: Accessing hidden method Landroid/graphics/Bitmap;->getHardwareBuffer()Landroid/hardware/HardwareBuffer; (blacklist, linking, denied)
06-04 12:03:53.624 2271 2271 W dex2oat32: Accessing hidden method Landroid/graphics/Canvas;->drawPatch(Landroid/graphics/NinePatch;Landroid/graphics/Rect;Landroid/graphics/Paint;)V (greylist-max-o, linking, denied)
