06-04 12:07:26.652 2055 2075 I System.out: 36 0,280039920420,280039920420,9223372036854775807,0,280040055938,280040056909,280040057340,280040335323,280040401517,280040488100,280040518177,280041792312,280042657840,81143,120276,0,
06-04 12:07:26.653 2055 2075 D Benchmark: Starting activity with command: am start -W "intent:#Intent;action=android.intent.action.MAIN;category=android.intent.category.LAUNCHER;launchFlags=0x10008000;package=com.savethechildren.learning_tree;component=com.savethechildren.learning_tree/com.ustadmobile.port.android.view.AppActivity;end"
06-04 12:07:26.664 478 498 D EventSequenceValidator: inc AccIntentStartedEvents to 2
06-04 12:07:26.666 361 361 I perfetto: ing_service_impl.cc:758 Configured tracing session 15, #sources:1, duration:5000 ms, #buffers:1, total buffer size:4096 KB, total sessions:2, uid:1071 session name: ""
06-04 12:07:26.666 350 350 I perfetto: probes_producer.cc:230 Ftrace setup (target_buf=15)
06-04 12:07:26.668 478 941 W InputReader: Device virtio_input_multi_touch_10 is associated with display ADISPLAY_ID_NONE.
06-04 12:07:26.668 478 941 W InputReader: Device virtio_input_multi_touch_7 is associated with display ADISPLAY_ID_NONE.
06-04 12:07:26.668 478 941 W InputReader: Device virtio_input_multi_touch_11 is associated with display ADISPLAY_ID_NONE.
06-04 12:07:26.668 478 941 W InputReader: Device virtio_input_multi_touch_5 is associated with display ADISPLAY_ID_NONE.
06-04 12:07:26.668 478 941 W InputReader: Device virtio_input_multi_touch_2 is associated with display ADISPLAY_ID_NONE.
06-04 12:07:26.668 478 941 W InputReader: Device virtio_input_multi_touch_6 is associated with display ADISPLAY_ID_NONE.
06-04 12:07:26.668 478 941 W InputReader: Device virtio_input_multi_touch_8 is associated with display ADISPLAY_ID_NONE.
06-04 12:07:26.668 478 941 W InputReader: Device virtio_input_multi_touch_9 is associated with display ADISPLAY_ID_NONE.
06-04 12:07:26.668 478 941 W InputReader: Device virtio_input_multi_touch_3 is associated with display ADISPLAY_ID_NONE.
06-04 12:07:26.668 478 941 W InputReader: Device virtio_input_multi_touch_4 is associated with display ADISPLAY_ID_NONE.
06-04 12:07:26.668 478 941 W InputReader: Device virtio_input_multi_touch_10 is associated with display ADISPLAY_ID_NONE.
06-04 12:07:26.668 478 941 W InputReader: Device virtio_input_multi_touch_7 is associated with display ADISPLAY_ID_NONE.
06-04 12:07:26.668 478 941 W InputReader: Device virtio_input_multi_touch_11 is associated with display ADISPLAY_ID_NONE.
06-04 12:07:26.668 478 941 W InputReader: Device virtio_input_multi_touch_5 is associated with display ADISPLAY_ID_NONE.
06-04 12:07:26.668 478 941 W InputReader: Device virtio_input_multi_touch_2 is associated with display ADISPLAY_ID_NONE.
06-04 12:07:26.668 478 941 W InputReader: Device virtio_input_multi_touch_6 is associated with display ADISPLAY_ID_NONE.
06-04 12:07:26.668 478 941 W InputReader: Device virtio_input_multi_touch_8 is associated with display ADISPLAY_ID_NONE.
06-04 12:07:26.668 478 941 W InputReader: Device virtio_input_multi_touch_9 is associated with display ADISPLAY_ID_NONE.
06-04 12:07:26.668 478 941 W InputReader: Device virtio_input_multi_touch_3 is associated with display ADISPLAY_ID_NONE.
06-04 12:07:26.668 478 941 W InputReader: Device virtio_input_multi_touch_4 is associated with display ADISPLAY_ID_NONE.
06-04 12:07:26.673 2149 2149 D AppActivity$onDestroy: AppActivity#onDestroy
06-04 12:07:26.674 273 1473 D goldfish-address-space: claimShared: Ask to claim region [0x3f5fa4000 0x3f678d000]
06-04 12:07:26.679 2149 2149 W CustomTabsClient: Unable to find any Custom Tabs packages, you may need to add a element to your manifest. See the docs for CustomTabsClient#getPackageName.
06-04 12:07:26.679 2149 2149 W AppActivity$bindCustomTabsService: CustomTabs: Service NOT supported
06-04 12:07:26.700 478 572 D UntrustedWifiNetworkFactory: got request NetworkRequest [ TRACK_DEFAULT id=29, [ Capabilities: INTERNET&NOT_RESTRICTED&TRUSTED Uid: 10130 AdministratorUids: [] RequestorUid: 10130 RequestorPackageName: com.savethechildren.learning_tree] ] with score 60 and providerId 3
06-04 12:07:26.700 478 572 D WifiNetworkFactory: got request NetworkRequest [ TRACK_DEFAULT id=29, [ Capabilities: INTERNET&NOT_RESTRICTED&TRUSTED Uid: 10130 AdministratorUids: [] RequestorUid: 10130 RequestorPackageName: com.savethechildren.learning_tree] ] with score 60 and providerId 3
06-04 12:07:26.700 842 842 D PhoneSwitcherNetworkRequstListener: got request NetworkRequest [ TRACK_DEFAULT id=29, [ Capabilities: INTERNET&NOT_RESTRICTED&TRUSTED Uid: 10130 AdministratorUids: [] RequestorUid: 10130 RequestorPackageName: com.savethechildren.learning_tree] ] with score 60 and providerId 3
06-04 12:07:26.702 842 842 D Telephony: isEmergencyPreferredAccount: subId=1, activeData=1
06-04 12:07:26.702 842 842 D Telephony: isEmergencyPreferredAccount: Device does not require preference.
06-04 12:07:26.702 638 638 V KeyguardUpdateMonitor: onSubscriptionInfoChanged()
06-04 12:07:26.702 638 638 V KeyguardUpdateMonitor: SubInfo:{id=1 iccId=89014103211118510720 simSlotIndex=0 carrierId=1 displayName=T-Mobile carrierName=T-Mobile nameSource=3 iconTint=-16746133 number=+15555215554 dataRoaming=0 iconBitmap=android.graphics.Bitmap@9a098e4 mcc=310 mnc=260 countryIso=us isEmbedded=false nativeAccessRules=null cardString=89014103211118510720 cardId=-1 isOpportunistic=false groupUUID=null isGroupDisabled=false profileClass=-1 ehplmns=null hplmns=null subscriptionType=0 groupOwner=null carrierConfigAccessRules=null areUiccApplicationsEnabled=true}
06-04 12:07:26.708 273 1473 D goldfish-address-space: claimShared: Ask to claim region [0x3f678d000 0x3f6f76000]
06-04 12:07:26.709 273 1473 D goldfish-address-space: claimShared: Ask to claim region [0x3f6f76000 0x3f775f000]
06-04 12:07:26.711 273 1473 D goldfish-address-space: claimShared: Ask to claim region [0x3f90e9000 0x3f98d2000]
06-04 12:07:26.712 478 498 D EventSequenceValidator: dec AccIntentStartedEvents to 1
06-04 12:07:26.712 3346 3348 I cmd : oneway function results will be dropped but finished with status OK and parcel size 4
06-04 12:07:26.727 478 504 D ArtManagerInternalImpl: /data/misc/iorapd/com.savethechildren.learning_tree/363/com.ustadmobile.port.android.view.AppActivity/compiled_traces/compiled_trace.pb doesn't exist
06-04 12:07:26.731 2149 2149 D UstadViewModelFunKt$ustadViewModel$viewModel$invoke: ustadViewModel(): create viewmodel for: com.ustadmobile.core.viewmodel.redirect.RedirectViewModel
06-04 12:07:26.735 478 504 I ActivityTaskManager: Displayed com.savethechildren.learning_tree/com.ustadmobile.port.android.view.AppActivity: +48ms
06-04 12:07:26.736 2149 2149 D UstadNavControllerPreCompose$onCollectNavCommand: NavCommandEffect: Navigate: Go to AddAccountSelectNewOrExisting
06-04 12:07:26.744 2149 2149 D UstadViewModelFunKt$ustadViewModel$viewModel$invoke: ustadViewModel(): create viewmodel for: com.ustadmobile.core.viewmodel.account.addaccountselectneworexisting.AddAccountSelectNewOrExistingViewModel
06-04 12:07:26.745 2149 2149 W GooglePlayServicesUtil: com.savethechildren.learning_tree requires the Google Play Store, but it is missing.
06-04 12:07:26.745 2149 2149 W PlayServicesImpl: Connection with Google Play Services was not successful. Connection result is: ConnectionResult{statusCode=SERVICE_INVALID, resolution=null, message=null}
06-04 12:07:26.745 2055 2075 D Benchmark: Result: Starting: Intent { act=android.intent.action.MAIN cat=[android.intent.category.LAUNCHER] flg=0x10008000 pkg=com.savethechildren.learning_tree cmp=com.savethechildren.learning_tree/com.ustadmobile.port.android.view.AppActivity }
06-04 12:07:26.745 2055 2075 D Benchmark: Status: ok
06-04 12:07:26.745 2055 2075 D Benchmark: LaunchState: WARM
06-04 12:07:26.745 2055 2075 D Benchmark: Activity: com.savethechildren.learning_tree/com.ustadmobile.port.android.view.AppActivity
06-04 12:07:26.745 2055 2075 D Benchmark: TotalTime: 48
06-04 12:07:26.745 2055 2075 D Benchmark: WaitTime: 49
06-04 12:07:26.745 2055 2075 D Benchmark: Complete
06-04 12:07:26.746 2149 2149 E AddAccountSelectNewOrExistingViewModel$getCredentials$invokeSuspend: Error occurred: Failed to get credential: getCredentialAsync no provider dependencies found - please ensure the desired provider dependencies are added
06-04 12:07:26.808 2055 2075 I System.out: 0 Flags,IntendedVsync,Vsync,OldestInputEvent,NewestInputEvent,HandleInputStart,AnimationStart,PerformTraversalsStart,DrawStart,SyncQueued,SyncStart,IssueDrawCommandsStart,SwapBuffers,FrameCompleted,DequeueBufferDuration,QueueBufferDuration,GpuCompleted,
06-04 12:07:26.808 2055 2075 I System.out: 1 1,305906587680,305923254346,9223372036854775807,0,305928880019,305928880630,305928994724,305945632708,305945818788,305946015237,305946028683,305946777440,305947678064,26490,142568,305947547609,
06-04 12:07:26.808 2055 2075 I System.out: 2 0,305939921021,305939921021,9223372036854775807,0,305955216348,305955216889,305970042375,305970072491,305970410807,305970457956,305970480468,305970910397,305972040752,26560,243688,305973364912,
06-04 12:07:26.808 2055 2075 I System.out: 3 0,305973254460,305973254460,9223372036854775807,0,305974177971,305974178191,305989248607,305989279816,305994355570,305994412357,305994446260,305995377712,305998841074,49873,2151035,253687359555,
06-04 12:07:26.808 2055 2075 I System.out: 4 0,305989921144,305989921144,9223372036854775807,0,305999849299,305999849590,306006420174,306006446454,306009642123,306009691255,306009735518,306011544890,306015087621,25778,500862,253704642622,
06-04 12:07:26.808 2055 2075 I System.out: 5 0,306006587837,306006587837,9223372036854775807,0,306016569578,306016570229,306017318356,306017346268,306018200935,306018242894,306018280114,306019679505,306027430760,6052790,1150032,253704702865,
06-04 12:07:26.808 2055 2075 D UiDevice: Waiting 10000ms for SearchCondition[hasObject=BySelector [TEXT='\QGet Started\E']].
06-04 12:07:26.808 2055 2075 D UiDevice: Searching for node with selector: BySelector [TEXT='\QGet Started\E'].
06-04 12:07:28.953 2055 2075 I chatty : uid=10131(com.ustadmobile.app_android_baselineprofile) roidJUnitRunner identical 12 lines
06-04 12:07:29.055 2055 2075 D UiDevice: Searching for node with selector: BySelector [TEXT='\QGet Started\E'].
06-04 12:07:29.064 2149 2170 D UstadCache: CacheTrimmer: Trim cache run: max (evictable) size = 100000000 bytes
06-04 12:07:29.065 2149 2170 V UstadCache: CacheTrimmer: deleting
06-04 12:07:29.158 2055 2075 D UiDevice: Searching for node with selector: BySelector [TEXT='\QGet Started\E'].
06-04 12:07:30.699 2055 2075 I chatty : uid=10131(com.ustadmobile.app_android_baselineprofile) roidJUnitRunner identical 15 lines
06-04 12:07:30.801 2055 2075 D UiDevice: Searching for node with selector: BySelector [TEXT='\QGet Started\E'].
06-04 12:07:30.877 350 350 I perfetto: probes_producer.cc:329 Producer stop (id=14)
06-04 12:07:30.877 361 361 I perfetto: ng_service_impl.cc:1948 Tracing session 14 ended, total sessions:1
06-04 12:07:30.904 2055 2075 D UiDevice: Searching for node with selector: BySelector [TEXT='\QGet Started\E'].
06-04 12:07:31.522 2055 2075 I chatty : uid=10131(com.ustadmobile.app_android_baselineprofile) roidJUnitRunner identical 6 lines
06-04 12:07:31.624 2055 2075 D UiDevice: Searching for node with selector: BySelector [TEXT='\QGet Started\E'].
06-04 12:07:31.666 350 350 I perfetto: probes_producer.cc:329 Producer stop (id=15)
06-04 12:07:31.667 350 350 I perfetto: ftrace_procfs.cc:183 disabled ftrace
06-04 12:07:31.667 361 361 I perfetto: ng_service_impl.cc:1948 Tracing session 15 ended, total sessions:0
06-04 12:07:31.727 2055 2075 D UiDevice: Searching for node with selector: BySelector [TEXT='\QGet Started\E'].
06-04 12:07:35.112 2055 2075 I chatty : uid=10131(com.ustadmobile.app_android_baselineprofile) roidJUnitRunner identical 33 lines
06-04 12:07:35.215 2055 2075 D UiDevice: Searching for node with selector: BySelector [TEXT='\QGet Started\E'].
06-04 12:07:35.296 445 445 E netmgr : qemu_pipe_open_ns:62: Could not connect to the 'pipe:qemud:network' service: Invalid argument
06-04 12:07:35.296 445 445 E netmgr : Failed to open QEMU pipe 'qemud:network': Invalid argument
06-04 12:07:35.316 447 447 E wifi_forwarder: qemu_pipe_open_ns:62: Could not connect to the 'pipe:qemud:wififorward' service: Invalid argument
06-04 12:07:35.316 447 447 E wifi_forwarder: RemoteConnection failed to initialize: RemoteConnection failed to open pipe
06-04 12:07:35.318 2055 2075 D UiDevice: Searching for node with selector: BySelector [TEXT='\QGet Started\E'].
06-04 12:07:36.755 2055 2075 I chatty : uid=10131(com.ustadmobile.app_android_baselineprofile) roidJUnitRunner identical 14 lines
06-04 12:07:36.858 2055 2075 D UiDevice: Searching for node with selector: BySelector [TEXT='\QGet Started\E'].
06-04 12:07:37.861 2055 2075 D UiDevice: Retrieving node with selector: BySelector [TEXT='\QGet Started\E'].
06-04 12:07:37.866 2055 2075 D UiDevice: Node not found with selector: BySelector [TEXT='\QGet Started\E'].
06-04 12:07:42.866 2055 2075 D Benchmark: Profile Installer - Save Profile
06-04 12:07:42.873 2149 2149 I Process : Sending signal. PID: 2149 SIG: 10
06-04 12:07:42.873 2149 2149 D ProfileInstaller:
06-04 12:07:42.873 2149 2157 I n.learning_tre: Thread[3,tid=2157,WaitingInMainSignalCatcherLoop,Thread*=0x7e5233e1a010,peer=0x13381900,"Signal Catcher"]: reacting to signal 10
06-04 12:07:42.873 2149 2157 I n.learning_tre:
06-04 12:07:42.873 2149 2157 I n.learning_tre: SIGUSR1 forcing GC (no HPROF) and profile save
06-04 12:07:42.879 3380 3382 I cmd : oneway function results will be dropped but finished with status OK and parcel size 4
06-04 12:07:42.884 2149 2157 I n.learning_tre: Explicit concurrent copying GC freed 134122(5021KB) AllocSpace objects, 5(132KB) LOS objects, 49% free, 6144KB/12MB, paused 7us total 10.750ms
06-04 12:07:43.380 2055 2075 D Benchmark: Killing process com.savethechildren.learning_tree
06-04 12:07:43.380 2055 2075 D UiDevice: Executing shell command: killall com.savethechildren.learning_tree
06-04 12:07:43.405 478 493 I PackageDexOptimizer: Running dexopt (dexoptNeeded=-3) on: /data/app/~~YydvtuG-I1K6uwq-gJBazQ==/com.savethechildren.learning_tree-1CMBwdveIrDtkv3DFsnSwg==/base.apk pkg=com.savethechildren.learning_tree isa=x86_64 dexoptFlags=boot_complete,profile_guided,force,enable_hidden_api_checks targetFilter=speed-profile oatDir=/data/app/~~YydvtuG-I1K6uwq-gJBazQ==/com.savethechildren.learning_tree-1CMBwdveIrDtkv3DFsnSwg==/oat classLoaderContext=PCL[]{PCL[/system_ext/framework/androidx.window.sidecar.jar]}
06-04 12:07:43.406 380 552 V installd: DexInv: --- BEGIN '/data/app/~~YydvtuG-I1K6uwq-gJBazQ==/com.savethechildren.learning_tree-1CMBwdveIrDtkv3DFsnSwg==/base.apk' ---
06-04 12:07:43.411 3394 3394 W dex2oat32: Unexpected CPU variant for X86 using defaults: x86_64
06-04 12:07:43.483 3394 3394 I dex2oat32: /apex/com.android.art/bin/dex2oat32 --input-vdex-fd=9 --output-vdex-fd=10 --updatable-bcp-packages-file=/system/etc/updatable-bcp-packages.txt --resolve-startup-const-strings=true --max-image-block-size=524288 --compiler-filter=speed-profile --profile-file-fd=12 --classpath-dir=/data/app/~~YydvtuG-I1K6uwq-gJBazQ==/com.savethechildren.learning_tree-1CMBwdveIrDtkv3DFsnSwg== --class-loader-context=PCL[]{PCL[/system_ext/framework/androidx.window.sidecar.jar]} --generate-mini-debug-info --compilation-reason=unknown
06-04 12:07:43.483 3394 3394 I dex2oat32: setting boot class path to /apex/com.android.art/javalib/core-oj.jar:/apex/com.android.art/javalib/core-libart.jar:/apex/com.android.art/javalib/core-icu4j.jar:/apex/com.android.art/javalib/okhttp.jar:/apex/com.android.art/javalib/bouncycastle.jar:/apex/com.android.art/javalib/apache-xml.jar:/system/framework/framework.jar:/system/framework/ext.jar:/system/framework/telephony-common.jar:/system/framework/voip-common.jar:/system/framework/ims-common.jar:/system/framework/framework-atb-backward-compatibility.jar
06-04 12:07:47.922 3394 3394 W dex2oat32: Accessing hidden method Landroid/graphics/Canvas;->drawPatch(Landroid/graphics/NinePatch;Landroid/graphics/Rect;Landroid/graphics/Paint;)V (greylist-max-o, linking, denied)
06-04 12:07:47.922 3394 3394 W dex2oat32: Accessing hidden method Landroid/graphics/Canvas;->drawPatch(Landroid/graphics/NinePatch;Landroid/graphics/RectF;Landroid/graphics/Paint;)V (greylist-max-o, linking, denied)
06-04 12:07:47.925 3394 3394 W dex2oat32: Accessing hidden method Landroid/graphics/Bitmap;->getHardwareBuffer()Landroid/hardware/HardwareBuffer; (blacklist, linking, denied)
06-04 12:07:48.043 3394 3396 W dex2oat32: Accessing hidden method Landroid/app/job/JobParameters;->getStopReason()I (greylist-max-o, linking, denied)
06-04 12:07:49.717 3394 3394 I dex2oat32: Explicit concurrent copying GC freed 277753(40MB) AllocSpace objects, 0(0B) LOS objects, 49% free, 2216KB/4433KB, paused 13us total 6.907ms
06-04 12:07:49.743 3394 3394 W dex2oat32: Accessing hidden field Ljava/nio/file/FileSystemException;->file:Ljava/lang/String; (greylist-max-o, linking, denied)
06-04 12:07:49.743 3394 3394 W dex2oat32: Accessing hidden field Ljava/nio/file/FileSystemException;->other:Ljava/lang/String; (greylist-max-o, linking, denied)
06-04 12:07:49.743 3394 3394 W dex2oat32: Accessing hidden field Ljava/nio/file/InvalidPathException;->index:I (greylist-max-o, linking, denied)
06-04 12:07:49.743 3394 3394 W dex2oat32: Accessing hidden field Ljava/nio/file/InvalidPathException;->input:Ljava/lang/String; (greylist-max-o, linking, denied)
06-04 12:07:49.744 3394 3394 W dex2oat32: Accessing hidden method Landroid/graphics/Bitmap;->getHardwareBuffer()Landroid/hardware/HardwareBuffer; (blacklist, linking, denied)
06-04 12:07:49.744 3394 3394 W dex2oat32: Accessing hidden method Landroid/graphics/Canvas;->drawPatch(Landroid/graphics/NinePatch;Landroid/graphics/Rect;Landroid/graphics/Paint;)V (greylist-max-o, linking, denied)
06-04 12:07:49.745 3394 3394 W dex2oat32: Accessing hidden method Landroid/graphics/Canvas;->drawPatch(Landroid/graphics/NinePatch;Landroid/graphics/RectF;Landroid/graphics/Paint;)V (greylist-max-o, linking, denied)
06-04 12:07:49.755 3394 3394 W dex2oat32: Accessing hidden method Landroid/app/job/JobParameters;->getStopReason()I (greylist-max-o, linking, denied)
06-04 12:07:50.756 3394 3394 I dex2oat32: dex2oat took 7.346s (9.001s cpu) (threads: 2) arena alloc=3729KB (3818984B) java alloc=2232KB (2286104B) native alloc=81MB (85882704B) free=82MB (86061472B)
06-04 12:07:50.773 380 552 V installd: DexInv: --- END '/data/app/~~YydvtuG-I1K6uwq-gJBazQ==/com.savethechildren.learning_tree-1CMBwdveIrDtkv3DFsnSwg==/base.apk' (success) ---
06-04 12:07:50.779 3390 3392 I cmd : oneway function results will be dropped but finished with status OK and parcel size 4
06-04 12:07:50.790 2055 2075 D Benchmark: Reference profile location: /data/misc/profiles/ref/com.savethechildren.learning_tree/primary.prof
06-04 12:07:50.823 2055 2075 D Benchmark: APK Path: /data/app/~~YydvtuG-I1K6uwq-gJBazQ==/com.savethechildren.learning_tree-1CMBwdveIrDtkv3DFsnSwg==/base.apk
06-04 12:07:50.823 2055 2075 D Benchmark: Converting to human readable profile format
06-04 12:07:50.823 2055 2075 D Benchmark: Using profile location: /data/misc/profiles/ref/com.savethechildren.learning_tree/primary.prof
06-04 12:07:51.101 3422 3422 W profman : profman took 268.560ms
06-04 12:07:51.121 2055 2075 D Benchmark: Using profile location: /data/misc/profiles/cur/0/com.savethechildren.learning_tree/primary.prof
06-04 12:07:51.386 3433 3433 W profman : profman took 253.965ms
06-04 12:07:52.320 2055 2075 D Benchmark: Unstable profiles during iteration 10
06-04 12:07:52.320 2055 2075 D Benchmark: Killing package com.savethechildren.learning_tree
06-04 12:07:52.320 2055 2075 D Benchmark: Killing process com.savethechildren.learning_tree
06-04 12:07:52.320 2055 2075 D UiDevice: Executing shell command: killall com.savethechildren.learning_tree
06-04 12:07:52.327 2055 2075 D Benchmark: Compile iteration (11) for com.savethechildren.learning_tree
06-04 12:07:52.327 2055 2075 D UiDevice: Pressing home button.
06-04 12:07:52.342 638 638 V ShadeControllerImpl: NotificationShadeWindow: com.android.systemui.statusbar.phone.NotificationShadeWindowView{90561f7 I.E...... ......ID 0,0-1080,1920} canPanelBeCollapsed(): false
06-04 12:07:52.343 478 498 D EventSequenceValidator: inc AccIntentStartedEvents to 2
06-04 12:07:52.344 361 361 I perfetto: ing_service_impl.cc:758 Configured tracing session 16, #sources:1, duration:5000 ms, #buffers:1, total buffer size:4096 KB, total sessions:1, uid:1071 session name: ""
06-04 12:07:52.344 350 350 I perfetto: probes_producer.cc:230 Ftrace setup (target_buf=16)
06-04 12:07:52.344 478 496 W InputReader: Device virtio_input_multi_touch_10 is associated with display ADISPLAY_ID_NONE.
06-04 12:07:52.344 478 496 W InputReader: Device virtio_input_multi_touch_7 is associated with display ADISPLAY_ID_NONE.
06-04 12:07:52.344 478 496 W InputReader: Device virtio_input_multi_touch_11 is associated with display ADISPLAY_ID_NONE.
06-04 12:07:52.344 478 496 W InputReader: Device virtio_input_multi_touch_5 is associated with display ADISPLAY_ID_NONE.
06-04 12:07:52.344 478 496 W InputReader: Device virtio_input_multi_touch_2 is associated with display ADISPLAY_ID_NONE.
06-04 12:07:52.344 478 496 W InputReader: Device virtio_input_multi_touch_6 is associated with display ADISPLAY_ID_NONE.
06-04 12:07:52.344 478 496 W InputReader: Device virtio_input_multi_touch_8 is associated with display ADISPLAY_ID_NONE.
06-04 12:07:52.344 478 496 W InputReader: Device virtio_input_multi_touch_9 is associated with display ADISPLAY_ID_NONE.
06-04 12:07:52.344 478 496 W InputReader: Device virtio_input_multi_touch_3 is associated with display ADISPLAY_ID_NONE.
06-04 12:07:52.344 478 496 W InputReader: Device virtio_input_multi_touch_4 is associated with display ADISPLAY_ID_NONE.
06-04 12:07:52.344 478 496 W InputReader: Device virtio_input_multi_touch_10 is associated with display ADISPLAY_ID_NONE.
06-04 12:07:52.344 478 496 W InputReader: Device virtio_input_multi_touch_7 is associated with display ADISPLAY_ID_NONE.
06-04 12:07:52.344 478 496 W InputReader: Device virtio_input_multi_touch_11 is associated with display ADISPLAY_ID_NONE.
06-04 12:07:52.344 478 496 W InputReader: Device virtio_input_multi_touch_5 is associated with display ADISPLAY_ID_NONE.
06-04 12:07:52.344 478 496 W InputReader: Device virtio_input_multi_touch_2 is associated with display ADISPLAY_ID_NONE.
06-04 12:07:52.344 478 496 W InputReader: Device virtio_input_multi_touch_6 is associated with display ADISPLAY_ID_NONE.
06-04 12:07:52.344 478 496 W InputReader: Device virtio_input_multi_touch_8 is associated with display ADISPLAY_ID_NONE.
06-04 12:07:52.344 478 496 W InputReader: Device virtio_input_multi_touch_9 is associated with display ADISPLAY_ID_NONE.
06-04 12:07:52.344 478 496 W InputReader: Device virtio_input_multi_touch_3 is associated with display ADISPLAY_ID_NONE.
06-04 12:07:52.344 478 496 W InputReader: Device virtio_input_multi_touch_4 is associated with display ADISPLAY_ID_NONE.
06-04 12:07:52.348 987 987 D TaplTarget: Launcher.onNewIntent: Intent { act=android.intent.action.MAIN cat=[android.intent.category.HOME] flg=0x10400100 cmp=com.android.launcher3/.uioverrides.QuickstepLauncher (has extras) }
06-04 12:07:52.349 638 638 V ShadeControllerImpl: NotificationShadeWindow: com.android.systemui.statusbar.phone.NotificationShadeWindowView{90561f7 I.E...... ......ID 0,0-1080,1920} canPanelBeCollapsed(): false
06-04 12:07:52.359 350 350 I perfetto: ftrace_procfs.cc:176 enabled ftrace
06-04 12:07:52.359 273 1473 D goldfish-address-space: claimShared: Ask to claim region [0x3f5fa4000 0x3f678d000]
06-04 12:07:52.360 273 1473 D goldfish-address-space: claimShared: Ask to claim region [0x3f775f000 0x3f7f48000]
06-04 12:07:52.362 273 1473 D goldfish-address-space: claimShared: Ask to claim region [0x3f4000000 0x3f47e9000]
06-04 12:07:52.370 273 1473 D goldfish-address-space: claimShared: Ask to claim region [0x3f47e9000 0x3f4fd2000]
06-04 12:07:52.377 478 504 D ArtManagerInternalImpl: /data/misc/iorapd/com.android.launcher3/30/com.android.launcher3.uioverrides.QuickstepLauncher/compiled_traces/compiled_trace.pb doesn't exist
06-04 12:07:52.382 478 498 D EventSequenceValidator: dec AccIntentStartedEvents to 1
06-04 12:07:52.476 2055 2075 I System.out: 0 Flags,IntendedVsync,Vsync,OldestInputEvent,NewestInputEvent,HandleInputStart,AnimationStart,PerformTraversalsStart,DrawStart,SyncQueued,SyncStart,IssueDrawCommandsStart,SwapBuffers,FrameCompleted,DequeueBufferDuration,QueueBufferDuration,GpuCompleted,
06-04 12:07:52.477 2055 2075 I System.out: 1 1,305906587680,305923254346,9223372036854775807,0,305928880019,305928880630,305928994724,305945632708,305945818788,305946015237,305946028683,305946777440,305947678064,26490,142568,305947547609,
06-04 12:07:52.477 2055 2075 I System.out: 2 0,305939921021,305939921021,9223372036854775807,0,305955216348,305955216889,305970042375,305970072491,305970410807,305970457956,305970480468,305970910397,305972040752,26560,243688,305973364912,
06-04 12:07:52.477 2055 2075 I System.out: 3 0,305973254460,305973254460,9223372036854775807,0,305974177971,305974178191,305989248607,305989279816,305994355570,305994412357,305994446260,305995377712,305998841074,49873,2151035,305998765371,
06-04 12:07:52.477 2055 2075 I System.out: 4 0,305989921144,305989921144,9223372036854775807,0,305999849299,305999849590,306006420174,306006446454,306009642123,306009691255,306009735518,306011544890,306015087621,25778,500862,306021312025,
06-04 12:07:52.477 2055 2075 I System.out: 5 0,306006587837,306006587837,9223372036854775807,0,306016569578,306016570229,306017318356,306017346268,306018200935,306018242894,306018280114,306019679505,306027430760,6052790,1150032,306021347241,
06-04 12:07:52.477 2055 2075 I System.out: 6 0,306023254552,306023254552,9223372036854775807,0,306023510940,306023511070,306027710396,306027741534,306028577596,306028841673,306028877370,306030778454,306044488212,12498030,575221,306040071508,
06-04 12:07:52.477 2055 2075 I System.out: 7 0,306039921217,306039921217,9223372036854775807,0,306040070005,306040070987,306043133475,306043166587,306044016215,306044532806,306044570637,306047596537,306057654248,7738521,1408668,306049884759,
06-04 12:07:52.477 2055 2075 I System.out: 8 0,306056587980,306056587980,9223372036854775807,0,306056933623,306056933914,306057677141,306057710564,306058558298,306058615826,306058651293,306059100698,306077372233,12913491,1000973,306064411814,
06-04 12:07:52.477 2055 2075 I System.out: 9 0,306073254717,306073254717,9223372036854775807,0,306073402178,306073403160,306074902579,306074936583,306075793695,306077460048,306077500394,306078050198,306092240469,9316407,1454365,306082884628,
06-04 12:07:52.477 2055 2075 I System.out: 10 0,306089921495,306089921495,9223372036854775807,0,306090062023,306090063055,306091177581,306091214320,306092040012,306092276547,306092310892,306094607880,306108929489,9572719,898950,306099313478,
06-04 12:07:52.477 2055 2075 I System.out: 11 0,306106588246,306106588246,9223372036854775807,0,306106757876,306106759128,306108119055,306108168568,306109006233,306112292402,306112336214,306114341294,306129577513,12133464,1363223,306117379046,
06-04 12:07:52.477 2055 2075 I System.out: 12 0,306123254987,306123254987,9223372036854775807,0,306123605083,306123605494,306124578814,306124615573,306129322904,306129616596,306129973427,306130431719,306146226667,13933569,85741,306132246792,
06-04 12:07:52.477 2055 2075 I System.out: 13 0,306139921759,306139921759,9223372036854775807,0,306144668508,306144668688,306145508307,306145531280,306146449526,306146499581,306146726497,306147289265,306158395688,7556188,1611230,306150811228,
06-04 12:07:52.477 2055 2075 I System.out: 14 0,306156588421,306156588421,9223372036854775807,0,306156781603,306156781704,306158686265,306158708627,306159726290,306159776134,306159957705,306161558125,306174554561,9578491,137138,306164932469,
06-04 12:07:52.477 2055 2075 I System.out: 15 0,306173255148,306173255148,9223372036854775807,0,306173826773,306173826953,306174519455,306174540575,306175426681,306175498957,306175690687,306176194154,306196315247,16334664,129143,306179949445,
06-04 12:07:52.477 2055 2075 I System.out: 16 0,306189921812,306189921812,9223372036854775807,0,306190577348,306190577589,306191170253,306191202023,306191916757,306196375410,306196412620,306196884628,306210025496,11266173,90149,306206701676,
06-04 12:07:52.477 2055 2075 I System.out: 17 0,306206588543,306206588543,9223372036854775807,0,306206707237,306206707838,306209041957,306209064138,306209997573,306210065090,306210299481,306210699904,306225885307,13272506,106991,306212585940,
06-04 12:07:52.477 2055 2075 I System.out: 18 0,306223255277,306223255277,9223372036854775807,0,306224289736,306224289997,306224836865,306224858646,306225843107,306225926294,306226112554,306226595181,306242245338,13707404,64842,306240045251,
06-04 12:07:52.477 2055 2075 I System.out: 19 0,306239921940,306239921940,9223372036854775807,0,306240800040,306240800180,306241340126,306241361326,306243315340,306243861887,306244051844,306244454932,306259601332,13105512,99317,306246470332,
06-04 12:07:52.477 2055 2075 I System.out: 20 0,306256588666,306256588666,9223372036854775807,0,306256701780,306256702110,306258299915,306258320183,306259200057,306259635155,306259661134,306260018656,306276113038,14094512,56947,306273363969,
06-04 12:07:52.477 2055 2075 I System.out: 21 0,306273255355,306273255355,9223372036854775807,0,306273388475,306273388625,306276215981,306276248432,306277027217,306277093131,306277122947,306277619911,306292532611,11737379,974161,306290066304,
06-04 12:07:52.477 2055 2075 I System.out: 22 0,306289922052,306289922052,9223372036854775807,0,306290074920,306290075621,306291280737,306291311595,306292267462,306292602953,306292822105,306293204945,306309460059,13365902,976967,306296064592,
06-04 12:07:52.477 2055 2075 I System.out: 23 0,306306588806,306306588806,9223372036854775807,0,306306749703,306306750284,306309718836,306309749864,306310622875,306310679812,306310708216,306311108348,306326050483,11954157,954625,306314064246,
06-04 12:07:52.477 2055 2075 I System.out: 24 0,306323255521,306323255521,9223372036854775807,0,306323378018,306323378529,306327133800,306327165059,306327935197,306327983428,306328020608,306328663236,306340869858,11372172,75372,306329459483,
06-04 12:07:52.477 2055 2075 I System.out: 25 0,306339922288,306339922288,9223372036854775807,0,306340037222,306340037633,306341993551,306342025701,306342846214,306342911787,306342947695,306343537363,306359276858,14169512,941750,306345075556,
06-04 12:07:52.477 2055 2075 I System.out: 26 0,306356588861,306356588861,9223372036854775807,0,306356794851,306356795312,306357425136,306357458950,306358397895,306359326491,306359360816,306359931208,306375925211,15237901,73728,306360660880,
06-04 12:07:52.477 2055 2075 I System.out: 27 0,306373255623,306373255623,9223372036854775807,0,306373384494,306373385065,306376397880,306376430862,306377137751,306377189598,306377225065,306377781672,306392551122,13954939,96902,306378554475,
06-04 12:07:52.477 2055 2075 I System.out: 28 0,306389922332,306389922332,9223372036854775807,0,306390142844,306390143435,306390521526,306390554478,306391535923,306392594033,306392623127,306393186186,306408692021,14696924,101040,306393960602,
06-04 12:07:52.477 2055 2075 I System.out: 29 0,306406589085,306406589085,9223372036854775807,0,306406702390,306406702881,306407581263,306407613062,306408493869,306408761101,306408792971,306409487076,306426022227,14897602,946379,306411088447,
06-04 12:07:52.477 2055 2075 I System.out: 30 0,306423255761,306423255761,9223372036854775807,0,306423387352,306423387923,306426283267,306426316720,306427182348,306427243813,306427272868,306427850073,306442396785,13703736,102162,306428649797,
06-04 12:07:52.477 2055 2075 I System.out: 31 0,306439922518,306439922518,9223372036854775807,0,306440030947,306440031427,306442591311,306442623642,306443447370,306443495842,306443521911,306444050454,306459094311,13439850,905923,306456698516,
06-04 12:07:52.477 2055 2075 I System.out: 32 0,306456589248,306456589248,9223372036854775807,0,306456691463,306456691884,306459157490,306459193036,306459256916,306459318963,306459352636,306459938298,306475764245,15039969,75853,306473370774,
06-04 12:07:52.477 2055 2075 I System.out: 33 0,306473255986,306473255986,9223372036854775807,0,306473367047,306473367779,306474231212,306475359644,306475449433,306475851248,306475884761,306476705615,306490906035,13605542,75042,254173387335,
06-04 12:07:52.477 2055 2075 I System.out: 34 0,306489922679,306489922679,9223372036854775807,0,306490057860,306490058732,306492732439,306492764920,306494138483,306494197885,306494233572,306494987750,306509804259,12722622,886878,1924618579685082084,
06-04 12:07:52.477 2055 2075 I System.out: 35 0,306506589360,306506589360,9223372036854775807,0,306506816792,306506818094,306510656030,306510699652,306511172221,306511226242,306511273551,306511949132,306524428596,10411727,1093065,2078757996228403584,
06-04 12:07:52.477 2055 2075 I System.out: 36 8,306523256034,306523256034,9223372036854775807,0,306523462850,306523463862,306523463983,306523502255,306523512354,306524498157,254240524520,254241606244,254242693789,23223,136056,5368796221853456077,
06-04 12:07:52.477 2055 2075 D Benchmark: Starting activity with command: am start -W "intent:#Intent;action=android.intent.action.MAIN;category=android.intent.category.LAUNCHER;launchFlags=0x10008000;package=com.savethechildren.learning_tree;component=com.savethechildren.learning_tree/com.ustadmobile.port.android.view.AppActivity;end"
06-04 12:07:52.499 478 498 D EventSequenceValidator: inc AccIntentStartedEvents to 2
06-04 12:07:52.501 361 361 I perfetto: ing_service_impl.cc:758 Configured tracing session 17, #sources:1, duration:5000 ms, #buffers:1, total buffer size:4096 KB, total sessions:2, uid:1071 session name: ""
06-04 12:07:52.501 350 350 I perfetto: probes_producer.cc:230 Ftrace setup (target_buf=17)
06-04 12:07:52.502 478 3077 W InputReader: Device virtio_input_multi_touch_10 is associated with display ADISPLAY_ID_NONE.
06-04 12:07:52.502 478 3077 W InputReader: Device virtio_input_multi_touch_7 is associated with display ADISPLAY_ID_NONE.
06-04 12:07:52.502 478 3077 W InputReader: Device virtio_input_multi_touch_11 is associated with display ADISPLAY_ID_NONE.
06-04 12:07:52.502 478 3077 W InputReader: Device virtio_input_multi_touch_5 is associated with display ADISPLAY_ID_NONE.
06-04 12:07:52.502 478 3077 W InputReader: Device virtio_input_multi_touch_2 is associated with display ADISPLAY_ID_NONE.
06-04 12:07:52.502 478 3077 W InputReader: Device virtio_input_multi_touch_6 is associated with display ADISPLAY_ID_NONE.
06-04 12:07:52.502 478 3077 W InputReader: Device virtio_input_multi_touch_8 is associated with display ADISPLAY_ID_NONE.
06-04 12:07:52.502 478 3077 W InputReader: Device virtio_input_multi_touch_9 is associated with display ADISPLAY_ID_NONE.
06-04 12:07:52.502 478 3077 W InputReader: Device virtio_input_multi_touch_3 is associated with display ADISPLAY_ID_NONE.
06-04 12:07:52.502 478 3077 W InputReader: Device virtio_input_multi_touch_4 is associated with display ADISPLAY_ID_NONE.
06-04 12:07:52.502 478 3077 W InputReader: Device virtio_input_multi_touch_10 is associated with display ADISPLAY_ID_NONE.
06-04 12:07:52.502 478 3077 W InputReader: Device virtio_input_multi_touch_7 is associated with display ADISPLAY_ID_NONE.
06-04 12:07:52.502 478 3077 W InputReader: Device virtio_input_multi_touch_11 is associated with display ADISPLAY_ID_NONE.
06-04 12:07:52.502 478 3077 W InputReader: Device virtio_input_multi_touch_5 is associated with display ADISPLAY_ID_NONE.
06-04 12:07:52.502 478 3077 W InputReader: Device virtio_input_multi_touch_2 is associated with display ADISPLAY_ID_NONE.
06-04 12:07:52.502 478 3077 W InputReader: Device virtio_input_multi_touch_6 is associated with display ADISPLAY_ID_NONE.
06-04 12:07:52.502 478 3077 W InputReader: Device virtio_input_multi_touch_8 is associated with display ADISPLAY_ID_NONE.
06-04 12:07:52.502 478 3077 W InputReader: Device virtio_input_multi_touch_9 is associated with display ADISPLAY_ID_NONE.
06-04 12:07:52.502 478 3077 W InputReader: Device virtio_input_multi_touch_3 is associated with display ADISPLAY_ID_NONE.
06-04 12:07:52.502 478 3077 W InputReader: Device virtio_input_multi_touch_4 is associated with display ADISPLAY_ID_NONE.
06-04 12:07:52.515 478 498 D EventSequenceValidator: dec AccIntentStartedEvents to 1
06-04 12:07:52.516 273 1473 D goldfish-address-space: claimShared: Ask to claim region [0x3f4fd2000 0x3f57bb000]
06-04 12:07:52.521 2149 2149 W CustomTabsClient: Unable to find any Custom Tabs packages, you may need to add a element to your manifest. See the docs for CustomTabsClient#getPackageName.
06-04 12:07:52.521 2149 2149 W AppActivity$bindCustomTabsService: CustomTabs: Service NOT supported
06-04 12:07:52.570 295 295 E Layer : [Surface(name=Task=1)/@0x31e6f4f - animation-leash#0] No local sync point found
06-04 12:07:52.570 295 295 E Layer : [Surface(name=Task=6)/@0xe583fb0 - animation-leash#0] No local sync point found
06-04 12:07:52.571 478 572 D UntrustedWifiNetworkFactory: got request NetworkRequest [ TRACK_DEFAULT id=30, [ Capabilities: INTERNET&NOT_RESTRICTED&TRUSTED Uid: 10130 AdministratorUids: [] RequestorUid: 10130 RequestorPackageName: com.savethechildren.learning_tree] ] with score 60 and providerId 3
06-04 12:07:52.571 478 572 D WifiNetworkFactory: got request NetworkRequest [ TRACK_DEFAULT id=30, [ Capabilities: INTERNET&NOT_RESTRICTED&TRUSTED Uid: 10130 AdministratorUids: [] RequestorUid: 10130 RequestorPackageName: com.savethechildren.learning_tree] ] with score 60 and providerId 3
06-04 12:07:52.572 842 842 D PhoneSwitcherNetworkRequstListener: got request NetworkRequest [ TRACK_DEFAULT id=30, [ Capabilities: INTERNET&NOT_RESTRICTED&TRUSTED Uid: 10130 AdministratorUids: [] RequestorUid: 10130 RequestorPackageName: com.savethechildren.learning_tree] ] with score 60 and providerId 3
06-04 12:07:52.577 638 638 V KeyguardUpdateMonitor: onSubscriptionInfoChanged()
06-04 12:07:52.577 842 842 D Telephony: isEmergencyPreferredAccount: subId=1, activeData=1
06-04 12:07:52.577 842 842 D Telephony: isEmergencyPreferredAccount: Device does not require preference.
06-04 12:07:52.577 638 638 V KeyguardUpdateMonitor: SubInfo:{id=1 iccId=89014103211118510720 simSlotIndex=0 carrierId=1 displayName=T-Mobile carrierName=T-Mobile nameSource=3 iconTint=-16746133 number=+15555215554 dataRoaming=0 iconBitmap=android.graphics.Bitmap@3394e4e mcc=310 mnc=260 countryIso=us isEmbedded=false nativeAccessRules=null cardString=89014103211118510720 cardId=-1 isOpportunistic=false groupUUID=null isGroupDisabled=false profileClass=-1 ehplmns=null hplmns=null subscriptionType=0 groupOwner=null carrierConfigAccessRules=null areUiccApplicationsEnabled=true}
06-04 12:07:52.581 273 1473 D goldfish-address-space: claimShared: Ask to claim region [0x3f98d2000 0x3fa0bb000]
06-04 12:07:52.584 273 1473 D goldfish-address-space: claimShared: Ask to claim region [0x3fa0bb000 0x3fa8a4000]
06-04 12:07:52.585 273 1473 D goldfish-address-space: claimShared: Ask to claim region [0x3fa8a4000 0x3fb08d000]
06-04 12:07:52.587 295 295 E Layer : [Surface(name=Task=1)/@0x31e6f4f - animation-leash#0] No local sync point found
06-04 12:07:52.587 295 295 E Layer : [Surface(name=Task=6)/@0xe583fb0 - animation-leash#0] No local sync point found
06-04 12:07:52.594 3469 3471 I cmd : oneway function results will be dropped but finished with status OK and parcel size 4
06-04 12:07:52.596 478 504 I ActivityTaskManager: Displayed com.savethechildren.learning_tree/com.ustadmobile.port.android.view.AppActivity: +94ms
06-04 12:07:52.601 2149 2149 D UstadViewModelFunKt$ustadViewModel$viewModel$invoke: ustadViewModel(): create viewmodel for: com.ustadmobile.core.viewmodel.redirect.RedirectViewModel
06-04 12:07:52.603 295 295 E Layer : [Surface(name=Task=1)/@0x31e6f4f - animation-leash#0] No local sync point found
06-04 12:07:52.603 295 295 E Layer : [Surface(name=Task=6)/@0xe583fb0 - animation-leash#0] No local sync point found
06-04 12:07:52.614 2149 2149 D UstadNavControllerPreCompose$onCollectNavCommand: NavCommandEffect: Navigate: Go to AddAccountSelectNewOrExisting
06-04 12:07:52.620 295 295 E Layer : [Surface(name=Task=1)/@0x31e6f4f - animation-leash#0] No local sync point found
06-04 12:07:52.620 295 295 E Layer : [Surface(name=Task=6)/@0xe583fb0 - animation-leash#0] No local sync point found
06-04 12:07:52.621 2149 2149 D UstadViewModelFunKt$ustadViewModel$viewModel$invoke: ustadViewModel(): create viewmodel for: com.ustadmobile.core.viewmodel.account.addaccountselectneworexisting.AddAccountSelectNewOrExistingViewModel
06-04 12:07:52.629 2149 2149 W GooglePlayServicesUtil: com.savethechildren.learning_tree requires the Google Play Store, but it is missing.
06-04 12:07:52.629 2149 2149 W PlayServicesImpl: Connection with Google Play Services was not successful. Connection result is: ConnectionResult{statusCode=SERVICE_INVALID, resolution=null, message=null}
06-04 12:07:52.630 2149 2149 E AddAccountSelectNewOrExistingViewModel$getCredentials$invokeSuspend: Error occurred: Failed to get credential: getCredentialAsync no provider dependencies found - please ensure the desired provider dependencies are added
06-04 12:07:52.637 295 295 E Layer : [Surface(name=Task=1)/@0x31e6f4f - animation-leash#0] No local sync point found
06-04 12:07:52.637 295 295 E Layer : [Surface(name=Task=6)/@0xe583fb0 - animation-leash#0] No local sync point found
06-04 12:07:52.646 2055 2075 D Benchmark: Result: Starting: Intent { act=android.intent.action.MAIN cat=[android.intent.category.LAUNCHER] flg=0x10008000 pkg=com.savethechildren.learning_tree cmp=com.savethechildren.learning_tree/com.ustadmobile.port.android.view.AppActivity }
06-04 12:07:52.646 2055 2075 D Benchmark: Status: ok
06-04 12:07:52.646 2055 2075 D Benchmark: LaunchState: WARM
06-04 12:07:52.646 2055 2075 D Benchmark: Activity: com.savethechildren.learning_tree/com.ustadmobile.port.android.view.AppActivity
06-04 12:07:52.646 2055 2075 D Benchmark: TotalTime: 94
06-04 12:07:52.646 2055 2075 D Benchmark: WaitTime: 95
06-04 12:07:52.646 2055 2075 D Benchmark: Complete
06-04 12:07:52.653 295 295 E Layer : [Surface(name=Task=1)/@0x31e6f4f - animation-leash#0] No local sync point found
06-04 12:07:52.653 295 295 E Layer : [Surface(name=Task=6)/@0xe583fb0 - animation-leash#0] No local sync point found
06-04 12:07:52.847 2055 2075 I System.out: 0 Flags,IntendedVsync,Vsync,OldestInputEvent,NewestInputEvent,HandleInputStart,AnimationStart,PerformTraversalsStart,DrawStart,SyncQueued,SyncStart,IssueDrawCommandsStart,SwapBuffers,FrameCompleted,DequeueBufferDuration,QueueBufferDuration,GpuCompleted,
06-04 12:07:52.847 2055 2075 I System.out: 1 1,305906587680,305923254346,9223372036854775807,0,305928880019,305928880630,305928994724,305945632708,305945818788,305946015237,305946028683,305946777440,305947678064,26490,142568,305947547609,
06-04 12:07:52.847 2055 2075 I System.out: 2 0,305939921021,305939921021,9223372036854775807,0,305955216348,305955216889,305970042375,305970072491,305970410807,305970457956,305970480468,305970910397,305972040752,26560,243688,305973364912,
06-04 12:07:52.847 2055 2075 I System.out: 3 0,305973254460,305973254460,9223372036854775807,0,305974177971,305974178191,305989248607,305989279816,305994355570,305994412357,305994446260,305995377712,305998841074,49873,2151035,305998765371,
06-04 12:07:52.847 2055 2075 I System.out: 4 0,305989921144,305989921144,9223372036854775807,0,305999849299,305999849590,306006420174,306006446454,306009642123,306009691255,306009735518,306011544890,306015087621,25778,500862,306021312025,
06-04 12:07:52.847 2055 2075 I System.out: 5 0,306006587837,306006587837,9223372036854775807,0,306016569578,306016570229,306017318356,306017346268,306018200935,306018242894,306018280114,306019679505,306027430760,6052790,1150032,306021347241,
06-04 12:07:52.847 2055 2075 I System.out: 6 0,306023254552,306023254552,9223372036854775807,0,306023510940,306023511070,306027710396,306027741534,306028577596,306028841673,306028877370,306030778454,306044488212,12498030,575221,306040071508,
06-04 12:07:52.847 2055 2075 I System.out: 7 0,306039921217,306039921217,9223372036854775807,0,306040070005,306040070987,306043133475,306043166587,306044016215,306044532806,306044570637,306047596537,306057654248,7738521,1408668,306049884759,
06-04 12:07:52.847 2055 2075 I System.out: 8 0,306056587980,306056587980,9223372036854775807,0,306056933623,306056933914,306057677141,306057710564,306058558298,306058615826,306058651293,306059100698,306077372233,12913491,1000973,306064411814,
06-04 12:07:52.847 2055 2075 I System.out: 9 0,306073254717,306073254717,9223372036854775807,0,306073402178,306073403160,306074902579,306074936583,306075793695,306077460048,306077500394,306078050198,306092240469,9316407,1454365,306082884628,
06-04 12:07:52.847 2055 2075 I System.out: 10 0,306089921495,306089921495,9223372036854775807,0,306090062023,306090063055,306091177581,306091214320,306092040012,306092276547,306092310892,306094607880,306108929489,9572719,898950,306099313478,
06-04 12:07:52.847 2055 2075 I System.out: 11 0,306106588246,306106588246,9223372036854775807,0,306106757876,306106759128,306108119055,306108168568,306109006233,306112292402,306112336214,306114341294,306129577513,12133464,1363223,306117379046,
06-04 12:07:52.847 2055 2075 I System.out: 12 0,306123254987,306123254987,9223372036854775807,0,306123605083,306123605494,306124578814,306124615573,306129322904,306129616596,306129973427,306130431719,306146226667,13933569,85741,306132246792,
06-04 12:07:52.847 2055 2075 I System.out: 13 0,306139921759,306139921759,9223372036854775807,0,306144668508,306144668688,306145508307,306145531280,306146449526,306146499581,306146726497,306147289265,306158395688,7556188,1611230,306150811228,
06-04 12:07:52.847 2055 2075 I System.out: 14 0,306156588421,306156588421,9223372036854775807,0,306156781603,306156781704,306158686265,306158708627,306159726290,306159776134,306159957705,306161558125,306174554561,9578491,137138,306164932469,
06-04 12:07:52.847 2055 2075 I System.out: 15 0,306173255148,306173255148,9223372036854775807,0,306173826773,306173826953,306174519455,306174540575,306175426681,306175498957,306175690687,306176194154,306196315247,16334664,129143,306179949445,
06-04 12:07:52.847 2055 2075 I System.out: 16 0,306189921812,306189921812,9223372036854775807,0,306190577348,306190577589,306191170253,306191202023,306191916757,306196375410,306196412620,306196884628,306210025496,11266173,90149,306206701676,
06-04 12:07:52.847 2055 2075 I System.out: 17 0,306206588543,306206588543,9223372036854775807,0,306206707237,306206707838,306209041957,306209064138,306209997573,306210065090,306210299481,306210699904,306225885307,13272506,106991,306212585940,
06-04 12:07:52.847 2055 2075 I System.out: 18 0,306223255277,306223255277,9223372036854775807,0,306224289736,306224289997,306224836865,306224858646,306225843107,306225926294,306226112554,306226595181,306242245338,13707404,64842,306240045251,
06-04 12:07:52.847 2055 2075 I System.out: 19 0,306239921940,306239921940,9223372036854775807,0,306240800040,306240800180,306241340126,306241361326,306243315340,306243861887,306244051844,306244454932,306259601332,13105512,99317,306246470332,
06-04 12:07:52.847 2055 2075 I System.out: 20 0,306256588666,306256588666,9223372036854775807,0,306256701780,306256702110,306258299915,306258320183,306259200057,306259635155,306259661134,306260018656,306276113038,14094512,56947,306273363969,
06-04 12:07:52.847 2055 2075 I System.out: 21 0,306273255355,306273255355,9223372036854775807,0,306273388475,306273388625,306276215981,306276248432,306277027217,306277093131,306277122947,306277619911,306292532611,11737379,974161,306290066304,
06-04 12:07:52.847 2055 2075 I System.out: 22 0,306289922052,306289922052,9223372036854775807,0,306290074920,306290075621,306291280737,306291311595,306292267462,306292602953,306292822105,306293204945,306309460059,13365902,976967,306296064592,
06-04 12:07:52.847 2055 2075 I System.out: 23 0,306306588806,306306588806,9223372036854775807,0,306306749703,306306750284,306309718836,306309749864,306310622875,306310679812,306310708216,306311108348,306326050483,11954157,954625,306314064246,
06-04 12:07:52.847 2055 2075 I System.out: 24 0,306323255521,306323255521,9223372036854775807,0,306323378018,306323378529,306327133800,306327165059,306327935197,306327983428,306328020608,306328663236,306340869858,11372172,75372,306329459483,
06-04 12:07:52.847 2055 2075 I System.out: 25 0,306339922288,306339922288,9223372036854775807,0,306340037222,306340037633,306341993551,306342025701,306342846214,306342911787,306342947695,306343537363,306359276858,14169512,941750,306345075556,
06-04 12:07:52.847 2055 2075 I System.out: 26 0,306356588861,306356588861,9223372036854775807,0,306356794851,306356795312,306357425136,306357458950,306358397895,306359326491,306359360816,306359931208,306375925211,15237901,73728,306360660880,
06-04 12:07:52.847 2055 2075 I System.out: 27 0,306373255623,306373255623,9223372036854775807,0,306373384494,306373385065,306376397880,306376430862,306377137751,306377189598,306377225065,306377781672,306392551122,13954939,96902,306378554475,
06-04 12:07:52.847 2055 2075 I System.out: 28 0,306389922332,306389922332,9223372036854775807,0,306390142844,306390143435,306390521526,306390554478,306391535923,306392594033,306392623127,306393186186,306408692021,14696924,101040,306393960602,
