06-04 12:08:18.583 2055 2075 I System.out: 0 Flags,IntendedVsync,Vsync,OldestInputEvent,NewestInputEvent,HandleInputStart,AnimationStart,PerformTraversalsStart,DrawStart,SyncQueued,SyncStart,IssueDrawCommandsStart,SwapBuffers,FrameCompleted,DequeueBufferDuration,QueueBufferDuration,GpuCompleted,
06-04 12:08:18.583 2055 2075 I System.out: 1 1,357523252537,357523252537,9223372036854775807,0,357539767657,357539768058,357539768158,357574641980,357574898121,357575407810,357575425052,357576251927,357583051021,89088,2097554,357582602197,
06-04 12:08:18.583 2055 2075 I System.out: 2 0,357556585871,357573252537,9223372036854775807,0,357589649087,357589649608,357600079239,357600112691,357600752645,357600837524,357600865116,357602471917,357604520048,24106,161854,357603835181,
06-04 12:08:18.583 2055 2075 I System.out: 3 0,357606585976,357606585976,9223372036854775807,0,357606706299,357606707161,357631911311,357631953380,357651879256,357651950560,357651984684,357652450180,357653566128,21010,249509,357653520362,
06-04 12:08:18.583 2055 2075 I System.out: 4 0,357623252636,357639919302,9223372036854775807,0,357655522857,357655525963,357669923765,357669970593,357672542108,357672591370,357672621206,357673027891,357675152646,22693,260389,357675102803,
06-04 12:08:18.583 2055 2075 I System.out: 5 0,357656585970,357656585970,9223372036854775807,0,357673182442,357673182873,357673656844,357673680979,357677123492,357677583567,357677637208,357679617091,357697786253,12950280,244310,357690071928,
06-04 12:08:18.583 2055 2075 I System.out: 6 0,357673252655,357673252655,9223372036854775807,0,357678115678,357678115888,357678476676,357678498878,357679367972,357697838502,357699565308,357700097449,357707875774,6515230,667966,357701324216,
06-04 12:08:18.583 2055 2075 I System.out: 7 0,357689919262,357689919262,9223372036854775807,0,357698220279,357698220630,357698700723,357698722995,357699747130,357707966926,357708008774,357709181429,357724778185,9905775,243919,357723408370,
06-04 12:08:18.583 2055 2075 I System.out: 8 0,357706585981,357706585981,9223372036854775807,0,357708322765,357708322905,357708754477,357708780485,357715213020,357728417097,357728459367,357730326818,357741190004,7182965,72977,306064411814,
06-04 12:08:18.583 2055 2075 I System.out: 9 0,357723252638,357723252638,9223372036854775807,0,357732822491,357732822791,357733313704,357733351265,357734498222,357741528590,357741567904,357748725663,357765642301,14131451,72506,306082884628,
06-04 12:08:18.583 2055 2075 I System.out: 10 0,357739919398,357739919398,9223372036854775807,0,357741822994,357741823144,357742185496,357742204361,357752639011,357766410936,357766445681,357766840403,357774632444,6216328,72036,306099313478,
06-04 12:08:18.583 2055 2075 D UiDevice: Waiting 10000ms for SearchCondition[hasObject=BySelector [TEXT='\QGet Started\E']].
06-04 12:08:18.583 2055 2075 D UiDevice: Searching for node with selector: BySelector [TEXT='\QGet Started\E'].
06-04 12:08:18.614 987 987 D TaplTarget: sendStateEventToTest: 0
06-04 12:08:18.614 987 987 D RecentsOrientedState: current RecentsOrientedState: [this=RecentsOrientedState@5c28903 mOrientationHandler=PortraitPagedViewHandler@4e57080 mDisplayRotation=0 mTouchRotation=0 mRecentsActivityRotation=0 isRecentsActivityRotationAllowed=false mSystemRotation=true mFlags=299]
06-04 12:08:18.614 987 987 I chatty : uid=10118(com.android.launcher3) identical 2 lines
06-04 12:08:18.614 987 987 D RecentsOrientedState: current RecentsOrientedState: [this=RecentsOrientedState@5c28903 mOrientationHandler=PortraitPagedViewHandler@4e57080 mDisplayRotation=0 mTouchRotation=0 mRecentsActivityRotation=0 isRecentsActivityRotationAllowed=false mSystemRotation=true mFlags=299]
06-04 12:08:18.633 478 2384 D HostConnection: HostConnection::get() New Host Connection established 0x7e5153e1b9d0, tid 2384
06-04 12:08:18.635 478 2384 D HostConnection: HostComposition ext ANDROID_EMU_CHECKSUM_HELPER_v1 ANDROID_EMU_native_sync_v2 ANDROID_EMU_dma_v1 ANDROID_EMU_direct_mem ANDROID_EMU_host_composition_v1 ANDROID_EMU_host_composition_v2 ANDROID_EMU_vulkan ANDROID_EMU_deferred_vulkan_commands ANDROID_EMU_vulkan_null_optional_strings ANDROID_EMU_vulkan_create_resources_with_requirements ANDROID_EMU_YUV_Cache ANDROID_EMU_vulkan_ignored_handles ANDROID_EMU_has_shared_slots_host_memory_allocator ANDROID_EMU_vulkan_free_memory_sync ANDROID_EMU_vulkan_shader_float16_int8 ANDROID_EMU_vulkan_async_queue_submit ANDROID_EMU_sync_buffer_data ANDROID_EMU_vulkan_async_qsri ANDROID_EMU_read_color_buffer_dma GL_OES_EGL_image_external_essl3 GL_OES_vertex_array_object GL_KHR_texture_compression_astc_ldr ANDROID_EMU_host_side_tracing ANDROID_EMU_gles_max_version_3_0
06-04 12:08:18.636 478 2384 D EGL_emulation: eglCreateContext: 0x7e5143e9c7d0: maj 3 min 0 rcv 3
06-04 12:08:18.636 478 2384 D EGL_emulation: eglMakeCurrent: 0x7e5143e9c7d0: ver 3 0 (tinfo 0x7e50e3eba1e0) (first time)
06-04 12:08:18.658 2149 2149 D AppActivity$onDestroy: AppActivity#onDestroy
06-04 12:08:19.225 2055 2075 D UiDevice: Searching for node with selector: BySelector [TEXT='\QGet Started\E'].
06-04 12:08:23.000 2055 2075 I chatty : uid=10131(com.ustadmobile.app_android_baselineprofile) roidJUnitRunner identical 32 lines
06-04 12:08:23.102 2055 2075 D UiDevice: Searching for node with selector: BySelector [TEXT='\QGet Started\E'].
06-04 12:08:23.130 350 350 I perfetto: probes_producer.cc:329 Producer stop (id=18)
06-04 12:08:23.130 361 361 I perfetto: ng_service_impl.cc:1948 Tracing session 18 ended, total sessions:1
06-04 12:08:23.204 2055 2075 D UiDevice: Searching for node with selector: BySelector [TEXT='\QGet Started\E'].
06-04 12:08:23.283 350 350 I perfetto: probes_producer.cc:329 Producer stop (id=19)
06-04 12:08:23.283 350 350 I perfetto: ftrace_procfs.cc:183 disabled ftrace
06-04 12:08:23.284 361 361 I perfetto: ng_service_impl.cc:1948 Tracing session 19 ended, total sessions:0
06-04 12:08:23.307 2055 2075 D UiDevice: Searching for node with selector: BySelector [TEXT='\QGet Started\E'].
06-04 12:08:28.536 2055 2075 I chatty : uid=10131(com.ustadmobile.app_android_baselineprofile) roidJUnitRunner identical 51 lines
06-04 12:08:28.639 2055 2075 D UiDevice: Searching for node with selector: BySelector [TEXT='\QGet Started\E'].
06-04 12:08:29.066 2149 2169 D UstadCache: CacheTrimmer: Trim cache run: max (evictable) size = 100000000 bytes
06-04 12:08:29.066 2149 2169 V UstadCache: CacheTrimmer: deleting
06-04 12:08:29.642 2055 2075 D UiDevice: Retrieving node with selector: BySelector [TEXT='\QGet Started\E'].
06-04 12:08:29.644 2055 2075 D UiDevice: Node not found with selector: BySelector [TEXT='\QGet Started\E'].
06-04 12:08:34.644 2055 2075 D Benchmark: Profile Installer - Save Profile
06-04 12:08:34.651 2149 2149 I Process : Sending signal. PID: 2149 SIG: 10
06-04 12:08:34.651 2149 2149 D ProfileInstaller:
06-04 12:08:34.651 2149 2157 I n.learning_tre: Thread[3,tid=2157,WaitingInMainSignalCatcherLoop,Thread*=0x7e5233e1a010,peer=0x13341978,"Signal Catcher"]: reacting to signal 10
06-04 12:08:34.651 2149 2157 I n.learning_tre:
06-04 12:08:34.651 2149 2157 I n.learning_tre: SIGUSR1 forcing GC (no HPROF) and profile save
06-04 12:08:34.652 3628 3630 I cmd : oneway function results will be dropped but finished with status OK and parcel size 4
06-04 12:08:34.658 256 256 I Zygote : Process 1675 exited due to signal 9 (Killed)
06-04 12:08:34.663 2149 2157 I n.learning_tre: Explicit concurrent copying GC freed 133170(4973KB) AllocSpace objects, 5(132KB) LOS objects, 49% free, 6172KB/12MB, paused 7us total 11.756ms
06-04 12:08:34.696 478 507 I libprocessgroup: Successfully killed process cgroup uid 1000 pid 1675 in 43ms
06-04 12:08:35.159 2055 2075 D Benchmark: Killing process com.savethechildren.learning_tree
06-04 12:08:35.159 2055 2075 D UiDevice: Executing shell command: killall com.savethechildren.learning_tree
06-04 12:08:35.184 478 831 I PackageDexOptimizer: Running dexopt (dexoptNeeded=-3) on: /data/app/~~YydvtuG-I1K6uwq-gJBazQ==/com.savethechildren.learning_tree-1CMBwdveIrDtkv3DFsnSwg==/base.apk pkg=com.savethechildren.learning_tree isa=x86_64 dexoptFlags=boot_complete,profile_guided,force,enable_hidden_api_checks targetFilter=speed-profile oatDir=/data/app/~~YydvtuG-I1K6uwq-gJBazQ==/com.savethechildren.learning_tree-1CMBwdveIrDtkv3DFsnSwg==/oat classLoaderContext=PCL[]{PCL[/system_ext/framework/androidx.window.sidecar.jar]}
06-04 12:08:35.185 380 552 V installd: DexInv: --- BEGIN '/data/app/~~YydvtuG-I1K6uwq-gJBazQ==/com.savethechildren.learning_tree-1CMBwdveIrDtkv3DFsnSwg==/base.apk' ---
06-04 12:08:35.190 3643 3643 W dex2oat32: Unexpected CPU variant for X86 using defaults: x86_64
06-04 12:08:35.262 3643 3643 I dex2oat32: /apex/com.android.art/bin/dex2oat32 --input-vdex-fd=9 --output-vdex-fd=10 --updatable-bcp-packages-file=/system/etc/updatable-bcp-packages.txt --resolve-startup-const-strings=true --max-image-block-size=524288 --compiler-filter=speed-profile --profile-file-fd=12 --classpath-dir=/data/app/~~YydvtuG-I1K6uwq-gJBazQ==/com.savethechildren.learning_tree-1CMBwdveIrDtkv3DFsnSwg== --class-loader-context=PCL[]{PCL[/system_ext/framework/androidx.window.sidecar.jar]} --generate-mini-debug-info --compilation-reason=unknown
06-04 12:08:35.262 3643 3643 I dex2oat32: setting boot class path to /apex/com.android.art/javalib/core-oj.jar:/apex/com.android.art/javalib/core-libart.jar:/apex/com.android.art/javalib/core-icu4j.jar:/apex/com.android.art/javalib/okhttp.jar:/apex/com.android.art/javalib/bouncycastle.jar:/apex/com.android.art/javalib/apache-xml.jar:/system/framework/framework.jar:/system/framework/ext.jar:/system/framework/telephony-common.jar:/system/framework/voip-common.jar:/system/framework/ims-common.jar:/system/framework/framework-atb-backward-compatibility.jar
06-04 12:08:35.314 445 445 E netmgr : qemu_pipe_open_ns:62: Could not connect to the 'pipe:qemud:network' service: Invalid argument
06-04 12:08:35.314 445 445 E netmgr : Failed to open QEMU pipe 'qemud:network': Invalid argument
06-04 12:08:35.376 447 447 E wifi_forwarder: qemu_pipe_open_ns:62: Could not connect to the 'pipe:qemud:wififorward' service: Invalid argument
06-04 12:08:35.376 447 447 E wifi_forwarder: RemoteConnection failed to initialize: RemoteConnection failed to open pipe
06-04 12:08:39.114 3643 3643 W dex2oat32: Could not reserve sentinel fault page
06-04 12:08:39.715 3643 3643 W dex2oat32: Accessing hidden method Landroid/graphics/Canvas;->drawPatch(Landroid/graphics/NinePatch;Landroid/graphics/Rect;Landroid/graphics/Paint;)V (greylist-max-o, linking, denied)
06-04 12:08:39.715 3643 3643 W dex2oat32: Accessing hidden method Landroid/graphics/Canvas;->drawPatch(Landroid/graphics/NinePatch;Landroid/graphics/RectF;Landroid/graphics/Paint;)V (greylist-max-o, linking, denied)
06-04 12:08:39.719 3643 3643 W dex2oat32: Accessing hidden method Landroid/graphics/Bitmap;->getHardwareBuffer()Landroid/hardware/HardwareBuffer; (blacklist, linking, denied)
06-04 12:08:39.841 3643 3643 W dex2oat32: Accessing hidden method Landroid/app/job/JobParameters;->getStopReason()I (greylist-max-o, linking, denied)
06-04 12:08:41.503 3643 3643 I dex2oat32: Explicit concurrent copying GC freed 277739(40MB) AllocSpace objects, 0(0B) LOS objects, 49% free, 2216KB/4433KB, paused 12us total 6.364ms
06-04 12:08:41.527 3643 3643 W dex2oat32: Accessing hidden field Ljava/nio/file/FileSystemException;->file:Ljava/lang/String; (greylist-max-o, linking, denied)
06-04 12:08:41.527 3643 3643 W dex2oat32: Accessing hidden field Ljava/nio/file/FileSystemException;->other:Ljava/lang/String; (greylist-max-o, linking, denied)
06-04 12:08:41.527 3643 3643 W dex2oat32: Accessing hidden field Ljava/nio/file/InvalidPathException;->index:I (greylist-max-o, linking, denied)
06-04 12:08:41.527 3643 3643 W dex2oat32: Accessing hidden field Ljava/nio/file/InvalidPathException;->input:Ljava/lang/String; (greylist-max-o, linking, denied)
06-04 12:08:41.529 3643 3643 W dex2oat32: Accessing hidden method Landroid/graphics/Bitmap;->getHardwareBuffer()Landroid/hardware/HardwareBuffer; (blacklist, linking, denied)
06-04 12:08:41.529 3643 3643 W dex2oat32: Accessing hidden method Landroid/graphics/Canvas;->drawPatch(Landroid/graphics/NinePatch;Landroid/graphics/Rect;Landroid/graphics/Paint;)V (greylist-max-o, linking, denied)
06-04 12:08:41.529 3643 3643 W dex2oat32: Accessing hidden method Landroid/graphics/Canvas;->drawPatch(Landroid/graphics/NinePatch;Landroid/graphics/RectF;Landroid/graphics/Paint;)V (greylist-max-o, linking, denied)
06-04 12:08:41.539 3643 3643 W dex2oat32: Accessing hidden method Landroid/app/job/JobParameters;->getStopReason()I (greylist-max-o, linking, denied)
06-04 12:08:42.435 3643 3643 I dex2oat32: dex2oat took 7.244s (8.942s cpu) (threads: 2) arena alloc=4126KB (4226040B) java alloc=2232KB (2286104B) native alloc=81MB (85882112B) free=82MB (86062064B)
06-04 12:08:42.451 380 552 V installd: DexInv: --- END '/data/app/~~YydvtuG-I1K6uwq-gJBazQ==/com.savethechildren.learning_tree-1CMBwdveIrDtkv3DFsnSwg==/base.apk' (success) ---
06-04 12:08:42.457 3639 3641 I cmd : oneway function results will be dropped but finished with status OK and parcel size 4
06-04 12:08:42.468 2055 2075 D Benchmark: Reference profile location: /data/misc/profiles/ref/com.savethechildren.learning_tree/primary.prof
06-04 12:08:42.489 2055 2075 D Benchmark: APK Path: /data/app/~~YydvtuG-I1K6uwq-gJBazQ==/com.savethechildren.learning_tree-1CMBwdveIrDtkv3DFsnSwg==/base.apk
06-04 12:08:42.489 2055 2075 D Benchmark: Converting to human readable profile format
06-04 12:08:42.489 2055 2075 D Benchmark: Using profile location: /data/misc/profiles/ref/com.savethechildren.learning_tree/primary.prof
06-04 12:08:42.763 3671 3671 W profman : profman took 262.971ms
06-04 12:08:42.779 2055 2075 D Benchmark: Using profile location: /data/misc/profiles/cur/0/com.savethechildren.learning_tree/primary.prof
06-04 12:08:43.050 3682 3682 W profman : profman took 261.841ms
06-04 12:08:43.988 2055 2075 D Benchmark: Unstable profiles during iteration 12
06-04 12:08:43.988 2055 2075 D Benchmark: Killing package com.savethechildren.learning_tree
06-04 12:08:43.988 2055 2075 D Benchmark: Killing process com.savethechildren.learning_tree
06-04 12:08:43.988 2055 2075 D UiDevice: Executing shell command: killall com.savethechildren.learning_tree
06-04 12:08:43.996 2055 2075 D Benchmark: Compile iteration (13) for com.savethechildren.learning_tree
06-04 12:08:43.996 2055 2075 D UiDevice: Pressing home button.
06-04 12:08:44.007 638 638 V ShadeControllerImpl: NotificationShadeWindow: com.android.systemui.statusbar.phone.NotificationShadeWindowView{90561f7 I.E...... ......ID 0,0-1080,1920} canPanelBeCollapsed(): false
06-04 12:08:44.007 478 498 D EventSequenceValidator: inc AccIntentStartedEvents to 2
06-04 12:08:44.008 478 496 W InputReader: Device virtio_input_multi_touch_10 is associated with display ADISPLAY_ID_NONE.
06-04 12:08:44.008 478 496 W InputReader: Device virtio_input_multi_touch_7 is associated with display ADISPLAY_ID_NONE.
06-04 12:08:44.008 478 496 W InputReader: Device virtio_input_multi_touch_11 is associated with display ADISPLAY_ID_NONE.
06-04 12:08:44.008 478 496 W InputReader: Device virtio_input_multi_touch_5 is associated with display ADISPLAY_ID_NONE.
06-04 12:08:44.008 478 496 W InputReader: Device virtio_input_multi_touch_2 is associated with display ADISPLAY_ID_NONE.
06-04 12:08:44.008 478 496 W InputReader: Device virtio_input_multi_touch_6 is associated with display ADISPLAY_ID_NONE.
06-04 12:08:44.008 478 496 W InputReader: Device virtio_input_multi_touch_8 is associated with display ADISPLAY_ID_NONE.
06-04 12:08:44.008 478 496 W InputReader: Device virtio_input_multi_touch_9 is associated with display ADISPLAY_ID_NONE.
06-04 12:08:44.008 478 496 W InputReader: Device virtio_input_multi_touch_3 is associated with display ADISPLAY_ID_NONE.
06-04 12:08:44.008 478 496 W InputReader: Device virtio_input_multi_touch_4 is associated with display ADISPLAY_ID_NONE.
06-04 12:08:44.008 478 496 W InputReader: Device virtio_input_multi_touch_10 is associated with display ADISPLAY_ID_NONE.
06-04 12:08:44.008 478 496 W InputReader: Device virtio_input_multi_touch_7 is associated with display ADISPLAY_ID_NONE.
06-04 12:08:44.008 478 496 W InputReader: Device virtio_input_multi_touch_11 is associated with display ADISPLAY_ID_NONE.
06-04 12:08:44.008 478 496 W InputReader: Device virtio_input_multi_touch_5 is associated with display ADISPLAY_ID_NONE.
06-04 12:08:44.008 478 496 W InputReader: Device virtio_input_multi_touch_2 is associated with display ADISPLAY_ID_NONE.
06-04 12:08:44.008 478 496 W InputReader: Device virtio_input_multi_touch_6 is associated with display ADISPLAY_ID_NONE.
06-04 12:08:44.008 478 496 W InputReader: Device virtio_input_multi_touch_8 is associated with display ADISPLAY_ID_NONE.
06-04 12:08:44.008 478 496 W InputReader: Device virtio_input_multi_touch_9 is associated with display ADISPLAY_ID_NONE.
06-04 12:08:44.008 478 496 W InputReader: Device virtio_input_multi_touch_3 is associated with display ADISPLAY_ID_NONE.
06-04 12:08:44.008 478 496 W InputReader: Device virtio_input_multi_touch_4 is associated with display ADISPLAY_ID_NONE.
06-04 12:08:44.009 361 361 I perfetto: ing_service_impl.cc:758 Configured tracing session 20, #sources:1, duration:5000 ms, #buffers:1, total buffer size:4096 KB, total sessions:1, uid:1071 session name: ""
06-04 12:08:44.010 350 350 I perfetto: probes_producer.cc:230 Ftrace setup (target_buf=20)
06-04 12:08:44.023 350 350 I perfetto: ftrace_procfs.cc:176 enabled ftrace
06-04 12:08:44.025 987 987 D TaplTarget: Launcher.onNewIntent: Intent { act=android.intent.action.MAIN cat=[android.intent.category.HOME] flg=0x10400100 cmp=com.android.launcher3/.uioverrides.QuickstepLauncher (has extras) }
06-04 12:08:44.026 638 638 V ShadeControllerImpl: NotificationShadeWindow: com.android.systemui.statusbar.phone.NotificationShadeWindowView{90561f7 I.E...... ......ID 0,0-1080,1920} canPanelBeCollapsed(): false
06-04 12:08:44.041 273 1473 D goldfish-address-space: claimShared: Ask to claim region [0x3f6f76000 0x3f775f000]
06-04 12:08:44.043 273 1473 D goldfish-address-space: claimShared: Ask to claim region [0x3f4000000 0x3f47e9000]
06-04 12:08:44.048 273 1473 D goldfish-address-space: claimShared: Ask to claim region [0x3f47e9000 0x3f4fd2000]
06-04 12:08:44.050 273 1473 D goldfish-address-space: claimShared: Ask to claim region [0x3f4fd2000 0x3f57bb000]
06-04 12:08:44.054 478 504 D ArtManagerInternalImpl: /data/misc/iorapd/com.android.launcher3/30/com.android.launcher3.uioverrides.QuickstepLauncher/compiled_traces/compiled_trace.pb doesn't exist
06-04 12:08:44.057 478 498 D EventSequenceValidator: dec AccIntentStartedEvents to 1
06-04 12:08:44.803 2055 2075 I System.out: 0 Flags,IntendedVsync,Vsync,OldestInputEvent,NewestInputEvent,HandleInputStart,AnimationStart,PerformTraversalsStart,DrawStart,SyncQueued,SyncStart,IssueDrawCommandsStart,SwapBuffers,FrameCompleted,DequeueBufferDuration,QueueBufferDuration,GpuCompleted,
06-04 12:08:44.803 2055 2075 I System.out: 1 1,357523252537,357523252537,9223372036854775807,0,357539767657,357539768058,357539768158,357574641980,357574898121,357575407810,357575425052,357576251927,357583051021,89088,2097554,357582602197,
06-04 12:08:44.803 2055 2075 I System.out: 2 0,357556585871,357573252537,9223372036854775807,0,357589649087,357589649608,357600079239,357600112691,357600752645,357600837524,357600865116,357602471917,357604520048,24106,161854,357603835181,
06-04 12:08:44.803 2055 2075 I System.out: 3 0,357606585976,357606585976,9223372036854775807,0,357606706299,357606707161,357631911311,357631953380,357651879256,357651950560,357651984684,357652450180,357653566128,21010,249509,357653520362,
06-04 12:08:44.803 2055 2075 I System.out: 4 0,357623252636,357639919302,9223372036854775807,0,357655522857,357655525963,357669923765,357669970593,357672542108,357672591370,357672621206,357673027891,357675152646,22693,260389,357675102803,
06-04 12:08:44.803 2055 2075 I System.out: 5 0,357656585970,357656585970,9223372036854775807,0,357673182442,357673182873,357673656844,357673680979,357677123492,357677583567,357677637208,357679617091,357697786253,12950280,244310,357690071928,
06-04 12:08:44.803 2055 2075 I System.out: 6 0,357673252655,357673252655,9223372036854775807,0,357678115678,357678115888,357678476676,357678498878,357679367972,357697838502,357699565308,357700097449,357707875774,6515230,667966,357701324216,
06-04 12:08:44.803 2055 2075 I System.out: 7 0,357689919262,357689919262,9223372036854775807,0,357698220279,357698220630,357698700723,357698722995,357699747130,357707966926,357708008774,357709181429,357724778185,9905775,243919,357723408370,
06-04 12:08:44.803 2055 2075 I System.out: 8 0,357706585981,357706585981,9223372036854775807,0,357708322765,357708322905,357708754477,357708780485,357715213020,357728417097,357728459367,357730326818,357741190004,7182965,72977,357740066451,
06-04 12:08:44.803 2055 2075 I System.out: 9 0,357723252638,357723252638,9223372036854775807,0,357732822491,357732822791,357733313704,357733351265,357734498222,357741528590,357741567904,357748725663,357765642301,14131451,72506,357751471967,
06-04 12:08:44.803 2055 2075 I System.out: 10 0,357739919398,357739919398,9223372036854775807,0,357741822994,357741823144,357742185496,357742204361,357752639011,357766410936,357766445681,357766840403,357774632444,6216328,72036,357768379377,
06-04 12:08:44.803 2055 2075 I System.out: 11 0,357756586152,357756586152,9223372036854775807,0,357766861964,357766862445,357767313543,357767333490,357769247239,357775012840,357775044970,357779736331,357794856972,10641719,1941200,357790048100,
06-04 12:08:44.803 2055 2075 I System.out: 12 0,357773252911,357773252911,9223372036854775807,0,357784647866,357784648948,357785185256,357785220513,357786028111,357794938886,357794986055,357797159050,357807730377,6754870,981606,357806723424,
06-04 12:08:44.803 2055 2075 I System.out: 13 0,357789919540,357789919540,9223372036854775807,0,357795374826,357795374966,357795815083,357795839660,357796760311,357807780471,357807820988,357811280442,357827614424,11424691,183726,357823382427,
06-04 12:08:44.803 2055 2075 I System.out: 14 0,357806586186,357806586186,9223372036854775807,0,357808128175,357808128305,357808570156,357808589382,357809646199,357827686360,357827725543,357831687994,357841217522,6399964,241935,357840060947,
06-04 12:08:44.803 2055 2075 I System.out: 15 0,357823252831,357823252831,9223372036854775807,0,357828027621,357828027722,357828456618,357828478880,357829358394,357841257086,357841298204,357842008810,357860309159,14435432,126899,357845843239,
06-04 12:08:44.803 2055 2075 I System.out: 16 0,357839919565,357839919565,9223372036854775807,0,357842387051,357842387191,357842921947,357842945160,357844432948,357860947119,357860982686,357861365646,357874306217,10989753,86493,357863279344,
06-04 12:08:44.803 2055 2075 I System.out: 17 0,357856586275,357856586275,9223372036854775807,0,357861373100,357861373230,357861798770,357861825280,357862946859,357874372352,357874418238,357876440911,357891180195,12238232,593135,357890049659,
06-04 12:08:44.803 2055 2075 I System.out: 18 0,357873252965,357889919631,9223372036854775807,0,357898280345,357898281046,357898539182,357898563016,357899782700,357899836341,357899861819,357900293630,357908921553,6607795,88717,357902278042,
06-04 12:08:44.803 2055 2075 I System.out: 19 0,357906586396,357906586396,9223372036854775807,0,357907060684,357907060975,357907695308,357907729532,357909033113,357909084399,357909124545,357910008297,357926378737,14258069,100689,357923418191,
06-04 12:08:44.803 2055 2075 I System.out: 20 0,357923253031,357923253031,9223372036854775807,0,357923435944,357923436846,357926672840,357926710782,357927529321,357927586428,357927617256,357928075327,357943812277,13136640,327236,357940048540,
06-04 12:08:44.803 2055 2075 I System.out: 21 0,357939919765,357939919765,9223372036854775807,0,357940046867,357940047789,357943195046,357943225534,357944016150,357944068879,357944099166,357944497826,357957587528,10714385,340480,357956723213,
06-04 12:08:44.803 2055 2075 I System.out: 22 0,357956586334,357956586334,9223372036854775807,0,357956720157,357956721299,357957956542,357957992990,357958939901,357958999743,357959039969,357959715730,357974377357,11476108,1042720,357962860012,
06-04 12:08:44.803 2055 2075 I System.out: 23 0,357973253012,357973253012,9223372036854775807,0,357973415489,357973416982,357975930448,357975969571,357976832744,357976886595,357976924777,357977557757,357992826196,13315055,1091372,357979465314,
06-04 12:08:44.803 2055 2075 I System.out: 24 0,357989919738,357989919738,9223372036854775807,0,357990067278,357990068340,357992386770,357992427947,357993568171,357993623816,357993659743,357994393894,358007510236,11174731,1112362,357996303144,
06-04 12:08:44.803 2055 2075 I System.out: 25 0,358006586442,358006586442,9223372036854775807,0,358006836319,358006837210,358007778741,358007818265,358009280905,358009349735,358009386814,358009992794,358024208563,12497258,983489,358011671310,
06-04 12:08:44.803 2055 2075 I System.out: 26 0,358023253061,358023253061,9223372036854775807,0,358023427244,358023428587,358024764528,358024802400,358025573900,358025658419,358025695008,358026364797,358041283418,13115671,995892,358028121440,
06-04 12:08:44.803 2055 2075 I System.out: 27 0,358039919749,358039919749,9223372036854775807,0,358040116324,358040117887,358041580637,358041649657,358043066281,358043146972,358043187478,358043815199,358057575371,11868696,1032532,358045662953,
06-04 12:08:44.803 2055 2075 I System.out: 28 0,358056586456,358056586456,9223372036854775807,0,358056749719,358056750701,358057798671,358057835691,358058831684,358058888150,358058928205,358059649201,358076058114,14706122,936581,358061310715,
06-04 12:08:44.803 2055 2075 I System.out: 29 0,358073253196,358073253196,9223372036854775807,0,358073373696,358073374578,358074416157,358074452745,358076266947,358076331187,358076363017,358077131402,358092753646,14675574,183014,358078035372,
06-04 12:08:44.803 2055 2075 I System.out: 30 0,358089919954,358089919954,9223372036854775807,0,358092492996,358092494288,358092992104,358093023754,358093834658,358093896996,358093924858,358094662926,358109278427,13713445,97323,358095524376,
06-04 12:08:44.803 2055 2075 I System.out: 31 0,358106586647,358106586647,9223372036854775807,0,358106713213,358106713795,358107702914,358107739924,358107803604,358109339161,358109371652,358109980737,358126347601,15557462,81894,358123386844,
06-04 12:08:44.803 2055 2075 I System.out: 32 0,358123253377,358123253377,9223372036854775807,0,358123399368,358123400770,358126651433,358126680337,358127517982,358127573446,358127606178,358128242715,358142730335,13242790,109335,358140030208,
06-04 12:08:44.803 2055 2075 I System.out: 33 0,358139920094,358139920094,9223372036854775807,0,358140035769,358140036520,358142448726,358142488100,358143791500,358143868335,358143898141,358144505172,358159456014,14089372,109847,254173387335,
06-04 12:08:44.803 2055 2075 I System.out: 34 0,358156586724,358156586724,9223372036854775807,0,358156772538,358156773710,358158464299,358158497542,358159294771,358159513492,358159542737,358160118640,358176152688,15179722,108814,1924618579685082084,
06-04 12:08:44.803 2055 2075 I System.out: 35 0,358356585483,358356585483,9223372036854775807,0,358356752954,358356753695,358356753896,358357013554,358357087803,358357166371,358357197961,358357927082,358359157806,24937,331333,2078757996228403584,
06-04 12:08:44.804 2055 2075 D Benchmark: Starting activity with command: am start -W "intent:#Intent;action=android.intent.action.MAIN;category=android.intent.category.LAUNCHER;launchFlags=0x10008000;package=com.savethechildren.learning_tree;component=com.savethechildren.learning_tree/com.ustadmobile.port.android.view.AppActivity;end"
06-04 12:08:44.815 478 498 D EventSequenceValidator: inc AccIntentStartedEvents to 2
06-04 12:08:44.816 361 361 I perfetto: ing_service_impl.cc:758 Configured tracing session 21, #sources:1, duration:5000 ms, #buffers:1, total buffer size:4096 KB, total sessions:2, uid:1071 session name: ""
06-04 12:08:44.816 350 350 I perfetto: probes_producer.cc:230 Ftrace setup (target_buf=21)
06-04 12:08:44.818 478 831 W InputReader: Device virtio_input_multi_touch_10 is associated with display ADISPLAY_ID_NONE.
06-04 12:08:44.818 478 831 W InputReader: Device virtio_input_multi_touch_7 is associated with display ADISPLAY_ID_NONE.
06-04 12:08:44.818 478 831 W InputReader: Device virtio_input_multi_touch_11 is associated with display ADISPLAY_ID_NONE.
06-04 12:08:44.818 478 831 W InputReader: Device virtio_input_multi_touch_5 is associated with display ADISPLAY_ID_NONE.
06-04 12:08:44.818 478 831 W InputReader: Device virtio_input_multi_touch_2 is associated with display ADISPLAY_ID_NONE.
06-04 12:08:44.818 478 831 W InputReader: Device virtio_input_multi_touch_6 is associated with display ADISPLAY_ID_NONE.
06-04 12:08:44.818 478 831 W InputReader: Device virtio_input_multi_touch_8 is associated with display ADISPLAY_ID_NONE.
06-04 12:08:44.818 478 831 W InputReader: Device virtio_input_multi_touch_9 is associated with display ADISPLAY_ID_NONE.
06-04 12:08:44.818 478 831 W InputReader: Device virtio_input_multi_touch_3 is associated with display ADISPLAY_ID_NONE.
06-04 12:08:44.818 478 831 W InputReader: Device virtio_input_multi_touch_4 is associated with display ADISPLAY_ID_NONE.
06-04 12:08:44.818 478 831 W InputReader: Device virtio_input_multi_touch_10 is associated with display ADISPLAY_ID_NONE.
06-04 12:08:44.818 478 831 W InputReader: Device virtio_input_multi_touch_7 is associated with display ADISPLAY_ID_NONE.
06-04 12:08:44.818 478 831 W InputReader: Device virtio_input_multi_touch_11 is associated with display ADISPLAY_ID_NONE.
06-04 12:08:44.818 478 831 W InputReader: Device virtio_input_multi_touch_5 is associated with display ADISPLAY_ID_NONE.
06-04 12:08:44.818 478 831 W InputReader: Device virtio_input_multi_touch_2 is associated with display ADISPLAY_ID_NONE.
06-04 12:08:44.818 478 831 W InputReader: Device virtio_input_multi_touch_6 is associated with display ADISPLAY_ID_NONE.
06-04 12:08:44.818 478 831 W InputReader: Device virtio_input_multi_touch_8 is associated with display ADISPLAY_ID_NONE.
06-04 12:08:44.818 478 831 W InputReader: Device virtio_input_multi_touch_9 is associated with display ADISPLAY_ID_NONE.
06-04 12:08:44.818 478 831 W InputReader: Device virtio_input_multi_touch_3 is associated with display ADISPLAY_ID_NONE.
06-04 12:08:44.818 478 831 W InputReader: Device virtio_input_multi_touch_4 is associated with display ADISPLAY_ID_NONE.
06-04 12:08:44.819 2149 2149 D AppActivity$onDestroy: AppActivity#onDestroy
06-04 12:08:44.830 2149 2149 W CustomTabsClient: Unable to find any Custom Tabs packages, you may need to add a element to your manifest. See the docs for CustomTabsClient#getPackageName.
06-04 12:08:44.830 2149 2149 W AppActivity$bindCustomTabsService: CustomTabs: Service NOT supported
06-04 12:08:44.839 273 1473 D goldfish-address-space: claimShared: Ask to claim region [0x3f775f000 0x3f7f48000]
06-04 12:08:44.851 273 1473 D goldfish-address-space: claimShared: Ask to claim region [0x3f57bb000 0x3f5fa4000]
06-04 12:08:44.853 842 842 D PhoneSwitcherNetworkRequstListener: got request NetworkRequest [ TRACK_DEFAULT id=32, [ Capabilities: INTERNET&NOT_RESTRICTED&TRUSTED Uid: 10130 AdministratorUids: [] RequestorUid: 10130 RequestorPackageName: com.savethechildren.learning_tree] ] with score 60 and providerId 3
06-04 12:08:44.855 478 572 D UntrustedWifiNetworkFactory: got request NetworkRequest [ TRACK_DEFAULT id=32, [ Capabilities: INTERNET&NOT_RESTRICTED&TRUSTED Uid: 10130 AdministratorUids: [] RequestorUid: 10130 RequestorPackageName: com.savethechildren.learning_tree] ] with score 60 and providerId 3
06-04 12:08:44.855 478 572 D WifiNetworkFactory: got request NetworkRequest [ TRACK_DEFAULT id=32, [ Capabilities: INTERNET&NOT_RESTRICTED&TRUSTED Uid: 10130 AdministratorUids: [] RequestorUid: 10130 RequestorPackageName: com.savethechildren.learning_tree] ] with score 60 and providerId 3
06-04 12:08:44.855 273 317 D goldfish-address-space: claimShared: Ask to claim region [0x3f5fa4000 0x3f678d000]
06-04 12:08:44.866 273 1473 D goldfish-address-space: claimShared: Ask to claim region [0x3f90e9000 0x3f98d2000]
06-04 12:08:44.872 638 638 V KeyguardUpdateMonitor: onSubscriptionInfoChanged()
06-04 12:08:44.872 638 638 V KeyguardUpdateMonitor: SubInfo:{id=1 iccId=89014103211118510720 simSlotIndex=0 carrierId=1 displayName=T-Mobile carrierName=T-Mobile nameSource=3 iconTint=-16746133 number=+15555215554 dataRoaming=0 iconBitmap=android.graphics.Bitmap@6b30503 mcc=310 mnc=260 countryIso=us isEmbedded=false nativeAccessRules=null cardString=89014103211118510720 cardId=-1 isOpportunistic=false groupUUID=null isGroupDisabled=false profileClass=-1 ehplmns=null hplmns=null subscriptionType=0 groupOwner=null carrierConfigAccessRules=null areUiccApplicationsEnabled=true}
06-04 12:08:44.872 842 842 D Telephony: isEmergencyPreferredAccount: subId=1, activeData=1
06-04 12:08:44.872 842 842 D Telephony: isEmergencyPreferredAccount: Device does not require preference.
06-04 12:08:44.873 478 498 D EventSequenceValidator: dec AccIntentStartedEvents to 1
06-04 12:08:44.873 3718 3720 I cmd : oneway function results will be dropped but finished with status OK and parcel size 4
06-04 12:08:44.881 2149 2149 D UstadViewModelFunKt$ustadViewModel$viewModel$invoke: ustadViewModel(): create viewmodel for: com.ustadmobile.core.viewmodel.redirect.RedirectViewModel
06-04 12:08:44.886 2149 2149 D UstadNavControllerPreCompose$onCollectNavCommand: NavCommandEffect: Navigate: Go to AddAccountSelectNewOrExisting
06-04 12:08:44.894 2149 2149 D UstadViewModelFunKt$ustadViewModel$viewModel$invoke: ustadViewModel(): create viewmodel for: com.ustadmobile.core.viewmodel.account.addaccountselectneworexisting.AddAccountSelectNewOrExistingViewModel
06-04 12:08:44.896 2149 2149 W GooglePlayServicesUtil: com.savethechildren.learning_tree requires the Google Play Store, but it is missing.
06-04 12:08:44.896 2149 2149 W PlayServicesImpl: Connection with Google Play Services was not successful. Connection result is: ConnectionResult{statusCode=SERVICE_INVALID, resolution=null, message=null}
06-04 12:08:44.896 478 504 D ArtManagerInternalImpl: /data/misc/iorapd/com.savethechildren.learning_tree/363/com.ustadmobile.port.android.view.AppActivity/compiled_traces/compiled_trace.pb doesn't exist
06-04 12:08:44.896 2149 2149 E AddAccountSelectNewOrExistingViewModel$getCredentials$invokeSuspend: Error occurred: Failed to get credential: getCredentialAsync no provider dependencies found - please ensure the desired provider dependencies are added
06-04 12:08:44.901 478 504 I ActivityTaskManager: Displayed com.savethechildren.learning_tree/com.ustadmobile.port.android.view.AppActivity: +57ms
06-04 12:08:44.902 2055 2075 D Benchmark: Result: Starting: Intent { act=android.intent.action.MAIN cat=[android.intent.category.LAUNCHER] flg=0x10008000 pkg=com.savethechildren.learning_tree cmp=com.savethechildren.learning_tree/com.ustadmobile.port.android.view.AppActivity }
06-04 12:08:44.902 2055 2075 D Benchmark: Status: ok
06-04 12:08:44.902 2055 2075 D Benchmark: LaunchState: WARM
06-04 12:08:44.902 2055 2075 D Benchmark: Activity: com.savethechildren.learning_tree/com.ustadmobile.port.android.view.AppActivity
06-04 12:08:44.902 2055 2075 D Benchmark: TotalTime: 57
06-04 12:08:44.902 2055 2075 D Benchmark: WaitTime: 59
06-04 12:08:44.902 2055 2075 D Benchmark: Complete
06-04 12:08:44.997 2055 2075 I System.out: 0 Flags,IntendedVsync,Vsync,OldestInputEvent,NewestInputEvent,HandleInputStart,AnimationStart,PerformTraversalsStart,DrawStart,SyncQueued,SyncStart,IssueDrawCommandsStart,SwapBuffers,FrameCompleted,DequeueBufferDuration,QueueBufferDuration,GpuCompleted,
06-04 12:08:44.997 2055 2075 I System.out: 1 1,384056582875,384056582875,9223372036854775807,0,384068579303,384068579844,384068662820,384088310062,384088505760,384088660360,384088677573,384089462218,384103150105,12453726,119875,384090545645,
06-04 12:08:44.997 2055 2075 I System.out: 2 0,384073249650,384089916316,9223372036854775807,0,384106094100,384106094311,384120197198,384120224750,384120536506,384120580799,384120602961,384120981743,384122668344,22703,309272,384123371877,
06-04 12:08:44.997 2055 2075 I System.out: 3 0,384123249870,384123249870,9223372036854775807,0,384124415109,384124415439,384140167437,384140233832,384151713136,384151833442,384151866524,384152397944,384154295211,22332,118552,384156706575,
06-04 12:08:44.997 2055 2075 I System.out: 4 0,384139916591,384139916591,9223372036854775807,0,384156281386,384156282448,384164355537,384164401043,384166743758,384166986404,384167024676,384167618102,384169695417,1136807,154640,384172919610,
06-04 12:08:44.997 2055 2075 I System.out: 5 0,384156583360,384156583360,9223372036854775807,0,384170096311,384170096852,384170521160,384170546277,384171127490,384171166704,384171202521,384172425831,384174516222,1390545,213912,331924068833,
06-04 12:08:44.997 2055 2075 I System.out: 6 0,384173249664,384173249664,9223372036854775807,0,384173767264,384173767654,384174562840,384174597615,384176125468,384176602024,384176801369,384181122053,384197155049,15091787,134122,331937767130,
06-04 12:08:44.997 2055 2075 I System.out: 7 0,384189916362,384189916362,9223372036854775807,0,384190109451,384190110714,384191581940,384191617306,384192520094,384197432440,384197609273,384198119172,384211304714,12133043,292090,331956455268,
06-04 12:08:44.997 2055 2075 D UiDevice: Waiting 10000ms for SearchCondition[hasObject=BySelector [TEXT='\QGet Started\E']].
06-04 12:08:44.997 2055 2075 D UiDevice: Searching for node with selector: BySelector [TEXT='\QGet Started\E'].
06-04 12:08:48.847 2055 2075 I chatty : uid=10131(com.ustadmobile.app_android_baselineprofile) roidJUnitRunner identical 28 lines
06-04 12:08:48.950 2055 2075 D UiDevice: Searching for node with selector: BySelector [TEXT='\QGet Started\E'].
06-04 12:08:49.010 350 350 I perfetto: probes_producer.cc:329 Producer stop (id=20)
06-04 12:08:49.011 361 361 I perfetto: ng_service_impl.cc:1948 Tracing session 20 ended, total sessions:1
06-04 12:08:49.053 2055 2075 D UiDevice: Searching for node with selector: BySelector [TEXT='\QGet Started\E'].
06-04 12:08:49.669 2055 2075 I chatty : uid=10131(com.ustadmobile.app_android_baselineprofile) roidJUnitRunner identical 6 lines
06-04 12:08:49.771 2055 2075 D UiDevice: Searching for node with selector: BySelector [TEXT='\QGet Started\E'].
06-04 12:08:49.816 350 350 I perfetto: probes_producer.cc:329 Producer stop (id=21)
06-04 12:08:49.817 350 350 I perfetto: ftrace_procfs.cc:183 disabled ftrace
06-04 12:08:49.817 361 361 I perfetto: ng_service_impl.cc:1948 Tracing session 21 ended, total sessions:0
06-04 12:08:49.873 2055 2075 D UiDevice: Searching for node with selector: BySelector [TEXT='\QGet Started\E'].
06-04 12:08:54.899 2055 2075 I chatty : uid=10131(com.ustadmobile.app_android_baselineprofile) roidJUnitRunner identical 49 lines
06-04 12:08:55.002 2055 2075 D UiDevice: Searching for node with selector: BySelector [TEXT='\QGet Started\E'].
06-04 12:08:56.005 2055 2075 D UiDevice: Retrieving node with selector: BySelector [TEXT='\QGet Started\E'].
06-04 12:08:56.007 2055 2075 D UiDevice: Node not found with selector: BySelector [TEXT='\QGet Started\E'].
06-04 12:08:59.067 2149 2169 D UstadCache: CacheTrimmer: Trim cache run: max (evictable) size = 100000000 bytes
06-04 12:08:59.067 2149 2169 V UstadCache: CacheTrimmer: deleting
06-04 12:09:00.001 638 638 D KeyguardClockSwitch: Updating clock: 1209
06-04 12:09:01.007 2055 2075 D Benchmark: Profile Installer - Save Profile
06-04 12:09:01.015 2149 2149 I Process : Sending signal. PID: 2149 SIG: 10
06-04 12:09:01.015 2149 2149 D ProfileInstaller:
06-04 12:09:01.015 2149 2157 I n.learning_tre: Thread[3,tid=2157,WaitingInMainSignalCatcherLoop,Thread*=0x7e5233e1a010,peer=0x13841978,"Signal Catcher"]: reacting to signal 10
06-04 12:09:01.015 2149 2157 I n.learning_tre:
06-04 12:09:01.015 2149 2157 I n.learning_tre: SIGUSR1 forcing GC (no HPROF) and profile save
06-04 12:09:01.019 3752 3754 I cmd : oneway function results will be dropped but finished with status OK and parcel size 4
06-04 12:09:01.025 2149 2157 I n.learning_tre: Explicit concurrent copying GC freed 133265(4959KB) AllocSpace objects, 5(132KB) LOS objects, 49% free, 6174KB/12MB, paused 7us total 10.368ms
06-04 12:09:01.520 2055 2075 D Benchmark: Killing process com.savethechildren.learning_tree
06-04 12:09:01.520 2055 2075 D UiDevice: Executing shell command: killall com.savethechildren.learning_tree
06-04 12:09:01.544 478 492 I PackageDexOptimizer: Running dexopt (dexoptNeeded=-3) on: /data/app/~~YydvtuG-I1K6uwq-gJBazQ==/com.savethechildren.learning_tree-1CMBwdveIrDtkv3DFsnSwg==/base.apk pkg=com.savethechildren.learning_tree isa=x86_64 dexoptFlags=boot_complete,profile_guided,force,enable_hidden_api_checks targetFilter=speed-profile oatDir=/data/app/~~YydvtuG-I1K6uwq-gJBazQ==/com.savethechildren.learning_tree-1CMBwdveIrDtkv3DFsnSwg==/oat classLoaderContext=PCL[]{PCL[/system_ext/framework/androidx.window.sidecar.jar]}
06-04 12:09:01.546 380 552 V installd: DexInv: --- BEGIN '/data/app/~~YydvtuG-I1K6uwq-gJBazQ==/com.savethechildren.learning_tree-1CMBwdveIrDtkv3DFsnSwg==/base.apk' ---
06-04 12:09:01.551 3766 3766 W dex2oat32: Unexpected CPU variant for X86 using defaults: x86_64
06-04 12:09:01.621 3766 3766 I dex2oat32: /apex/com.android.art/bin/dex2oat32 --input-vdex-fd=9 --output-vdex-fd=10 --updatable-bcp-packages-file=/system/etc/updatable-bcp-packages.txt --resolve-startup-const-strings=true --max-image-block-size=524288 --compiler-filter=speed-profile --profile-file-fd=12 --classpath-dir=/data/app/~~YydvtuG-I1K6uwq-gJBazQ==/com.savethechildren.learning_tree-1CMBwdveIrDtkv3DFsnSwg== --class-loader-context=PCL[]{PCL[/system_ext/framework/androidx.window.sidecar.jar]} --generate-mini-debug-info --compilation-reason=unknown
06-04 12:09:01.622 3766 3766 I dex2oat32: setting boot class path to /apex/com.android.art/javalib/core-oj.jar:/apex/com.android.art/javalib/core-libart.jar:/apex/com.android.art/javalib/core-icu4j.jar:/apex/com.android.art/javalib/okhttp.jar:/apex/com.android.art/javalib/bouncycastle.jar:/apex/com.android.art/javalib/apache-xml.jar:/system/framework/framework.jar:/system/framework/ext.jar:/system/framework/telephony-common.jar:/system/framework/voip-common.jar:/system/framework/ims-common.jar:/system/framework/framework-atb-backward-compatibility.jar
06-04 12:09:06.209 3766 3766 W dex2oat32: Accessing hidden method Landroid/graphics/Canvas;->drawPatch(Landroid/graphics/NinePatch;Landroid/graphics/Rect;Landroid/graphics/Paint;)V (greylist-max-o, linking, denied)
06-04 12:09:06.209 3766 3766 W dex2oat32: Accessing hidden method Landroid/graphics/Canvas;->drawPatch(Landroid/graphics/NinePatch;Landroid/graphics/RectF;Landroid/graphics/Paint;)V (greylist-max-o, linking, denied)
06-04 12:09:06.214 3766 3766 W dex2oat32: Accessing hidden method Landroid/graphics/Bitmap;->getHardwareBuffer()Landroid/hardware/HardwareBuffer; (blacklist, linking, denied)
06-04 12:09:06.361 3766 3766 W dex2oat32: Accessing hidden method Landroid/app/job/JobParameters;->getStopReason()I (greylist-max-o, linking, denied)
06-04 12:09:08.104 3766 3766 I dex2oat32: Explicit concurrent copying GC freed 277763(40MB) AllocSpace objects, 0(0B) LOS objects, 49% free, 2216KB/4433KB, paused 13us total 7.310ms
06-04 12:09:08.131 3766 3766 W dex2oat32: Accessing hidden field Ljava/nio/file/FileSystemException;->file:Ljava/lang/String; (greylist-max-o, linking, denied)
06-04 12:09:08.131 3766 3766 W dex2oat32: Accessing hidden field Ljava/nio/file/FileSystemException;->other:Ljava/lang/String; (greylist-max-o, linking, denied)
06-04 12:09:08.131 3766 3766 W dex2oat32: Accessing hidden field Ljava/nio/file/InvalidPathException;->index:I (greylist-max-o, linking, denied)
06-04 12:09:08.131 3766 3766 W dex2oat32: Accessing hidden field Ljava/nio/file/InvalidPathException;->input:Ljava/lang/String; (greylist-max-o, linking, denied)
06-04 12:09:08.132 3766 3766 W dex2oat32: Accessing hidden method Landroid/graphics/Bitmap;->getHardwareBuffer()Landroid/hardware/HardwareBuffer; (blacklist, linking, denied)
06-04 12:09:08.132 3766 3766 W dex2oat32: Accessing hidden method Landroid/graphics/Canvas;->drawPatch(Landroid/graphics/NinePatch;Landroid/graphics/Rect;Landroid/graphics/Paint;)V (greylist-max-o, linking, denied)
06-04 12:09:08.132 3766 3766 W dex2oat32: Accessing hidden method Landroid/graphics/Canvas;->drawPatch(Landroid/graphics/NinePatch;Landroid/graphics/RectF;Landroid/graphics/Paint;)V (greylist-max-o, linking, denied)
06-04 12:09:08.143 3766 3766 W dex2oat32: Accessing hidden method Landroid/app/job/JobParameters;->getStopReason()I (greylist-max-o, linking, denied)
06-04 12:09:09.125 3766 3766 I dex2oat32: dex2oat took 7.574s (9.420s cpu) (threads: 2) arena alloc=4103KB (4202408B) java alloc=2232KB (2286104B) native alloc=81MB (85883568B) free=82MB (86060608B)
06-04 12:09:09.141 380 552 V installd: DexInv: --- END '/data/app/~~YydvtuG-I1K6uwq-gJBazQ==/com.savethechildren.learning_tree-1CMBwdveIrDtkv3DFsnSwg==/base.apk' (success) ---
06-04 12:09:09.161 2055 2075 D Benchmark: Reference profile location: /data/misc/profiles/ref/com.savethechildren.learning_tree/primary.prof
06-04 12:09:09.180 2055 2075 D Benchmark: APK Path: /data/app/~~YydvtuG-I1K6uwq-gJBazQ==/com.savethechildren.learning_tree-1CMBwdveIrDtkv3DFsnSwg==/base.apk
06-04 12:09:09.180 2055 2075 D Benchmark: Converting to human readable profile format
06-04 12:09:09.180 2055 2075 D Benchmark: Using profile location: /data/misc/profiles/ref/com.savethechildren.learning_tree/primary.prof
06-04 12:09:09.440 3794 3794 W profman : profman took 252.179ms
06-04 12:09:09.459 2055 2075 D Benchmark: Using profile location: /data/misc/profiles/cur/0/com.savethechildren.learning_tree/primary.prof
06-04 12:09:09.714 3805 3805 W profman : profman took 246.466ms
06-04 12:09:10.611 2055 2075 D Benchmark: Unstable profiles during iteration 13
06-04 12:09:10.611 2055 2075 D Benchmark: Killing package com.savethechildren.learning_tree
06-04 12:09:10.611 2055 2075 D Benchmark: Killing process com.savethechildren.learning_tree
06-04 12:09:10.611 2055 2075 D UiDevice: Executing shell command: killall com.savethechildren.learning_tree
06-04 12:09:10.617 2055 2075 D Benchmark: Compile iteration (14) for com.savethechildren.learning_tree
06-04 12:09:10.617 2055 2075 D UiDevice: Pressing home button.
06-04 12:09:10.624 638 638 V ShadeControllerImpl: NotificationShadeWindow: com.android.systemui.statusbar.phone.NotificationShadeWindowView{90561f7 I.E...... ......ID 0,0-1080,1920} canPanelBeCollapsed(): false
06-04 12:09:10.625 478 498 D EventSequenceValidator: inc AccIntentStartedEvents to 2
06-04 12:09:10.625 361 361 I perfetto: ing_service_impl.cc:758 Configured tracing session 22, #sources:1, duration:5000 ms, #buffers:1, total buffer size:4096 KB, total sessions:1, uid:1071 session name: ""
06-04 12:09:10.626 350 350 I perfetto: probes_producer.cc:230 Ftrace setup (target_buf=22)
06-04 12:09:10.626 478 496 W InputReader: Device virtio_input_multi_touch_10 is associated with display ADISPLAY_ID_NONE.
06-04 12:09:10.626 478 496 W InputReader: Device virtio_input_multi_touch_7 is associated with display ADISPLAY_ID_NONE.
06-04 12:09:10.626 478 496 W InputReader: Device virtio_input_multi_touch_11 is associated with display ADISPLAY_ID_NONE.
06-04 12:09:10.626 478 496 W InputReader: Device virtio_input_multi_touch_5 is associated with display ADISPLAY_ID_NONE.
06-04 12:09:10.626 478 496 W InputReader: Device virtio_input_multi_touch_2 is associated with display ADISPLAY_ID_NONE.
06-04 12:09:10.626 478 496 W InputReader: Device virtio_input_multi_touch_6 is associated with display ADISPLAY_ID_NONE.
06-04 12:09:10.626 478 496 W InputReader: Device virtio_input_multi_touch_8 is associated with display ADISPLAY_ID_NONE.
06-04 12:09:10.626 478 496 W InputReader: Device virtio_input_multi_touch_9 is associated with display ADISPLAY_ID_NONE.
06-04 12:09:10.626 478 496 W InputReader: Device virtio_input_multi_touch_3 is associated with display ADISPLAY_ID_NONE.
06-04 12:09:10.626 478 496 W InputReader: Device virtio_input_multi_touch_4 is associated with display ADISPLAY_ID_NONE.
06-04 12:09:10.626 478 496 W InputReader: Device virtio_input_multi_touch_10 is associated with display ADISPLAY_ID_NONE.
06-04 12:09:10.626 478 496 W InputReader: Device virtio_input_multi_touch_7 is associated with display ADISPLAY_ID_NONE.
06-04 12:09:10.626 478 496 W InputReader: Device virtio_input_multi_touch_11 is associated with display ADISPLAY_ID_NONE.
06-04 12:09:10.626 478 496 W InputReader: Device virtio_input_multi_touch_5 is associated with display ADISPLAY_ID_NONE.
06-04 12:09:10.626 478 496 W InputReader: Device virtio_input_multi_touch_2 is associated with display ADISPLAY_ID_NONE.
06-04 12:09:10.626 478 496 W InputReader: Device virtio_input_multi_touch_6 is associated with display ADISPLAY_ID_NONE.
06-04 12:09:10.626 478 496 W InputReader: Device virtio_input_multi_touch_8 is associated with display ADISPLAY_ID_NONE.
06-04 12:09:10.626 478 496 W InputReader: Device virtio_input_multi_touch_9 is associated with display ADISPLAY_ID_NONE.
06-04 12:09:10.626 478 496 W InputReader: Device virtio_input_multi_touch_3 is associated with display ADISPLAY_ID_NONE.
06-04 12:09:10.626 478 496 W InputReader: Device virtio_input_multi_touch_4 is associated with display ADISPLAY_ID_NONE.
06-04 12:09:10.628 987 987 D TaplTarget: Launcher.onNewIntent: Intent { act=android.intent.action.MAIN cat=[android.intent.category.HOME] flg=0x10400100 cmp=com.android.launcher3/.uioverrides.QuickstepLauncher (has extras) }
