06-04 12:06:59.918 2055 2075 I System.out: 24 0,254006584852,254006584852,9223372036854775807,0,254006731949,254006732921,254009540249,254009577790,254010426025,254010493812,254010533978,254012035751,254026289131,12418170,1007515,254013795831,
06-04 12:06:59.918 2055 2075 I System.out: 25 0,254023251526,254023251526,9223372036854775807,0,254023446657,254023447669,254027975282,254028024795,254029063769,254029189124,254029240651,254030070091,254043199988,11860571,288763,254031293932,
06-04 12:06:59.918 2055 2075 I System.out: 26 0,254039918269,254039918269,9223372036854775807,0,254040114797,254040116000,254043794456,254043831516,254044651598,254044717101,254044752177,254045454578,254058656090,12185923,146445,254046419913,
06-04 12:06:59.918 2055 2075 I System.out: 27 0,254056584882,254056584882,9223372036854775807,0,254056898134,254056898996,254057898746,254057942298,254058924575,254058982894,254059212626,254059939884,254074648921,13568532,171423,254061030665,
06-04 12:06:59.918 2055 2075 I System.out: 28 0,254073251592,254073251592,9223372036854775807,0,254073414630,254073415782,254075027232,254075074861,254076464755,254076550035,254076587656,254077289445,254092841728,14562982,151876,254078236697,
06-04 12:06:59.918 2055 2075 I System.out: 29 0,254089918379,254089918379,9223372036854775807,0,254090074946,254090075877,254093051442,254093087760,254093988234,254094045060,254094075127,254094639258,254107740011,11346404,976886,254106761992,
06-04 12:06:59.918 2055 2075 I System.out: 30 0,254106584787,254106584787,9223372036854775807,0,254106824108,254106825170,254108061245,254108100098,254109162335,254109225604,254109523203,254110172454,254126176827,14207644,951730,254111929488,
06-04 12:06:59.918 2055 2075 I System.out: 31 0,254123251570,254123251570,9223372036854775807,0,254123429501,254123430352,254126484906,254126517868,254127419343,254127484415,254127517097,254128163803,254141321503,12133664,134513,254140095588,
06-04 12:06:59.918 2055 2075 I System.out: 32 0,254139918018,254139918018,9223372036854775807,0,254140097100,254140098493,254141575961,254141616417,254141691097,254141915560,254142005348,254143658196,254157716730,13004311,178976,254156732089,
06-04 12:06:59.918 2055 2075 I System.out: 33 0,254156584734,254156584734,9223372036854775807,0,254156775931,254156777103,254158074442,254158107755,254159199177,254159248059,254159449488,254160125299,254176884601,15837228,131948,254173387335,
06-04 12:06:59.918 2055 2075 I System.out: 34 0,254173251459,254173251459,9223372036854775807,0,254173429584,254173430426,254176664657,254176717947,254178016138,254178183212,254178213118,254178825420,254191375287,10716970,1008276,1924618579685082084,
06-04 12:06:59.918 2055 2075 I System.out: 35 0,254189918184,254189918184,9223372036854775807,0,254190154722,254190155573,254192162357,254192213393,254192675461,254192749681,254192795046,254193515411,254207813665,12052592,1048892,2078757996228403584,
06-04 12:06:59.918 2055 2075 I System.out: 36 0,254239918404,254239918404,9223372036854775807,0,254240053986,254240054497,254240054587,254240315457,254240382413,254240492099,254240524520,254241606244,254242693789,23223,136056,5368796221853456077,
06-04 12:06:59.918 2055 2075 D Benchmark: Starting activity with command: am start -W "intent:#Intent;action=android.intent.action.MAIN;category=android.intent.category.LAUNCHER;launchFlags=0x10008000;package=com.savethechildren.learning_tree;component=com.savethechildren.learning_tree/com.ustadmobile.port.android.view.AppActivity;end"
06-04 12:06:59.950 478 498 D EventSequenceValidator: inc AccIntentStartedEvents to 2
06-04 12:06:59.951 361 361 I perfetto: ing_service_impl.cc:758 Configured tracing session 13, #sources:1, duration:5000 ms, #buffers:1, total buffer size:4096 KB, total sessions:2, uid:1071 session name: ""
06-04 12:06:59.951 350 350 I perfetto: probes_producer.cc:230 Ftrace setup (target_buf=13)
06-04 12:06:59.953 478 492 W InputReader: Device virtio_input_multi_touch_10 is associated with display ADISPLAY_ID_NONE.
06-04 12:06:59.953 478 492 W InputReader: Device virtio_input_multi_touch_7 is associated with display ADISPLAY_ID_NONE.
06-04 12:06:59.953 478 492 W InputReader: Device virtio_input_multi_touch_11 is associated with display ADISPLAY_ID_NONE.
06-04 12:06:59.953 478 492 W InputReader: Device virtio_input_multi_touch_5 is associated with display ADISPLAY_ID_NONE.
06-04 12:06:59.953 478 492 W InputReader: Device virtio_input_multi_touch_2 is associated with display ADISPLAY_ID_NONE.
06-04 12:06:59.953 478 492 W InputReader: Device virtio_input_multi_touch_6 is associated with display ADISPLAY_ID_NONE.
06-04 12:06:59.953 478 492 W InputReader: Device virtio_input_multi_touch_8 is associated with display ADISPLAY_ID_NONE.
06-04 12:06:59.953 478 492 W InputReader: Device virtio_input_multi_touch_9 is associated with display ADISPLAY_ID_NONE.
06-04 12:06:59.953 478 492 W InputReader: Device virtio_input_multi_touch_3 is associated with display ADISPLAY_ID_NONE.
06-04 12:06:59.953 478 492 W InputReader: Device virtio_input_multi_touch_4 is associated with display ADISPLAY_ID_NONE.
06-04 12:06:59.953 478 492 W InputReader: Device virtio_input_multi_touch_10 is associated with display ADISPLAY_ID_NONE.
06-04 12:06:59.953 478 492 W InputReader: Device virtio_input_multi_touch_7 is associated with display ADISPLAY_ID_NONE.
06-04 12:06:59.953 478 492 W InputReader: Device virtio_input_multi_touch_11 is associated with display ADISPLAY_ID_NONE.
06-04 12:06:59.953 478 492 W InputReader: Device virtio_input_multi_touch_5 is associated with display ADISPLAY_ID_NONE.
06-04 12:06:59.953 478 492 W InputReader: Device virtio_input_multi_touch_2 is associated with display ADISPLAY_ID_NONE.
06-04 12:06:59.953 478 492 W InputReader: Device virtio_input_multi_touch_6 is associated with display ADISPLAY_ID_NONE.
06-04 12:06:59.953 478 492 W InputReader: Device virtio_input_multi_touch_8 is associated with display ADISPLAY_ID_NONE.
06-04 12:06:59.953 478 492 W InputReader: Device virtio_input_multi_touch_9 is associated with display ADISPLAY_ID_NONE.
06-04 12:06:59.953 478 492 W InputReader: Device virtio_input_multi_touch_3 is associated with display ADISPLAY_ID_NONE.
06-04 12:06:59.953 478 492 W InputReader: Device virtio_input_multi_touch_4 is associated with display ADISPLAY_ID_NONE.
06-04 12:06:59.958 478 498 D EventSequenceValidator: dec AccIntentStartedEvents to 1
06-04 12:06:59.966 2149 2149 W CustomTabsClient: Unable to find any Custom Tabs packages, you may need to add a element to your manifest. See the docs for CustomTabsClient#getPackageName.
06-04 12:06:59.966 2149 2149 W AppActivity$bindCustomTabsService: CustomTabs: Service NOT supported
06-04 12:06:59.972 273 1473 D goldfish-address-space: claimShared: Ask to claim region [0x3f47e9000 0x3f4fd2000]
06-04 12:06:59.991 478 572 D UntrustedWifiNetworkFactory: got request NetworkRequest [ TRACK_DEFAULT id=28, [ Capabilities: INTERNET&NOT_RESTRICTED&TRUSTED Uid: 10130 AdministratorUids: [] RequestorUid: 10130 RequestorPackageName: com.savethechildren.learning_tree] ] with score 60 and providerId 3
06-04 12:06:59.991 478 572 D WifiNetworkFactory: got request NetworkRequest [ TRACK_DEFAULT id=28, [ Capabilities: INTERNET&NOT_RESTRICTED&TRUSTED Uid: 10130 AdministratorUids: [] RequestorUid: 10130 RequestorPackageName: com.savethechildren.learning_tree] ] with score 60 and providerId 3
06-04 12:06:59.994 842 842 D PhoneSwitcherNetworkRequstListener: got request NetworkRequest [ TRACK_DEFAULT id=28, [ Capabilities: INTERNET&NOT_RESTRICTED&TRUSTED Uid: 10130 AdministratorUids: [] RequestorUid: 10130 RequestorPackageName: com.savethechildren.learning_tree] ] with score 60 and providerId 3
06-04 12:07:00.002 842 842 D Telephony: isEmergencyPreferredAccount: subId=1, activeData=1
06-04 12:07:00.002 842 842 D Telephony: isEmergencyPreferredAccount: Device does not require preference.
06-04 12:07:00.003 295 295 E Layer : [Surface(name=Task=6)/@0xe583fb0 - animation-leash#0] No local sync point found
06-04 12:07:00.003 295 295 E Layer : [Surface(name=Task=1)/@0x31e6f4f - animation-leash#0] No local sync point found
06-04 12:07:00.011 273 1473 D goldfish-address-space: claimShared: Ask to claim region [0x3f98d2000 0x3fa0bb000]
06-04 12:07:00.012 273 1473 D goldfish-address-space: claimShared: Ask to claim region [0x3fa0bb000 0x3fa8a4000]
06-04 12:07:00.012 273 1473 D goldfish-address-space: claimShared: Ask to claim region [0x3fa8a4000 0x3fb08d000]
06-04 12:07:00.017 478 504 I ActivityTaskManager: Displayed com.savethechildren.learning_tree/com.ustadmobile.port.android.view.AppActivity: +66ms
06-04 12:07:00.017 3222 3224 I cmd : oneway function results will be dropped but finished with status OK and parcel size 4
06-04 12:07:00.020 295 295 E Layer : [Surface(name=Task=6)/@0xe583fb0 - animation-leash#0] No local sync point found
06-04 12:07:00.020 295 295 E Layer : [Surface(name=Task=1)/@0x31e6f4f - animation-leash#0] No local sync point found
06-04 12:07:00.027 2149 2149 D UstadViewModelFunKt$ustadViewModel$viewModel$invoke: ustadViewModel(): create viewmodel for: com.ustadmobile.core.viewmodel.redirect.RedirectViewModel
06-04 12:07:00.036 638 638 D KeyguardClockSwitch: Updating clock: 1207
06-04 12:07:00.037 295 295 E Layer : [Surface(name=Task=6)/@0xe583fb0 - animation-leash#0] No local sync point found
06-04 12:07:00.037 295 295 E Layer : [Surface(name=Task=1)/@0x31e6f4f - animation-leash#0] No local sync point found
06-04 12:07:00.037 638 638 V KeyguardUpdateMonitor: onSubscriptionInfoChanged()
06-04 12:07:00.039 2149 2149 D UstadNavControllerPreCompose$onCollectNavCommand: NavCommandEffect: Navigate: Go to AddAccountSelectNewOrExisting
06-04 12:07:00.039 638 638 V KeyguardUpdateMonitor: SubInfo:{id=1 iccId=89014103211118510720 simSlotIndex=0 carrierId=1 displayName=T-Mobile carrierName=T-Mobile nameSource=3 iconTint=-16746133 number=+15555215554 dataRoaming=0 iconBitmap=android.graphics.Bitmap@ec5d9aa mcc=310 mnc=260 countryIso=us isEmbedded=false nativeAccessRules=null cardString=89014103211118510720 cardId=-1 isOpportunistic=false groupUUID=null isGroupDisabled=false profileClass=-1 ehplmns=null hplmns=null subscriptionType=0 groupOwner=null carrierConfigAccessRules=null areUiccApplicationsEnabled=true}
06-04 12:07:00.047 2149 2149 D UstadViewModelFunKt$ustadViewModel$viewModel$invoke: ustadViewModel(): create viewmodel for: com.ustadmobile.core.viewmodel.account.addaccountselectneworexisting.AddAccountSelectNewOrExistingViewModel
06-04 12:07:00.049 2149 2149 W GooglePlayServicesUtil: com.savethechildren.learning_tree requires the Google Play Store, but it is missing.
06-04 12:07:00.049 2149 2149 W PlayServicesImpl: Connection with Google Play Services was not successful. Connection result is: ConnectionResult{statusCode=SERVICE_INVALID, resolution=null, message=null}
06-04 12:07:00.049 2149 2149 E AddAccountSelectNewOrExistingViewModel$getCredentials$invokeSuspend: Error occurred: Failed to get credential: getCredentialAsync no provider dependencies found - please ensure the desired provider dependencies are added
06-04 12:07:00.053 295 295 E Layer : [Surface(name=Task=6)/@0xe583fb0 - animation-leash#0] No local sync point found
06-04 12:07:00.053 295 295 E Layer : [Surface(name=Task=1)/@0x31e6f4f - animation-leash#0] No local sync point found
06-04 12:07:00.066 2055 2075 D Benchmark: Result: Starting: Intent { act=android.intent.action.MAIN cat=[android.intent.category.LAUNCHER] flg=0x10008000 pkg=com.savethechildren.learning_tree cmp=com.savethechildren.learning_tree/com.ustadmobile.port.android.view.AppActivity }
06-04 12:07:00.066 2055 2075 D Benchmark: Status: ok
06-04 12:07:00.066 2055 2075 D Benchmark: LaunchState: WARM
06-04 12:07:00.066 2055 2075 D Benchmark: Activity: com.savethechildren.learning_tree/com.ustadmobile.port.android.view.AppActivity
06-04 12:07:00.066 2055 2075 D Benchmark: TotalTime: 66
06-04 12:07:00.066 2055 2075 D Benchmark: WaitTime: 67
06-04 12:07:00.066 2055 2075 D Benchmark: Complete
06-04 12:07:00.070 295 295 E Layer : [Surface(name=Task=6)/@0xe583fb0 - animation-leash#0] No local sync point found
06-04 12:07:00.070 295 295 E Layer : [Surface(name=Task=1)/@0x31e6f4f - animation-leash#0] No local sync point found
06-04 12:07:00.087 295 295 E Layer : [Surface(name=Task=6)/@0xe583fb0 - animation-leash#0] No local sync point found
06-04 12:07:00.087 295 295 E Layer : [Surface(name=Task=1)/@0x31e6f4f - animation-leash#0] No local sync point found
06-04 12:07:00.103 295 295 E Layer : [Surface(name=Task=6)/@0xe583fb0 - animation-leash#0] No local sync point found
06-04 12:07:00.103 295 295 E Layer : [Surface(name=Task=1)/@0x31e6f4f - animation-leash#0] No local sync point found
06-04 12:07:00.166 2055 2075 I System.out: 0 Flags,IntendedVsync,Vsync,OldestInputEvent,NewestInputEvent,HandleInputStart,AnimationStart,PerformTraversalsStart,DrawStart,SyncQueued,SyncStart,IssueDrawCommandsStart,SwapBuffers,FrameCompleted,DequeueBufferDuration,QueueBufferDuration,GpuCompleted,
06-04 12:07:00.166 2055 2075 I System.out: 1 1,253589916275,253589916275,9223372036854775807,0,253598856326,253598856957,253598857087,253631722523,253632041863,253632269581,253632284008,253633023849,253634770844,25368,962339,253634636251,
06-04 12:07:00.166 2055 2075 I System.out: 2 0,253606583060,253639916392,9223372036854775807,0,253641319708,253641319938,253650429727,253650460816,253650884743,253650955596,253650982146,253651726345,253653843215,25879,125746,253656711559,
06-04 12:07:00.166 2055 2075 I System.out: 3 0,253656583408,253656583408,9223372036854775807,0,253661369948,253661370378,253677820349,253677903345,253684154929,253684397826,253684425598,253684884050,253687433193,36819,1622170,253687359555,
06-04 12:07:00.166 2055 2075 I System.out: 4 0,253673250208,253673250208,9223372036854775807,0,253687925359,253687926280,253694064342,253694106781,253697270390,253697340632,253697377892,253697852184,253698696331,29766,128452,253704642622,
06-04 12:07:00.166 2055 2075 I System.out: 5 0,253689917019,253689917019,9223372036854775807,0,253699531251,253699531942,253700362804,253700393883,253701488070,253701551019,253701596935,253703024649,253708078291,3327787,1107853,253704702865,
06-04 12:07:00.166 2055 2075 I System.out: 6 0,253706583803,253706583803,9223372036854775807,0,253708091747,253708092007,253708942506,253708977071,253710087189,253713976341,253714028910,253714594744,253730872451,13450871,1544294,253717348382,
06-04 12:07:00.166 2055 2075 I System.out: 7 0,253723250544,253723250544,9223372036854775807,0,253723701898,253723702219,253724423224,253724458791,253725515147,253731076574,253731114956,253731548061,253747870762,15364238,80592,253740055848,
06-04 12:07:00.166 2055 2075 I System.out: 8 0,253739917235,253739917235,9223372036854775807,0,253740692405,253740692685,253741323211,253741356213,253742593229,253747962965,253748022577,253748595024,253762067215,11880188,170361,253750141401,
06-04 12:07:00.166 2055 2075 I System.out: 9 0,253756584010,253756584010,9223372036854775807,0,253757043910,253757044200,253757808588,253757843163,253761259927,253762116538,253762177953,253764776178,253781399665,14647381,244910,253766703172,
06-04 12:07:00.166 2055 2075 I System.out: 10 0,253773250837,253773250837,9223372036854775807,0,253773411665,253773412818,253781814194,253781851985,253782692476,253782750735,253782786593,253783221601,253792626374,7821877,129182,253790075267,
06-04 12:07:00.166 2055 2075 I System.out: 11 0,253789917510,253789917510,9223372036854775807,0,253790532878,253790533148,253791986010,253792023210,253793302776,253793351698,253793396141,253794211074,253808089579,5661075,1968361,253806705817,
06-04 12:07:00.166 2055 2075 I System.out: 12 0,253806584363,253806584363,9223372036854775807,0,253807807579,253807808070,253809106912,253809123633,253810140004,253810175381,253810211519,253810640255,253829938531,15610422,143630,253823400197,
06-04 12:07:00.166 2055 2075 I System.out: 13 0,253823251043,253823251043,9223372036854775807,0,253823813364,253823813584,253824506527,253824541192,253830197287,253830268421,253830314918,253830884209,253847004139,13638975,117320,253840099937,
06-04 12:07:00.166 2055 2075 I System.out: 14 0,253839917707,253839917707,9223372036854775807,0,253840992355,253840992896,253841600098,253841620235,253842599978,253847073228,253847114085,253847561276,253860905627,10712653,123272,253856736859,
06-04 12:07:00.166 2055 2075 I System.out: 15 0,253856584395,253856584395,9223372036854775807,0,253857028407,253857028697,253857762317,253857802412,253858746788,253860946394,253860985006,253863231590,253874842803,8521212,94858,253866262299,
06-04 12:07:00.166 2055 2075 I System.out: 16 0,253873251362,253873251362,9223372036854775807,0,253873625323,253873625634,253874624412,253874648267,253875930067,253876032600,253876230191,253876677633,253894013699,12060687,178035,253890047862,
06-04 12:07:00.166 2055 2075 I System.out: 17 0,253889918218,253889918218,9223372036854775807,0,253891145286,253891145686,253891778536,253891811067,253894378705,253894496517,253894827459,253895270592,253909416120,12145346,82616,253906716253,
06-04 12:07:00.166 2055 2075 I System.out: 18 0,253906585049,253906585049,9223372036854775807,0,253907104603,253907105074,253907979789,253908010066,253909993876,253910627187,253910878108,253911285545,253925743650,12065296,91061,253923416083,
06-04 12:07:00.166 2055 2075 I System.out: 19 0,253923251821,253923251821,9223372036854775807,0,253923716258,253923716678,253924793473,253924852644,253926200739,253926721438,253927051809,253927692053,253942141442,12091676,341452,253930011174,
06-04 12:07:00.166 2055 2075 I System.out: 20 0,253939918654,253939918654,9223372036854775807,0,253940334464,253940334765,253941257590,253941303276,253942288388,253942337721,253942548958,253943130842,253957915862,12523317,84850,253945342911,
06-04 12:07:00.166 2055 2075 I System.out: 21 0,253956585149,253956585149,9223372036854775807,0,253957167274,253957167575,253958041157,253958075432,253959597223,253959676382,253959717760,253960162897,253974278157,11001205,1007655,253963236706,
06-04 12:07:00.166 2055 2075 I System.out: 22 0,253973251983,253973251983,9223372036854775807,0,253973557632,253973558744,253974413692,253974450541,253976364660,253976466211,253976501017,253977008882,253993989510,14523558,208182,253979407862,
06-04 12:07:00.166 2055 2075 I System.out: 23 0,253989918119,253989918119,9223372036854775807,0,253990133690,253990134632,253991603543,253991641355,253992694705,253994059231,253994106780,253994615497,254007665594,8660023,988288,253998952031,
06-04 12:07:00.166 2055 2075 I System.out: 24 0,254006584852,254006584852,9223372036854775807,0,254006731949,254006732921,254009540249,254009577790,254010426025,254010493812,254010533978,254012035751,254026289131,12418170,1007515,254013795831,
06-04 12:07:00.166 2055 2075 I System.out: 25 0,254023251526,254023251526,9223372036854775807,0,254023446657,254023447669,254027975282,254028024795,254029063769,254029189124,254029240651,254030070091,254043199988,11860571,288763,254031293932,
06-04 12:07:00.166 2055 2075 I System.out: 26 0,254039918269,254039918269,9223372036854775807,0,254040114797,254040116000,254043794456,254043831516,254044651598,254044717101,254044752177,254045454578,254058656090,12185923,146445,254046419913,
06-04 12:07:00.166 2055 2075 I System.out: 27 0,254056584882,254056584882,9223372036854775807,0,254056898134,254056898996,254057898746,254057942298,254058924575,254058982894,254059212626,254059939884,254074648921,13568532,171423,254061030665,
06-04 12:07:00.166 2055 2075 I System.out: 28 0,254073251592,254073251592,9223372036854775807,0,254073414630,254073415782,254075027232,254075074861,254076464755,254076550035,254076587656,254077289445,254092841728,14562982,151876,254078236697,
06-04 12:07:00.166 2055 2075 I System.out: 29 0,254089918379,254089918379,9223372036854775807,0,254090074946,254090075877,254093051442,254093087760,254093988234,254094045060,254094075127,254094639258,254107740011,11346404,976886,254106761992,
06-04 12:07:00.166 2055 2075 I System.out: 30 0,254106584787,254106584787,9223372036854775807,0,254106824108,254106825170,254108061245,254108100098,254109162335,254109225604,254109523203,254110172454,254126176827,14207644,951730,254111929488,
06-04 12:07:00.166 2055 2075 I System.out: 31 0,254123251570,254123251570,9223372036854775807,0,254123429501,254123430352,254126484906,254126517868,254127419343,254127484415,254127517097,254128163803,254141321503,12133664,134513,254140095588,
06-04 12:07:00.166 2055 2075 I System.out: 32 0,254139918018,254139918018,9223372036854775807,0,254140097100,254140098493,254141575961,254141616417,254141691097,254141915560,254142005348,254143658196,254157716730,13004311,178976,254156732089,
06-04 12:07:00.166 2055 2075 I System.out: 33 0,254156584734,254156584734,9223372036854775807,0,254156775931,254156777103,254158074442,254158107755,254159199177,254159248059,254159449488,254160125299,254176884601,15837228,131948,254173387335,
06-04 12:07:00.166 2055 2075 I System.out: 34 0,254173251459,254173251459,9223372036854775807,0,254173429584,254173430426,254176664657,254176717947,254178016138,254178183212,254178213118,254178825420,254191375287,10716970,1008276,1924618579685082084,
06-04 12:07:00.166 2055 2075 I System.out: 35 0,254189918184,254189918184,9223372036854775807,0,254190154722,254190155573,254192162357,254192213393,254192675461,254192749681,254192795046,254193515411,254207813665,12052592,1048892,2078757996228403584,
06-04 12:07:00.166 2055 2075 I System.out: 36 0,254239918404,254239918404,9223372036854775807,0,254240053986,254240054497,254240054587,254240315457,254240382413,254240492099,254240524520,254241606244,254242693789,23223,136056,5368796221853456077,
06-04 12:07:00.166 2055 2075 I System.out: 0 Flags,IntendedVsync,Vsync,OldestInputEvent,NewestInputEvent,HandleInputStart,AnimationStart,PerformTraversalsStart,DrawStart,SyncQueued,SyncStart,IssueDrawCommandsStart,SwapBuffers,FrameCompleted,DequeueBufferDuration,QueueBufferDuration,GpuCompleted,
06-04 12:07:00.166 2055 2075 I System.out: 1 1,279206584473,279206584473,9223372036854775807,0,279207553584,279207553785,279207553965,279249355293,279249630260,279249802884,279249824705,279250714398,279251899647,18765,180951,279251729457,
06-04 12:07:00.166 2055 2075 I System.out: 2 0,279223251274,279256584606,9223372036854775807,0,279258620414,279258620804,279270524456,279270564832,279271044875,279271121308,279271144161,279271558811,279272680721,23514,148459,279273438305,
06-04 12:07:00.166 2055 2075 I System.out: 3 0,279273251522,279273251522,9223372036854775807,0,279276176864,279276177175,279297720432,279297768172,279310403950,279310448764,279310523525,279310933275,279312361992,20579,95910,279323397521,
06-04 12:07:00.166 2055 2075 I System.out: 4 0,279289918246,279306584912,9223372036854775807,0,279319362444,279319363577,279328572181,279328606636,279333690996,279333746761,279333784241,279334173704,279334957427,21891,135294,226853694875,
06-04 12:07:00.167 2055 2075 I System.out: 5 0,279323251720,279323251720,9223372036854775807,0,279336181960,279336182561,279336813166,279336845066,279337640853,279337686599,279337726704,279338826873,279341239038,1658969,233139,226853839076,
06-04 12:07:00.167 2055 2075 I System.out: 6 0,279339918456,279339918456,9223372036854775807,0,279341617901,279341618111,279342565653,279342587724,279349254169,279349356331,279349418277,279349998498,279363221511,9974385,134923,226865651848,
06-04 12:07:00.167 2055 2075 D UiDevice: Waiting 10000ms for SearchCondition[hasObject=BySelector [TEXT='\QGet Started\E']].
06-04 12:07:00.167 2055 2075 D UiDevice: Searching for node with selector: BySelector [TEXT='\QGet Started\E'].
06-04 12:07:00.292 987 987 D TaplTarget: sendStateEventToTest: 0
06-04 12:07:00.293 987 987 D RecentsOrientedState: current RecentsOrientedState: [this=RecentsOrientedState@5c28903 mOrientationHandler=PortraitPagedViewHandler@4e57080 mDisplayRotation=0 mTouchRotation=0 mRecentsActivityRotation=0 isRecentsActivityRotationAllowed=false mSystemRotation=true mFlags=299]
06-04 12:07:00.293 987 987 I chatty : uid=10118(com.android.launcher3) identical 2 lines
06-04 12:07:00.293 987 987 D RecentsOrientedState: current RecentsOrientedState: [this=RecentsOrientedState@5c28903 mOrientationHandler=PortraitPagedViewHandler@4e57080 mDisplayRotation=0 mTouchRotation=0 mRecentsActivityRotation=0 isRecentsActivityRotationAllowed=false mSystemRotation=true mFlags=299]
06-04 12:07:00.307 478 2384 D HostConnection: HostConnection::get() New Host Connection established 0x7e5153e1b9d0, tid 2384
06-04 12:07:00.309 478 2384 D HostConnection: HostComposition ext ANDROID_EMU_CHECKSUM_HELPER_v1 ANDROID_EMU_native_sync_v2 ANDROID_EMU_dma_v1 ANDROID_EMU_direct_mem ANDROID_EMU_host_composition_v1 ANDROID_EMU_host_composition_v2 ANDROID_EMU_vulkan ANDROID_EMU_deferred_vulkan_commands ANDROID_EMU_vulkan_null_optional_strings ANDROID_EMU_vulkan_create_resources_with_requirements ANDROID_EMU_YUV_Cache ANDROID_EMU_vulkan_ignored_handles ANDROID_EMU_has_shared_slots_host_memory_allocator ANDROID_EMU_vulkan_free_memory_sync ANDROID_EMU_vulkan_shader_float16_int8 ANDROID_EMU_vulkan_async_queue_submit ANDROID_EMU_sync_buffer_data ANDROID_EMU_vulkan_async_qsri ANDROID_EMU_read_color_buffer_dma GL_OES_EGL_image_external_essl3 GL_OES_vertex_array_object GL_KHR_texture_compression_astc_ldr ANDROID_EMU_host_side_tracing ANDROID_EMU_gles_max_version_3_0
06-04 12:07:00.309 478 2384 D EGL_emulation: eglCreateContext: 0x7e5143eae1b0: maj 3 min 0 rcv 3
06-04 12:07:00.309 478 2384 D EGL_emulation: eglMakeCurrent: 0x7e5143eae1b0: ver 3 0 (tinfo 0x7e50e3eba1e0) (first time)
06-04 12:07:00.310 2149 2149 D AppActivity$onDestroy: AppActivity#onDestroy
06-04 12:07:00.906 2055 2075 D UiDevice: Searching for node with selector: BySelector [TEXT='\QGet Started\E'].
06-04 12:07:04.682 2055 2075 I chatty : uid=10131(com.ustadmobile.app_android_baselineprofile) roidJUnitRunner identical 32 lines
06-04 12:07:04.785 2055 2075 D UiDevice: Searching for node with selector: BySelector [TEXT='\QGet Started\E'].
06-04 12:07:04.829 350 350 I perfetto: probes_producer.cc:329 Producer stop (id=12)
06-04 12:07:04.829 361 361 I perfetto: ng_service_impl.cc:1948 Tracing session 12 ended, total sessions:1
06-04 12:07:04.888 2055 2075 D UiDevice: Searching for node with selector: BySelector [TEXT='\QGet Started\E'].
06-04 12:07:04.952 350 350 I perfetto: probes_producer.cc:329 Producer stop (id=13)
06-04 12:07:04.952 350 350 I perfetto: ftrace_procfs.cc:183 disabled ftrace
06-04 12:07:04.952 361 361 I perfetto: ng_service_impl.cc:1948 Tracing session 13 ended, total sessions:0
06-04 12:07:04.991 2055 2075 D UiDevice: Searching for node with selector: BySelector [TEXT='\QGet Started\E'].
06-04 12:07:08.074 2055 2075 I chatty : uid=10131(com.ustadmobile.app_android_baselineprofile) roidJUnitRunner identical 30 lines
06-04 12:07:08.176 2055 2075 D UiDevice: Searching for node with selector: BySelector [TEXT='\QGet Started\E'].
06-04 12:07:08.236 1168 1844 I Dialer : OmtpVvmCarrierCfgHlpr - OmtpEvent:CONFIG_STATUS_SMS_TIME_OUT
06-04 12:07:08.236 1168 1168 I Dialer : RetryPolicy - discarding deferred status: configuration_state=4
06-04 12:07:08.237 1168 1168 I Dialer : VvmTaskExecutor - no more tasks, stopping service if no task are added in 5000 millis
06-04 12:07:08.237 1168 1168 I Dialer : VvmTaskReceiver - task received
06-04 12:07:08.237 1168 1168 I Dialer : VvmTaskReceiver - TaskExecutor already running
06-04 12:07:08.237 1168 1168 I Dialer : Task.createTask - create task:com.android.voicemail.impl.ActivationTask
06-04 12:07:08.237 1168 1168 I Dialer : RetryPolicy - retry #4 for com.android.voicemail.impl.ActivationTask@d262e17 queued, executing in 5000
06-04 12:07:08.237 1168 1168 I Dialer : VvmTaskExecutor - com.android.voicemail.impl.ActivationTask@d262e17 added
06-04 12:07:08.237 1168 1168 I Dialer : VvmTaskExecutor - minimal wait time:5000
06-04 12:07:08.237 1168 1168 I Dialer : VvmTaskExecutor - sleep for 5000 millis
06-04 12:07:08.279 2055 2075 D UiDevice: Searching for node with selector: BySelector [TEXT='\QGet Started\E'].
06-04 12:07:10.124 2055 2075 I chatty : uid=10131(com.ustadmobile.app_android_baselineprofile) roidJUnitRunner identical 18 lines
06-04 12:07:10.227 2055 2075 D UiDevice: Searching for node with selector: BySelector [TEXT='\QGet Started\E'].
06-04 12:07:11.229 2055 2075 D UiDevice: Retrieving node with selector: BySelector [TEXT='\QGet Started\E'].
06-04 12:07:11.232 2055 2075 D UiDevice: Node not found with selector: BySelector [TEXT='\QGet Started\E'].
06-04 12:07:13.246 1168 1844 I Dialer : VvmTaskExecutor - executing task com.android.voicemail.impl.ActivationTask@d262e17
06-04 12:07:13.246 1168 1844 I Dialer : PreOMigrationHandler - ComponentInfo{com.android.phone/com.android.services.telephony.TelephonyConnectionService}, ***, UserHandle{0} already migrated
06-04 12:07:13.251 1305 1879 I VoicemailNotifier: receivers for android.intent.action.PROVIDER_CHANGED :[]
06-04 12:07:13.251 1168 1844 I Dialer : VvmActivationTask - VVM content provider configured - vvm_type_cvvm
06-04 12:07:13.251 1168 1844 I Dialer : OmtpVvmCarrierCfgHlpr - OmtpEvent:CONFIG_ACTIVATING
06-04 12:07:13.252 1305 1879 I VoicemailNotifier: receivers for android.intent.action.PROVIDER_CHANGED :[]
06-04 12:07:13.254 842 1096 D SmsNumberUtils: enter filterDestAddr. destAddr="[BajqU4K5_YhSYbs-7QUn0dOwcmI]"
06-04 12:07:13.255 842 1096 D SmsNumberUtils: destAddr is not formatted.
06-04 12:07:13.255 842 1096 D SmsNumberUtils: leave filterDestAddr, new destAddr="[BajqU4K5_YhSYbs-7QUn0dOwcmI]"
06-04 12:07:16.232 2055 2075 D Benchmark: Profile Installer - Save Profile
06-04 12:07:16.239 2149 2149 I Process : Sending signal. PID: 2149 SIG: 10
06-04 12:07:16.239 2149 2149 D ProfileInstaller:
06-04 12:07:16.240 2149 2157 I n.learning_tre: Thread[3,tid=2157,WaitingInMainSignalCatcherLoop,Thread*=0x7e5233e1a010,peer=0x13781900,"Signal Catcher"]: reacting to signal 10
06-04 12:07:16.240 2149 2157 I n.learning_tre:
06-04 12:07:16.240 2149 2157 I n.learning_tre: SIGUSR1 forcing GC (no HPROF) and profile save
06-04 12:07:16.240 3256 3258 I cmd : oneway function results will be dropped but finished with status OK and parcel size 4
06-04 12:07:16.251 2149 2157 I n.learning_tre: Explicit concurrent copying GC freed 132840(4939KB) AllocSpace objects, 5(132KB) LOS objects, 49% free, 6140KB/11MB, paused 8us total 11.800ms
06-04 12:07:16.747 2055 2075 D Benchmark: Killing process com.savethechildren.learning_tree
06-04 12:07:16.747 2055 2075 D UiDevice: Executing shell command: killall com.savethechildren.learning_tree
06-04 12:07:16.772 478 775 I PackageDexOptimizer: Running dexopt (dexoptNeeded=-3) on: /data/app/~~YydvtuG-I1K6uwq-gJBazQ==/com.savethechildren.learning_tree-1CMBwdveIrDtkv3DFsnSwg==/base.apk pkg=com.savethechildren.learning_tree isa=x86_64 dexoptFlags=boot_complete,profile_guided,force,enable_hidden_api_checks targetFilter=speed-profile oatDir=/data/app/~~YydvtuG-I1K6uwq-gJBazQ==/com.savethechildren.learning_tree-1CMBwdveIrDtkv3DFsnSwg==/oat classLoaderContext=PCL[]{PCL[/system_ext/framework/androidx.window.sidecar.jar]}
06-04 12:07:16.773 380 552 V installd: DexInv: --- BEGIN '/data/app/~~YydvtuG-I1K6uwq-gJBazQ==/com.savethechildren.learning_tree-1CMBwdveIrDtkv3DFsnSwg==/base.apk' ---
06-04 12:07:16.778 3270 3270 W dex2oat32: Unexpected CPU variant for X86 using defaults: x86_64
06-04 12:07:16.850 3270 3270 I dex2oat32: /apex/com.android.art/bin/dex2oat32 --input-vdex-fd=9 --output-vdex-fd=10 --updatable-bcp-packages-file=/system/etc/updatable-bcp-packages.txt --resolve-startup-const-strings=true --max-image-block-size=524288 --compiler-filter=speed-profile --profile-file-fd=12 --classpath-dir=/data/app/~~YydvtuG-I1K6uwq-gJBazQ==/com.savethechildren.learning_tree-1CMBwdveIrDtkv3DFsnSwg== --class-loader-context=PCL[]{PCL[/system_ext/framework/androidx.window.sidecar.jar]} --generate-mini-debug-info --compilation-reason=unknown
06-04 12:07:16.850 3270 3270 I dex2oat32: setting boot class path to /apex/com.android.art/javalib/core-oj.jar:/apex/com.android.art/javalib/core-libart.jar:/apex/com.android.art/javalib/core-icu4j.jar:/apex/com.android.art/javalib/okhttp.jar:/apex/com.android.art/javalib/bouncycastle.jar:/apex/com.android.art/javalib/apache-xml.jar:/system/framework/framework.jar:/system/framework/ext.jar:/system/framework/telephony-common.jar:/system/framework/voip-common.jar:/system/framework/ims-common.jar:/system/framework/framework-atb-backward-compatibility.jar
06-04 12:07:20.804 3270 3270 W dex2oat32: Could not reserve sentinel fault page
06-04 12:07:21.455 3270 3272 W dex2oat32: Accessing hidden method Landroid/graphics/Canvas;->drawPatch(Landroid/graphics/NinePatch;Landroid/graphics/Rect;Landroid/graphics/Paint;)V (greylist-max-o, linking, denied)
06-04 12:07:21.455 3270 3272 W dex2oat32: Accessing hidden method Landroid/graphics/Canvas;->drawPatch(Landroid/graphics/NinePatch;Landroid/graphics/RectF;Landroid/graphics/Paint;)V (greylist-max-o, linking, denied)
06-04 12:07:21.459 3270 3270 W dex2oat32: Accessing hidden method Landroid/graphics/Bitmap;->getHardwareBuffer()Landroid/hardware/HardwareBuffer; (blacklist, linking, denied)
06-04 12:07:21.592 3270 3272 W dex2oat32: Accessing hidden method Landroid/app/job/JobParameters;->getStopReason()I (greylist-max-o, linking, denied)
06-04 12:07:23.349 3270 3270 I dex2oat32: Explicit concurrent copying GC freed 277749(40MB) AllocSpace objects, 0(0B) LOS objects, 49% free, 2216KB/4433KB, paused 13us total 6.349ms
06-04 12:07:23.374 3270 3270 W dex2oat32: Accessing hidden field Ljava/nio/file/FileSystemException;->file:Ljava/lang/String; (greylist-max-o, linking, denied)
06-04 12:07:23.374 3270 3270 W dex2oat32: Accessing hidden field Ljava/nio/file/FileSystemException;->other:Ljava/lang/String; (greylist-max-o, linking, denied)
06-04 12:07:23.374 3270 3270 W dex2oat32: Accessing hidden field Ljava/nio/file/InvalidPathException;->index:I (greylist-max-o, linking, denied)
06-04 12:07:23.374 3270 3270 W dex2oat32: Accessing hidden field Ljava/nio/file/InvalidPathException;->input:Ljava/lang/String; (greylist-max-o, linking, denied)
06-04 12:07:23.376 3270 3270 W dex2oat32: Accessing hidden method Landroid/graphics/Bitmap;->getHardwareBuffer()Landroid/hardware/HardwareBuffer; (blacklist, linking, denied)
06-04 12:07:23.376 3270 3270 W dex2oat32: Accessing hidden method Landroid/graphics/Canvas;->drawPatch(Landroid/graphics/NinePatch;Landroid/graphics/Rect;Landroid/graphics/Paint;)V (greylist-max-o, linking, denied)
06-04 12:07:23.376 3270 3270 W dex2oat32: Accessing hidden method Landroid/graphics/Canvas;->drawPatch(Landroid/graphics/NinePatch;Landroid/graphics/RectF;Landroid/graphics/Paint;)V (greylist-max-o, linking, denied)
06-04 12:07:23.387 3270 3270 W dex2oat32: Accessing hidden method Landroid/app/job/JobParameters;->getStopReason()I (greylist-max-o, linking, denied)
06-04 12:07:24.367 3270 3270 I dex2oat32: dex2oat took 7.589s (9.345s cpu) (threads: 2) arena alloc=3743KB (3833000B) java alloc=2232KB (2286104B) native alloc=81MB (85883632B) free=82MB (86077120B)
06-04 12:07:24.385 380 552 V installd: DexInv: --- END '/data/app/~~YydvtuG-I1K6uwq-gJBazQ==/com.savethechildren.learning_tree-1CMBwdveIrDtkv3DFsnSwg==/base.apk' (success) ---
06-04 12:07:24.391 3266 3268 I cmd : oneway function results will be dropped but finished with status OK and parcel size 4
06-04 12:07:24.403 2055 2075 D Benchmark: Reference profile location: /data/misc/profiles/ref/com.savethechildren.learning_tree/primary.prof
06-04 12:07:24.427 2055 2075 D Benchmark: APK Path: /data/app/~~YydvtuG-I1K6uwq-gJBazQ==/com.savethechildren.learning_tree-1CMBwdveIrDtkv3DFsnSwg==/base.apk
06-04 12:07:24.427 2055 2075 D Benchmark: Converting to human readable profile format
06-04 12:07:24.427 2055 2075 D Benchmark: Using profile location: /data/misc/profiles/ref/com.savethechildren.learning_tree/primary.prof
06-04 12:07:24.702 3298 3298 W profman : profman took 253.092ms
06-04 12:07:24.717 2055 2075 D Benchmark: Using profile location: /data/misc/profiles/cur/0/com.savethechildren.learning_tree/primary.prof
06-04 12:07:24.962 3309 3309 W profman : profman took 236.106ms
06-04 12:07:25.858 2055 2075 D Benchmark: Unstable profiles during iteration 9
06-04 12:07:25.858 2055 2075 D Benchmark: Killing package com.savethechildren.learning_tree
06-04 12:07:25.858 2055 2075 D Benchmark: Killing process com.savethechildren.learning_tree
06-04 12:07:25.858 2055 2075 D UiDevice: Executing shell command: killall com.savethechildren.learning_tree
06-04 12:07:25.865 2055 2075 D Benchmark: Compile iteration (10) for com.savethechildren.learning_tree
06-04 12:07:25.865 2055 2075 D UiDevice: Pressing home button.
06-04 12:07:25.875 478 498 D EventSequenceValidator: inc AccIntentStartedEvents to 2
06-04 12:07:25.875 638 638 V ShadeControllerImpl: NotificationShadeWindow: com.android.systemui.statusbar.phone.NotificationShadeWindowView{90561f7 I.E...... ......ID 0,0-1080,1920} canPanelBeCollapsed(): false
06-04 12:07:25.876 478 496 W InputReader: Device virtio_input_multi_touch_10 is associated with display ADISPLAY_ID_NONE.
06-04 12:07:25.876 478 496 W InputReader: Device virtio_input_multi_touch_7 is associated with display ADISPLAY_ID_NONE.
06-04 12:07:25.876 478 496 W InputReader: Device virtio_input_multi_touch_11 is associated with display ADISPLAY_ID_NONE.
06-04 12:07:25.876 478 496 W InputReader: Device virtio_input_multi_touch_5 is associated with display ADISPLAY_ID_NONE.
06-04 12:07:25.876 478 496 W InputReader: Device virtio_input_multi_touch_2 is associated with display ADISPLAY_ID_NONE.
06-04 12:07:25.876 478 496 W InputReader: Device virtio_input_multi_touch_6 is associated with display ADISPLAY_ID_NONE.
06-04 12:07:25.876 478 496 W InputReader: Device virtio_input_multi_touch_8 is associated with display ADISPLAY_ID_NONE.
06-04 12:07:25.876 478 496 W InputReader: Device virtio_input_multi_touch_9 is associated with display ADISPLAY_ID_NONE.
06-04 12:07:25.876 478 496 W InputReader: Device virtio_input_multi_touch_3 is associated with display ADISPLAY_ID_NONE.
06-04 12:07:25.876 478 496 W InputReader: Device virtio_input_multi_touch_4 is associated with display ADISPLAY_ID_NONE.
06-04 12:07:25.876 478 496 W InputReader: Device virtio_input_multi_touch_10 is associated with display ADISPLAY_ID_NONE.
06-04 12:07:25.876 478 496 W InputReader: Device virtio_input_multi_touch_7 is associated with display ADISPLAY_ID_NONE.
06-04 12:07:25.876 478 496 W InputReader: Device virtio_input_multi_touch_11 is associated with display ADISPLAY_ID_NONE.
06-04 12:07:25.876 478 496 W InputReader: Device virtio_input_multi_touch_5 is associated with display ADISPLAY_ID_NONE.
06-04 12:07:25.876 478 496 W InputReader: Device virtio_input_multi_touch_2 is associated with display ADISPLAY_ID_NONE.
06-04 12:07:25.876 478 496 W InputReader: Device virtio_input_multi_touch_6 is associated with display ADISPLAY_ID_NONE.
06-04 12:07:25.876 478 496 W InputReader: Device virtio_input_multi_touch_8 is associated with display ADISPLAY_ID_NONE.
06-04 12:07:25.876 478 496 W InputReader: Device virtio_input_multi_touch_9 is associated with display ADISPLAY_ID_NONE.
06-04 12:07:25.876 478 496 W InputReader: Device virtio_input_multi_touch_3 is associated with display ADISPLAY_ID_NONE.
06-04 12:07:25.876 478 496 W InputReader: Device virtio_input_multi_touch_4 is associated with display ADISPLAY_ID_NONE.
06-04 12:07:25.876 361 361 I perfetto: ing_service_impl.cc:758 Configured tracing session 14, #sources:1, duration:5000 ms, #buffers:1, total buffer size:4096 KB, total sessions:1, uid:1071 session name: ""
06-04 12:07:25.877 350 350 I perfetto: probes_producer.cc:230 Ftrace setup (target_buf=14)
06-04 12:07:25.877 987 987 D TaplTarget: Launcher.onNewIntent: Intent { act=android.intent.action.MAIN cat=[android.intent.category.HOME] flg=0x10400100 cmp=com.android.launcher3/.uioverrides.QuickstepLauncher (has extras) }
06-04 12:07:25.880 638 638 V ShadeControllerImpl: NotificationShadeWindow: com.android.systemui.statusbar.phone.NotificationShadeWindowView{90561f7 I.E...... ......ID 0,0-1080,1920} canPanelBeCollapsed(): false
06-04 12:07:25.888 350 350 I perfetto: ftrace_procfs.cc:176 enabled ftrace
06-04 12:07:25.891 273 1473 D goldfish-address-space: claimShared: Ask to claim region [0x3f775f000 0x3f7f48000]
06-04 12:07:25.892 273 1473 D goldfish-address-space: claimShared: Ask to claim region [0x3f47e9000 0x3f4fd2000]
06-04 12:07:25.896 273 1473 D goldfish-address-space: claimShared: Ask to claim region [0x3f4fd2000 0x3f57bb000]
06-04 12:07:25.900 273 1473 D goldfish-address-space: claimShared: Ask to claim region [0x3f57bb000 0x3f5fa4000]
06-04 12:07:25.908 478 504 D ArtManagerInternalImpl: /data/misc/iorapd/com.android.launcher3/30/com.android.launcher3.uioverrides.QuickstepLauncher/compiled_traces/compiled_trace.pb doesn't exist
06-04 12:07:25.909 478 498 D EventSequenceValidator: dec AccIntentStartedEvents to 1
06-04 12:07:26.652 2055 2075 I System.out: 0 Flags,IntendedVsync,Vsync,OldestInputEvent,NewestInputEvent,HandleInputStart,AnimationStart,PerformTraversalsStart,DrawStart,SyncQueued,SyncStart,IssueDrawCommandsStart,SwapBuffers,FrameCompleted,DequeueBufferDuration,QueueBufferDuration,GpuCompleted,
06-04 12:07:26.652 2055 2075 I System.out: 1 1,279206584473,279206584473,9223372036854775807,0,279207553584,279207553785,279207553965,279249355293,279249630260,279249802884,279249824705,279250714398,279251899647,18765,180951,279251729457,
06-04 12:07:26.652 2055 2075 I System.out: 2 0,279223251274,279256584606,9223372036854775807,0,279258620414,279258620804,279270524456,279270564832,279271044875,279271121308,279271144161,279271558811,279272680721,23514,148459,279273438305,
06-04 12:07:26.652 2055 2075 I System.out: 3 0,279273251522,279273251522,9223372036854775807,0,279276176864,279276177175,279297720432,279297768172,279310403950,279310448764,279310523525,279310933275,279312361992,20579,95910,279323397521,
06-04 12:07:26.652 2055 2075 I System.out: 4 0,279289918246,279306584912,9223372036854775807,0,279319362444,279319363577,279328572181,279328606636,279333690996,279333746761,279333784241,279334173704,279334957427,21891,135294,279334909697,
06-04 12:07:26.652 2055 2075 I System.out: 5 0,279323251720,279323251720,9223372036854775807,0,279336181960,279336182561,279336813166,279336845066,279337640853,279337686599,279337726704,279338826873,279341239038,1658969,233139,279339552046,
06-04 12:07:26.652 2055 2075 I System.out: 6 0,279339918456,279339918456,9223372036854775807,0,279341617901,279341618111,279342565653,279342587724,279349254169,279349356331,279349418277,279349998498,279363221511,9974385,134923,279356735566,
06-04 12:07:26.652 2055 2075 I System.out: 7 0,279356585171,279356585171,9223372036854775807,0,279357582649,279357582989,279358368085,279358388454,279365101336,279365161318,279365209329,279367392624,279374517821,6252366,123262,279373390912,
06-04 12:07:26.652 2055 2075 I System.out: 8 0,279373251964,279373251964,9223372036854775807,0,279374224740,279374225301,279375089316,279375111167,279376040093,279376083114,279376132557,279378555733,279395812691,12244753,203243,279390061397,
06-04 12:07:26.652 2055 2075 I System.out: 9 0,279389918695,279389918695,9223372036854775807,0,279390404993,279390405364,279391041660,279391064082,279391899794,279395858888,279395900817,279398955280,279415422653,13867965,91592,279406726141,
06-04 12:07:26.652 2055 2075 I System.out: 10 0,279406585451,279406585451,9223372036854775807,0,279406724849,279406725881,279412494828,279412541125,279413640231,279415464932,279415506300,279416316964,279430089440,9386309,537871,279420670150,
06-04 12:07:26.652 2055 2075 I System.out: 11 0,279423252238,279423252238,9223372036854775807,0,279424778384,279424778775,279425416514,279425441421,279426313761,279430144394,279430463834,279431480215,279444599553,10251676,166884,279440095094,
06-04 12:07:26.652 2055 2075 I System.out: 12 0,279439918916,279439918916,9223372036854775807,0,279441033889,279441034089,279441678431,279441700793,279442664435,279444648866,279444884389,279446550552,279459185298,9452223,330281,279449689744,
06-04 12:07:26.652 2055 2075 I System.out: 13 0,279456585732,279456585732,9223372036854775807,0,279457276549,279457276890,279458135945,279458158057,279459139422,279459225564,279459430870,279464087275,279475919864,9622953,208341,279473390147,
06-04 12:07:26.652 2055 2075 I System.out: 14 0,279473252539,279473252539,9223372036854775807,0,279473471450,279473471700,279474943638,279474964658,279475872955,279475956823,279476230237,279476768119,279496511121,15747820,315353,279480728515,
06-04 12:07:26.652 2055 2075 I System.out: 15 0,279489919324,279489919324,9223372036854775807,0,279494190177,279494190577,279494856239,279494884081,279496465875,279496558870,279496779706,279497887438,279511200100,9698236,253206,279501454024,
06-04 12:07:26.652 2055 2075 I System.out: 16 0,279506586160,279506586160,9223372036854775807,0,279508369908,279508370449,279509127372,279509150356,279511502328,279511595854,279511672017,279512640348,279526996150,11906467,543512,279523428122,
06-04 12:07:26.652 2055 2075 I System.out: 17 0,279523252809,279523252809,9223372036854775807,0,279523812574,279523812985,279524531937,279524561392,279527113361,279527157213,279527190686,279527639450,279543259159,13042163,729421,279540056778,
06-04 12:07:26.652 2055 2075 I System.out: 18 0,279539919531,279539919531,9223372036854775807,0,279551184922,279551185893,279551755535,279551841416,279553251527,279553914294,279554215410,279554841617,279559569677,18154,101530,279562516658,
06-04 12:07:26.652 2055 2075 I System.out: 19 0,279556586180,279556586180,9223372036854775807,0,279557526215,279557526536,279558144347,279558199811,279559295391,279559600615,279559798808,279560356577,279576330903,13734805,102403,279562565490,
06-04 12:07:26.652 2055 2075 I System.out: 20 0,279573252981,279573252981,9223372036854775807,0,279573452240,279573452531,279574691580,279574718521,279576097233,279576371559,279576567207,279576978751,279595163964,16038687,111801,279590090054,
06-04 12:07:26.652 2055 2075 I System.out: 21 0,279589919768,279589919768,9223372036854775807,0,279590123416,279590124398,279594078202,279594137043,279595120532,279595200502,279595397753,279595829605,279609431490,11437906,88447,279606706306,
06-04 12:07:26.652 2055 2075 I System.out: 22 0,279606586519,279606586519,9223372036854775807,0,279606714963,279606715925,279607976905,279608017402,279609556015,279609616498,279609659229,279610116819,279626370811,13121101,109356,279623427136,
06-04 12:07:26.652 2055 2075 I System.out: 23 0,279623253151,279623253151,9223372036854775807,0,279623442064,279623443156,279625511826,279625547072,279626679511,279626730607,279626763489,279627197125,279641137546,11007316,951429,279630093360,
06-04 12:07:26.652 2055 2075 I System.out: 24 0,279639919949,279639919949,9223372036854775807,0,279640234017,279640235190,279642616818,279642694914,279643790765,279643853894,279643891494,279644494849,279657701871,12268538,130175,279645387898,
06-04 12:07:26.652 2055 2075 I System.out: 25 0,279656586668,279656586668,9223372036854775807,0,279656899703,279656900885,279659176003,279659217040,279660055607,279660129957,279660161246,279660742048,279676296174,14656989,119164,279661602947,
06-04 12:07:26.652 2055 2075 I System.out: 26 0,279673253401,279673253401,9223372036854775807,0,279673413814,279673414846,279675635742,279675676098,279677050692,279677126735,279677158034,279677743144,279692944226,14338340,95680,279678567675,
06-04 12:07:26.652 2055 2075 I System.out: 27 0,279689920180,279689920180,9223372036854775807,0,279690074240,279690089128,279691717009,279691761472,279693190489,279693266593,279693303432,279693925882,279709518420,14748000,112371,279694724945,
06-04 12:07:26.652 2055 2075 I System.out: 28 0,279706586965,279706586965,9223372036854775807,0,279706764512,279706765354,279709832821,279709869039,279710768691,279710835366,279710865243,279711438981,279726179588,13847607,136907,279723372339,
06-04 12:07:26.652 2055 2075 I System.out: 29 0,279723253547,279723253547,9223372036854775807,0,279723415701,279723416592,279726535357,279726570182,279727449836,279727504529,279727534585,279728144983,279743039739,13948186,111380,279740105372,
06-04 12:07:26.652 2055 2075 I System.out: 30 0,279739920174,279739920174,9223372036854775807,0,279740113196,279740114138,279743174502,279743210671,279744074184,279744143955,279744174883,279744809296,279759420028,12803013,1048412,279746580627,
06-04 12:07:26.652 2055 2075 I System.out: 31 0,279756586952,279756586952,9223372036854775807,0,279756747253,279756748826,279759735221,279759771169,279760715755,279760773263,279760802969,279761463130,279774393352,11977722,120186,279762371939,
06-04 12:07:26.652 2055 2075 I System.out: 32 0,279773253723,279773253723,9223372036854775807,0,279773424280,279773425232,279774686463,279774730767,279774820575,279775902720,279775946092,279776743882,279792817765,14945662,156304,279777829052,
06-04 12:07:26.652 2055 2075 I System.out: 33 0,279789920436,279789920436,9223372036854775807,0,279790120083,279790121104,279791254445,279791285734,279792979369,279793055492,279793087382,279793704101,279807820494,12355131,997205,279795420950,
06-04 12:07:26.652 2055 2075 I System.out: 34 0,279806587184,279806587184,9223372036854775807,0,279806729793,279806730745,279809536150,279809582727,279810842686,279810902629,279810934810,279811593438,279824316801,11803243,83938,0,
06-04 12:07:26.652 2055 2075 I System.out: 35 0,279823253732,279823253732,9223372036854775807,0,279823421508,279823422850,279825012089,279825065509,279825607648,279825699401,279825738134,279826632886,279842880276,14309415,1005320,0,
