06-04 12:03:53.624 2271 2271 W dex2oat32: Accessing hidden method Landroid/graphics/Canvas;->drawPatch(Landroid/graphics/NinePatch;Landroid/graphics/RectF;Landroid/graphics/Paint;)V (greylist-max-o, linking, denied)
06-04 12:03:53.635 2271 2271 W dex2oat32: Accessing hidden method Landroid/app/job/JobParameters;->getStopReason()I (greylist-max-o, linking, denied)
06-04 12:03:54.583 2271 2271 I dex2oat32: dex2oat took 8.052s (9.788s cpu) (threads: 2) arena alloc=4101KB (4199832B) java alloc=2232KB (2286104B) native alloc=81MB (85882512B) free=82MB (86016976B)
06-04 12:03:54.597 380 380 V installd: DexInv: --- END '/data/app/~~YydvtuG-I1K6uwq-gJBazQ==/com.savethechildren.learning_tree-1CMBwdveIrDtkv3DFsnSwg==/base.apk' (success) ---
06-04 12:03:54.598 2267 2269 I cmd : oneway function results will be dropped but finished with status OK and parcel size 4
06-04 12:03:54.598 478 2273 W system_server: Long monitor contention with owner Binder:478_B (1253) at int com.android.server.pm.PackageDexOptimizer.performDexOpt(com.android.server.pm.parsing.pkg.AndroidPackage, com.android.server.pm.PackageSetting, java.lang.String[], com.android.server.pm.CompilerStats$PackageStats, com.android.server.pm.dex.PackageDexUsage$PackageUseInfo, com.android.server.pm.dex.DexoptOptions)(PackageDexOptimizer.java:156) waiters=0 in int com.android.server.pm.PackageManagerService.performDexOptInternal(com.android.server.pm.dex.DexoptOptions) for 4.080s
06-04 12:03:54.601 478 2273 I system_server: The ClassLoaderContext is a special shared library.
06-04 12:03:54.607 478 2273 I chatty : uid=1000(system) BackgroundDexOp identical 6 lines
06-04 12:03:54.608 478 2273 I system_server: The ClassLoaderContext is a special shared library.
06-04 12:03:54.609 2055 2075 D Benchmark: Reference profile location: /data/misc/profiles/ref/com.savethechildren.learning_tree/primary.prof
06-04 12:03:54.610 478 2273 I system_server: The ClassLoaderContext is a special shared library.
06-04 12:03:54.622 478 2273 I chatty : uid=1000(system) BackgroundDexOp identical 6 lines
06-04 12:03:54.622 478 2273 I system_server: The ClassLoaderContext is a special shared library.
06-04 12:03:54.623 2288 2290 I cmd : oneway function results will be dropped but finished with status OK and parcel size 4
06-04 12:03:54.624 478 2273 I system_server: The ClassLoaderContext is a special shared library.
06-04 12:03:54.626 478 2273 I chatty : uid=1000(system) BackgroundDexOp identical 2 lines
06-04 12:03:54.627 478 2273 I system_server: The ClassLoaderContext is a special shared library.
06-04 12:03:54.633 380 380 V installd: DexInv: --- BEGIN '/apex/com.android.os.statsd/javalib/service-statsd.jar' ---
06-04 12:03:54.634 2055 2075 D Benchmark: APK Path: /data/app/~~YydvtuG-I1K6uwq-gJBazQ==/com.savethechildren.learning_tree-1CMBwdveIrDtkv3DFsnSwg==/base.apk
06-04 12:03:54.634 2055 2075 D Benchmark: Converting to human readable profile format
06-04 12:03:54.634 2055 2075 D Benchmark: Using profile location: /data/misc/profiles/ref/com.savethechildren.learning_tree/primary.prof
06-04 12:03:54.642 2297 2297 W dex2oat32: Unexpected CPU variant for X86 using defaults: x86_64
06-04 12:03:54.642 2297 2297 I dex2oat32: /apex/com.android.art/bin/dex2oat32 --input-vdex-fd=-1 --output-vdex-fd=9 --updatable-bcp-packages-file=/system/etc/updatable-bcp-packages.txt --resolve-startup-const-strings=true --max-image-block-size=524288 --compiler-filter=verify --classpath-dir=/apex/com.android.os.statsd/javalib --class-loader-context=PCL[];PCL[/system/framework/com.android.location.provider.jar:/system/framework/services.jar:/system/framework/ethernet-service.jar:/apex/com.android.permission/javalib/service-permission.jar:/apex/com.android.wifi/javalib/service-wifi.jar:/apex/com.android.ipsec/javalib/android.net.ipsec.ike.jar] --generate-mini-debug-info --compact-dex-level=none --compilation-reason=boot
06-04 12:03:54.643 2297 2297 I dex2oat32: setting boot class path to /apex/com.android.art/javalib/core-oj.jar:/apex/com.android.art/javalib/core-libart.jar:/apex/com.android.art/javalib/core-icu4j.jar:/apex/com.android.art/javalib/okhttp.jar:/apex/com.android.art/javalib/bouncycastle.jar:/apex/com.android.art/javalib/apache-xml.jar:/system/framework/framework.jar:/system/framework/ext.jar:/system/framework/telephony-common.jar:/system/framework/voip-common.jar:/system/framework/ims-common.jar:/system/framework/framework-atb-backward-compatibility.jar
06-04 12:03:54.665 2297 2297 I dex2oat32: dex2oat took 22.966ms (18.834ms cpu) (threads: 2) arena alloc=0B (0B) java alloc=33KB (34600B) native alloc=874KB (895104B) free=1489KB (1525488B)
06-04 12:03:54.666 380 380 V installd: DexInv: --- END '/apex/com.android.os.statsd/javalib/service-statsd.jar' (success) ---
06-04 12:03:54.667 478 2273 I system_server: The ClassLoaderContext is a special shared library.
06-04 12:03:54.682 478 2273 I chatty : uid=1000(system) BackgroundDexOp identical 14 lines
06-04 12:03:54.683 478 2273 I system_server: The ClassLoaderContext is a special shared library.
06-04 12:03:54.683 478 2273 I PackageDexOptimizer: Running dexopt (dexoptNeeded=1) on: /data/app/~~iCxHJ2Drn2SbGXaS6nO2hA==/com.ustadmobile.app_android_baselineprofile-030n22bWPK0VR6JaR9V5vg==/base.apk pkg=com.ustadmobile.app_android_baselineprofile isa=x86_64 dexoptFlags=boot_complete,debuggable,public,enable_hidden_api_checks targetFilter=verify oatDir=/data/app/~~iCxHJ2Drn2SbGXaS6nO2hA==/com.ustadmobile.app_android_baselineprofile-030n22bWPK0VR6JaR9V5vg==/oat classLoaderContext=PCL[]{PCL[/system/framework/android.test.base.jar]#PCL[/system/framework/android.test.mock.jar]{PCL[/system/framework/android.test.base.jar]}#PCL[/system/framework/android.test.runner.jar]{PCL[/system/framework/android.test.base.jar]#PCL[/system/framework/android.test.mock.jar]{PCL[/system/framework/android.test.base.jar]}}}
06-04 12:03:54.684 380 380 V installd: DexInv: --- BEGIN '/data/app/~~iCxHJ2Drn2SbGXaS6nO2hA==/com.ustadmobile.app_android_baselineprofile-030n22bWPK0VR6JaR9V5vg==/base.apk' ---
06-04 12:03:54.689 2306 2306 W dex2oat32: Unexpected CPU variant for X86 using defaults: x86_64
06-04 12:03:54.689 2306 2306 I dex2oat32: /apex/com.android.art/bin/dex2oat32 --input-vdex-fd=-1 --output-vdex-fd=9 --updatable-bcp-packages-file=/system/etc/updatable-bcp-packages.txt --resolve-startup-const-strings=true --max-image-block-size=524288 --compiler-filter=verify --debuggable --classpath-dir=/data/app/~~iCxHJ2Drn2SbGXaS6nO2hA==/com.ustadmobile.app_android_baselineprofile-030n22bWPK0VR6JaR9V5vg== --class-loader-context=PCL[]{PCL[/system/framework/android.test.base.jar]#PCL[/system/framework/android.test.mock.jar]{PCL[/system/framework/android.test.base.jar]}#PCL[/system/framework/android.test.runner.jar]{PCL[/system/framework/android.test.base.jar]#PCL[/system/framework/android.test.mock.jar]{PCL[/system/framework/android.test.base.jar]}}} --generate-mini-debug-info --compact-dex-level=none --compilation-reason=boot
06-04 12:03:54.690 2306 2306 I dex2oat32: setting boot class path to /apex/com.android.art/javalib/core-oj.jar:/apex/com.android.art/javalib/core-libart.jar:/apex/com.android.art/javalib/core-icu4j.jar:/apex/com.android.art/javalib/okhttp.jar:/apex/com.android.art/javalib/bouncycastle.jar:/apex/com.android.art/javalib/apache-xml.jar:/system/framework/framework.jar:/system/framework/ext.jar:/system/framework/telephony-common.jar:/system/framework/voip-common.jar:/system/framework/ims-common.jar:/system/framework/framework-atb-backward-compatibility.jar
06-04 12:03:54.724 2306 2306 W dex2oat32: Could not reserve sentinel fault page
06-04 12:03:54.768 2306 2306 W dex2oat32: Accessing hidden method Landroid/graphics/Bitmap;->getHardwareBuffer()Landroid/hardware/HardwareBuffer; (blacklist, linking, denied)
06-04 12:03:54.914 2302 2302 W profman : profman took 270.542ms
06-04 12:03:54.929 2306 2306 I dex2oat32: Explicit concurrent copying GC freed 21265(3399KB) AllocSpace objects, 0(0B) LOS objects, 96% free, 56KB/1592KB, paused 12us total 3.058ms
06-04 12:03:54.930 2306 2306 I dex2oat32: Explicit concurrent copying GC freed 205(31KB) AllocSpace objects, 0(0B) LOS objects, 96% free, 57KB/1593KB, paused 5us total 882us
06-04 12:03:54.932 2306 2306 I dex2oat32: Explicit concurrent copying GC freed 182(31KB) AllocSpace objects, 0(0B) LOS objects, 96% free, 58KB/1594KB, paused 4us total 801us
06-04 12:03:54.945 2306 2306 I dex2oat32: dex2oat took 256.523ms (240.216ms cpu) (threads: 2) arena alloc=0B (0B) java alloc=58KB (59696B) native alloc=4061KB (4158944B) free=1644KB (1683520B)
06-04 12:03:54.947 2055 2075 D Benchmark: Using profile location: /data/misc/profiles/cur/0/com.savethechildren.learning_tree/primary.prof
06-04 12:03:54.948 380 380 V installd: DexInv: --- END '/data/app/~~iCxHJ2Drn2SbGXaS6nO2hA==/com.ustadmobile.app_android_baselineprofile-030n22bWPK0VR6JaR9V5vg==/base.apk' (success) ---
06-04 12:03:54.959 478 2273 I system_server: The ClassLoaderContext is a special shared library.
06-04 12:03:55.019 478 2273 I chatty : uid=1000(system) BackgroundDexOp identical 53 lines
06-04 12:03:55.020 478 2273 I system_server: The ClassLoaderContext is a special shared library.
06-04 12:03:55.020 478 2273 I BackgroundDexOptService: Pinning optimized code {android, com.ustadmobile.app_android_baselineprofile}
06-04 12:03:55.020 478 2273 D IorapForwardingService: onPackagesUpdated: android
06-04 12:03:55.021 478 2273 D IorapForwardingService: onPackagesUpdated: com.ustadmobile.app_android_baselineprofile
06-04 12:03:55.176 2322 2322 W profman : profman took 214.381ms
06-04 12:03:55.535 2055 2075 D Benchmark: Killing package com.savethechildren.learning_tree
06-04 12:03:55.535 2055 2075 D Benchmark: Killing process com.savethechildren.learning_tree
06-04 12:03:55.535 2055 2075 D UiDevice: Executing shell command: killall com.savethechildren.learning_tree
06-04 12:03:55.547 2055 2075 D Benchmark: Compile iteration (2) for com.savethechildren.learning_tree
06-04 12:03:55.547 2055 2075 D UiDevice: Pressing home button.
06-04 12:03:55.558 478 498 D EventSequenceValidator: inc AccIntentStartedEvents to 2
06-04 12:03:55.559 478 496 W InputReader: Device virtio_input_multi_touch_10 is associated with display ADISPLAY_ID_NONE.
06-04 12:03:55.559 478 496 W InputReader: Device virtio_input_multi_touch_7 is associated with display ADISPLAY_ID_NONE.
06-04 12:03:55.559 478 496 W InputReader: Device virtio_input_multi_touch_11 is associated with display ADISPLAY_ID_NONE.
06-04 12:03:55.559 478 496 W InputReader: Device virtio_input_multi_touch_5 is associated with display ADISPLAY_ID_NONE.
06-04 12:03:55.559 478 496 W InputReader: Device virtio_input_multi_touch_2 is associated with display ADISPLAY_ID_NONE.
06-04 12:03:55.559 638 638 V ShadeControllerImpl: NotificationShadeWindow: com.android.systemui.statusbar.phone.NotificationShadeWindowView{90561f7 I.E...... ......ID 0,0-1080,1920} canPanelBeCollapsed(): false
06-04 12:03:55.559 478 496 W InputReader: Device virtio_input_multi_touch_6 is associated with display ADISPLAY_ID_NONE.
06-04 12:03:55.559 478 496 W InputReader: Device virtio_input_multi_touch_8 is associated with display ADISPLAY_ID_NONE.
06-04 12:03:55.559 478 496 W InputReader: Device virtio_input_multi_touch_9 is associated with display ADISPLAY_ID_NONE.
06-04 12:03:55.559 478 496 W InputReader: Device virtio_input_multi_touch_3 is associated with display ADISPLAY_ID_NONE.
06-04 12:03:55.559 478 496 W InputReader: Device virtio_input_multi_touch_4 is associated with display ADISPLAY_ID_NONE.
06-04 12:03:55.559 478 496 W InputReader: Device virtio_input_multi_touch_10 is associated with display ADISPLAY_ID_NONE.
06-04 12:03:55.559 478 496 W InputReader: Device virtio_input_multi_touch_7 is associated with display ADISPLAY_ID_NONE.
06-04 12:03:55.559 478 496 W InputReader: Device virtio_input_multi_touch_11 is associated with display ADISPLAY_ID_NONE.
06-04 12:03:55.559 478 496 W InputReader: Device virtio_input_multi_touch_5 is associated with display ADISPLAY_ID_NONE.
06-04 12:03:55.559 478 496 W InputReader: Device virtio_input_multi_touch_2 is associated with display ADISPLAY_ID_NONE.
06-04 12:03:55.559 478 496 W InputReader: Device virtio_input_multi_touch_6 is associated with display ADISPLAY_ID_NONE.
06-04 12:03:55.559 478 496 W InputReader: Device virtio_input_multi_touch_8 is associated with display ADISPLAY_ID_NONE.
06-04 12:03:55.559 478 496 W InputReader: Device virtio_input_multi_touch_9 is associated with display ADISPLAY_ID_NONE.
06-04 12:03:55.559 478 496 W InputReader: Device virtio_input_multi_touch_3 is associated with display ADISPLAY_ID_NONE.
06-04 12:03:55.559 478 496 W InputReader: Device virtio_input_multi_touch_4 is associated with display ADISPLAY_ID_NONE.
06-04 12:03:55.567 842 854 I m.android.phon: JIT allocated 75KB for compiled code of boolean com.android.internal.telephony.ITelephony$Stub.onTransact(int, android.os.Parcel, android.os.Parcel, int)
06-04 12:03:55.568 842 854 I m.android.phon: Compiler allocated 4900KB to compile boolean com.android.internal.telephony.ITelephony$Stub.onTransact(int, android.os.Parcel, android.os.Parcel, int)
06-04 12:03:55.574 987 987 D TaplTarget: Launcher.onNewIntent: Intent { act=android.intent.action.MAIN cat=[android.intent.category.HOME] flg=0x10400100 cmp=com.android.launcher3/.uioverrides.QuickstepLauncher (has extras) }
06-04 12:03:55.575 638 638 V ShadeControllerImpl: NotificationShadeWindow: com.android.systemui.statusbar.phone.NotificationShadeWindowView{90561f7 I.E...... ......ID 0,0-1080,1920} canPanelBeCollapsed(): false
06-04 12:03:55.592 273 1473 D goldfish-address-space: claimShared: Ask to claim region [0x3f90e9000 0x3f98d2000]
06-04 12:03:55.593 273 1473 D goldfish-address-space: claimShared: Ask to claim region [0x3fb08d000 0x3fb876000]
06-04 12:03:55.593 273 1473 D goldfish-address-space: claimShared: Ask to claim region [0x3f8000000 0x3f87e9000]
06-04 12:03:55.604 295 810 D PermissionCache: checking android.permission.READ_FRAME_BUFFER for uid=1000 => granted (50 us)
06-04 12:03:55.604 273 1473 D goldfish-address-space: claimShared: Ask to claim region [0x3f87e9000 0x3f8fd2000]
06-04 12:03:55.675 478 504 D ArtManagerInternalImpl: /data/misc/iorapd/com.android.launcher3/30/com.android.launcher3.uioverrides.QuickstepLauncher/compiled_traces/compiled_trace.pb doesn't exist
06-04 12:03:55.681 478 498 D EventSequenceValidator: dec AccIntentStartedEvents to 1
06-04 12:03:55.796 2055 2075 I System.out: 0 Flags,IntendedVsync,Vsync,OldestInputEvent,NewestInputEvent,HandleInputStart,AnimationStart,PerformTraversalsStart,DrawStart,SyncQueued,SyncStart,IssueDrawCommandsStart,SwapBuffers,FrameCompleted,DequeueBufferDuration,QueueBufferDuration,GpuCompleted,
06-04 12:03:55.796 2055 2075 I System.out: 1 1,68172034639,68172034639,9223372036854775807,0,68175149240,68175150192,68175150292,68519122210,68525199657,68527364017,68527439809,68682965398,68747324330,46657,478300,68747100108,
06-04 12:03:55.796 2055 2075 I System.out: 2 0,68188701305,68788701281,9223372036854775807,0,68795144404,68795145917,68813401783,68813456977,68814488767,68816645241,68825561336,68829719434,68838635349,19487,101651,68838482130,
06-04 12:03:55.796 2055 2075 I System.out: 3 0,68822226778,68838893444,9223372036854775807,0,68853796345,68853796846,68854542458,68854576562,68854695806,68855431530,68855449253,68856166271,68881771927,22011,185719,68889088444,
06-04 12:03:55.796 2055 2075 I System.out: 4 0,69022404381,69022404381,9223372036854775807,0,69027818292,69027818583,69101253309,69101302752,69123620686,69124368632,69124419328,69125285146,69132968222,24506,164069,69139562130,
06-04 12:03:55.796 2055 2075 I System.out: 5 0,69105751086,69122417752,9223372036854775807,0,69127858244,69127859376,69149211954,69149270073,69164596611,69164729762,69164776900,69165578267,69167394903,35878,588346,69167328969,
06-04 12:03:55.796 2055 2075 I System.out: 6 0,69139107570,69172440902,9223372036854775807,0,69183889307,69183890138,69186135099,69188395590,69191549780,69191643507,69191706395,69644249455,69687658014,54242,299894,69687561503,
06-04 12:03:55.796 2055 2075 I System.out: 7 0,69189132985,69189132985,9223372036854775807,0,69192068897,69192069187,69192909898,69192939373,69194878770,69687720973,69687774383,69702866290,69706704897,57848,2393631,0,
06-04 12:03:55.796 2055 2075 I System.out: 8 0,69205812048,69672478696,9223372036854775807,0,69688254456,69688254897,69695161894,69695215154,69700960166,69706762776,69712249763,69713555318,69717591637,21531,171262,0,
06-04 12:03:55.796 2055 2075 I System.out: 9 0,69689215630,69705882296,9223372036854775807,0,69709930492,69709931284,69711125439,69711157900,69711998611,69717632775,69717850594,69718668292,69730271529,7400034,256723,0,
06-04 12:03:55.796 2055 2075 I System.out: 10 8,69722560122,69722560122,9223372036854775807,0,69722707026,69722707947,69722708038,69722757170,69722767299,69730371647,0,0,0,0,0,0,
06-04 12:03:55.796 2055 2075 D Benchmark: Starting activity with command: am start -W "intent:#Intent;action=android.intent.action.MAIN;category=android.intent.category.LAUNCHER;launchFlags=0x10008000;package=com.savethechildren.learning_tree;component=com.savethechildren.learning_tree/com.ustadmobile.port.android.view.AppActivity;end"
06-04 12:03:55.818 478 498 D EventSequenceValidator: inc AccIntentStartedEvents to 2
06-04 12:03:55.824 478 498 D EventSequenceValidator: dec AccIntentStartedEvents to 1
06-04 12:03:55.841 273 1473 D goldfish-address-space: claimShared: Ask to claim region [0x3ff274000 0x3ffa5d000]
06-04 12:03:55.843 478 1253 W InputReader: Device virtio_input_multi_touch_10 is associated with display ADISPLAY_ID_NONE.
06-04 12:03:55.843 478 1253 W InputReader: Device virtio_input_multi_touch_7 is associated with display ADISPLAY_ID_NONE.
06-04 12:03:55.843 478 1253 W InputReader: Device virtio_input_multi_touch_11 is associated with display ADISPLAY_ID_NONE.
06-04 12:03:55.843 478 1253 W InputReader: Device virtio_input_multi_touch_5 is associated with display ADISPLAY_ID_NONE.
06-04 12:03:55.843 478 1253 W InputReader: Device virtio_input_multi_touch_2 is associated with display ADISPLAY_ID_NONE.
06-04 12:03:55.843 478 1253 W InputReader: Device virtio_input_multi_touch_6 is associated with display ADISPLAY_ID_NONE.
06-04 12:03:55.843 478 1253 W InputReader: Device virtio_input_multi_touch_8 is associated with display ADISPLAY_ID_NONE.
06-04 12:03:55.843 478 1253 W InputReader: Device virtio_input_multi_touch_9 is associated with display ADISPLAY_ID_NONE.
06-04 12:03:55.843 478 1253 W InputReader: Device virtio_input_multi_touch_3 is associated with display ADISPLAY_ID_NONE.
06-04 12:03:55.843 478 1253 W InputReader: Device virtio_input_multi_touch_4 is associated with display ADISPLAY_ID_NONE.
06-04 12:03:55.843 478 1253 W InputReader: Device virtio_input_multi_touch_10 is associated with display ADISPLAY_ID_NONE.
06-04 12:03:55.843 478 1253 W InputReader: Device virtio_input_multi_touch_7 is associated with display ADISPLAY_ID_NONE.
06-04 12:03:55.843 478 1253 W InputReader: Device virtio_input_multi_touch_11 is associated with display ADISPLAY_ID_NONE.
06-04 12:03:55.843 478 1253 W InputReader: Device virtio_input_multi_touch_5 is associated with display ADISPLAY_ID_NONE.
06-04 12:03:55.843 478 1253 W InputReader: Device virtio_input_multi_touch_2 is associated with display ADISPLAY_ID_NONE.
06-04 12:03:55.843 478 1253 W InputReader: Device virtio_input_multi_touch_6 is associated with display ADISPLAY_ID_NONE.
06-04 12:03:55.843 478 1253 W InputReader: Device virtio_input_multi_touch_8 is associated with display ADISPLAY_ID_NONE.
06-04 12:03:55.843 478 1253 W InputReader: Device virtio_input_multi_touch_9 is associated with display ADISPLAY_ID_NONE.
06-04 12:03:55.843 478 1253 W InputReader: Device virtio_input_multi_touch_3 is associated with display ADISPLAY_ID_NONE.
06-04 12:03:55.843 478 1253 W InputReader: Device virtio_input_multi_touch_4 is associated with display ADISPLAY_ID_NONE.
06-04 12:03:55.866 2149 2149 W CustomTabsClient: Unable to find any Custom Tabs packages, you may need to add a element to your manifest. See the docs for CustomTabsClient#getPackageName.
06-04 12:03:55.866 2149 2149 W AppActivity$bindCustomTabsService: CustomTabs: Service NOT supported
06-04 12:03:55.901 478 572 D UntrustedWifiNetworkFactory: got request NetworkRequest [ TRACK_DEFAULT id=21, [ Capabilities: INTERNET&NOT_RESTRICTED&TRUSTED Uid: 10130 AdministratorUids: [] RequestorUid: 10130 RequestorPackageName: com.savethechildren.learning_tree] ] with score 60 and providerId 3
06-04 12:03:55.901 478 572 D WifiNetworkFactory: got request NetworkRequest [ TRACK_DEFAULT id=21, [ Capabilities: INTERNET&NOT_RESTRICTED&TRUSTED Uid: 10130 AdministratorUids: [] RequestorUid: 10130 RequestorPackageName: com.savethechildren.learning_tree] ] with score 60 and providerId 3
06-04 12:03:55.901 842 842 D PhoneSwitcherNetworkRequstListener: got request NetworkRequest [ TRACK_DEFAULT id=21, [ Capabilities: INTERNET&NOT_RESTRICTED&TRUSTED Uid: 10130 AdministratorUids: [] RequestorUid: 10130 RequestorPackageName: com.savethechildren.learning_tree] ] with score 60 and providerId 3
06-04 12:03:55.903 295 295 E Layer : [Surface(name=Task=6)/@0xe583fb0 - animation-leash#0] No local sync point found
06-04 12:03:55.903 295 295 E Layer : [Surface(name=Task=6)/@0xe583fb0 - animation-leash#0] No local sync point found
06-04 12:03:55.903 295 295 E Layer : [Surface(name=Task=1)/@0x31e6f4f - animation-leash#0] No local sync point found
06-04 12:03:55.903 295 295 E Layer : [Surface(name=Task=1)/@0x31e6f4f - animation-leash#0] No local sync point found
06-04 12:03:55.909 638 638 V KeyguardUpdateMonitor: onSubscriptionInfoChanged()
06-04 12:03:55.910 638 638 V KeyguardUpdateMonitor: SubInfo:{id=1 iccId=89014103211118510720 simSlotIndex=0 carrierId=1 displayName=T-Mobile carrierName=T-Mobile nameSource=3 iconTint=-16746133 number=+15555215554 dataRoaming=0 iconBitmap=android.graphics.Bitmap@e2d51d mcc=310 mnc=260 countryIso=us isEmbedded=false nativeAccessRules=null cardString=89014103211118510720 cardId=-1 isOpportunistic=false groupUUID=null isGroupDisabled=false profileClass=-1 ehplmns=null hplmns=null subscriptionType=0 groupOwner=null carrierConfigAccessRules=null areUiccApplicationsEnabled=true}
06-04 12:03:55.910 842 842 D Telephony: isEmergencyPreferredAccount: subId=1, activeData=1
06-04 12:03:55.910 842 842 D Telephony: isEmergencyPreferredAccount: Device does not require preference.
06-04 12:03:55.917 273 1473 D goldfish-address-space: claimShared: Ask to claim region [0x3fe6d7000 0x3feec0000]
06-04 12:03:55.918 273 1473 D goldfish-address-space: claimShared: Ask to claim region [0x3fc7e9000 0x3fcfd2000]
06-04 12:03:55.918 273 1473 D goldfish-address-space: claimShared: Ask to claim region [0x3fcfd2000 0x3fd7bb000]
06-04 12:03:55.919 295 295 E Layer : [Surface(name=Task=6)/@0xe583fb0 - animation-leash#0] No local sync point found
06-04 12:03:55.919 295 295 E Layer : [Surface(name=Task=1)/@0x31e6f4f - animation-leash#0] No local sync point found
06-04 12:03:55.936 295 295 E Layer : [Surface(name=Task=6)/@0xe583fb0 - animation-leash#0] No local sync point found
06-04 12:03:55.936 295 295 E Layer : [Surface(name=Task=1)/@0x31e6f4f - animation-leash#0] No local sync point found
06-04 12:03:55.945 2149 2149 D UstadViewModelFunKt$ustadViewModel$viewModel$invoke: ustadViewModel(): create viewmodel for: com.ustadmobile.core.viewmodel.redirect.RedirectViewModel
06-04 12:03:55.949 478 504 I ActivityTaskManager: Displayed com.savethechildren.learning_tree/com.ustadmobile.port.android.view.AppActivity: +111ms
06-04 12:03:55.970 2149 2149 D UstadNavControllerPreCompose$onCollectNavCommand: NavCommandEffect: Navigate: Go to AddAccountSelectNewOrExisting
06-04 12:03:55.981 2149 2149 D UstadViewModelFunKt$ustadViewModel$viewModel$invoke: ustadViewModel(): create viewmodel for: com.ustadmobile.core.viewmodel.account.addaccountselectneworexisting.AddAccountSelectNewOrExistingViewModel
06-04 12:03:55.982 2055 2075 D Benchmark: Result: Starting: Intent { act=android.intent.action.MAIN cat=[android.intent.category.LAUNCHER] flg=0x10008000 pkg=com.savethechildren.learning_tree cmp=com.savethechildren.learning_tree/com.ustadmobile.port.android.view.AppActivity }
06-04 12:03:55.982 2055 2075 D Benchmark: Status: ok
06-04 12:03:55.982 2055 2075 D Benchmark: LaunchState: WARM
06-04 12:03:55.982 2055 2075 D Benchmark: Activity: com.savethechildren.learning_tree/com.ustadmobile.port.android.view.AppActivity
06-04 12:03:55.982 2055 2075 D Benchmark: TotalTime: 111
06-04 12:03:55.982 2055 2075 D Benchmark: WaitTime: 112
06-04 12:03:55.982 2055 2075 D Benchmark: Complete
06-04 12:03:55.987 2149 2149 W GooglePlayServicesUtil: com.savethechildren.learning_tree requires the Google Play Store, but it is missing.
06-04 12:03:55.987 2149 2149 W PlayServicesImpl: Connection with Google Play Services was not successful. Connection result is: ConnectionResult{statusCode=SERVICE_INVALID, resolution=null, message=null}
06-04 12:03:55.987 2149 2149 E AddAccountSelectNewOrExistingViewModel$getCredentials$invokeSuspend: Error occurred: Failed to get credential: getCredentialAsync no provider dependencies found - please ensure the desired provider dependencies are added
06-04 12:03:56.087 2055 2075 I System.out: 0 Flags,IntendedVsync,Vsync,OldestInputEvent,NewestInputEvent,HandleInputStart,AnimationStart,PerformTraversalsStart,DrawStart,SyncQueued,SyncStart,IssueDrawCommandsStart,SwapBuffers,FrameCompleted,DequeueBufferDuration,QueueBufferDuration,GpuCompleted,
06-04 12:03:56.087 2055 2075 I System.out: 1 1,68172034639,68172034639,9223372036854775807,0,68175149240,68175150192,68175150292,68519122210,68525199657,68527364017,68527439809,68682965398,68747324330,46657,478300,68747100108,
06-04 12:03:56.087 2055 2075 I System.out: 2 0,68188701305,68788701281,9223372036854775807,0,68795144404,68795145917,68813401783,68813456977,68814488767,68816645241,68825561336,68829719434,68838635349,19487,101651,68838482130,
06-04 12:03:56.087 2055 2075 I System.out: 3 0,68822226778,68838893444,9223372036854775807,0,68853796345,68853796846,68854542458,68854576562,68854695806,68855431530,68855449253,68856166271,68881771927,22011,185719,68889088444,
06-04 12:03:56.087 2055 2075 I System.out: 4 0,69022404381,69022404381,9223372036854775807,0,69027818292,69027818583,69101253309,69101302752,69123620686,69124368632,69124419328,69125285146,69132968222,24506,164069,69139562130,
06-04 12:03:56.087 2055 2075 I System.out: 5 0,69105751086,69122417752,9223372036854775807,0,69127858244,69127859376,69149211954,69149270073,69164596611,69164729762,69164776900,69165578267,69167394903,35878,588346,69167328969,
06-04 12:03:56.087 2055 2075 I System.out: 6 0,69139107570,69172440902,9223372036854775807,0,69183889307,69183890138,69186135099,69188395590,69191549780,69191643507,69191706395,69644249455,69687658014,54242,299894,69687561503,
06-04 12:03:56.087 2055 2075 I System.out: 7 0,69189132985,69189132985,9223372036854775807,0,69192068897,69192069187,69192909898,69192939373,69194878770,69687720973,69687774383,69702866290,69706704897,57848,2393631,0,
06-04 12:03:56.087 2055 2075 I System.out: 8 0,69205812048,69672478696,9223372036854775807,0,69688254456,69688254897,69695161894,69695215154,69700960166,69706762776,69712249763,69713555318,69717591637,21531,171262,0,
06-04 12:03:56.087 2055 2075 I System.out: 9 0,69689215630,69705882296,9223372036854775807,0,69709930492,69709931284,69711125439,69711157900,69711998611,69717632775,69717850594,69718668292,69730271529,7400034,256723,0,
06-04 12:03:56.087 2055 2075 I System.out: 10 8,69722560122,69722560122,9223372036854775807,0,69722707026,69722707947,69722708038,69722757170,69722767299,69730371647,0,0,0,0,0,0,
06-04 12:03:56.087 2055 2075 I System.out: 0 Flags,IntendedVsync,Vsync,OldestInputEvent,NewestInputEvent,HandleInputStart,AnimationStart,PerformTraversalsStart,DrawStart,SyncQueued,SyncStart,IssueDrawCommandsStart,SwapBuffers,FrameCompleted,DequeueBufferDuration,QueueBufferDuration,GpuCompleted,
06-04 12:03:56.087 2055 2075 I System.out: 1 1,95106095900,95106095900,9223372036854775807,0,95106210160,95106210762,95106210882,95154978688,95155318287,95155508384,95155522721,95159212559,95164906796,21460,554353,25,
06-04 12:03:56.087 2055 2075 I System.out: 2 0,95106095900,95156095898,9223372036854775807,0,95170348026,95170349028,95187060811,95187091308,95187718397,95187780915,95187799239,95188278981,95199954034,19967,99847,0,
06-04 12:03:56.087 2055 2075 I System.out: 3 0,95189459724,95206126390,9223372036854775807,0,95207995123,95207995433,95243264939,95243299274,95253522897,95253588050,95253615271,95254096786,95257252910,21550,104437,0,
06-04 12:03:56.088 2055 2075 D UiDevice: Waiting 10000ms for SearchCondition[hasObject=BySelector [TEXT='\QGet Started\E']].
06-04 12:03:56.088 2055 2075 D UiDevice: Searching for node with selector: BySelector [TEXT='\QGet Started\E'].
06-04 12:03:56.191 987 987 D TaplTarget: sendStateEventToTest: 0
06-04 12:03:56.191 987 987 D RecentsOrientedState: current RecentsOrientedState: [this=RecentsOrientedState@5c28903 mOrientationHandler=PortraitPagedViewHandler@4e57080 mDisplayRotation=0 mTouchRotation=0 mRecentsActivityRotation=0 isRecentsActivityRotationAllowed=false mSystemRotation=true mFlags=299]
06-04 12:03:56.191 987 987 I chatty : uid=10118(com.android.launcher3) identical 2 lines
06-04 12:03:56.191 987 987 D RecentsOrientedState: current RecentsOrientedState: [this=RecentsOrientedState@5c28903 mOrientationHandler=PortraitPagedViewHandler@4e57080 mDisplayRotation=0 mTouchRotation=0 mRecentsActivityRotation=0 isRecentsActivityRotationAllowed=false mSystemRotation=true mFlags=299]
06-04 12:03:56.198 478 2384 D libEGL : loaded /vendor/lib64/egl/libEGL_emulation.so
06-04 12:03:56.199 478 2384 D libEGL : loaded /vendor/lib64/egl/libGLESv1_CM_emulation.so
06-04 12:03:56.200 478 2384 D libEGL : loaded /vendor/lib64/egl/libGLESv2_emulation.so
06-04 12:03:56.209 478 2384 D HostConnection: HostConnection::get() New Host Connection established 0x7e5153e1c150, tid 2384
06-04 12:03:56.210 478 2384 D HostConnection: HostComposition ext ANDROID_EMU_CHECKSUM_HELPER_v1 ANDROID_EMU_native_sync_v2 ANDROID_EMU_dma_v1 ANDROID_EMU_direct_mem ANDROID_EMU_host_composition_v1 ANDROID_EMU_host_composition_v2 ANDROID_EMU_vulkan ANDROID_EMU_deferred_vulkan_commands ANDROID_EMU_vulkan_null_optional_strings ANDROID_EMU_vulkan_create_resources_with_requirements ANDROID_EMU_YUV_Cache ANDROID_EMU_vulkan_ignored_handles ANDROID_EMU_has_shared_slots_host_memory_allocator ANDROID_EMU_vulkan_free_memory_sync ANDROID_EMU_vulkan_shader_float16_int8 ANDROID_EMU_vulkan_async_queue_submit ANDROID_EMU_sync_buffer_data ANDROID_EMU_vulkan_async_qsri ANDROID_EMU_read_color_buffer_dma GL_OES_EGL_image_external_essl3 GL_OES_vertex_array_object GL_KHR_texture_compression_astc_ldr ANDROID_EMU_host_side_tracing ANDROID_EMU_gles_max_version_3_0
06-04 12:03:56.211 142 142 I hwservicemanager: getTransport: Cannot find entry android.hardware.configstore@1.0::ISurfaceFlingerConfigs/default in either framework or device manifest.
06-04 12:03:56.211 2149 2149 D AppActivity$onDestroy: AppActivity#onDestroy
06-04 12:03:56.212 478 2384 D EGL_emulation: eglCreateContext: 0x7e5143e99e90: maj 3 min 0 rcv 3
06-04 12:03:56.212 478 2384 D EGL_emulation: eglMakeCurrent: 0x7e5143e99e90: ver 3 0 (tinfo 0x7e50e3eba1e0) (first time)
06-04 12:03:56.808 2055 2075 D UiDevice: Searching for node with selector: BySelector [TEXT='\QGet Started\E'].
06-04 12:03:57.914 2055 2075 I chatty : uid=10131(com.ustadmobile.app_android_baselineprofile) roidJUnitRunner identical 6 lines
06-04 12:03:58.018 2055 2075 D UiDevice: Searching for node with selector: BySelector [TEXT='\QGet Started\E'].
06-04 12:03:58.034 1168 1844 I Dialer : VvmTaskExecutor - executing task com.android.voicemail.impl.ActivationTask@84f917d
06-04 12:03:58.034 1168 1844 I Dialer : PreOMigrationHandler - ComponentInfo{com.android.phone/com.android.services.telephony.TelephonyConnectionService}, ***, UserHandle{0} already migrated
06-04 12:03:58.062 1305 1879 I VoicemailNotifier: receivers for android.intent.action.PROVIDER_CHANGED :[]
06-04 12:03:58.063 1168 1844 I Dialer : VvmActivationTask - VVM content provider configured - vvm_type_cvvm
06-04 12:03:58.063 1168 1844 I Dialer : OmtpVvmCarrierCfgHlpr - OmtpEvent:CONFIG_ACTIVATING
06-04 12:03:58.064 1305 1879 I VoicemailNotifier: receivers for android.intent.action.PROVIDER_CHANGED :[]
06-04 12:03:58.067 842 1100 D SmsNumberUtils: enter filterDestAddr. destAddr="[BajqU4K5_YhSYbs-7QUn0dOwcmI]"
06-04 12:03:58.068 842 1100 D SmsNumberUtils: destAddr is not formatted.
06-04 12:03:58.068 842 1100 D SmsNumberUtils: leave filterDestAddr, new destAddr="[BajqU4K5_YhSYbs-7QUn0dOwcmI]"
06-04 12:03:58.121 2055 2075 D UiDevice: Searching for node with selector: BySelector [TEXT='\QGet Started\E'].
06-04 12:03:58.946 2055 2075 I chatty : uid=10131(com.ustadmobile.app_android_baselineprofile) roidJUnitRunner identical 8 lines
06-04 12:03:59.050 2055 2075 D UiDevice: Searching for node with selector: BySelector [TEXT='\QGet Started\E'].
06-04 12:03:59.051 2149 2170 D UstadCache: CacheTrimmer: Trim cache run: max (evictable) size = 100000000 bytes
06-04 12:03:59.057 2149 2170 V UstadCache: CacheTrimmer: deleting
06-04 12:03:59.153 2055 2075 D UiDevice: Searching for node with selector: BySelector [TEXT='\QGet Started\E'].
06-04 12:03:59.874 2055 2075 I chatty : uid=10131(com.ustadmobile.app_android_baselineprofile) roidJUnitRunner identical 7 lines
06-04 12:03:59.977 2055 2075 D UiDevice: Searching for node with selector: BySelector [TEXT='\QGet Started\E'].
06-04 12:04:00.002 638 638 D KeyguardClockSwitch: Updating clock: 1204
06-04 12:04:00.079 2055 2075 D UiDevice: Searching for node with selector: BySelector [TEXT='\QGet Started\E'].
06-04 12:04:06.060 2055 2075 I chatty : uid=10131(com.ustadmobile.app_android_baselineprofile) roidJUnitRunner identical 53 lines
06-04 12:04:06.163 2055 2075 D UiDevice: Searching for node with selector: BySelector [TEXT='\QGet Started\E'].
06-04 12:04:07.166 2055 2075 D UiDevice: Retrieving node with selector: BySelector [TEXT='\QGet Started\E'].
06-04 12:04:07.168 2055 2075 D UiDevice: Node not found with selector: BySelector [TEXT='\QGet Started\E'].
06-04 12:04:07.650 478 776 D WifiNl80211Manager: Scan result ready event
06-04 12:04:07.650 478 776 D WifiNative: Scan result ready event
06-04 12:04:12.169 2055 2075 D Benchmark: Profile Installer - Save Profile
06-04 12:04:12.175 2149 2149 I Process : Sending signal. PID: 2149 SIG: 10
06-04 12:04:12.175 2149 2149 D ProfileInstaller:
06-04 12:04:12.175 2149 2157 I n.learning_tre: Thread[3,tid=2157,WaitingInMainSignalCatcherLoop,Thread*=0x7e5233e1a010,peer=0x12dc18c0,"Signal Catcher"]: reacting to signal 10
06-04 12:04:12.175 2149 2157 I n.learning_tre:
06-04 12:04:12.175 2149 2157 I n.learning_tre: SIGUSR1 forcing GC (no HPROF) and profile save
06-04 12:04:12.177 2388 2390 I cmd : oneway function results will be dropped but finished with status OK and parcel size 4
06-04 12:04:12.184 2149 2157 I n.learning_tre: Explicit concurrent copying GC freed 108112(4177KB) AllocSpace objects, 5(132KB) LOS objects, 49% free, 6095KB/11MB, paused 8us total 9.059ms
06-04 12:04:12.685 2055 2075 D Benchmark: Killing process com.savethechildren.learning_tree
06-04 12:04:12.685 2055 2075 D UiDevice: Executing shell command: killall com.savethechildren.learning_tree
06-04 12:04:12.718 478 776 I PackageDexOptimizer: Running dexopt (dexoptNeeded=-3) on: /data/app/~~YydvtuG-I1K6uwq-gJBazQ==/com.savethechildren.learning_tree-1CMBwdveIrDtkv3DFsnSwg==/base.apk pkg=com.savethechildren.learning_tree isa=x86_64 dexoptFlags=boot_complete,profile_guided,force,enable_hidden_api_checks targetFilter=speed-profile oatDir=/data/app/~~YydvtuG-I1K6uwq-gJBazQ==/com.savethechildren.learning_tree-1CMBwdveIrDtkv3DFsnSwg==/oat classLoaderContext=PCL[]{PCL[/system_ext/framework/androidx.window.sidecar.jar]}
06-04 12:04:12.719 380 380 V installd: DexInv: --- BEGIN '/data/app/~~YydvtuG-I1K6uwq-gJBazQ==/com.savethechildren.learning_tree-1CMBwdveIrDtkv3DFsnSwg==/base.apk' ---
06-04 12:04:12.724 2402 2402 W dex2oat32: Unexpected CPU variant for X86 using defaults: x86_64
06-04 12:04:12.793 2402 2402 I dex2oat32: /apex/com.android.art/bin/dex2oat32 --input-vdex-fd=9 --output-vdex-fd=10 --updatable-bcp-packages-file=/system/etc/updatable-bcp-packages.txt --resolve-startup-const-strings=true --max-image-block-size=524288 --compiler-filter=speed-profile --profile-file-fd=12 --classpath-dir=/data/app/~~YydvtuG-I1K6uwq-gJBazQ==/com.savethechildren.learning_tree-1CMBwdveIrDtkv3DFsnSwg== --class-loader-context=PCL[]{PCL[/system_ext/framework/androidx.window.sidecar.jar]} --generate-mini-debug-info --compilation-reason=unknown
06-04 12:04:12.793 2402 2402 I dex2oat32: setting boot class path to /apex/com.android.art/javalib/core-oj.jar:/apex/com.android.art/javalib/core-libart.jar:/apex/com.android.art/javalib/core-icu4j.jar:/apex/com.android.art/javalib/okhttp.jar:/apex/com.android.art/javalib/bouncycastle.jar:/apex/com.android.art/javalib/apache-xml.jar:/system/framework/framework.jar:/system/framework/ext.jar:/system/framework/telephony-common.jar:/system/framework/voip-common.jar:/system/framework/ims-common.jar:/system/framework/framework-atb-backward-compatibility.jar
06-04 12:04:16.666 2402 2402 W dex2oat32: Could not reserve sentinel fault page
06-04 12:04:17.312 2402 2404 W dex2oat32: Accessing hidden method Landroid/graphics/Canvas;->drawPatch(Landroid/graphics/NinePatch;Landroid/graphics/Rect;Landroid/graphics/Paint;)V (greylist-max-o, linking, denied)
06-04 12:04:17.312 2402 2404 W dex2oat32: Accessing hidden method Landroid/graphics/Canvas;->drawPatch(Landroid/graphics/NinePatch;Landroid/graphics/RectF;Landroid/graphics/Paint;)V (greylist-max-o, linking, denied)
06-04 12:04:17.316 2402 2402 W dex2oat32: Accessing hidden method Landroid/graphics/Bitmap;->getHardwareBuffer()Landroid/hardware/HardwareBuffer; (blacklist, linking, denied)
06-04 12:04:17.435 2402 2404 W dex2oat32: Accessing hidden method Landroid/app/job/JobParameters;->getStopReason()I (greylist-max-o, linking, denied)
06-04 12:04:19.171 2402 2402 I dex2oat32: Explicit concurrent copying GC freed 277758(40MB) AllocSpace objects, 0(0B) LOS objects, 49% free, 2216KB/4433KB, paused 12us total 7.022ms
06-04 12:04:19.196 2402 2402 W dex2oat32: Accessing hidden field Ljava/nio/file/FileSystemException;->file:Ljava/lang/String; (greylist-max-o, linking, denied)
06-04 12:04:19.196 2402 2402 W dex2oat32: Accessing hidden field Ljava/nio/file/FileSystemException;->other:Ljava/lang/String; (greylist-max-o, linking, denied)
06-04 12:04:19.196 2402 2402 W dex2oat32: Accessing hidden field Ljava/nio/file/InvalidPathException;->index:I (greylist-max-o, linking, denied)
06-04 12:04:19.196 2402 2402 W dex2oat32: Accessing hidden field Ljava/nio/file/InvalidPathException;->input:Ljava/lang/String; (greylist-max-o, linking, denied)
06-04 12:04:19.198 2402 2402 W dex2oat32: Accessing hidden method Landroid/graphics/Bitmap;->getHardwareBuffer()Landroid/hardware/HardwareBuffer; (blacklist, linking, denied)
06-04 12:04:19.198 2402 2402 W dex2oat32: Accessing hidden method Landroid/graphics/Canvas;->drawPatch(Landroid/graphics/NinePatch;Landroid/graphics/Rect;Landroid/graphics/Paint;)V (greylist-max-o, linking, denied)
06-04 12:04:19.198 2402 2402 W dex2oat32: Accessing hidden method Landroid/graphics/Canvas;->drawPatch(Landroid/graphics/NinePatch;Landroid/graphics/RectF;Landroid/graphics/Paint;)V (greylist-max-o, linking, denied)
06-04 12:04:19.209 2402 2402 W dex2oat32: Accessing hidden method Landroid/app/job/JobParameters;->getStopReason()I (greylist-max-o, linking, denied)
06-04 12:04:20.144 2402 2402 I dex2oat32: dex2oat took 7.419s (9.160s cpu) (threads: 2) arena alloc=4037KB (4134416B) java alloc=2232KB (2286104B) native alloc=81MB (85882784B) free=82MB (86077968B)
06-04 12:04:20.162 380 380 V installd: DexInv: --- END '/data/app/~~YydvtuG-I1K6uwq-gJBazQ==/com.savethechildren.learning_tree-1CMBwdveIrDtkv3DFsnSwg==/base.apk' (success) ---
06-04 12:04:20.168 2398 2400 I cmd : oneway function results will be dropped but finished with status OK and parcel size 4
06-04 12:04:20.179 2055 2075 D Benchmark: Reference profile location: /data/misc/profiles/ref/com.savethechildren.learning_tree/primary.prof
06-04 12:04:20.218 2055 2075 D Benchmark: APK Path: /data/app/~~YydvtuG-I1K6uwq-gJBazQ==/com.savethechildren.learning_tree-1CMBwdveIrDtkv3DFsnSwg==/base.apk
06-04 12:04:20.218 2055 2075 D Benchmark: Converting to human readable profile format
06-04 12:04:20.218 2055 2075 D Benchmark: Using profile location: /data/misc/profiles/ref/com.savethechildren.learning_tree/primary.prof
06-04 12:04:20.505 2430 2430 W profman : profman took 276.371ms
06-04 12:04:20.522 2055 2075 D Benchmark: Using profile location: /data/misc/profiles/cur/0/com.savethechildren.learning_tree/primary.prof
06-04 12:04:20.790 2441 2441 W profman : profman took 246.819ms
06-04 12:04:21.570 2055 2075 D Benchmark: Unstable profiles during iteration 2
06-04 12:04:21.570 2055 2075 D Benchmark: Killing package com.savethechildren.learning_tree
06-04 12:04:21.570 2055 2075 D Benchmark: Killing process com.savethechildren.learning_tree
06-04 12:04:21.570 2055 2075 D UiDevice: Executing shell command: killall com.savethechildren.learning_tree
06-04 12:04:21.577 2055 2075 D Benchmark: Compile iteration (3) for com.savethechildren.learning_tree
06-04 12:04:21.577 2055 2075 D UiDevice: Pressing home button.
06-04 12:04:21.591 638 638 V ShadeControllerImpl: NotificationShadeWindow: com.android.systemui.statusbar.phone.NotificationShadeWindowView{90561f7 I.E...... ......ID 0,0-1080,1920} canPanelBeCollapsed(): false
06-04 12:04:21.591 478 498 D EventSequenceValidator: inc AccIntentStartedEvents to 2
06-04 12:04:21.592 361 361 I perfetto: ing_service_impl.cc:758 Configured tracing session 3, #sources:1, duration:5000 ms, #buffers:1, total buffer size:4096 KB, total sessions:1, uid:1071 session name: ""
06-04 12:04:21.592 350 350 I perfetto: probes_producer.cc:230 Ftrace setup (target_buf=3)
06-04 12:04:21.592 478 496 W InputReader: Device virtio_input_multi_touch_10 is associated with display ADISPLAY_ID_NONE.
06-04 12:04:21.592 478 496 W InputReader: Device virtio_input_multi_touch_7 is associated with display ADISPLAY_ID_NONE.
06-04 12:04:21.592 478 496 W InputReader: Device virtio_input_multi_touch_11 is associated with display ADISPLAY_ID_NONE.
06-04 12:04:21.592 478 496 W InputReader: Device virtio_input_multi_touch_5 is associated with display ADISPLAY_ID_NONE.
06-04 12:04:21.592 478 496 W InputReader: Device virtio_input_multi_touch_2 is associated with display ADISPLAY_ID_NONE.
06-04 12:04:21.592 478 496 W InputReader: Device virtio_input_multi_touch_6 is associated with display ADISPLAY_ID_NONE.
06-04 12:04:21.592 478 496 W InputReader: Device virtio_input_multi_touch_8 is associated with display ADISPLAY_ID_NONE.
06-04 12:04:21.592 478 496 W InputReader: Device virtio_input_multi_touch_9 is associated with display ADISPLAY_ID_NONE.
06-04 12:04:21.592 478 496 W InputReader: Device virtio_input_multi_touch_3 is associated with display ADISPLAY_ID_NONE.
06-04 12:04:21.592 478 496 W InputReader: Device virtio_input_multi_touch_4 is associated with display ADISPLAY_ID_NONE.
06-04 12:04:21.592 478 496 W InputReader: Device virtio_input_multi_touch_10 is associated with display ADISPLAY_ID_NONE.
06-04 12:04:21.592 478 496 W InputReader: Device virtio_input_multi_touch_7 is associated with display ADISPLAY_ID_NONE.
06-04 12:04:21.592 478 496 W InputReader: Device virtio_input_multi_touch_11 is associated with display ADISPLAY_ID_NONE.
06-04 12:04:21.592 478 496 W InputReader: Device virtio_input_multi_touch_5 is associated with display ADISPLAY_ID_NONE.
06-04 12:04:21.592 478 496 W InputReader: Device virtio_input_multi_touch_2 is associated with display ADISPLAY_ID_NONE.
06-04 12:04:21.592 478 496 W InputReader: Device virtio_input_multi_touch_6 is associated with display ADISPLAY_ID_NONE.
06-04 12:04:21.592 478 496 W InputReader: Device virtio_input_multi_touch_8 is associated with display ADISPLAY_ID_NONE.
06-04 12:04:21.592 478 496 W InputReader: Device virtio_input_multi_touch_9 is associated with display ADISPLAY_ID_NONE.
06-04 12:04:21.592 478 496 W InputReader: Device virtio_input_multi_touch_3 is associated with display ADISPLAY_ID_NONE.
06-04 12:04:21.592 478 496 W InputReader: Device virtio_input_multi_touch_4 is associated with display ADISPLAY_ID_NONE.
06-04 12:04:21.596 987 987 D TaplTarget: Launcher.onNewIntent: Intent { act=android.intent.action.MAIN cat=[android.intent.category.HOME] flg=0x10400100 cmp=com.android.launcher3/.uioverrides.QuickstepLauncher (has extras) }
06-04 12:04:21.606 273 1473 D goldfish-address-space: claimShared: Ask to claim region [0x3f8000000 0x3f87e9000]
06-04 12:04:21.607 350 350 I perfetto: ftrace_procfs.cc:176 enabled ftrace
06-04 12:04:21.607 273 1473 D goldfish-address-space: claimShared: Ask to claim region [0x3f90e9000 0x3f98d2000]
06-04 12:04:21.607 273 1473 D goldfish-address-space: claimShared: Ask to claim region [0x3f98d2000 0x3fa0bb000]
06-04 12:04:21.612 638 638 V ShadeControllerImpl: NotificationShadeWindow: com.android.systemui.statusbar.phone.NotificationShadeWindowView{90561f7 I.E...... ......ID 0,0-1080,1920} canPanelBeCollapsed(): false
06-04 12:04:21.616 273 1473 D goldfish-address-space: claimShared: Ask to claim region [0x3fa0bb000 0x3fa8a4000]
06-04 12:04:21.623 478 498 D EventSequenceValidator: dec AccIntentStartedEvents to 1
06-04 12:04:21.631 478 504 D ArtManagerInternalImpl: /data/misc/iorapd/com.android.launcher3/30/com.android.launcher3.uioverrides.QuickstepLauncher/compiled_traces/compiled_trace.pb doesn't exist
06-04 12:04:21.700 2055 2075 I System.out: 0 Flags,IntendedVsync,Vsync,OldestInputEvent,NewestInputEvent,HandleInputStart,AnimationStart,PerformTraversalsStart,DrawStart,SyncQueued,SyncStart,IssueDrawCommandsStart,SwapBuffers,FrameCompleted,DequeueBufferDuration,QueueBufferDuration,GpuCompleted,
06-04 12:04:21.700 2055 2075 I System.out: 1 1,95106095900,95106095900,9223372036854775807,0,95106210160,95106210762,95106210882,95154978688,95155318287,95155508384,95155522721,95159212559,95164906796,21460,554353,95172913540,
06-04 12:04:21.700 2055 2075 I System.out: 2 0,95106095900,95156095898,9223372036854775807,0,95170348026,95170349028,95187060811,95187091308,95187718397,95187780915,95187799239,95188278981,95199954034,19967,99847,95206244191,
06-04 12:04:21.700 2055 2075 I System.out: 3 0,95189459724,95206126390,9223372036854775807,0,95207995123,95207995433,95243264939,95243299274,95253522897,95253588050,95253615271,95254096786,95257252910,21550,104437,95272977296,
06-04 12:04:21.700 2055 2075 I System.out: 4 0,95222807755,95256141087,9223372036854775807,0,95261694692,95261695143,95285045708,95285093218,95292203827,95292252359,95292279259,95295399306,95300624060,134362,2856301,95298895009,
06-04 12:04:21.700 2055 2075 I System.out: 5 0,95272828857,95289495523,9223372036854775807,0,95296521055,95296521876,95297673722,95297705352,95301071872,95301121275,95301181217,95303994477,95307456847,2783995,80000,95306312215,
06-04 12:04:21.700 2055 2075 I System.out: 6 0,95306175718,95306175718,9223372036854775807,0,95306686308,95306686599,95307898948,95307921030,95309425589,95309467618,95309507222,95310379402,95323968934,7034748,61225,95322976438,
06-04 12:04:21.700 2055 2075 I System.out: 7 0,95322848996,95322848996,9223372036854775807,0,95325059334,95325059615,95325972121,95325991878,95333350985,95333436015,95333490086,95334338151,95345901193,10097926,105849,95335762900,
06-04 12:04:21.700 2055 2075 I System.out: 8 0,95339522222,95339522222,9223372036854775807,0,95339884189,95339884470,95342027198,95342049631,95346994108,95347050113,95347083596,95347674847,95365252278,12443507,167245,95356318450,
06-04 12:04:21.700 2055 2075 I System.out: 9 0,95356195345,95356195345,9223372036854775807,0,95356593557,95356594018,95363674361,95363705900,95365244072,95365299647,95365331527,95365807602,95379294280,10267515,1501623,95368989976,
06-04 12:04:21.700 2055 2075 I System.out: 10 0,95372868321,95372868321,9223372036854775807,0,95373117697,95373117917,95374874470,95374900198,95379889980,95379978817,95380010487,95383006120,95394715216,9676965,237758,95389675670,
06-04 12:04:21.700 2055 2075 I System.out: 11 0,95389541187,95389541187,9223372036854775807,0,95389943534,95389943884,95391009979,95391045015,95392664119,95394757866,95394808191,95396347595,95407397422,8420262,80983,95406329914,
06-04 12:04:21.700 2055 2075 I System.out: 12 0,95406214037,95406214037,9223372036854775807,0,95406354811,95406355312,95408970229,95409004173,95411339905,95411377866,95411402111,95411837290,95424087383,10130498,83637,95423021790,
06-04 12:04:21.700 2055 2075 I System.out: 13 0,95422886717,95422886717,9223372036854775807,0,95423197841,95423198151,95424949554,95424986494,95427720595,95427828908,95427855959,95428413598,95440564955,9972020,117240,95439660224,
06-04 12:04:21.700 2055 2075 I System.out: 14 0,95439559366,95439559366,9223372036854775807,0,95450771486,95450772077,95451239817,95451259804,95452677861,95452739406,95452766407,95453485880,95458639901,97594,2382520,95458512081,
06-04 12:04:21.700 2055 2075 I System.out: 15 0,95456237538,95456237538,9223372036854775807,0,95458192189,95458192730,95459358181,95459394630,95461376987,95461431009,95461465905,95497230922,95499284914,19627,87885,95502338085,
06-04 12:04:21.700 2055 2075 I System.out: 16 0,95472909674,95472909674,9223372036854775807,0,95473290528,95473290979,95474490324,95474533525,95476530179,95499319970,95499365626,95500296025,95509180220,6755312,71745,95506397878,
