06-04 12:09:37.255 2055 2075 I System.out: 12 0,410289910510,410289910510,9223372036854775807,0,410290541841,410290541992,410292189369,410292211381,410296207675,410296282596,410296555689,410297082219,410314494819,14137973,208933,410300316871,
06-04 12:09:37.255 2055 2075 I System.out: 13 0,410306577280,410306577280,9223372036854775807,0,410307625673,410307625984,410308220241,410308249496,410309102911,410314539804,410314903307,410315436219,410325915333,7776722,165851,410318093245,
06-04 12:09:37.255 2055 2075 I System.out: 14 0,410323244123,410323244123,9223372036854775807,0,410323710728,410323710928,410324487658,410324507987,410325405885,410326884275,410327086765,410330336045,410346909728,12548324,143961,410340045581,
06-04 12:09:37.255 2055 2075 I System.out: 15 0,410339910786,410339910786,9223372036854775807,0,410340329756,410340330086,410341095586,410341144498,410342380712,410346962036,410347297327,410347804089,410359791529,6997467,79940,410356715435,
06-04 12:09:37.255 2055 2075 I System.out: 16 0,410356577581,410356577581,9223372036854775807,0,410356991033,410356991304,410357728229,410357759348,410358728681,410359829300,410360627831,410361137991,410375704399,11200530,1133912,410373370281,
06-04 12:09:37.255 2055 2075 I System.out: 17 0,410373244452,410373244452,9223372036854775807,0,410373635139,410373635610,410374384908,410374413152,410375292064,410376327090,410376517037,410376988844,410392902156,13081056,672003,410390016931,
06-04 12:09:37.255 2055 2075 I System.out: 18 0,410389911258,410389911258,9223372036854775807,0,410398587265,410398591183,410399149392,410399215256,410400507906,410400551729,410400578269,410401010161,410409733593,6443676,82655,410406686213,
06-04 12:09:37.255 2055 2075 I System.out: 19 0,410406578109,410406578109,9223372036854775807,0,410407124257,410407124327,410407605271,410407625930,410408821829,410409767747,410409799367,410410240376,410426547207,13697656,537020,410423407113,
06-04 12:09:37.255 2055 2075 I System.out: 20 0,410423244778,410423244778,9223372036854775807,0,410423772360,410423772600,410424450475,410424488096,410426041877,410426599255,410426636836,410427136535,410440947053,10860651,502936,410440062339,
06-04 12:09:37.255 2055 2075 I System.out: 21 0,410439911505,410439911505,9223372036854775807,0,410440264279,410440265571,410441208043,410441243079,410442068822,410442108547,410442142741,410442692024,410459721624,13811209,518756,410456708619,
06-04 12:09:37.255 2055 2075 I System.out: 22 0,410456578333,410456578333,9223372036854775807,0,410456863119,410456864011,410457424084,410457457186,410458338433,410459764174,410459799460,410460266088,410476254740,13072279,555786,410463140753,
06-04 12:09:37.255 2055 2075 I System.out: 23 0,410473245149,410473245149,9223372036854775807,0,410473472178,410473472890,410474039465,410474076515,410474927355,410476309914,410476343618,410476799936,410490917480,11892711,92054,410490049749,
06-04 12:09:37.255 2055 2075 I System.out: 24 0,410489911959,410489911959,9223372036854775807,0,410490062533,410490063495,410492294970,410492330627,410493284371,410493353100,410493394939,410494033880,410509359506,13488151,948263,410506715905,
06-04 12:09:37.255 2055 2075 I System.out: 25 0,410506578472,410506578472,9223372036854775807,0,410506758105,410506759047,410510994059,410511035898,410511822708,410511902107,410511937173,410512620788,410524141500,10391178,191139,410523356184,
06-04 12:09:37.255 2055 2075 I System.out: 26 0,410523245304,410523245304,9223372036854775807,0,410523399315,410523400697,410524825606,410524863077,410525854090,410525925224,410525961312,410526827561,410541135954,12452884,997936,410528630130,
06-04 12:09:37.255 2055 2075 I System.out: 27 0,410539912074,410539912074,9223372036854775807,0,410540174957,410540175919,410540963971,410541144771,410542067496,410542165270,410542204684,410543176361,410559445491,15262378,161584,410556726028,
06-04 12:09:37.255 2055 2075 I System.out: 28 0,410556578933,410556578933,9223372036854775807,0,410556743981,410556754852,410559746547,410559787053,410560637893,410560712633,410560742960,410561376792,410574231172,11624096,223440,410573379631,
06-04 12:09:37.255 2055 2075 I System.out: 29 0,410573245777,410573245777,9223372036854775807,0,410573506940,410573508132,410574588193,410574627527,410575645792,410575715493,410575751551,410576459492,410592815986,15149125,232578,410577627147,
06-04 12:09:37.255 2055 2075 I System.out: 30 0,410589912600,410589912600,9223372036854775807,0,410590111421,410590112593,410591520721,410591559303,410592553232,410592877422,410592907498,410593545277,410609315189,13745595,1055545,410595531442,
06-04 12:09:37.255 2055 2075 I System.out: 31 0,410606579441,410606579441,9223372036854775807,0,410606736811,410606737703,410609627566,410609666710,410610564017,410610626845,410610667772,410611323054,410625926753,12752839,980273,410613125844,
06-04 12:09:37.255 2055 2075 I System.out: 32 0,410623246182,410623246182,9223372036854775807,0,410623411664,410623412476,410626163358,410626199486,410626256483,410626331494,410626363755,410627018656,410642738183,13921125,941530,410640023879,
06-04 12:09:37.255 2055 2075 I System.out: 33 0,410639913014,410639913014,9223372036854775807,0,410640060619,410640061460,410643080877,410643113238,410644027247,410644104282,410644137003,410644756919,410657704103,10953736,1061806,410656748426,
06-04 12:09:37.255 2055 2075 I System.out: 34 0,410656579770,410656579770,9223372036854775807,0,410656934195,410656936590,410659109245,410659150553,410660353625,410660421963,410660454625,410661101791,410676164253,14030862,144522,1924618579685082084,
06-04 12:09:37.255 2055 2075 I System.out: 35 0,410673246564,410673246564,9223372036854775807,0,410673546491,410673547643,410674674963,410674710720,410675242750,410676212183,410676242740,410676860392,410692715253,14607426,196069,2078757996228403584,
06-04 12:09:37.255 2055 2075 I System.out: 36 0,410889912906,410889912906,9223372036854775807,0,410890070202,410890070924,410890071014,410890335812,410890415532,410890516762,410890549754,410891304663,410892541198,120016,262454,5368796221853456077,
06-04 12:09:37.255 2055 2075 D Benchmark: Starting activity with command: am start -W "intent:#Intent;action=android.intent.action.MAIN;category=android.intent.category.LAUNCHER;launchFlags=0x10008000;package=com.savethechildren.learning_tree;component=com.savethechildren.learning_tree/com.ustadmobile.port.android.view.AppActivity;end"
06-04 12:09:37.266 478 498 D EventSequenceValidator: inc AccIntentStartedEvents to 2
06-04 12:09:37.267 361 361 I perfetto: ing_service_impl.cc:758 Configured tracing session 25, #sources:1, duration:5000 ms, #buffers:1, total buffer size:4096 KB, total sessions:2, uid:1071 session name: ""
06-04 12:09:37.267 350 350 I perfetto: probes_producer.cc:230 Ftrace setup (target_buf=25)
06-04 12:09:37.271 478 776 W InputReader: Device virtio_input_multi_touch_10 is associated with display ADISPLAY_ID_NONE.
06-04 12:09:37.271 478 776 W InputReader: Device virtio_input_multi_touch_7 is associated with display ADISPLAY_ID_NONE.
06-04 12:09:37.271 478 776 W InputReader: Device virtio_input_multi_touch_11 is associated with display ADISPLAY_ID_NONE.
06-04 12:09:37.271 478 776 W InputReader: Device virtio_input_multi_touch_5 is associated with display ADISPLAY_ID_NONE.
06-04 12:09:37.271 478 776 W InputReader: Device virtio_input_multi_touch_2 is associated with display ADISPLAY_ID_NONE.
06-04 12:09:37.271 478 776 W InputReader: Device virtio_input_multi_touch_6 is associated with display ADISPLAY_ID_NONE.
06-04 12:09:37.271 478 776 W InputReader: Device virtio_input_multi_touch_8 is associated with display ADISPLAY_ID_NONE.
06-04 12:09:37.271 478 776 W InputReader: Device virtio_input_multi_touch_9 is associated with display ADISPLAY_ID_NONE.
06-04 12:09:37.271 478 776 W InputReader: Device virtio_input_multi_touch_3 is associated with display ADISPLAY_ID_NONE.
06-04 12:09:37.271 478 776 W InputReader: Device virtio_input_multi_touch_4 is associated with display ADISPLAY_ID_NONE.
06-04 12:09:37.271 478 776 W InputReader: Device virtio_input_multi_touch_10 is associated with display ADISPLAY_ID_NONE.
06-04 12:09:37.271 478 776 W InputReader: Device virtio_input_multi_touch_7 is associated with display ADISPLAY_ID_NONE.
06-04 12:09:37.271 478 776 W InputReader: Device virtio_input_multi_touch_11 is associated with display ADISPLAY_ID_NONE.
06-04 12:09:37.271 478 776 W InputReader: Device virtio_input_multi_touch_5 is associated with display ADISPLAY_ID_NONE.
06-04 12:09:37.271 478 776 W InputReader: Device virtio_input_multi_touch_2 is associated with display ADISPLAY_ID_NONE.
06-04 12:09:37.271 478 776 W InputReader: Device virtio_input_multi_touch_6 is associated with display ADISPLAY_ID_NONE.
06-04 12:09:37.271 478 776 W InputReader: Device virtio_input_multi_touch_8 is associated with display ADISPLAY_ID_NONE.
06-04 12:09:37.271 478 776 W InputReader: Device virtio_input_multi_touch_9 is associated with display ADISPLAY_ID_NONE.
06-04 12:09:37.271 478 776 W InputReader: Device virtio_input_multi_touch_3 is associated with display ADISPLAY_ID_NONE.
06-04 12:09:37.271 478 776 W InputReader: Device virtio_input_multi_touch_4 is associated with display ADISPLAY_ID_NONE.
06-04 12:09:37.273 2149 2149 D AppActivity$onDestroy: AppActivity#onDestroy
06-04 12:09:37.279 2149 2149 W CustomTabsClient: Unable to find any Custom Tabs packages, you may need to add a element to your manifest. See the docs for CustomTabsClient#getPackageName.
06-04 12:09:37.279 2149 2149 W AppActivity$bindCustomTabsService: CustomTabs: Service NOT supported
06-04 12:09:37.288 273 317 D goldfish-address-space: claimShared: Ask to claim region [0x3f678d000 0x3f6f76000]
06-04 12:09:37.295 478 572 D UntrustedWifiNetworkFactory: got request NetworkRequest [ TRACK_DEFAULT id=34, [ Capabilities: INTERNET&NOT_RESTRICTED&TRUSTED Uid: 10130 AdministratorUids: [] RequestorUid: 10130 RequestorPackageName: com.savethechildren.learning_tree] ] with score 60 and providerId 3
06-04 12:09:37.295 478 572 D WifiNetworkFactory: got request NetworkRequest [ TRACK_DEFAULT id=34, [ Capabilities: INTERNET&NOT_RESTRICTED&TRUSTED Uid: 10130 AdministratorUids: [] RequestorUid: 10130 RequestorPackageName: com.savethechildren.learning_tree] ] with score 60 and providerId 3
06-04 12:09:37.298 842 842 D PhoneSwitcherNetworkRequstListener: got request NetworkRequest [ TRACK_DEFAULT id=34, [ Capabilities: INTERNET&NOT_RESTRICTED&TRUSTED Uid: 10130 AdministratorUids: [] RequestorUid: 10130 RequestorPackageName: com.savethechildren.learning_tree] ] with score 60 and providerId 3
06-04 12:09:37.305 638 638 V KeyguardUpdateMonitor: onSubscriptionInfoChanged()
06-04 12:09:37.305 638 638 V KeyguardUpdateMonitor: SubInfo:{id=1 iccId=89014103211118510720 simSlotIndex=0 carrierId=1 displayName=T-Mobile carrierName=T-Mobile nameSource=3 iconTint=-16746133 number=+15555215554 dataRoaming=0 iconBitmap=android.graphics.Bitmap@a7a4a57 mcc=310 mnc=260 countryIso=us isEmbedded=false nativeAccessRules=null cardString=89014103211118510720 cardId=-1 isOpportunistic=false groupUUID=null isGroupDisabled=false profileClass=-1 ehplmns=null hplmns=null subscriptionType=0 groupOwner=null carrierConfigAccessRules=null areUiccApplicationsEnabled=true}
06-04 12:09:37.307 842 842 D Telephony: isEmergencyPreferredAccount: subId=1, activeData=1
06-04 12:09:37.307 842 842 D Telephony: isEmergencyPreferredAccount: Device does not require preference.
06-04 12:09:37.308 273 317 D goldfish-address-space: claimShared: Ask to claim region [0x3f6f76000 0x3f775f000]
06-04 12:09:37.309 273 317 D goldfish-address-space: claimShared: Ask to claim region [0x3f775f000 0x3f7f48000]
06-04 12:09:37.309 273 317 D goldfish-address-space: claimShared: Ask to claim region [0x3f90e9000 0x3f98d2000]
06-04 12:09:37.320 478 498 D EventSequenceValidator: dec AccIntentStartedEvents to 1
06-04 12:09:37.322 478 504 D ArtManagerInternalImpl: /data/misc/iorapd/com.savethechildren.learning_tree/363/com.ustadmobile.port.android.view.AppActivity/compiled_traces/compiled_trace.pb doesn't exist
06-04 12:09:37.325 3965 3967 I cmd : oneway function results will be dropped but finished with status OK and parcel size 4
06-04 12:09:37.333 2149 2149 D UstadViewModelFunKt$ustadViewModel$viewModel$invoke: ustadViewModel(): create viewmodel for: com.ustadmobile.core.viewmodel.redirect.RedirectViewModel
06-04 12:09:37.336 2149 2149 D UstadNavControllerPreCompose$onCollectNavCommand: NavCommandEffect: Navigate: Go to AddAccountSelectNewOrExisting
06-04 12:09:37.345 478 504 I ActivityTaskManager: Displayed com.savethechildren.learning_tree/com.ustadmobile.port.android.view.AppActivity: +53ms
06-04 12:09:37.347 2149 2149 D UstadViewModelFunKt$ustadViewModel$viewModel$invoke: ustadViewModel(): create viewmodel for: com.ustadmobile.core.viewmodel.account.addaccountselectneworexisting.AddAccountSelectNewOrExistingViewModel
06-04 12:09:37.349 2149 2149 W GooglePlayServicesUtil: com.savethechildren.learning_tree requires the Google Play Store, but it is missing.
06-04 12:09:37.349 2149 2149 W PlayServicesImpl: Connection with Google Play Services was not successful. Connection result is: ConnectionResult{statusCode=SERVICE_INVALID, resolution=null, message=null}
06-04 12:09:37.349 2149 2149 E AddAccountSelectNewOrExistingViewModel$getCredentials$invokeSuspend: Error occurred: Failed to get credential: getCredentialAsync no provider dependencies found - please ensure the desired provider dependencies are added
06-04 12:09:37.351 2055 2075 D Benchmark: Result: Starting: Intent { act=android.intent.action.MAIN cat=[android.intent.category.LAUNCHER] flg=0x10008000 pkg=com.savethechildren.learning_tree cmp=com.savethechildren.learning_tree/com.ustadmobile.port.android.view.AppActivity }
06-04 12:09:37.351 2055 2075 D Benchmark: Status: ok
06-04 12:09:37.351 2055 2075 D Benchmark: LaunchState: WARM
06-04 12:09:37.351 2055 2075 D Benchmark: Activity: com.savethechildren.learning_tree/com.ustadmobile.port.android.view.AppActivity
06-04 12:09:37.351 2055 2075 D Benchmark: TotalTime: 53
06-04 12:09:37.351 2055 2075 D Benchmark: WaitTime: 58
06-04 12:09:37.351 2055 2075 D Benchmark: Complete
06-04 12:09:37.419 2055 2075 I System.out: 0 Flags,IntendedVsync,Vsync,OldestInputEvent,NewestInputEvent,HandleInputStart,AnimationStart,PerformTraversalsStart,DrawStart,SyncQueued,SyncStart,IssueDrawCommandsStart,SwapBuffers,FrameCompleted,DequeueBufferDuration,QueueBufferDuration,GpuCompleted,
06-04 12:09:37.419 2055 2075 I System.out: 1 1,436523249524,436523249524,9223372036854775807,0,436523355864,436523356064,436523356144,436546817378,436547131969,436548062449,436548083799,436548797050,436550662908,18655,181722,436556691093,
06-04 12:09:37.419 2055 2075 I System.out: 2 0,436539916234,436556582900,9223372036854775807,0,436560907962,436560908262,436571631124,436571658135,436571938231,436571982855,436572000989,436572435046,436578453362,22833,111801,436590037483,
06-04 12:09:37.419 2055 2075 I System.out: 3 0,436573249639,436573249639,9223372036854775807,0,436574503064,436574503425,436593836456,436593869738,436598756888,436598847548,436598874338,436599320287,436600309467,22041,119745,436606694112,
06-04 12:09:37.419 2055 2075 I System.out: 4 0,436589916331,436589916331,9223372036854775807,0,436602517639,436602518150,436606409376,436606434594,436613417353,436613638880,436614121758,436614584037,436615349246,23445,131367,384172919610,
06-04 12:09:37.419 2055 2075 I System.out: 5 0,436606583010,436606583010,9223372036854775807,0,436615397266,436615397947,436615997555,436616031919,436616730272,436616782450,436616817486,436618030287,436624476978,5787542,190649,384173090281,
06-04 12:09:37.419 2055 2075 I System.out: 6 0,436623249721,436623249721,9223372036854775807,0,436623665182,436623665472,436624296849,436624620728,436625617212,436625663780,436625701100,436626173167,436641185404,9409482,3491315,384182012577,
06-04 12:09:37.419 2055 2075 D UiDevice: Waiting 10000ms for SearchCondition[hasObject=BySelector [TEXT='\QGet Started\E']].
06-04 12:09:37.419 2055 2075 D UiDevice: Searching for node with selector: BySelector [TEXT='\QGet Started\E'].
06-04 12:09:41.291 2055 2075 I chatty : uid=10131(com.ustadmobile.app_android_baselineprofile) roidJUnitRunner identical 28 lines
06-04 12:09:41.393 2055 2075 D UiDevice: Searching for node with selector: BySelector [TEXT='\QGet Started\E'].
06-04 12:09:41.479 350 350 I perfetto: probes_producer.cc:329 Producer stop (id=24)
06-04 12:09:41.479 361 361 I perfetto: ng_service_impl.cc:1948 Tracing session 24 ended, total sessions:1
06-04 12:09:41.496 2055 2075 D UiDevice: Searching for node with selector: BySelector [TEXT='\QGet Started\E'].
06-04 12:09:42.111 2055 2075 I chatty : uid=10131(com.ustadmobile.app_android_baselineprofile) roidJUnitRunner identical 6 lines
06-04 12:09:42.213 2055 2075 D UiDevice: Searching for node with selector: BySelector [TEXT='\QGet Started\E'].
06-04 12:09:42.269 350 350 I perfetto: probes_producer.cc:329 Producer stop (id=25)
06-04 12:09:42.270 350 350 I perfetto: ftrace_procfs.cc:183 disabled ftrace
06-04 12:09:42.270 361 361 I perfetto: ng_service_impl.cc:1948 Tracing session 25 ended, total sessions:0
06-04 12:09:42.316 2055 2075 D UiDevice: Searching for node with selector: BySelector [TEXT='\QGet Started\E'].
06-04 12:09:47.339 2055 2075 I chatty : uid=10131(com.ustadmobile.app_android_baselineprofile) roidJUnitRunner identical 49 lines
06-04 12:09:47.441 2055 2075 D UiDevice: Searching for node with selector: BySelector [TEXT='\QGet Started\E'].
06-04 12:09:48.444 2055 2075 D UiDevice: Retrieving node with selector: BySelector [TEXT='\QGet Started\E'].
06-04 12:09:48.446 2055 2075 D UiDevice: Node not found with selector: BySelector [TEXT='\QGet Started\E'].
06-04 12:09:53.446 2055 2075 D Benchmark: Profile Installer - Save Profile
06-04 12:09:53.453 2149 2149 I Process : Sending signal. PID: 2149 SIG: 10
06-04 12:09:53.453 2149 2149 D ProfileInstaller:
06-04 12:09:53.454 2149 2157 I n.learning_tre: Thread[3,tid=2157,WaitingInMainSignalCatcherLoop,Thread*=0x7e5233e1a010,peer=0x13341978,"Signal Catcher"]: reacting to signal 10
06-04 12:09:53.454 2149 2157 I n.learning_tre:
06-04 12:09:53.454 2149 2157 I n.learning_tre: SIGUSR1 forcing GC (no HPROF) and profile save
06-04 12:09:53.458 3999 4001 I cmd : oneway function results will be dropped but finished with status OK and parcel size 4
06-04 12:09:53.464 2149 2157 I n.learning_tre: Explicit concurrent copying GC freed 133237(4955KB) AllocSpace objects, 5(132KB) LOS objects, 49% free, 6181KB/12MB, paused 8us total 10.395ms
06-04 12:09:53.959 2055 2075 D Benchmark: Killing process com.savethechildren.learning_tree
06-04 12:09:53.959 2055 2075 D UiDevice: Executing shell command: killall com.savethechildren.learning_tree
06-04 12:09:53.983 478 831 I PackageDexOptimizer: Running dexopt (dexoptNeeded=-3) on: /data/app/~~YydvtuG-I1K6uwq-gJBazQ==/com.savethechildren.learning_tree-1CMBwdveIrDtkv3DFsnSwg==/base.apk pkg=com.savethechildren.learning_tree isa=x86_64 dexoptFlags=boot_complete,profile_guided,force,enable_hidden_api_checks targetFilter=speed-profile oatDir=/data/app/~~YydvtuG-I1K6uwq-gJBazQ==/com.savethechildren.learning_tree-1CMBwdveIrDtkv3DFsnSwg==/oat classLoaderContext=PCL[]{PCL[/system_ext/framework/androidx.window.sidecar.jar]}
06-04 12:09:53.984 380 552 V installd: DexInv: --- BEGIN '/data/app/~~YydvtuG-I1K6uwq-gJBazQ==/com.savethechildren.learning_tree-1CMBwdveIrDtkv3DFsnSwg==/base.apk' ---
06-04 12:09:53.989 4013 4013 W dex2oat32: Unexpected CPU variant for X86 using defaults: x86_64
06-04 12:09:54.067 4013 4013 I dex2oat32: /apex/com.android.art/bin/dex2oat32 --input-vdex-fd=9 --output-vdex-fd=10 --updatable-bcp-packages-file=/system/etc/updatable-bcp-packages.txt --resolve-startup-const-strings=true --max-image-block-size=524288 --compiler-filter=speed-profile --profile-file-fd=12 --classpath-dir=/data/app/~~YydvtuG-I1K6uwq-gJBazQ==/com.savethechildren.learning_tree-1CMBwdveIrDtkv3DFsnSwg== --class-loader-context=PCL[]{PCL[/system_ext/framework/androidx.window.sidecar.jar]} --generate-mini-debug-info --compilation-reason=unknown
06-04 12:09:54.067 4013 4013 I dex2oat32: setting boot class path to /apex/com.android.art/javalib/core-oj.jar:/apex/com.android.art/javalib/core-libart.jar:/apex/com.android.art/javalib/core-icu4j.jar:/apex/com.android.art/javalib/okhttp.jar:/apex/com.android.art/javalib/bouncycastle.jar:/apex/com.android.art/javalib/apache-xml.jar:/system/framework/framework.jar:/system/framework/ext.jar:/system/framework/telephony-common.jar:/system/framework/voip-common.jar:/system/framework/ims-common.jar:/system/framework/framework-atb-backward-compatibility.jar
06-04 12:09:57.846 4013 4013 W dex2oat32: Could not reserve sentinel fault page
06-04 12:09:58.540 4013 4015 W dex2oat32: Accessing hidden method Landroid/graphics/Canvas;->drawPatch(Landroid/graphics/NinePatch;Landroid/graphics/Rect;Landroid/graphics/Paint;)V (greylist-max-o, linking, denied)
06-04 12:09:58.540 4013 4015 W dex2oat32: Accessing hidden method Landroid/graphics/Canvas;->drawPatch(Landroid/graphics/NinePatch;Landroid/graphics/RectF;Landroid/graphics/Paint;)V (greylist-max-o, linking, denied)
06-04 12:09:58.545 4013 4013 W dex2oat32: Accessing hidden method Landroid/graphics/Bitmap;->getHardwareBuffer()Landroid/hardware/HardwareBuffer; (blacklist, linking, denied)
06-04 12:09:58.692 4013 4015 W dex2oat32: Accessing hidden method Landroid/app/job/JobParameters;->getStopReason()I (greylist-max-o, linking, denied)
06-04 12:09:59.069 2149 2170 D UstadCache: CacheTrimmer: Trim cache run: max (evictable) size = 100000000 bytes
06-04 12:09:59.069 2149 2170 V UstadCache: CacheTrimmer: deleting
06-04 12:10:00.001 638 638 D KeyguardClockSwitch: Updating clock: 1210
06-04 12:10:00.449 4013 4013 I dex2oat32: Explicit concurrent copying GC freed 277773(40MB) AllocSpace objects, 0(0B) LOS objects, 49% free, 2216KB/4433KB, paused 13us total 17.844ms
06-04 12:10:00.474 4013 4013 W dex2oat32: Accessing hidden field Ljava/nio/file/FileSystemException;->file:Ljava/lang/String; (greylist-max-o, linking, denied)
06-04 12:10:00.474 4013 4013 W dex2oat32: Accessing hidden field Ljava/nio/file/FileSystemException;->other:Ljava/lang/String; (greylist-max-o, linking, denied)
06-04 12:10:00.474 4013 4013 W dex2oat32: Accessing hidden field Ljava/nio/file/InvalidPathException;->index:I (greylist-max-o, linking, denied)
06-04 12:10:00.474 4013 4013 W dex2oat32: Accessing hidden field Ljava/nio/file/InvalidPathException;->input:Ljava/lang/String; (greylist-max-o, linking, denied)
06-04 12:10:00.476 4013 4013 W dex2oat32: Accessing hidden method Landroid/graphics/Bitmap;->getHardwareBuffer()Landroid/hardware/HardwareBuffer; (blacklist, linking, denied)
06-04 12:10:00.476 4013 4013 W dex2oat32: Accessing hidden method Landroid/graphics/Canvas;->drawPatch(Landroid/graphics/NinePatch;Landroid/graphics/Rect;Landroid/graphics/Paint;)V (greylist-max-o, linking, denied)
06-04 12:10:00.476 4013 4013 W dex2oat32: Accessing hidden method Landroid/graphics/Canvas;->drawPatch(Landroid/graphics/NinePatch;Landroid/graphics/RectF;Landroid/graphics/Paint;)V (greylist-max-o, linking, denied)
06-04 12:10:00.486 4013 4013 W dex2oat32: Accessing hidden method Landroid/app/job/JobParameters;->getStopReason()I (greylist-max-o, linking, denied)
06-04 12:10:01.488 4013 4013 I dex2oat32: dex2oat took 7.498s (9.288s cpu) (threads: 2) arena alloc=3720KB (3809328B) java alloc=2232KB (2286104B) native alloc=81MB (85882960B) free=82MB (86077792B)
06-04 12:10:01.504 380 552 V installd: DexInv: --- END '/data/app/~~YydvtuG-I1K6uwq-gJBazQ==/com.savethechildren.learning_tree-1CMBwdveIrDtkv3DFsnSwg==/base.apk' (success) ---
06-04 12:10:01.519 2055 2075 D Benchmark: Reference profile location: /data/misc/profiles/ref/com.savethechildren.learning_tree/primary.prof
06-04 12:10:01.538 2055 2075 D Benchmark: APK Path: /data/app/~~YydvtuG-I1K6uwq-gJBazQ==/com.savethechildren.learning_tree-1CMBwdveIrDtkv3DFsnSwg==/base.apk
06-04 12:10:01.538 2055 2075 D Benchmark: Converting to human readable profile format
06-04 12:10:01.538 2055 2075 D Benchmark: Using profile location: /data/misc/profiles/ref/com.savethechildren.learning_tree/primary.prof
06-04 12:10:01.801 4041 4041 W profman : profman took 253.468ms
06-04 12:10:01.820 2055 2075 D Benchmark: Using profile location: /data/misc/profiles/cur/0/com.savethechildren.learning_tree/primary.prof
06-04 12:10:02.076 4052 4052 W profman : profman took 243.221ms
06-04 12:10:03.003 2055 2075 D Benchmark: Unstable profiles during iteration 15
06-04 12:10:03.679 2055 2075 D Benchmark: Moving /storage/emulated/0/Android/media/com.ustadmobile.app_android_baselineprofile/BaselineProfileGenerator_generate-startup-prof.txt to /sdcard/Android/media/com.ustadmobile.app_android_baselineprofile/additional_test_output/BaselineProfileGenerator_generate-startup-prof.txt
06-04 12:10:03.682 1232 1333 W MediaProvider: Forgot to handle a top level directory in getContentUriForFile?
06-04 12:10:03.685 2055 2075 D Benchmark: Pull Baseline Profile with: `adb pull "/storage/emulated/0/Android/media/com.ustadmobile.app_android_baselineprofile/BaselineProfileGenerator_generate-startup-prof-2025-06-04-10-10-03.txt" .`
06-04 12:10:03.700 2055 2075 D Benchmark: Moving /storage/emulated/0/Android/media/com.ustadmobile.app_android_baselineprofile/BaselineProfileGenerator_generate-startup-prof-2025-06-04-10-10-03.txt to /sdcard/Android/media/com.ustadmobile.app_android_baselineprofile/additional_test_output/BaselineProfileGenerator_generate-startup-prof-2025-06-04-10-10-03.txt
06-04 12:10:03.702 1232 2282 W MediaProvider: Forgot to handle a top level directory in getContentUriForFile?
06-04 12:10:03.704 2055 2075 D Benchmark: Total Run Time Ns: 410516608298
06-04 12:10:03.705 2055 2075 D Benchmark: Killing process com.savethechildren.learning_tree
06-04 12:10:03.705 2055 2075 D UiDevice: Executing shell command: killall com.savethechildren.learning_tree
06-04 12:10:03.712 2055 2075 I TestRunner: finished: generate(com.ustadmobile.app_android_baselineprofile.BaselineProfileGenerator)
06-04 12:10:03.713 2055 2075 I TestRunner: started: startupCompilationBaselineProfiles(com.ustadmobile.app_android_baselineprofile.StartupBenchmarks)
06-04 12:10:03.715 2055 2075 I GrantPermissionCallable: Permission: android.permission.READ_EXTERNAL_STORAGE is already granted!
06-04 12:10:03.716 2055 2075 I GrantPermissionCallable: Permission: android.permission.WRITE_EXTERNAL_STORAGE is already granted!
06-04 12:10:03.716 2055 2075 E TestRunner: assumption failed: startupCompilationBaselineProfiles(com.ustadmobile.app_android_baselineprofile.StartupBenchmarks)
06-04 12:10:03.716 2055 2075 E TestRunner: ----- begin exception -----
06-04 12:10:03.716 2055 2075 E TestRunner: org.junit.AssumptionViolatedException: got: , expected: is
06-04 12:10:03.716 2055 2075 E TestRunner: at org.junit.Assume.assumeThat(Assume.java:106)
06-04 12:10:03.716 2055 2075 E TestRunner: at org.junit.Assume.assumeTrue(Assume.java:50)
06-04 12:10:03.716 2055 2075 E TestRunner: at androidx.benchmark.macro.junit4.MacrobenchmarkRule$applyInternal$1.evaluate(MacrobenchmarkRule.kt:131)
06-04 12:10:03.716 2055 2075 E TestRunner: at androidx.test.rule.GrantPermissionRule$RequestPermissionStatement.evaluate(GrantPermissionRule.java:136)
06-04 12:10:03.716 2055 2075 E TestRunner: at org.junit.rules.RunRules.evaluate(RunRules.java:20)
06-04 12:10:03.716 2055 2075 E TestRunner: at org.junit.runners.ParentRunner$3.evaluate(ParentRunner.java:306)
06-04 12:10:03.716 2055 2075 E TestRunner: at org.junit.runners.BlockJUnit4ClassRunner$1.evaluate(BlockJUnit4ClassRunner.java:100)
06-04 12:10:03.716 2055 2075 E TestRunner: at org.junit.runners.ParentRunner.runLeaf(ParentRunner.java:366)
06-04 12:10:03.716 2055 2075 E TestRunner: at org.junit.runners.BlockJUnit4ClassRunner.runChild(BlockJUnit4ClassRunner.java:103)
06-04 12:10:03.716 2055 2075 E TestRunner: at org.junit.runners.BlockJUnit4ClassRunner.runChild(BlockJUnit4ClassRunner.java:63)
06-04 12:10:03.716 2055 2075 E TestRunner: at org.junit.runners.ParentRunner$4.run(ParentRunner.java:331)
06-04 12:10:03.716 2055 2075 E TestRunner: at org.junit.runners.ParentRunner$1.schedule(ParentRunner.java:79)
06-04 12:10:03.716 2055 2075 E TestRunner: at org.junit.runners.ParentRunner.runChildren(ParentRunner.java:329)
06-04 12:10:03.716 2055 2075 E TestRunner: at org.junit.runners.ParentRunner.access$100(ParentRunner.java:66)
06-04 12:10:03.716 2055 2075 E TestRunner: at org.junit.runners.ParentRunner$2.evaluate(ParentRunner.java:293)
06-04 12:10:03.716 2055 2075 E TestRunner: at org.junit.runners.ParentRunner$3.evaluate(ParentRunner.java:306)
06-04 12:10:03.716 2055 2075 E TestRunner: at org.junit.runners.ParentRunner.run(ParentRunner.java:413)
06-04 12:10:03.716 2055 2075 E TestRunner: at androidx.test.ext.junit.runners.AndroidJUnit4.run(AndroidJUnit4.java:162)
06-04 12:10:03.716 2055 2075 E TestRunner: at org.junit.runners.Suite.runChild(Suite.java:128)
06-04 12:10:03.716 2055 2075 E TestRunner: at org.junit.runners.Suite.runChild(Suite.java:27)
06-04 12:10:03.716 2055 2075 E TestRunner: at org.junit.runners.ParentRunner$4.run(ParentRunner.java:331)
06-04 12:10:03.716 2055 2075 E TestRunner: at org.junit.runners.ParentRunner$1.schedule(ParentRunner.java:79)
06-04 12:10:03.716 2055 2075 E TestRunner: at org.junit.runners.ParentRunner.runChildren(ParentRunner.java:329)
06-04 12:10:03.716 2055 2075 E TestRunner: at org.junit.runners.ParentRunner.access$100(ParentRunner.java:66)
06-04 12:10:03.716 2055 2075 E TestRunner: at org.junit.runners.ParentRunner$2.evaluate(ParentRunner.java:293)
06-04 12:10:03.716 2055 2075 E TestRunner: at org.junit.runners.ParentRunner$3.evaluate(ParentRunner.java:306)
06-04 12:10:03.716 2055 2075 E TestRunner: at org.junit.runners.ParentRunner.run(ParentRunner.java:413)
06-04 12:10:03.716 2055 2075 E TestRunner: at org.junit.runner.JUnitCore.run(JUnitCore.java:137)
06-04 12:10:03.716 2055 2075 E TestRunner: at org.junit.runner.JUnitCore.run(JUnitCore.java:115)
06-04 12:10:03.716 2055 2075 E TestRunner: at androidx.test.internal.runner.TestExecutor.execute(TestExecutor.java:67)
06-04 12:10:03.716 2055 2075 E TestRunner: at androidx.test.internal.runner.TestExecutor.execute(TestExecutor.java:58)
06-04 12:10:03.716 2055 2075 E TestRunner: at androidx.test.runner.AndroidJUnitRunner.onStart(AndroidJUnitRunner.java:446)
06-04 12:10:03.716 2055 2075 E TestRunner: at android.app.Instrumentation$InstrumentationThread.run(Instrumentation.java:2205)
06-04 12:10:03.716 2055 2075 E TestRunner: ----- end exception -----
06-04 12:10:03.716 2055 2075 I TestRunner: finished: startupCompilationBaselineProfiles(com.ustadmobile.app_android_baselineprofile.StartupBenchmarks)
06-04 12:10:03.717 2055 2075 I TestRunner: started: startupCompilationNone(com.ustadmobile.app_android_baselineprofile.StartupBenchmarks)
06-04 12:10:03.719 2055 2075 I GrantPermissionCallable: Permission: android.permission.READ_EXTERNAL_STORAGE is already granted!
06-04 12:10:03.719 2055 2075 I GrantPermissionCallable: Permission: android.permission.WRITE_EXTERNAL_STORAGE is already granted!
06-04 12:10:03.719 2055 2075 E TestRunner: assumption failed: startupCompilationNone(com.ustadmobile.app_android_baselineprofile.StartupBenchmarks)
06-04 12:10:03.719 2055 2075 E TestRunner: ----- begin exception -----
06-04 12:10:03.719 2055 2075 E TestRunner: org.junit.AssumptionViolatedException: got: , expected: is
06-04 12:10:03.719 2055 2075 E TestRunner: at org.junit.Assume.assumeThat(Assume.java:106)
06-04 12:10:03.719 2055 2075 E TestRunner: at org.junit.Assume.assumeTrue(Assume.java:50)
06-04 12:10:03.719 2055 2075 E TestRunner: at androidx.benchmark.macro.junit4.MacrobenchmarkRule$applyInternal$1.evaluate(MacrobenchmarkRule.kt:131)
06-04 12:10:03.719 2055 2075 E TestRunner: at androidx.test.rule.GrantPermissionRule$RequestPermissionStatement.evaluate(GrantPermissionRule.java:136)
06-04 12:10:03.719 2055 2075 E TestRunner: at org.junit.rules.RunRules.evaluate(RunRules.java:20)
06-04 12:10:03.719 2055 2075 E TestRunner: at org.junit.runners.ParentRunner$3.evaluate(ParentRunner.java:306)
06-04 12:10:03.719 2055 2075 E TestRunner: at org.junit.runners.BlockJUnit4ClassRunner$1.evaluate(BlockJUnit4ClassRunner.java:100)
06-04 12:10:03.719 2055 2075 E TestRunner: at org.junit.runners.ParentRunner.runLeaf(ParentRunner.java:366)
06-04 12:10:03.719 2055 2075 E TestRunner: at org.junit.runners.BlockJUnit4ClassRunner.runChild(BlockJUnit4ClassRunner.java:103)
06-04 12:10:03.719 2055 2075 E TestRunner: at org.junit.runners.BlockJUnit4ClassRunner.runChild(BlockJUnit4ClassRunner.java:63)
06-04 12:10:03.719 2055 2075 E TestRunner: at org.junit.runners.ParentRunner$4.run(ParentRunner.java:331)
06-04 12:10:03.719 2055 2075 E TestRunner: at org.junit.runners.ParentRunner$1.schedule(ParentRunner.java:79)
06-04 12:10:03.719 2055 2075 E TestRunner: at org.junit.runners.ParentRunner.runChildren(ParentRunner.java:329)
06-04 12:10:03.719 2055 2075 E TestRunner: at org.junit.runners.ParentRunner.access$100(ParentRunner.java:66)
06-04 12:10:03.719 2055 2075 E TestRunner: at org.junit.runners.ParentRunner$2.evaluate(ParentRunner.java:293)
06-04 12:10:03.719 2055 2075 E TestRunner: at org.junit.runners.ParentRunner$3.evaluate(ParentRunner.java:306)
06-04 12:10:03.719 2055 2075 E TestRunner: at org.junit.runners.ParentRunner.run(ParentRunner.java:413)
06-04 12:10:03.719 2055 2075 E TestRunner: at androidx.test.ext.junit.runners.AndroidJUnit4.run(AndroidJUnit4.java:162)
06-04 12:10:03.719 2055 2075 E TestRunner: at org.junit.runners.Suite.runChild(Suite.java:128)
06-04 12:10:03.719 2055 2075 E TestRunner: at org.junit.runners.Suite.runChild(Suite.java:27)
06-04 12:10:03.719 2055 2075 E TestRunner: at org.junit.runners.ParentRunner$4.run(ParentRunner.java:331)
06-04 12:10:03.719 2055 2075 E TestRunner: at org.junit.runners.ParentRunner$1.schedule(ParentRunner.java:79)
06-04 12:10:03.719 2055 2075 E TestRunner: at org.junit.runners.ParentRunner.runChildren(ParentRunner.java:329)
06-04 12:10:03.719 2055 2075 E TestRunner: at org.junit.runners.ParentRunner.access$100(ParentRunner.java:66)
06-04 12:10:03.719 2055 2075 E TestRunner: at org.junit.runners.ParentRunner$2.evaluate(ParentRunner.java:293)
06-04 12:10:03.719 2055 2075 E TestRunner: at org.junit.runners.ParentRunner$3.evaluate(ParentRunner.java:306)
06-04 12:10:03.719 2055 2075 E TestRunner: at org.junit.runners.ParentRunner.run(ParentRunner.java:413)
06-04 12:10:03.719 2055 2075 E TestRunner: at org.junit.runner.JUnitCore.run(JUnitCore.java:137)
06-04 12:10:03.719 2055 2075 E TestRunner: at org.junit.runner.JUnitCore.run(JUnitCore.java:115)
06-04 12:10:03.719 2055 2075 E TestRunner: at androidx.test.internal.runner.TestExecutor.execute(TestExecutor.java:67)
06-04 12:10:03.719 2055 2075 E TestRunner: at androidx.test.internal.runner.TestExecutor.execute(TestExecutor.java:58)
06-04 12:10:03.719 2055 2075 E TestRunner: at androidx.test.runner.AndroidJUnitRunner.onStart(AndroidJUnitRunner.java:446)
06-04 12:10:03.719 2055 2075 E TestRunner: at android.app.Instrumentation$InstrumentationThread.run(Instrumentation.java:2205)
06-04 12:10:03.719 2055 2075 E TestRunner: ----- end exception -----
06-04 12:10:03.719 2055 2075 I TestRunner: finished: startupCompilationNone(com.ustadmobile.app_android_baselineprofile.StartupBenchmarks)
06-04 12:10:03.720 2055 2075 I TestRunner: run finished: 3 tests, 0 failed, 0 ignored
06-04 12:10:03.722 2055 2077 V UiAutomation: Init UiAutomation@9594ec5[id=-1, flags=0]
06-04 12:10:03.727 2042 2042 D AndroidRuntime: Shutting down VM
06-04 12:10:03.737 256 256 I Zygote : Process 2055 exited due to signal 9 (Killed)
06-04 12:10:03.740 987 987 D CompatibilityChangeReporter: Compat change id reported: 150939131; UID 10118; state: ENABLED
06-04 12:10:03.769 478 507 I libprocessgroup: Successfully killed process cgroup uid 10131 pid 2055 in 42ms
06-04 12:10:04.157 4081 4083 I cmd : oneway function results will be dropped but finished with status OK and parcel size 4
06-04 12:10:04.263 4098 4100 I cmd : oneway function results will be dropped but finished with status OK and parcel size 4 =================== END_TIME: 2025-06-04 12:10:05.043 END_TIME-NANOS: 2025-06-04 12:10:05.043354738 DURATION: 413907ms EXIT CODE: 143