06-04 12:05:14.112 2149 2149 W AppActivity$bindCustomTabsService: CustomTabs: Service NOT supported
06-04 12:05:14.136 478 572 D UntrustedWifiNetworkFactory: got request NetworkRequest [ TRACK_DEFAULT id=24, [ Capabilities: INTERNET&NOT_RESTRICTED&TRUSTED Uid: 10130 AdministratorUids: [] RequestorUid: 10130 RequestorPackageName: com.savethechildren.learning_tree] ] with score 60 and providerId 3
06-04 12:05:14.136 478 572 D WifiNetworkFactory: got request NetworkRequest [ TRACK_DEFAULT id=24, [ Capabilities: INTERNET&NOT_RESTRICTED&TRUSTED Uid: 10130 AdministratorUids: [] RequestorUid: 10130 RequestorPackageName: com.savethechildren.learning_tree] ] with score 60 and providerId 3
06-04 12:05:14.136 842 842 D PhoneSwitcherNetworkRequstListener: got request NetworkRequest [ TRACK_DEFAULT id=24, [ Capabilities: INTERNET&NOT_RESTRICTED&TRUSTED Uid: 10130 AdministratorUids: [] RequestorUid: 10130 RequestorPackageName: com.savethechildren.learning_tree] ] with score 60 and providerId 3
06-04 12:05:14.142 638 638 V KeyguardUpdateMonitor: onSubscriptionInfoChanged()
06-04 12:05:14.142 638 638 V KeyguardUpdateMonitor: SubInfo:{id=1 iccId=89014103211118510720 simSlotIndex=0 carrierId=1 displayName=T-Mobile carrierName=T-Mobile nameSource=3 iconTint=-16746133 number=+15555215554 dataRoaming=0 iconBitmap=android.graphics.Bitmap@7ce8884 mcc=310 mnc=260 countryIso=us isEmbedded=false nativeAccessRules=null cardString=89014103211118510720 cardId=-1 isOpportunistic=false groupUUID=null isGroupDisabled=false profileClass=-1 ehplmns=null hplmns=null subscriptionType=0 groupOwner=null carrierConfigAccessRules=null areUiccApplicationsEnabled=true}
06-04 12:05:14.143 842 842 D Telephony: isEmergencyPreferredAccount: subId=1, activeData=1
06-04 12:05:14.143 842 842 D Telephony: isEmergencyPreferredAccount: Device does not require preference.
06-04 12:05:14.148 273 1473 D goldfish-address-space: claimShared: Ask to claim region [0x3f678d000 0x3f6f76000]
06-04 12:05:14.148 273 1473 D goldfish-address-space: claimShared: Ask to claim region [0x3f6f76000 0x3f775f000]
06-04 12:05:14.149 273 1473 D goldfish-address-space: claimShared: Ask to claim region [0x3f775f000 0x3f7f48000]
06-04 12:05:14.155 478 498 D EventSequenceValidator: dec AccIntentStartedEvents to 1
06-04 12:05:14.155 2727 2729 I cmd : oneway function results will be dropped but finished with status OK and parcel size 4
06-04 12:05:14.165 478 504 D ArtManagerInternalImpl: /data/misc/iorapd/com.savethechildren.learning_tree/363/com.ustadmobile.port.android.view.AppActivity/compiled_traces/compiled_trace.pb doesn't exist
06-04 12:05:14.168 2149 2149 D UstadViewModelFunKt$ustadViewModel$viewModel$invoke: ustadViewModel(): create viewmodel for: com.ustadmobile.core.viewmodel.redirect.RedirectViewModel
06-04 12:05:14.177 478 504 I ActivityTaskManager: Displayed com.savethechildren.learning_tree/com.ustadmobile.port.android.view.AppActivity: +57ms
06-04 12:05:14.179 2149 2149 D UstadNavControllerPreCompose$onCollectNavCommand: NavCommandEffect: Navigate: Go to AddAccountSelectNewOrExisting
06-04 12:05:14.184 2149 2149 D UstadViewModelFunKt$ustadViewModel$viewModel$invoke: ustadViewModel(): create viewmodel for: com.ustadmobile.core.viewmodel.account.addaccountselectneworexisting.AddAccountSelectNewOrExistingViewModel
06-04 12:05:14.185 2149 2149 W GooglePlayServicesUtil: com.savethechildren.learning_tree requires the Google Play Store, but it is missing.
06-04 12:05:14.185 2149 2149 W PlayServicesImpl: Connection with Google Play Services was not successful. Connection result is: ConnectionResult{statusCode=SERVICE_INVALID, resolution=null, message=null}
06-04 12:05:14.186 2055 2075 D Benchmark: Result: Starting: Intent { act=android.intent.action.MAIN cat=[android.intent.category.LAUNCHER] flg=0x10008000 pkg=com.savethechildren.learning_tree cmp=com.savethechildren.learning_tree/com.ustadmobile.port.android.view.AppActivity }
06-04 12:05:14.186 2055 2075 D Benchmark: Status: ok
06-04 12:05:14.186 2055 2075 D Benchmark: LaunchState: WARM
06-04 12:05:14.186 2055 2075 D Benchmark: Activity: com.savethechildren.learning_tree/com.ustadmobile.port.android.view.AppActivity
06-04 12:05:14.186 2055 2075 D Benchmark: TotalTime: 57
06-04 12:05:14.186 2055 2075 D Benchmark: WaitTime: 58
06-04 12:05:14.186 2055 2075 D Benchmark: Complete
06-04 12:05:14.186 2149 2149 E AddAccountSelectNewOrExistingViewModel$getCredentials$invokeSuspend: Error occurred: Failed to get credential: getCredentialAsync no provider dependencies found - please ensure the desired provider dependencies are added
06-04 12:05:14.253 2055 2075 I System.out: 0 Flags,IntendedVsync,Vsync,OldestInputEvent,NewestInputEvent,HandleInputStart,AnimationStart,PerformTraversalsStart,DrawStart,SyncQueued,SyncStart,IssueDrawCommandsStart,SwapBuffers,FrameCompleted,DequeueBufferDuration,QueueBufferDuration,GpuCompleted,
06-04 12:05:14.253 2055 2075 I System.out: 1 1,173339911728,173356578394,9223372036854775807,0,173363031324,173363031815,173363153404,173386522925,173386721468,173386906867,173386918298,173387760221,173389638783,22252,108414,121054827929,
06-04 12:05:14.253 2055 2075 I System.out: 2 0,173373245562,173389912228,9223372036854775807,0,173399328443,173399329264,173407208980,173407254746,173407864853,173407976854,173408000739,173411476955,173416244058,2198644,245061,121089919410,
06-04 12:05:14.253 2055 2075 I System.out: 3 0,173406579456,173406579456,9223372036854775807,0,173415926030,173415926712,173432433098,173432472482,173440607398,173447350226,173447404999,173447834026,173448801936,26540,135094,121199442012,
06-04 12:05:14.259 2055 2075 D UiDevice: Waiting 10000ms for SearchCondition[hasObject=BySelector [TEXT='\QGet Started\E']].
06-04 12:05:14.259 2055 2075 D UiDevice: Searching for node with selector: BySelector [TEXT='\QGet Started\E'].
06-04 12:05:18.144 2055 2075 I chatty : uid=10131(com.ustadmobile.app_android_baselineprofile) roidJUnitRunner identical 29 lines
06-04 12:05:18.247 2055 2075 D UiDevice: Searching for node with selector: BySelector [TEXT='\QGet Started\E'].
06-04 12:05:18.332 350 350 I perfetto: probes_producer.cc:329 Producer stop (id=5)
06-04 12:05:18.332 361 361 I perfetto: ng_service_impl.cc:1948 Tracing session 5 ended, total sessions:1
06-04 12:05:18.350 2055 2075 D UiDevice: Searching for node with selector: BySelector [TEXT='\QGet Started\E'].
06-04 12:05:18.970 2055 2075 I chatty : uid=10131(com.ustadmobile.app_android_baselineprofile) roidJUnitRunner identical 6 lines
06-04 12:05:19.073 2055 2075 D UiDevice: Searching for node with selector: BySelector [TEXT='\QGet Started\E'].
06-04 12:05:19.099 350 350 I perfetto: probes_producer.cc:329 Producer stop (id=6)
06-04 12:05:19.099 350 350 I perfetto: ftrace_procfs.cc:183 disabled ftrace
06-04 12:05:19.100 361 361 I perfetto: ng_service_impl.cc:1948 Tracing session 6 ended, total sessions:0
06-04 12:05:19.176 2055 2075 D UiDevice: Searching for node with selector: BySelector [TEXT='\QGet Started\E'].
06-04 12:05:24.218 2055 2075 I chatty : uid=10131(com.ustadmobile.app_android_baselineprofile) roidJUnitRunner identical 49 lines
06-04 12:05:24.320 2055 2075 D UiDevice: Searching for node with selector: BySelector [TEXT='\QGet Started\E'].
06-04 12:05:25.323 2055 2075 D UiDevice: Retrieving node with selector: BySelector [TEXT='\QGet Started\E'].
06-04 12:05:25.326 2055 2075 D UiDevice: Node not found with selector: BySelector [TEXT='\QGet Started\E'].
06-04 12:05:27.650 478 1253 D WifiNl80211Manager: Scan result ready event
06-04 12:05:27.650 478 1253 D WifiNative: Scan result ready event
06-04 12:05:29.059 2149 2170 D UstadCache: CacheTrimmer: Trim cache run: max (evictable) size = 100000000 bytes
06-04 12:05:29.060 2149 2170 V UstadCache: CacheTrimmer: deleting
06-04 12:05:30.326 2055 2075 D Benchmark: Profile Installer - Save Profile
06-04 12:05:30.335 2149 2149 I Process : Sending signal. PID: 2149 SIG: 10
06-04 12:05:30.335 2149 2149 D ProfileInstaller:
06-04 12:05:30.335 2149 2157 I n.learning_tre: Thread[3,tid=2157,WaitingInMainSignalCatcherLoop,Thread*=0x7e5233e1a010,peer=0x13741888,"Signal Catcher"]: reacting to signal 10
06-04 12:05:30.335 2149 2157 I n.learning_tre:
06-04 12:05:30.335 2149 2157 I n.learning_tre: SIGUSR1 forcing GC (no HPROF) and profile save
06-04 12:05:30.336 2761 2763 I cmd : oneway function results will be dropped but finished with status OK and parcel size 4
06-04 12:05:30.346 2149 2157 I n.learning_tre: Explicit concurrent copying GC freed 134230(4989KB) AllocSpace objects, 5(132KB) LOS objects, 49% free, 6121KB/11MB, paused 7us total 11.012ms
06-04 12:05:30.838 2055 2075 D Benchmark: Killing process com.savethechildren.learning_tree
06-04 12:05:30.838 2055 2075 D UiDevice: Executing shell command: killall com.savethechildren.learning_tree
06-04 12:05:30.890 478 563 I PackageDexOptimizer: Running dexopt (dexoptNeeded=-3) on: /data/app/~~YydvtuG-I1K6uwq-gJBazQ==/com.savethechildren.learning_tree-1CMBwdveIrDtkv3DFsnSwg==/base.apk pkg=com.savethechildren.learning_tree isa=x86_64 dexoptFlags=boot_complete,profile_guided,force,enable_hidden_api_checks targetFilter=speed-profile oatDir=/data/app/~~YydvtuG-I1K6uwq-gJBazQ==/com.savethechildren.learning_tree-1CMBwdveIrDtkv3DFsnSwg==/oat classLoaderContext=PCL[]{PCL[/system_ext/framework/androidx.window.sidecar.jar]}
06-04 12:05:30.892 380 380 V installd: DexInv: --- BEGIN '/data/app/~~YydvtuG-I1K6uwq-gJBazQ==/com.savethechildren.learning_tree-1CMBwdveIrDtkv3DFsnSwg==/base.apk' ---
06-04 12:05:30.908 2775 2775 W dex2oat32: Unexpected CPU variant for X86 using defaults: x86_64
06-04 12:05:30.993 2775 2775 I dex2oat32: /apex/com.android.art/bin/dex2oat32 --input-vdex-fd=9 --output-vdex-fd=10 --updatable-bcp-packages-file=/system/etc/updatable-bcp-packages.txt --resolve-startup-const-strings=true --max-image-block-size=524288 --compiler-filter=speed-profile --profile-file-fd=12 --classpath-dir=/data/app/~~YydvtuG-I1K6uwq-gJBazQ==/com.savethechildren.learning_tree-1CMBwdveIrDtkv3DFsnSwg== --class-loader-context=PCL[]{PCL[/system_ext/framework/androidx.window.sidecar.jar]} --generate-mini-debug-info --compilation-reason=unknown
06-04 12:05:30.994 2775 2775 I dex2oat32: setting boot class path to /apex/com.android.art/javalib/core-oj.jar:/apex/com.android.art/javalib/core-libart.jar:/apex/com.android.art/javalib/core-icu4j.jar:/apex/com.android.art/javalib/okhttp.jar:/apex/com.android.art/javalib/bouncycastle.jar:/apex/com.android.art/javalib/apache-xml.jar:/system/framework/framework.jar:/system/framework/ext.jar:/system/framework/telephony-common.jar:/system/framework/voip-common.jar:/system/framework/ims-common.jar:/system/framework/framework-atb-backward-compatibility.jar
06-04 12:05:35.176 445 445 E netmgr : qemu_pipe_open_ns:62: Could not connect to the 'pipe:qemud:network' service: Invalid argument
06-04 12:05:35.176 445 445 E netmgr : Failed to open QEMU pipe 'qemud:network': Invalid argument
06-04 12:05:35.206 447 447 E wifi_forwarder: qemu_pipe_open_ns:62: Could not connect to the 'pipe:qemud:wififorward' service: Invalid argument
06-04 12:05:35.206 447 447 E wifi_forwarder: RemoteConnection failed to initialize: RemoteConnection failed to open pipe
06-04 12:05:35.643 2775 2775 W dex2oat32: Could not reserve sentinel fault page
06-04 12:05:36.294 2775 2775 W dex2oat32: Accessing hidden method Landroid/graphics/Canvas;->drawPatch(Landroid/graphics/NinePatch;Landroid/graphics/Rect;Landroid/graphics/Paint;)V (greylist-max-o, linking, denied)
06-04 12:05:36.294 2775 2775 W dex2oat32: Accessing hidden method Landroid/graphics/Canvas;->drawPatch(Landroid/graphics/NinePatch;Landroid/graphics/RectF;Landroid/graphics/Paint;)V (greylist-max-o, linking, denied)
06-04 12:05:36.298 2775 2775 W dex2oat32: Accessing hidden method Landroid/graphics/Bitmap;->getHardwareBuffer()Landroid/hardware/HardwareBuffer; (blacklist, linking, denied)
06-04 12:05:36.417 2775 2775 W dex2oat32: Accessing hidden method Landroid/app/job/JobParameters;->getStopReason()I (greylist-max-o, linking, denied)
06-04 12:05:38.168 2775 2775 I dex2oat32: Explicit concurrent copying GC freed 277755(40MB) AllocSpace objects, 0(0B) LOS objects, 49% free, 2216KB/4433KB, paused 11us total 7.045ms
06-04 12:05:38.193 2775 2775 W dex2oat32: Accessing hidden field Ljava/nio/file/FileSystemException;->file:Ljava/lang/String; (greylist-max-o, linking, denied)
06-04 12:05:38.193 2775 2775 W dex2oat32: Accessing hidden field Ljava/nio/file/FileSystemException;->other:Ljava/lang/String; (greylist-max-o, linking, denied)
06-04 12:05:38.193 2775 2775 W dex2oat32: Accessing hidden field Ljava/nio/file/InvalidPathException;->index:I (greylist-max-o, linking, denied)
06-04 12:05:38.193 2775 2775 W dex2oat32: Accessing hidden field Ljava/nio/file/InvalidPathException;->input:Ljava/lang/String; (greylist-max-o, linking, denied)
06-04 12:05:38.194 2775 2775 W dex2oat32: Accessing hidden method Landroid/graphics/Bitmap;->getHardwareBuffer()Landroid/hardware/HardwareBuffer; (blacklist, linking, denied)
06-04 12:05:38.194 2775 2775 W dex2oat32: Accessing hidden method Landroid/graphics/Canvas;->drawPatch(Landroid/graphics/NinePatch;Landroid/graphics/Rect;Landroid/graphics/Paint;)V (greylist-max-o, linking, denied)
06-04 12:05:38.194 2775 2775 W dex2oat32: Accessing hidden method Landroid/graphics/Canvas;->drawPatch(Landroid/graphics/NinePatch;Landroid/graphics/RectF;Landroid/graphics/Paint;)V (greylist-max-o, linking, denied)
06-04 12:05:38.205 2775 2775 W dex2oat32: Accessing hidden method Landroid/app/job/JobParameters;->getStopReason()I (greylist-max-o, linking, denied)
06-04 12:05:39.131 2775 2775 I dex2oat32: dex2oat took 8.224s (9.973s cpu) (threads: 2) arena alloc=3615KB (3701960B) java alloc=2232KB (2286104B) native alloc=81MB (85883440B) free=82MB (86077312B)
06-04 12:05:39.147 380 380 V installd: DexInv: --- END '/data/app/~~YydvtuG-I1K6uwq-gJBazQ==/com.savethechildren.learning_tree-1CMBwdveIrDtkv3DFsnSwg==/base.apk' (success) ---
06-04 12:05:39.153 2771 2773 I cmd : oneway function results will be dropped but finished with status OK and parcel size 4
06-04 12:05:39.162 2055 2075 D Benchmark: Reference profile location: /data/misc/profiles/ref/com.savethechildren.learning_tree/primary.prof
06-04 12:05:39.187 2055 2075 D Benchmark: APK Path: /data/app/~~YydvtuG-I1K6uwq-gJBazQ==/com.savethechildren.learning_tree-1CMBwdveIrDtkv3DFsnSwg==/base.apk
06-04 12:05:39.187 2055 2075 D Benchmark: Converting to human readable profile format
06-04 12:05:39.188 2055 2075 D Benchmark: Using profile location: /data/misc/profiles/ref/com.savethechildren.learning_tree/primary.prof
06-04 12:05:39.445 2803 2803 W profman : profman took 248.709ms
06-04 12:05:39.462 2055 2075 D Benchmark: Using profile location: /data/misc/profiles/cur/0/com.savethechildren.learning_tree/primary.prof
06-04 12:05:39.713 2814 2814 W profman : profman took 237.805ms
06-04 12:05:40.596 2055 2075 D Benchmark: Unstable profiles during iteration 5
06-04 12:05:40.596 2055 2075 D Benchmark: Killing package com.savethechildren.learning_tree
06-04 12:05:40.596 2055 2075 D Benchmark: Killing process com.savethechildren.learning_tree
06-04 12:05:40.596 2055 2075 D UiDevice: Executing shell command: killall com.savethechildren.learning_tree
06-04 12:05:40.603 2055 2075 D Benchmark: Compile iteration (6) for com.savethechildren.learning_tree
06-04 12:05:40.603 2055 2075 D UiDevice: Pressing home button.
06-04 12:05:40.624 638 638 V ShadeControllerImpl: NotificationShadeWindow: com.android.systemui.statusbar.phone.NotificationShadeWindowView{90561f7 I.E...... ......ID 0,0-1080,1920} canPanelBeCollapsed(): false
06-04 12:05:40.624 478 498 D EventSequenceValidator: inc AccIntentStartedEvents to 2
06-04 12:05:40.625 361 361 I perfetto: ing_service_impl.cc:758 Configured tracing session 7, #sources:1, duration:5000 ms, #buffers:1, total buffer size:4096 KB, total sessions:1, uid:1071 session name: ""
06-04 12:05:40.625 350 350 I perfetto: probes_producer.cc:230 Ftrace setup (target_buf=7)
06-04 12:05:40.625 478 496 W InputReader: Device virtio_input_multi_touch_10 is associated with display ADISPLAY_ID_NONE.
06-04 12:05:40.625 478 496 W InputReader: Device virtio_input_multi_touch_7 is associated with display ADISPLAY_ID_NONE.
06-04 12:05:40.625 478 496 W InputReader: Device virtio_input_multi_touch_11 is associated with display ADISPLAY_ID_NONE.
06-04 12:05:40.625 478 496 W InputReader: Device virtio_input_multi_touch_5 is associated with display ADISPLAY_ID_NONE.
06-04 12:05:40.625 478 496 W InputReader: Device virtio_input_multi_touch_2 is associated with display ADISPLAY_ID_NONE.
06-04 12:05:40.625 478 496 W InputReader: Device virtio_input_multi_touch_6 is associated with display ADISPLAY_ID_NONE.
06-04 12:05:40.625 478 496 W InputReader: Device virtio_input_multi_touch_8 is associated with display ADISPLAY_ID_NONE.
06-04 12:05:40.625 478 496 W InputReader: Device virtio_input_multi_touch_9 is associated with display ADISPLAY_ID_NONE.
06-04 12:05:40.625 478 496 W InputReader: Device virtio_input_multi_touch_3 is associated with display ADISPLAY_ID_NONE.
06-04 12:05:40.625 478 496 W InputReader: Device virtio_input_multi_touch_4 is associated with display ADISPLAY_ID_NONE.
06-04 12:05:40.625 478 496 W InputReader: Device virtio_input_multi_touch_10 is associated with display ADISPLAY_ID_NONE.
06-04 12:05:40.625 478 496 W InputReader: Device virtio_input_multi_touch_7 is associated with display ADISPLAY_ID_NONE.
06-04 12:05:40.625 478 496 W InputReader: Device virtio_input_multi_touch_11 is associated with display ADISPLAY_ID_NONE.
06-04 12:05:40.625 478 496 W InputReader: Device virtio_input_multi_touch_5 is associated with display ADISPLAY_ID_NONE.
06-04 12:05:40.625 478 496 W InputReader: Device virtio_input_multi_touch_2 is associated with display ADISPLAY_ID_NONE.
06-04 12:05:40.625 478 496 W InputReader: Device virtio_input_multi_touch_6 is associated with display ADISPLAY_ID_NONE.
06-04 12:05:40.625 478 496 W InputReader: Device virtio_input_multi_touch_8 is associated with display ADISPLAY_ID_NONE.
06-04 12:05:40.625 478 496 W InputReader: Device virtio_input_multi_touch_9 is associated with display ADISPLAY_ID_NONE.
06-04 12:05:40.625 478 496 W InputReader: Device virtio_input_multi_touch_3 is associated with display ADISPLAY_ID_NONE.
06-04 12:05:40.625 478 496 W InputReader: Device virtio_input_multi_touch_4 is associated with display ADISPLAY_ID_NONE.
06-04 12:05:40.640 987 987 D TaplTarget: Launcher.onNewIntent: Intent { act=android.intent.action.MAIN cat=[android.intent.category.HOME] flg=0x10400100 cmp=com.android.launcher3/.uioverrides.QuickstepLauncher (has extras) }
06-04 12:05:40.641 638 638 V ShadeControllerImpl: NotificationShadeWindow: com.android.systemui.statusbar.phone.NotificationShadeWindowView{90561f7 I.E...... ......ID 0,0-1080,1920} canPanelBeCollapsed(): false
06-04 12:05:40.653 350 350 I perfetto: ftrace_procfs.cc:176 enabled ftrace
06-04 12:05:40.657 273 1473 D goldfish-address-space: claimShared: Ask to claim region [0x3f4000000 0x3f47e9000]
06-04 12:05:40.657 273 1473 D goldfish-address-space: claimShared: Ask to claim region [0x3f47e9000 0x3f4fd2000]
06-04 12:05:40.658 273 1473 D goldfish-address-space: claimShared: Ask to claim region [0x3f4fd2000 0x3f57bb000]
06-04 12:05:40.664 273 1473 D goldfish-address-space: claimShared: Ask to claim region [0x3f57bb000 0x3f5fa4000]
06-04 12:05:40.668 478 504 D ArtManagerInternalImpl: /data/misc/iorapd/com.android.launcher3/30/com.android.launcher3.uioverrides.QuickstepLauncher/compiled_traces/compiled_trace.pb doesn't exist
06-04 12:05:40.670 478 498 D EventSequenceValidator: dec AccIntentStartedEvents to 1
06-04 12:05:40.736 2055 2075 I System.out: 0 Flags,IntendedVsync,Vsync,OldestInputEvent,NewestInputEvent,HandleInputStart,AnimationStart,PerformTraversalsStart,DrawStart,SyncQueued,SyncStart,IssueDrawCommandsStart,SwapBuffers,FrameCompleted,DequeueBufferDuration,QueueBufferDuration,GpuCompleted,
06-04 12:05:40.736 2055 2075 I System.out: 1 1,173339911728,173356578394,9223372036854775807,0,173363031324,173363031815,173363153404,173386522925,173386721468,173386906867,173386918298,173387760221,173389638783,22252,108414,173390030630,
06-04 12:05:40.736 2055 2075 I System.out: 2 0,173373245562,173389912228,9223372036854775807,0,173399328443,173399329264,173407208980,173407254746,173407864853,173407976854,173408000739,173411476955,173416244058,2198644,245061,173423378062,
06-04 12:05:40.736 2055 2075 I System.out: 3 0,173406579456,173406579456,9223372036854775807,0,173415926030,173415926712,173432433098,173432472482,173440607398,173447350226,173447404999,173447834026,173448801936,26540,135094,173456691009,
06-04 12:05:40.736 2055 2075 I System.out: 4 0,173423246372,173439913038,9223372036854775807,0,173451301656,173451302457,173457529466,173457566545,173464075895,173464425712,173464470777,173464979143,173466228703,50265,145033,173471323963,
06-04 12:05:40.736 2055 2075 I System.out: 5 0,173456580209,173456580209,9223372036854775807,0,173465567079,173465568070,173466660925,173466693697,173468088349,173468193076,173468239834,173469728102,173480535393,9098367,1126087,173471378155,
06-04 12:05:40.736 2055 2075 I System.out: 6 0,173473247056,173473247056,9223372036854775807,0,173477365142,173477365563,173478115413,173478158123,173479301633,173480747201,173480794801,173482490469,173496355278,12429400,245622,173483875163,
06-04 12:05:40.736 2055 2075 I System.out: 7 0,173489913992,173489913992,9223372036854775807,0,173490461447,173490461757,173491499759,173491537139,173492567617,173496428817,173496476987,173497381929,173507870630,7242678,1357543,173506733172,
06-04 12:05:40.736 2055 2075 I System.out: 8 0,173506580860,173506580860,9223372036854775807,0,173507016945,173507017286,173507952604,173507988061,173509150136,173509498281,173509599201,173510965309,173531119384,17137343,240682,173523416891,
06-04 12:05:40.737 2055 2075 I System.out: 9 0,173523247713,173523247713,9223372036854775807,0,173523740279,173523740690,173524473248,173524507983,173525531568,173531196740,173531237897,173531793231,173541180582,6409701,1471728,173534738148,
06-04 12:05:40.737 2055 2075 I System.out: 10 0,173539914469,173539914469,9223372036854775807,0,173541179810,173541180111,173541938787,173541973773,173543077809,173545419592,173545463715,173548259833,173560518382,9995233,204976,173550478264,
06-04 12:05:40.737 2055 2075 I System.out: 11 0,173556581373,173556581373,9223372036854775807,0,173557130812,173557131103,173557936968,173557972295,173561358171,173561421189,173561467006,173562067425,173577791019,11568752,188024,173566107180,
06-04 12:05:40.737 2055 2075 I System.out: 12 0,173573248117,173573248117,9223372036854775807,0,173573838337,173573838638,173574831194,173574864787,173576012285,173577839400,173577874306,173579593989,173593149287,10974916,147598,173590053876,
06-04 12:05:40.737 2055 2075 I System.out: 13 0,173589914914,173589914914,9223372036854775807,0,173591085336,173591085566,173591991189,173592012539,173593524192,173593580377,173593616195,173594529372,173612768175,14184110,165992,173598551705,
06-04 12:05:40.737 2055 2075 I System.out: 14 0,173606581788,173606581788,9223372036854775807,0,173607756141,173607756252,173608342344,173608362241,173609260420,173612808391,173612842275,173613287692,173624631101,8278526,537881,173616314433,
06-04 12:05:40.737 2055 2075 I System.out: 15 0,173623248345,173623248345,9223372036854775807,0,173624793616,173624793837,173625428991,173625449750,173626399426,173626454629,173626491038,173626988623,173643835230,11121231,337986,173640061604,
06-04 12:05:40.737 2055 2075 I System.out: 16 0,173639915126,173639915126,9223372036854775807,0,173641489880,173641490050,173642197320,173642231334,173644550394,173644587474,173644621388,173645065553,173658840924,10802662,1030327,173647994430,
06-04 12:05:40.737 2055 2075 I System.out: 17 0,173656582006,173656582006,9223372036854775807,0,173658885969,173658886169,173659877463,173659902240,173660824003,173660857476,173660889787,173661321178,173676051825,12397130,274646,173663602497,
06-04 12:05:40.737 2055 2075 I System.out: 18 0,173673249070,173673249070,9223372036854775807,0,173673398065,173673398496,173676517290,173676545774,173677846790,173677885593,173677919427,173678367309,173693582257,13035160,114025,173680496232,
06-04 12:05:40.737 2055 2075 I System.out: 19 0,173689915969,173689915969,9223372036854775807,0,173690076034,173690076846,173691974163,173691996315,173693027163,173693635016,173693665554,173694223372,173709752672,13327689,115317,173706724488,
06-04 12:05:40.737 2055 2075 I System.out: 20 0,173706582773,173706582773,9223372036854775807,0,173707292205,173707292386,173708011778,173708040623,173709053046,173709812584,173709857168,173710359543,173726292531,12657510,934257,173713593343,
06-04 12:05:40.737 2055 2075 I System.out: 21 0,173723249626,173723249626,9223372036854775807,0,173723442121,173723443193,173726623603,173726660002,173727722880,173727804003,173727836093,173728279447,173743215460,12479074,205537,173740121874,
06-04 12:05:40.737 2055 2075 I System.out: 22 0,173739916300,173739916300,9223372036854775807,0,173740330446,173740331318,173740990707,173741025893,173743489446,173743570167,173743611896,173744103650,173759536268,12026313,1051577,173747468978,
06-04 12:05:40.737 2055 2075 I System.out: 23 0,173756583119,173756583119,9223372036854775807,0,173756749538,173756750490,173759976085,173760013876,173760827546,173760892298,173760924538,173761448413,173776428470,11864999,1019127,173764520289,
06-04 12:05:40.737 2055 2075 I System.out: 24 0,173773249897,173773249897,9223372036854775807,0,173773629757,173773630699,173775826588,173775872164,173777133365,173777201002,173777240807,173777908813,173792866558,12967552,1121148,173779854522,
06-04 12:05:40.737 2055 2075 I System.out: 25 0,173789916726,173789916726,9223372036854775807,0,173790100727,173790101959,173795032570,173795075561,173796045304,173796112972,173796148789,173796950617,173808145887,10131369,114796,173797962018,
06-04 12:05:40.737 2055 2075 I System.out: 26 0,173806583607,173806583607,9223372036854775807,0,173806717281,173806718302,173808806008,173808847145,173810003109,173810094380,173810128314,173810768378,173824524633,11845343,1003737,173812615912,
06-04 12:05:40.737 2055 2075 I System.out: 27 0,173823250240,173823250240,9223372036854775807,0,173823476753,173823477795,173825098212,173825147935,173826430126,173826910118,173826945034,173827694724,173840973090,12160024,206869,173828747142,
06-04 12:05:40.737 2055 2075 I System.out: 28 0,173839917057,173839917057,9223372036854775807,0,173840101552,173840115157,173841235253,173841270971,173842243038,173842292341,173842327798,173843083549,173858128818,13659684,196790,173856727723,
06-04 12:05:40.737 2055 2075 I System.out: 29 0,173856583917,173856583917,9223372036854775807,0,173856746809,173856747841,173858390820,173858427279,173859613149,173859694692,173859732954,173860361556,173875986966,14664603,129484,173861281566,
06-04 12:05:40.737 2055 2075 I System.out: 30 0,173873250805,173873250805,9223372036854775807,0,173873386827,173873387678,173874553871,173874589358,173875568619,173876251774,173876285387,173876917535,173893212625,15358978,108734,173890087989,
06-04 12:05:40.737 2055 2075 I System.out: 31 0,173889917612,173889917612,9223372036854775807,0,173890225448,173890226169,173890866473,173890903403,173891833521,173893266666,173893300039,173893851315,173908548540,13674382,108463,173906757322,
06-04 12:05:40.737 2055 2075 I System.out: 32 0,173906584039,173906584039,9223372036854775807,0,173906755178,173906755940,173907864143,173908219892,173908310683,173908592833,173908904389,173909962509,173926101494,15132523,72606,173923403451,
06-04 12:05:40.737 2055 2075 I System.out: 33 0,173923250877,173923250877,9223372036854775807,0,173923563071,173923563923,173924101414,173924133594,173925253009,173926178639,173926484424,173927130519,173942883819,13600723,970104,121689962529,
06-04 12:05:40.737 2055 2075 I System.out: 34 0,173939917559,173939917559,9223372036854775807,0,173940076240,173940077603,173945259566,173945296025,173946586401,173946669487,173946701508,173947383219,173959734894,11435683,110688,0,
06-04 12:05:40.737 2055 2075 I System.out: 35 0,173956584374,173956584374,9223372036854775807,0,173956879655,173956880587,173958030639,173958066046,173959012425,173959783064,173959811618,173960397750,173974364171,12060266,136467,0,
06-04 12:05:40.737 2055 2075 I System.out: 36 8,173973251252,173973251252,9223372036854775807,0,173973420767,173973421759,173973421889,173973477634,173973489025,173974438040,121840346140,121841073247,121842096120,27481,147527,0,
06-04 12:05:40.738 2055 2075 D Benchmark: Starting activity with command: am start -W "intent:#Intent;action=android.intent.action.MAIN;category=android.intent.category.LAUNCHER;launchFlags=0x10008000;package=com.savethechildren.learning_tree;component=com.savethechildren.learning_tree/com.ustadmobile.port.android.view.AppActivity;end"
06-04 12:05:40.769 478 498 D EventSequenceValidator: inc AccIntentStartedEvents to 2
06-04 12:05:40.774 478 498 D EventSequenceValidator: dec AccIntentStartedEvents to 1
06-04 12:05:40.774 478 493 W InputReader: Device virtio_input_multi_touch_10 is associated with display ADISPLAY_ID_NONE.
06-04 12:05:40.774 478 493 W InputReader: Device virtio_input_multi_touch_7 is associated with display ADISPLAY_ID_NONE.
06-04 12:05:40.774 478 493 W InputReader: Device virtio_input_multi_touch_11 is associated with display ADISPLAY_ID_NONE.
06-04 12:05:40.774 478 493 W InputReader: Device virtio_input_multi_touch_5 is associated with display ADISPLAY_ID_NONE.
06-04 12:05:40.774 478 493 W InputReader: Device virtio_input_multi_touch_2 is associated with display ADISPLAY_ID_NONE.
06-04 12:05:40.774 478 493 W InputReader: Device virtio_input_multi_touch_6 is associated with display ADISPLAY_ID_NONE.
06-04 12:05:40.774 478 493 W InputReader: Device virtio_input_multi_touch_8 is associated with display ADISPLAY_ID_NONE.
06-04 12:05:40.774 478 493 W InputReader: Device virtio_input_multi_touch_9 is associated with display ADISPLAY_ID_NONE.
06-04 12:05:40.774 478 493 W InputReader: Device virtio_input_multi_touch_3 is associated with display ADISPLAY_ID_NONE.
06-04 12:05:40.774 478 493 W InputReader: Device virtio_input_multi_touch_4 is associated with display ADISPLAY_ID_NONE.
06-04 12:05:40.774 478 493 W InputReader: Device virtio_input_multi_touch_10 is associated with display ADISPLAY_ID_NONE.
06-04 12:05:40.774 478 493 W InputReader: Device virtio_input_multi_touch_7 is associated with display ADISPLAY_ID_NONE.
06-04 12:05:40.774 478 493 W InputReader: Device virtio_input_multi_touch_11 is associated with display ADISPLAY_ID_NONE.
06-04 12:05:40.774 478 493 W InputReader: Device virtio_input_multi_touch_5 is associated with display ADISPLAY_ID_NONE.
06-04 12:05:40.774 478 493 W InputReader: Device virtio_input_multi_touch_2 is associated with display ADISPLAY_ID_NONE.
06-04 12:05:40.774 478 493 W InputReader: Device virtio_input_multi_touch_6 is associated with display ADISPLAY_ID_NONE.
06-04 12:05:40.774 478 493 W InputReader: Device virtio_input_multi_touch_8 is associated with display ADISPLAY_ID_NONE.
06-04 12:05:40.774 478 493 W InputReader: Device virtio_input_multi_touch_9 is associated with display ADISPLAY_ID_NONE.
06-04 12:05:40.774 478 493 W InputReader: Device virtio_input_multi_touch_3 is associated with display ADISPLAY_ID_NONE.
06-04 12:05:40.774 478 493 W InputReader: Device virtio_input_multi_touch_4 is associated with display ADISPLAY_ID_NONE.
06-04 12:05:40.781 2149 2149 W CustomTabsClient: Unable to find any Custom Tabs packages, you may need to add a element to your manifest. See the docs for CustomTabsClient#getPackageName.
06-04 12:05:40.781 2149 2149 W AppActivity$bindCustomTabsService: CustomTabs: Service NOT supported
06-04 12:05:40.789 273 1473 D goldfish-address-space: claimShared: Ask to claim region [0x3f90e9000 0x3f98d2000]
06-04 12:05:40.810 842 842 D PhoneSwitcherNetworkRequstListener: got request NetworkRequest [ TRACK_DEFAULT id=25, [ Capabilities: INTERNET&NOT_RESTRICTED&TRUSTED Uid: 10130 AdministratorUids: [] RequestorUid: 10130 RequestorPackageName: com.savethechildren.learning_tree] ] with score 60 and providerId 3
06-04 12:05:40.810 478 572 D UntrustedWifiNetworkFactory: got request NetworkRequest [ TRACK_DEFAULT id=25, [ Capabilities: INTERNET&NOT_RESTRICTED&TRUSTED Uid: 10130 AdministratorUids: [] RequestorUid: 10130 RequestorPackageName: com.savethechildren.learning_tree] ] with score 60 and providerId 3
06-04 12:05:40.810 478 572 D WifiNetworkFactory: got request NetworkRequest [ TRACK_DEFAULT id=25, [ Capabilities: INTERNET&NOT_RESTRICTED&TRUSTED Uid: 10130 AdministratorUids: [] RequestorUid: 10130 RequestorPackageName: com.savethechildren.learning_tree] ] with score 60 and providerId 3
06-04 12:05:40.818 842 842 D Telephony: isEmergencyPreferredAccount: subId=1, activeData=1
06-04 12:05:40.818 842 842 D Telephony: isEmergencyPreferredAccount: Device does not require preference.
06-04 12:05:40.829 273 1473 D goldfish-address-space: claimShared: Ask to claim region [0x3fa0bb000 0x3fa8a4000]
06-04 12:05:40.830 273 1473 D goldfish-address-space: claimShared: Ask to claim region [0x3fa8a4000 0x3fb08d000]
06-04 12:05:40.830 273 1473 D goldfish-address-space: claimShared: Ask to claim region [0x3fb08d000 0x3fb876000]
06-04 12:05:40.831 638 638 V KeyguardUpdateMonitor: onSubscriptionInfoChanged()
06-04 12:05:40.835 478 504 I ActivityTaskManager: Displayed com.savethechildren.learning_tree/com.ustadmobile.port.android.view.AppActivity: +66ms
06-04 12:05:40.835 2850 2852 I cmd : oneway function results will be dropped but finished with status OK and parcel size 4
06-04 12:05:40.836 638 638 V KeyguardUpdateMonitor: SubInfo:{id=1 iccId=89014103211118510720 simSlotIndex=0 carrierId=1 displayName=T-Mobile carrierName=T-Mobile nameSource=3 iconTint=-16746133 number=+15555215554 dataRoaming=0 iconBitmap=android.graphics.Bitmap@7d6c0ee mcc=310 mnc=260 countryIso=us isEmbedded=false nativeAccessRules=null cardString=89014103211118510720 cardId=-1 isOpportunistic=false groupUUID=null isGroupDisabled=false profileClass=-1 ehplmns=null hplmns=null subscriptionType=0 groupOwner=null carrierConfigAccessRules=null areUiccApplicationsEnabled=true}
06-04 12:05:40.837 295 295 E Layer : [Surface(name=Task=6)/@0xe583fb0 - animation-leash#0] No local sync point found
06-04 12:05:40.837 295 295 E Layer : [Surface(name=Task=1)/@0x31e6f4f - animation-leash#0] No local sync point found
06-04 12:05:40.847 2149 2149 D UstadViewModelFunKt$ustadViewModel$viewModel$invoke: ustadViewModel(): create viewmodel for: com.ustadmobile.core.viewmodel.redirect.RedirectViewModel
06-04 12:05:40.853 295 295 E Layer : [Surface(name=Task=6)/@0xe583fb0 - animation-leash#0] No local sync point found
06-04 12:05:40.853 295 295 E Layer : [Surface(name=Task=1)/@0x31e6f4f - animation-leash#0] No local sync point found
06-04 12:05:40.855 2149 2149 D UstadNavControllerPreCompose$onCollectNavCommand: NavCommandEffect: Navigate: Go to AddAccountSelectNewOrExisting
06-04 12:05:40.863 2149 2149 D UstadViewModelFunKt$ustadViewModel$viewModel$invoke: ustadViewModel(): create viewmodel for: com.ustadmobile.core.viewmodel.account.addaccountselectneworexisting.AddAccountSelectNewOrExistingViewModel
06-04 12:05:40.864 2149 2149 W GooglePlayServicesUtil: com.savethechildren.learning_tree requires the Google Play Store, but it is missing.
06-04 12:05:40.865 2149 2149 W PlayServicesImpl: Connection with Google Play Services was not successful. Connection result is: ConnectionResult{statusCode=SERVICE_INVALID, resolution=null, message=null}
06-04 12:05:40.865 2149 2149 E AddAccountSelectNewOrExistingViewModel$getCredentials$invokeSuspend: Error occurred: Failed to get credential: getCredentialAsync no provider dependencies found - please ensure the desired provider dependencies are added
06-04 12:05:40.870 295 295 E Layer : [Surface(name=Task=6)/@0xe583fb0 - animation-leash#0] No local sync point found
06-04 12:05:40.870 295 295 E Layer : [Surface(name=Task=1)/@0x31e6f4f - animation-leash#0] No local sync point found
06-04 12:05:40.887 295 295 E Layer : [Surface(name=Task=6)/@0xe583fb0 - animation-leash#0] No local sync point found
06-04 12:05:40.887 295 295 E Layer : [Surface(name=Task=1)/@0x31e6f4f - animation-leash#0] No local sync point found
06-04 12:05:40.903 2055 2075 D Benchmark: Result: Starting: Intent { act=android.intent.action.MAIN cat=[android.intent.category.LAUNCHER] flg=0x10008000 pkg=com.savethechildren.learning_tree cmp=com.savethechildren.learning_tree/com.ustadmobile.port.android.view.AppActivity }
06-04 12:05:40.903 2055 2075 D Benchmark: Status: ok
06-04 12:05:40.903 2055 2075 D Benchmark: LaunchState: WARM
06-04 12:05:40.903 2055 2075 D Benchmark: Activity: com.savethechildren.learning_tree/com.ustadmobile.port.android.view.AppActivity
06-04 12:05:40.903 2055 2075 D Benchmark: TotalTime: 66
06-04 12:05:40.903 2055 2075 D Benchmark: WaitTime: 66
06-04 12:05:40.903 2055 2075 D Benchmark: Complete
06-04 12:05:40.903 295 295 E Layer : [Surface(name=Task=6)/@0xe583fb0 - animation-leash#0] No local sync point found
06-04 12:05:40.903 295 295 E Layer : [Surface(name=Task=1)/@0x31e6f4f - animation-leash#0] No local sync point found
06-04 12:05:40.920 295 295 E Layer : [Surface(name=Task=6)/@0xe583fb0 - animation-leash#0] No local sync point found
06-04 12:05:40.920 295 295 E Layer : [Surface(name=Task=1)/@0x31e6f4f - animation-leash#0] No local sync point found
06-04 12:05:40.937 295 295 E Layer : [Surface(name=Task=6)/@0xe583fb0 - animation-leash#0] No local sync point found
06-04 12:05:40.937 295 295 E Layer : [Surface(name=Task=1)/@0x31e6f4f - animation-leash#0] No local sync point found
06-04 12:05:41.015 2055 2075 I System.out: 0 Flags,IntendedVsync,Vsync,OldestInputEvent,NewestInputEvent,HandleInputStart,AnimationStart,PerformTraversalsStart,DrawStart,SyncQueued,SyncStart,IssueDrawCommandsStart,SwapBuffers,FrameCompleted,DequeueBufferDuration,QueueBufferDuration,GpuCompleted,
06-04 12:05:41.015 2055 2075 I System.out: 1 1,173339911728,173356578394,9223372036854775807,0,173363031324,173363031815,173363153404,173386522925,173386721468,173386906867,173386918298,173387760221,173389638783,22252,108414,173390030630,
06-04 12:05:41.015 2055 2075 I System.out: 2 0,173373245562,173389912228,9223372036854775807,0,173399328443,173399329264,173407208980,173407254746,173407864853,173407976854,173408000739,173411476955,173416244058,2198644,245061,173423378062,
06-04 12:05:41.015 2055 2075 I System.out: 3 0,173406579456,173406579456,9223372036854775807,0,173415926030,173415926712,173432433098,173432472482,173440607398,173447350226,173447404999,173447834026,173448801936,26540,135094,173456691009,
06-04 12:05:41.015 2055 2075 I System.out: 4 0,173423246372,173439913038,9223372036854775807,0,173451301656,173451302457,173457529466,173457566545,173464075895,173464425712,173464470777,173464979143,173466228703,50265,145033,173471323963,
06-04 12:05:41.015 2055 2075 I System.out: 5 0,173456580209,173456580209,9223372036854775807,0,173465567079,173465568070,173466660925,173466693697,173468088349,173468193076,173468239834,173469728102,173480535393,9098367,1126087,173471378155,
06-04 12:05:41.015 2055 2075 I System.out: 6 0,173473247056,173473247056,9223372036854775807,0,173477365142,173477365563,173478115413,173478158123,173479301633,173480747201,173480794801,173482490469,173496355278,12429400,245622,173483875163,
06-04 12:05:41.015 2055 2075 I System.out: 7 0,173489913992,173489913992,9223372036854775807,0,173490461447,173490461757,173491499759,173491537139,173492567617,173496428817,173496476987,173497381929,173507870630,7242678,1357543,173506733172,
06-04 12:05:41.015 2055 2075 I System.out: 8 0,173506580860,173506580860,9223372036854775807,0,173507016945,173507017286,173507952604,173507988061,173509150136,173509498281,173509599201,173510965309,173531119384,17137343,240682,173523416891,
06-04 12:05:41.015 2055 2075 I System.out: 9 0,173523247713,173523247713,9223372036854775807,0,173523740279,173523740690,173524473248,173524507983,173525531568,173531196740,173531237897,173531793231,173541180582,6409701,1471728,173534738148,
06-04 12:05:41.015 2055 2075 I System.out: 10 0,173539914469,173539914469,9223372036854775807,0,173541179810,173541180111,173541938787,173541973773,173543077809,173545419592,173545463715,173548259833,173560518382,9995233,204976,173550478264,
06-04 12:05:41.015 2055 2075 I System.out: 11 0,173556581373,173556581373,9223372036854775807,0,173557130812,173557131103,173557936968,173557972295,173561358171,173561421189,173561467006,173562067425,173577791019,11568752,188024,173566107180,
06-04 12:05:41.015 2055 2075 I System.out: 12 0,173573248117,173573248117,9223372036854775807,0,173573838337,173573838638,173574831194,173574864787,173576012285,173577839400,173577874306,173579593989,173593149287,10974916,147598,173590053876,
06-04 12:05:41.015 2055 2075 I System.out: 13 0,173589914914,173589914914,9223372036854775807,0,173591085336,173591085566,173591991189,173592012539,173593524192,173593580377,173593616195,173594529372,173612768175,14184110,165992,173598551705,
06-04 12:05:41.015 2055 2075 I System.out: 14 0,173606581788,173606581788,9223372036854775807,0,173607756141,173607756252,173608342344,173608362241,173609260420,173612808391,173612842275,173613287692,173624631101,8278526,537881,173616314433,
06-04 12:05:41.015 2055 2075 I System.out: 15 0,173623248345,173623248345,9223372036854775807,0,173624793616,173624793837,173625428991,173625449750,173626399426,173626454629,173626491038,173626988623,173643835230,11121231,337986,173640061604,
06-04 12:05:41.015 2055 2075 I System.out: 16 0,173639915126,173639915126,9223372036854775807,0,173641489880,173641490050,173642197320,173642231334,173644550394,173644587474,173644621388,173645065553,173658840924,10802662,1030327,173647994430,
06-04 12:05:41.015 2055 2075 I System.out: 17 0,173656582006,173656582006,9223372036854775807,0,173658885969,173658886169,173659877463,173659902240,173660824003,173660857476,173660889787,173661321178,173676051825,12397130,274646,173663602497,
06-04 12:05:41.015 2055 2075 I System.out: 18 0,173673249070,173673249070,9223372036854775807,0,173673398065,173673398496,173676517290,173676545774,173677846790,173677885593,173677919427,173678367309,173693582257,13035160,114025,173680496232,
06-04 12:05:41.015 2055 2075 I System.out: 19 0,173689915969,173689915969,9223372036854775807,0,173690076034,173690076846,173691974163,173691996315,173693027163,173693635016,173693665554,173694223372,173709752672,13327689,115317,173706724488,
06-04 12:05:41.015 2055 2075 I System.out: 20 0,173706582773,173706582773,9223372036854775807,0,173707292205,173707292386,173708011778,173708040623,173709053046,173709812584,173709857168,173710359543,173726292531,12657510,934257,173713593343,
06-04 12:05:41.015 2055 2075 I System.out: 21 0,173723249626,173723249626,9223372036854775807,0,173723442121,173723443193,173726623603,173726660002,173727722880,173727804003,173727836093,173728279447,173743215460,12479074,205537,173740121874,
06-04 12:05:41.015 2055 2075 I System.out: 22 0,173739916300,173739916300,9223372036854775807,0,173740330446,173740331318,173740990707,173741025893,173743489446,173743570167,173743611896,173744103650,173759536268,12026313,1051577,173747468978,
06-04 12:05:41.015 2055 2075 I System.out: 23 0,173756583119,173756583119,9223372036854775807,0,173756749538,173756750490,173759976085,173760013876,173760827546,173760892298,173760924538,173761448413,173776428470,11864999,1019127,173764520289,
06-04 12:05:41.015 2055 2075 I System.out: 24 0,173773249897,173773249897,9223372036854775807,0,173773629757,173773630699,173775826588,173775872164,173777133365,173777201002,173777240807,173777908813,173792866558,12967552,1121148,173779854522,
06-04 12:05:41.015 2055 2075 I System.out: 25 0,173789916726,173789916726,9223372036854775807,0,173790100727,173790101959,173795032570,173795075561,173796045304,173796112972,173796148789,173796950617,173808145887,10131369,114796,173797962018,
06-04 12:05:41.015 2055 2075 I System.out: 26 0,173806583607,173806583607,9223372036854775807,0,173806717281,173806718302,173808806008,173808847145,173810003109,173810094380,173810128314,173810768378,173824524633,11845343,1003737,173812615912,
06-04 12:05:41.015 2055 2075 I System.out: 27 0,173823250240,173823250240,9223372036854775807,0,173823476753,173823477795,173825098212,173825147935,173826430126,173826910118,173826945034,173827694724,173840973090,12160024,206869,173828747142,
06-04 12:05:41.015 2055 2075 I System.out: 28 0,173839917057,173839917057,9223372036854775807,0,173840101552,173840115157,173841235253,173841270971,173842243038,173842292341,173842327798,173843083549,173858128818,13659684,196790,173856727723,
06-04 12:05:41.015 2055 2075 I System.out: 29 0,173856583917,173856583917,9223372036854775807,0,173856746809,173856747841,173858390820,173858427279,173859613149,173859694692,173859732954,173860361556,173875986966,14664603,129484,173861281566,
06-04 12:05:41.015 2055 2075 I System.out: 30 0,173873250805,173873250805,9223372036854775807,0,173873386827,173873387678,173874553871,173874589358,173875568619,173876251774,173876285387,173876917535,173893212625,15358978,108734,173890087989,
06-04 12:05:41.015 2055 2075 I System.out: 31 0,173889917612,173889917612,9223372036854775807,0,173890225448,173890226169,173890866473,173890903403,173891833521,173893266666,173893300039,173893851315,173908548540,13674382,108463,173906757322,
06-04 12:05:41.015 2055 2075 I System.out: 32 0,173906584039,173906584039,9223372036854775807,0,173906755178,173906755940,173907864143,173908219892,173908310683,173908592833,173908904389,173909962509,173926101494,15132523,72606,173923403451,
06-04 12:05:41.015 2055 2075 I System.out: 33 0,173923250877,173923250877,9223372036854775807,0,173923563071,173923563923,173924101414,173924133594,173925253009,173926178639,173926484424,173927130519,173942883819,13600723,970104,121689962529,
06-04 12:05:41.015 2055 2075 I System.out: 34 0,173939917559,173939917559,9223372036854775807,0,173940076240,173940077603,173945259566,173945296025,173946586401,173946669487,173946701508,173947383219,173959734894,11435683,110688,0,
06-04 12:05:41.015 2055 2075 I System.out: 35 0,173956584374,173956584374,9223372036854775807,0,173956879655,173956880587,173958030639,173958066046,173959012425,173959783064,173959811618,173960397750,173974364171,12060266,136467,0,
06-04 12:05:41.015 2055 2075 I System.out: 36 8,173973251252,173973251252,9223372036854775807,0,173973420767,173973421759,173973421889,173973477634,173973489025,173974438040,121840346140,121841073247,121842096120,27481,147527,0,
06-04 12:05:41.015 2055 2075 I System.out: 0 Flags,IntendedVsync,Vsync,OldestInputEvent,NewestInputEvent,HandleInputStart,AnimationStart,PerformTraversalsStart,DrawStart,SyncQueued,SyncStart,IssueDrawCommandsStart,SwapBuffers,FrameCompleted,DequeueBufferDuration,QueueBufferDuration,GpuCompleted,
06-04 12:05:41.015 2055 2075 I System.out: 1 1,200023251914,200023251914,9223372036854775807,0,200023378792,200023379173,200023379263,200067097855,200067328048,200067706159,200067715537,200068600891,200070344750,20388,144752,200069590081,
06-04 12:05:41.015 2055 2075 I System.out: 2 0,200039918715,200073252047,9223372036854775807,0,200079372335,200079372896,200085859061,200085893416,200086336950,200087009555,200087032137,200088029923,200089120424,23344,115156,200088964510,
06-04 12:05:41.015 2055 2075 I System.out: 3 0,200089919123,200089919123,9223372036854775807,0,200092731553,200092731854,200119870201,200119914164,200126416710,200126478236,200126503874,200127260988,200135179246,29656,186831,200135123742,
06-04 12:05:41.015 2055 2075 I System.out: 4 0,200106585868,200123252534,9223372036854775807,0,200136794834,200136795585,200144411465,200144441221,200147278716,200147402349,200147446372,200149692004,200153121292,25718,133971,200156713967,
06-04 12:05:41.015 2055 2075 I System.out: 5 0,200139919445,200139919445,9223372036854775807,0,200154840495,200154841226,200155497760,200155526835,200156321419,200156374960,200156415636,200159285863,200160417531,21651,154350,200166723909,
06-04 12:05:41.015 2055 2075 I System.out: 6 0,200156586271,200156586271,9223372036854775807,0,200161167962,200161168303,200161760195,200161794590,200162847279,200162892454,200162929694,200163823345,200175557237,8742759,126939,147006688495,
06-04 12:05:41.015 2055 2075 I System.out: 7 0,200173253131,200173253131,9223372036854775807,0,200175454234,200175455095,200176197912,200176225183,200177422725,200179846122,200179890806,200180730905,200194844653,11455750,163388,147023324936,
06-04 12:05:41.015 2055 2075 I System.out: 8 0,200189919845,200189919845,9223372036854775807,0,200190166857,200190167018,200195500306,200195532636,200197106135,200197178591,200197217635,200200742593,200208052247,4915082,645985,147036340098,
06-04 12:05:41.016 2055 2075 D UiDevice: Waiting 10000ms for SearchCondition[hasObject=BySelector [TEXT='\QGet Started\E']].
06-04 12:05:41.016 2055 2075 D UiDevice: Searching for node with selector: BySelector [TEXT='\QGet Started\E'].
06-04 12:05:41.127 478 2384 D HostConnection: HostConnection::get() New Host Connection established 0x7e5153e15fd0, tid 2384
