06-04 12:04:21.700 2055 2075 I System.out: 17 0,95489581929,95489581929,9223372036854775807,0,95500456307,95500456537,95501155071,95501189455,95503418266,95509241004,95512054835,95512535349,95524014412,9028285,114585,95523083863,
06-04 12:04:21.700 2055 2075 I System.out: 18 0,95506254036,95506254036,9223372036854775807,0,95509651065,95509651406,95510175521,95510205037,95511580082,95524074074,95527363319,95527845175,95542464393,11933769,134623,95539725303,
06-04 12:04:21.700 2055 2075 I System.out: 19 0,95522926032,95522926032,9223372036854775807,0,95524580527,95524580988,95525300460,95525338261,95526995868,95542526660,95545453764,95545911014,95559654194,11629226,106120,95556429802,
06-04 12:04:21.700 2055 2075 I System.out: 20 0,95539598025,95539598025,9223372036854775807,0,95543007063,95543007845,95543632910,95543668697,95545028905,95559703988,95562565879,95563043617,95574005929,8820875,122581,95565147153,
06-04 12:04:21.700 2055 2075 I System.out: 21 0,95556269893,95556269893,9223372036854775807,0,95560089733,95560090084,95560651480,95560685203,95562013050,95574847141,95574883700,95575514235,95590767275,10147520,2433155,95580580171,
06-04 12:04:21.700 2055 2075 I System.out: 22 0,95572941715,95572941715,9223372036854775807,0,95578579579,95578579870,95579537069,95579567827,95580806957,95590839471,95590885247,95592900336,95609300833,13551069,96311,95606400359,
06-04 12:04:21.700 2055 2075 I System.out: 23 0,95589613430,95589613430,9223372036854775807,0,95591257938,95591258308,95593952364,95593992600,95595463686,95609355496,95609401913,95610033791,95626090682,15162480,61446,95623111070,
06-04 12:04:21.700 2055 2075 I System.out: 24 0,95606285091,95606285091,9223372036854775807,0,95610139750,95610140141,95612338234,95612386795,95613718299,95626145836,95626180000,95626771953,95640689552,12549236,85291,95639775073,
06-04 12:04:21.700 2055 2075 I System.out: 25 0,95622956652,95622956652,9223372036854775807,0,95626721448,95626721889,95627637591,95627675031,95629146208,95640754865,95640793417,95642910388,95659379694,15382102,86854,95656425129,
06-04 12:04:21.700 2055 2075 I System.out: 26 0,95639628163,95639628163,9223372036854775807,0,95641256729,95641257139,95642040663,95642076280,95643830668,95659451810,95659485213,95660067598,95675951734,14936064,133932,95660982709,
06-04 12:04:21.700 2055 2075 I System.out: 27 0,95656299588,95656299588,9223372036854775807,0,95659964414,95659964795,95660408799,95660452311,95662140936,95676008982,95676045681,95676663903,95692706277,15174542,79961,95689770828,
06-04 12:04:21.700 2055 2075 I System.out: 28 0,95672975582,95672975582,9223372036854775807,0,95676340465,95676341106,95676797074,95676833983,95678423181,95692763785,95692794563,95693422744,95709342438,15013208,107202,95694303040,
06-04 12:04:21.700 2055 2075 I System.out: 29 0,95689646797,95689646797,9223372036854775807,0,95693167555,95693167955,95693622019,95693658468,95695321595,95709392582,95709424822,95710280101,95723952088,12778447,78578,95723111717,
06-04 12:04:21.700 2055 2075 I System.out: 30 0,95706317905,95706317905,9223372036854775807,0,95709700551,95709700851,95710012788,95710048165,95712134658,95724015026,95724052917,95726376777,95740765040,13185262,368633,95727525046,
06-04 12:04:21.700 2055 2075 I System.out: 31 0,95722988951,95722988951,9223372036854775807,0,95724350707,95724350968,95724695606,95724730641,95724838955,95740821296,95740865780,95743178789,95759700855,15541052,125346,95744120880,
06-04 12:04:21.700 2055 2075 I System.out: 32 0,95739659797,95739659797,9223372036854775807,0,95741268988,95741269359,95741677566,95741717762,95743403331,95759764194,95759800512,95760426289,95774057910,12729425,67456,95761292107,
06-04 12:04:21.700 2055 2075 I System.out: 33 0,95756330719,95756330719,9223372036854775807,0,95760273461,95760273742,95763127458,95763168575,95764638749,95774124555,95774165772,95776568971,95792772769,15153453,207941,0,
06-04 12:04:21.700 2055 2075 I System.out: 34 0,95773001574,95773001574,9223372036854775807,0,95774660493,95774660803,95775592305,95775645445,95776440970,95792843882,95792878758,95793732112,95809356220,13835474,909991,0,
06-04 12:04:21.700 2055 2075 I System.out: 35 0,95939694957,95939694957,9223372036854775807,0,95939823713,95939824234,95939824364,95940141721,95940235237,95940319655,95940349882,95941055359,95943379389,30527,1340140,0,
06-04 12:04:21.700 2055 2075 D Benchmark: Starting activity with command: am start -W "intent:#Intent;action=android.intent.action.MAIN;category=android.intent.category.LAUNCHER;launchFlags=0x10008000;package=com.savethechildren.learning_tree;component=com.savethechildren.learning_tree/com.ustadmobile.port.android.view.AppActivity;end"
06-04 12:04:21.736 478 498 D EventSequenceValidator: inc AccIntentStartedEvents to 2
06-04 12:04:21.744 478 1253 W InputReader: Device virtio_input_multi_touch_10 is associated with display ADISPLAY_ID_NONE.
06-04 12:04:21.744 478 1253 W InputReader: Device virtio_input_multi_touch_7 is associated with display ADISPLAY_ID_NONE.
06-04 12:04:21.744 478 1253 W InputReader: Device virtio_input_multi_touch_11 is associated with display ADISPLAY_ID_NONE.
06-04 12:04:21.744 478 1253 W InputReader: Device virtio_input_multi_touch_5 is associated with display ADISPLAY_ID_NONE.
06-04 12:04:21.744 478 1253 W InputReader: Device virtio_input_multi_touch_2 is associated with display ADISPLAY_ID_NONE.
06-04 12:04:21.744 478 1253 W InputReader: Device virtio_input_multi_touch_6 is associated with display ADISPLAY_ID_NONE.
06-04 12:04:21.744 478 1253 W InputReader: Device virtio_input_multi_touch_8 is associated with display ADISPLAY_ID_NONE.
06-04 12:04:21.744 478 1253 W InputReader: Device virtio_input_multi_touch_9 is associated with display ADISPLAY_ID_NONE.
06-04 12:04:21.744 478 1253 W InputReader: Device virtio_input_multi_touch_3 is associated with display ADISPLAY_ID_NONE.
06-04 12:04:21.744 478 1253 W InputReader: Device virtio_input_multi_touch_4 is associated with display ADISPLAY_ID_NONE.
06-04 12:04:21.744 478 1253 W InputReader: Device virtio_input_multi_touch_10 is associated with display ADISPLAY_ID_NONE.
06-04 12:04:21.744 478 1253 W InputReader: Device virtio_input_multi_touch_7 is associated with display ADISPLAY_ID_NONE.
06-04 12:04:21.744 478 1253 W InputReader: Device virtio_input_multi_touch_11 is associated with display ADISPLAY_ID_NONE.
06-04 12:04:21.744 478 1253 W InputReader: Device virtio_input_multi_touch_5 is associated with display ADISPLAY_ID_NONE.
06-04 12:04:21.744 478 1253 W InputReader: Device virtio_input_multi_touch_2 is associated with display ADISPLAY_ID_NONE.
06-04 12:04:21.744 478 1253 W InputReader: Device virtio_input_multi_touch_6 is associated with display ADISPLAY_ID_NONE.
06-04 12:04:21.744 478 1253 W InputReader: Device virtio_input_multi_touch_8 is associated with display ADISPLAY_ID_NONE.
06-04 12:04:21.744 478 1253 W InputReader: Device virtio_input_multi_touch_9 is associated with display ADISPLAY_ID_NONE.
06-04 12:04:21.744 478 1253 W InputReader: Device virtio_input_multi_touch_3 is associated with display ADISPLAY_ID_NONE.
06-04 12:04:21.744 478 1253 W InputReader: Device virtio_input_multi_touch_4 is associated with display ADISPLAY_ID_NONE.
06-04 12:04:21.747 478 498 D EventSequenceValidator: dec AccIntentStartedEvents to 1
06-04 12:04:21.752 2149 2149 W CustomTabsClient: Unable to find any Custom Tabs packages, you may need to add a element to your manifest. See the docs for CustomTabsClient#getPackageName.
06-04 12:04:21.752 2149 2149 W AppActivity$bindCustomTabsService: CustomTabs: Service NOT supported
06-04 12:04:21.755 273 1473 D goldfish-address-space: claimShared: Ask to claim region [0x3fa8a4000 0x3fb08d000]
06-04 12:04:21.786 478 572 D UntrustedWifiNetworkFactory: got request NetworkRequest [ TRACK_DEFAULT id=22, [ Capabilities: INTERNET&NOT_RESTRICTED&TRUSTED Uid: 10130 AdministratorUids: [] RequestorUid: 10130 RequestorPackageName: com.savethechildren.learning_tree] ] with score 60 and providerId 3
06-04 12:04:21.786 478 572 D WifiNetworkFactory: got request NetworkRequest [ TRACK_DEFAULT id=22, [ Capabilities: INTERNET&NOT_RESTRICTED&TRUSTED Uid: 10130 AdministratorUids: [] RequestorUid: 10130 RequestorPackageName: com.savethechildren.learning_tree] ] with score 60 and providerId 3
06-04 12:04:21.786 842 842 D PhoneSwitcherNetworkRequstListener: got request NetworkRequest [ TRACK_DEFAULT id=22, [ Capabilities: INTERNET&NOT_RESTRICTED&TRUSTED Uid: 10130 AdministratorUids: [] RequestorUid: 10130 RequestorPackageName: com.savethechildren.learning_tree] ] with score 60 and providerId 3
06-04 12:04:21.791 842 842 D Telephony: isEmergencyPreferredAccount: subId=1, activeData=1
06-04 12:04:21.791 842 842 D Telephony: isEmergencyPreferredAccount: Device does not require preference.
06-04 12:04:21.802 273 1473 D goldfish-address-space: claimShared: Ask to claim region [0x3fb08d000 0x3fb876000]
06-04 12:04:21.803 273 1473 D goldfish-address-space: claimShared: Ask to claim region [0x3fd7bb000 0x3fdfa4000]
06-04 12:04:21.803 273 1473 D goldfish-address-space: claimShared: Ask to claim region [0x3ff274000 0x3ffa5d000]
06-04 12:04:21.803 295 295 E Layer : [Surface(name=Task=6)/@0xe583fb0 - animation-leash#0] No local sync point found
06-04 12:04:21.803 295 295 E Layer : [Surface(name=Task=1)/@0x31e6f4f - animation-leash#0] No local sync point found
06-04 12:04:21.809 638 638 V KeyguardUpdateMonitor: onSubscriptionInfoChanged()
06-04 12:04:21.814 638 638 V KeyguardUpdateMonitor: SubInfo:{id=1 iccId=89014103211118510720 simSlotIndex=0 carrierId=1 displayName=T-Mobile carrierName=T-Mobile nameSource=3 iconTint=-16746133 number=+15555215554 dataRoaming=0 iconBitmap=android.graphics.Bitmap@4a6cfc0 mcc=310 mnc=260 countryIso=us isEmbedded=false nativeAccessRules=null cardString=89014103211118510720 cardId=-1 isOpportunistic=false groupUUID=null isGroupDisabled=false profileClass=-1 ehplmns=null hplmns=null subscriptionType=0 groupOwner=null carrierConfigAccessRules=null areUiccApplicationsEnabled=true}
06-04 12:04:21.820 295 295 E Layer : [Surface(name=Task=6)/@0xe583fb0 - animation-leash#0] No local sync point found
06-04 12:04:21.820 295 295 E Layer : [Surface(name=Task=1)/@0x31e6f4f - animation-leash#0] No local sync point found
06-04 12:04:21.830 478 504 I ActivityTaskManager: Displayed com.savethechildren.learning_tree/com.ustadmobile.port.android.view.AppActivity: +93ms
06-04 12:04:21.831 2478 2480 I cmd : oneway function results will be dropped but finished with status OK and parcel size 4
06-04 12:04:21.834 2149 2149 D UstadViewModelFunKt$ustadViewModel$viewModel$invoke: ustadViewModel(): create viewmodel for: com.ustadmobile.core.viewmodel.redirect.RedirectViewModel
06-04 12:04:21.837 295 295 E Layer : [Surface(name=Task=6)/@0xe583fb0 - animation-leash#0] No local sync point found
06-04 12:04:21.837 295 295 E Layer : [Surface(name=Task=1)/@0x31e6f4f - animation-leash#0] No local sync point found
06-04 12:04:21.840 2149 2149 D UstadNavControllerPreCompose$onCollectNavCommand: NavCommandEffect: Navigate: Go to AddAccountSelectNewOrExisting
06-04 12:04:21.852 2149 2149 D UstadViewModelFunKt$ustadViewModel$viewModel$invoke: ustadViewModel(): create viewmodel for: com.ustadmobile.core.viewmodel.account.addaccountselectneworexisting.AddAccountSelectNewOrExistingViewModel
06-04 12:04:21.853 295 295 E Layer : [Surface(name=Task=6)/@0xe583fb0 - animation-leash#0] No local sync point found
06-04 12:04:21.853 295 295 E Layer : [Surface(name=Task=1)/@0x31e6f4f - animation-leash#0] No local sync point found
06-04 12:04:21.861 2149 2149 W GooglePlayServicesUtil: com.savethechildren.learning_tree requires the Google Play Store, but it is missing.
06-04 12:04:21.861 2149 2149 W PlayServicesImpl: Connection with Google Play Services was not successful. Connection result is: ConnectionResult{statusCode=SERVICE_INVALID, resolution=null, message=null}
06-04 12:04:21.861 2149 2149 E AddAccountSelectNewOrExistingViewModel$getCredentials$invokeSuspend: Error occurred: Failed to get credential: getCredentialAsync no provider dependencies found - please ensure the desired provider dependencies are added
06-04 12:04:21.870 295 295 E Layer : [Surface(name=Task=6)/@0xe583fb0 - animation-leash#0] No local sync point found
06-04 12:04:21.870 295 295 E Layer : [Surface(name=Task=1)/@0x31e6f4f - animation-leash#0] No local sync point found
06-04 12:04:21.886 295 295 E Layer : [Surface(name=Task=6)/@0xe583fb0 - animation-leash#0] No local sync point found
06-04 12:04:21.886 295 295 E Layer : [Surface(name=Task=1)/@0x31e6f4f - animation-leash#0] No local sync point found
06-04 12:04:21.904 295 295 E Layer : [Surface(name=Task=6)/@0xe583fb0 - animation-leash#0] No local sync point found
06-04 12:04:21.904 295 295 E Layer : [Surface(name=Task=1)/@0x31e6f4f - animation-leash#0] No local sync point found
06-04 12:04:21.933 2055 2075 D Benchmark: Result: Starting: Intent { act=android.intent.action.MAIN cat=[android.intent.category.LAUNCHER] flg=0x10008000 pkg=com.savethechildren.learning_tree cmp=com.savethechildren.learning_tree/com.ustadmobile.port.android.view.AppActivity }
06-04 12:04:21.933 2055 2075 D Benchmark: Status: ok
06-04 12:04:21.933 2055 2075 D Benchmark: LaunchState: WARM
06-04 12:04:21.933 2055 2075 D Benchmark: Activity: com.savethechildren.learning_tree/com.ustadmobile.port.android.view.AppActivity
06-04 12:04:21.933 2055 2075 D Benchmark: TotalTime: 93
06-04 12:04:21.933 2055 2075 D Benchmark: WaitTime: 95
06-04 12:04:21.933 2055 2075 D Benchmark: Complete
06-04 12:04:22.095 987 987 D TaplTarget: sendStateEventToTest: 0
06-04 12:04:22.095 987 987 D RecentsOrientedState: current RecentsOrientedState: [this=RecentsOrientedState@5c28903 mOrientationHandler=PortraitPagedViewHandler@4e57080 mDisplayRotation=0 mTouchRotation=0 mRecentsActivityRotation=0 isRecentsActivityRotationAllowed=false mSystemRotation=true mFlags=299]
06-04 12:04:22.095 987 987 I chatty : uid=10118(com.android.launcher3) identical 2 lines
06-04 12:04:22.095 987 987 D RecentsOrientedState: current RecentsOrientedState: [this=RecentsOrientedState@5c28903 mOrientationHandler=PortraitPagedViewHandler@4e57080 mDisplayRotation=0 mTouchRotation=0 mRecentsActivityRotation=0 isRecentsActivityRotationAllowed=false mSystemRotation=true mFlags=299]
06-04 12:04:22.098 478 2384 D HostConnection: HostConnection::get() New Host Connection established 0x7e5153e1c150, tid 2384
06-04 12:04:22.100 478 2384 D HostConnection: HostComposition ext ANDROID_EMU_CHECKSUM_HELPER_v1 ANDROID_EMU_native_sync_v2 ANDROID_EMU_dma_v1 ANDROID_EMU_direct_mem ANDROID_EMU_host_composition_v1 ANDROID_EMU_host_composition_v2 ANDROID_EMU_vulkan ANDROID_EMU_deferred_vulkan_commands ANDROID_EMU_vulkan_null_optional_strings ANDROID_EMU_vulkan_create_resources_with_requirements ANDROID_EMU_YUV_Cache ANDROID_EMU_vulkan_ignored_handles ANDROID_EMU_has_shared_slots_host_memory_allocator ANDROID_EMU_vulkan_free_memory_sync ANDROID_EMU_vulkan_shader_float16_int8 ANDROID_EMU_vulkan_async_queue_submit ANDROID_EMU_sync_buffer_data ANDROID_EMU_vulkan_async_qsri ANDROID_EMU_read_color_buffer_dma GL_OES_EGL_image_external_essl3 GL_OES_vertex_array_object GL_KHR_texture_compression_astc_ldr ANDROID_EMU_host_side_tracing ANDROID_EMU_gles_max_version_3_0
06-04 12:04:22.101 478 2384 D EGL_emulation: eglCreateContext: 0x7e5143e98ec0: maj 3 min 0 rcv 3
06-04 12:04:22.102 478 2384 D EGL_emulation: eglMakeCurrent: 0x7e5143e98ec0: ver 3 0 (tinfo 0x7e50e3eba1e0) (first time)
06-04 12:04:22.112 2149 2149 D AppActivity$onDestroy: AppActivity#onDestroy
06-04 12:04:22.167 2055 2075 I System.out: 0 Flags,IntendedVsync,Vsync,OldestInputEvent,NewestInputEvent,HandleInputStart,AnimationStart,PerformTraversalsStart,DrawStart,SyncQueued,SyncStart,IssueDrawCommandsStart,SwapBuffers,FrameCompleted,DequeueBufferDuration,QueueBufferDuration,GpuCompleted,
06-04 12:04:22.167 2055 2075 I System.out: 1 1,95106095900,95106095900,9223372036854775807,0,95106210160,95106210762,95106210882,95154978688,95155318287,95155508384,95155522721,95159212559,95164906796,21460,554353,95172913540,
06-04 12:04:22.167 2055 2075 I System.out: 2 0,95106095900,95156095898,9223372036854775807,0,95170348026,95170349028,95187060811,95187091308,95187718397,95187780915,95187799239,95188278981,95199954034,19967,99847,95206244191,
06-04 12:04:22.167 2055 2075 I System.out: 3 0,95189459724,95206126390,9223372036854775807,0,95207995123,95207995433,95243264939,95243299274,95253522897,95253588050,95253615271,95254096786,95257252910,21550,104437,95272977296,
06-04 12:04:22.167 2055 2075 I System.out: 4 0,95222807755,95256141087,9223372036854775807,0,95261694692,95261695143,95285045708,95285093218,95292203827,95292252359,95292279259,95295399306,95300624060,134362,2856301,95298895009,
06-04 12:04:22.167 2055 2075 I System.out: 5 0,95272828857,95289495523,9223372036854775807,0,95296521055,95296521876,95297673722,95297705352,95301071872,95301121275,95301181217,95303994477,95307456847,2783995,80000,95306312215,
06-04 12:04:22.167 2055 2075 I System.out: 6 0,95306175718,95306175718,9223372036854775807,0,95306686308,95306686599,95307898948,95307921030,95309425589,95309467618,95309507222,95310379402,95323968934,7034748,61225,95322976438,
06-04 12:04:22.167 2055 2075 I System.out: 7 0,95322848996,95322848996,9223372036854775807,0,95325059334,95325059615,95325972121,95325991878,95333350985,95333436015,95333490086,95334338151,95345901193,10097926,105849,95335762900,
06-04 12:04:22.167 2055 2075 I System.out: 8 0,95339522222,95339522222,9223372036854775807,0,95339884189,95339884470,95342027198,95342049631,95346994108,95347050113,95347083596,95347674847,95365252278,12443507,167245,95356318450,
06-04 12:04:22.167 2055 2075 I System.out: 9 0,95356195345,95356195345,9223372036854775807,0,95356593557,95356594018,95363674361,95363705900,95365244072,95365299647,95365331527,95365807602,95379294280,10267515,1501623,95368989976,
06-04 12:04:22.167 2055 2075 I System.out: 10 0,95372868321,95372868321,9223372036854775807,0,95373117697,95373117917,95374874470,95374900198,95379889980,95379978817,95380010487,95383006120,95394715216,9676965,237758,95389675670,
06-04 12:04:22.167 2055 2075 I System.out: 11 0,95389541187,95389541187,9223372036854775807,0,95389943534,95389943884,95391009979,95391045015,95392664119,95394757866,95394808191,95396347595,95407397422,8420262,80983,95406329914,
06-04 12:04:22.167 2055 2075 I System.out: 12 0,95406214037,95406214037,9223372036854775807,0,95406354811,95406355312,95408970229,95409004173,95411339905,95411377866,95411402111,95411837290,95424087383,10130498,83637,95423021790,
06-04 12:04:22.167 2055 2075 I System.out: 13 0,95422886717,95422886717,9223372036854775807,0,95423197841,95423198151,95424949554,95424986494,95427720595,95427828908,95427855959,95428413598,95440564955,9972020,117240,95439660224,
06-04 12:04:22.167 2055 2075 I System.out: 14 0,95439559366,95439559366,9223372036854775807,0,95450771486,95450772077,95451239817,95451259804,95452677861,95452739406,95452766407,95453485880,95458639901,97594,2382520,95458512081,
06-04 12:04:22.167 2055 2075 I System.out: 15 0,95456237538,95456237538,9223372036854775807,0,95458192189,95458192730,95459358181,95459394630,95461376987,95461431009,95461465905,95497230922,95499284914,19627,87885,95502338085,
06-04 12:04:22.167 2055 2075 I System.out: 16 0,95472909674,95472909674,9223372036854775807,0,95473290528,95473290979,95474490324,95474533525,95476530179,95499319970,95499365626,95500296025,95509180220,6755312,71745,95506397878,
06-04 12:04:22.167 2055 2075 I System.out: 17 0,95489581929,95489581929,9223372036854775807,0,95500456307,95500456537,95501155071,95501189455,95503418266,95509241004,95512054835,95512535349,95524014412,9028285,114585,95523083863,
06-04 12:04:22.167 2055 2075 I System.out: 18 0,95506254036,95506254036,9223372036854775807,0,95509651065,95509651406,95510175521,95510205037,95511580082,95524074074,95527363319,95527845175,95542464393,11933769,134623,95539725303,
06-04 12:04:22.167 2055 2075 I System.out: 19 0,95522926032,95522926032,9223372036854775807,0,95524580527,95524580988,95525300460,95525338261,95526995868,95542526660,95545453764,95545911014,95559654194,11629226,106120,95556429802,
06-04 12:04:22.167 2055 2075 I System.out: 20 0,95539598025,95539598025,9223372036854775807,0,95543007063,95543007845,95543632910,95543668697,95545028905,95559703988,95562565879,95563043617,95574005929,8820875,122581,95565147153,
06-04 12:04:22.167 2055 2075 I System.out: 21 0,95556269893,95556269893,9223372036854775807,0,95560089733,95560090084,95560651480,95560685203,95562013050,95574847141,95574883700,95575514235,95590767275,10147520,2433155,95580580171,
06-04 12:04:22.167 2055 2075 I System.out: 22 0,95572941715,95572941715,9223372036854775807,0,95578579579,95578579870,95579537069,95579567827,95580806957,95590839471,95590885247,95592900336,95609300833,13551069,96311,95606400359,
06-04 12:04:22.167 2055 2075 I System.out: 23 0,95589613430,95589613430,9223372036854775807,0,95591257938,95591258308,95593952364,95593992600,95595463686,95609355496,95609401913,95610033791,95626090682,15162480,61446,95623111070,
06-04 12:04:22.167 2055 2075 I System.out: 24 0,95606285091,95606285091,9223372036854775807,0,95610139750,95610140141,95612338234,95612386795,95613718299,95626145836,95626180000,95626771953,95640689552,12549236,85291,95639775073,
06-04 12:04:22.167 2055 2075 I System.out: 25 0,95622956652,95622956652,9223372036854775807,0,95626721448,95626721889,95627637591,95627675031,95629146208,95640754865,95640793417,95642910388,95659379694,15382102,86854,95656425129,
06-04 12:04:22.167 2055 2075 I System.out: 26 0,95639628163,95639628163,9223372036854775807,0,95641256729,95641257139,95642040663,95642076280,95643830668,95659451810,95659485213,95660067598,95675951734,14936064,133932,95660982709,
06-04 12:04:22.167 2055 2075 I System.out: 27 0,95656299588,95656299588,9223372036854775807,0,95659964414,95659964795,95660408799,95660452311,95662140936,95676008982,95676045681,95676663903,95692706277,15174542,79961,95689770828,
06-04 12:04:22.167 2055 2075 I System.out: 28 0,95672975582,95672975582,9223372036854775807,0,95676340465,95676341106,95676797074,95676833983,95678423181,95692763785,95692794563,95693422744,95709342438,15013208,107202,95694303040,
06-04 12:04:22.167 2055 2075 I System.out: 29 0,95689646797,95689646797,9223372036854775807,0,95693167555,95693167955,95693622019,95693658468,95695321595,95709392582,95709424822,95710280101,95723952088,12778447,78578,95723111717,
06-04 12:04:22.167 2055 2075 I System.out: 30 0,95706317905,95706317905,9223372036854775807,0,95709700551,95709700851,95710012788,95710048165,95712134658,95724015026,95724052917,95726376777,95740765040,13185262,368633,95727525046,
06-04 12:04:22.167 2055 2075 I System.out: 31 0,95722988951,95722988951,9223372036854775807,0,95724350707,95724350968,95724695606,95724730641,95724838955,95740821296,95740865780,95743178789,95759700855,15541052,125346,95744120880,
06-04 12:04:22.167 2055 2075 I System.out: 32 0,95739659797,95739659797,9223372036854775807,0,95741268988,95741269359,95741677566,95741717762,95743403331,95759764194,95759800512,95760426289,95774057910,12729425,67456,95761292107,
06-04 12:04:22.167 2055 2075 I System.out: 33 0,95756330719,95756330719,9223372036854775807,0,95760273461,95760273742,95763127458,95763168575,95764638749,95774124555,95774165772,95776568971,95792772769,15153453,207941,0,
06-04 12:04:22.167 2055 2075 I System.out: 34 0,95773001574,95773001574,9223372036854775807,0,95774660493,95774660803,95775592305,95775645445,95776440970,95792843882,95792878758,95793732112,95809356220,13835474,909991,0,
06-04 12:04:22.167 2055 2075 I System.out: 35 0,95939694957,95939694957,9223372036854775807,0,95939823713,95939824234,95939824364,95940141721,95940235237,95940319655,95940349882,95941055359,95943379389,30527,1340140,0,
06-04 12:04:22.168 2055 2075 I System.out: 0 Flags,IntendedVsync,Vsync,OldestInputEvent,NewestInputEvent,HandleInputStart,AnimationStart,PerformTraversalsStart,DrawStart,SyncQueued,SyncStart,IssueDrawCommandsStart,SwapBuffers,FrameCompleted,DequeueBufferDuration,QueueBufferDuration,GpuCompleted,
06-04 12:04:22.168 2055 2075 I System.out: 1 1,120989743563,120989743563,9223372036854775807,0,120991096197,120991096417,120991096527,121046072787,121046493037,121046730454,121046757785,121050151316,121055025891,39475,1443694,121054827929,
06-04 12:04:22.168 2055 2075 I System.out: 2 0,121006413188,121056413186,9223372036854775807,0,121061182087,121061182397,121074974360,121075007302,121075778662,121075832874,121075865576,121076414708,121085548863,22312,99788,121089919410,
06-04 12:04:22.168 2055 2075 I System.out: 3 0,121073093150,121073093150,9223372036854775807,0,121078067736,121078068107,121142513441,121142564467,121181239196,121186162663,121186206646,121186906181,121199490042,20719,142638,121199442012,
06-04 12:04:22.168 2055 2075 I System.out: 4 0,121089762454,121189762450,9223372036854775807,0,121192084407,121192084848,121211953557,121212006356,121216618187,121216681136,121216738233,121219103571,121220534802,28263,112541,121220480359,
06-04 12:04:22.168 2055 2075 I System.out: 5 0,121206448854,121206448854,9223372036854775807,0,121217773219,121217773670,121218680034,121218718707,121220599233,121220644929,121220699071,121222980560,121231266841,518365,395854,121234962500,
06-04 12:04:22.168 2055 2075 I System.out: 6 0,121223117736,121223117736,9223372036854775807,0,121223288249,121223289010,121224428854,121224468278,121225981974,121231311465,121231355998,121233152436,121242939278,7917828,115598,121234989310,
06-04 12:04:22.168 2055 2075 I System.out: 7 0,121239786699,121239786699,9223372036854775807,0,121240550396,121240550557,121241550156,121241591183,121244973803,121249077720,121249128415,121249684050,121265764986,14924592,132810,121250781604,
06-04 12:04:22.168 2055 2075 I System.out: 8 0,121256455506,121256455506,9223372036854775807,0,121257484858,121257485829,121258439032,121258478215,121261216694,121265815091,121265858572,121266360356,121280767575,12824964,81093,121267903758,
06-04 12:04:22.168 2055 2075 I System.out: 9 0,121273124293,121273124293,9223372036854775807,0,121273771851,121273772002,121274717159,121274741114,121276249260,121280823621,121280865599,121281423488,121299621025,15903082,424778,121289921256,
06-04 12:04:22.168 2055 2075 I System.out: 10 0,121289793165,121289793165,9223372036854775807,0,121290223615,121290224487,121291026254,121291075186,121293444150,121299673824,121299706856,121300300061,121310374624,7219053,1203353,0,
06-04 12:04:22.168 2055 2075 I System.out: 11 0,121306462053,121306462053,9223372036854775807,0,121307898548,121307898719,121308751582,121308782721,121310944586,121310988739,121311034665,121311528824,121327373416,13951793,84248,0,
06-04 12:04:22.168 2055 2075 I System.out: 12 0,121323130838,121323130838,9223372036854775807,0,121323287704,121323288566,121326082058,121326124438,121327665956,121328241839,121328272327,121328767107,121343555503,11107294,1378152,0,
06-04 12:04:22.168 2055 2075 D UiDevice: Waiting 10000ms for SearchCondition[hasObject=BySelector [TEXT='\QGet Started\E']].
06-04 12:04:22.168 2055 2075 D UiDevice: Searching for node with selector: BySelector [TEXT='\QGet Started\E'].
06-04 12:04:26.392 2055 2075 I chatty : uid=10131(com.ustadmobile.app_android_baselineprofile) roidJUnitRunner identical 32 lines
06-04 12:04:26.496 2055 2075 D UiDevice: Searching for node with selector: BySelector [TEXT='\QGet Started\E'].
06-04 12:04:26.596 350 350 I perfetto: probes_producer.cc:329 Producer stop (id=3)
06-04 12:04:26.597 350 350 I perfetto: ftrace_procfs.cc:183 disabled ftrace
06-04 12:04:26.597 361 361 I perfetto: ng_service_impl.cc:1948 Tracing session 3 ended, total sessions:0
06-04 12:04:26.599 2055 2075 D UiDevice: Searching for node with selector: BySelector [TEXT='\QGet Started\E'].
06-04 12:04:28.886 2055 2075 I chatty : uid=10131(com.ustadmobile.app_android_baselineprofile) roidJUnitRunner identical 22 lines
06-04 12:04:28.990 2055 2075 D UiDevice: Searching for node with selector: BySelector [TEXT='\QGet Started\E'].
06-04 12:04:29.057 2149 2169 D UstadCache: CacheTrimmer: Trim cache run: max (evictable) size = 100000000 bytes
06-04 12:04:29.058 2149 2169 V UstadCache: CacheTrimmer: deleting
06-04 12:04:29.093 2055 2075 D UiDevice: Searching for node with selector: BySelector [TEXT='\QGet Started\E'].
06-04 12:04:32.113 2055 2075 I chatty : uid=10131(com.ustadmobile.app_android_baselineprofile) roidJUnitRunner identical 29 lines
06-04 12:04:32.216 2055 2075 D UiDevice: Searching for node with selector: BySelector [TEXT='\QGet Started\E'].
06-04 12:04:33.219 2055 2075 D UiDevice: Retrieving node with selector: BySelector [TEXT='\QGet Started\E'].
06-04 12:04:33.222 2055 2075 D UiDevice: Node not found with selector: BySelector [TEXT='\QGet Started\E'].
06-04 12:04:35.119 445 445 E netmgr : qemu_pipe_open_ns:62: Could not connect to the 'pipe:qemud:network' service: Invalid argument
06-04 12:04:35.119 445 445 E netmgr : Failed to open QEMU pipe 'qemud:network': Invalid argument
06-04 12:04:35.156 447 447 E wifi_forwarder: qemu_pipe_open_ns:62: Could not connect to the 'pipe:qemud:wififorward' service: Invalid argument
06-04 12:04:35.156 447 447 E wifi_forwarder: RemoteConnection failed to initialize: RemoteConnection failed to open pipe
06-04 12:04:38.223 2055 2075 D Benchmark: Profile Installer - Save Profile
06-04 12:04:38.232 2149 2149 I Process : Sending signal. PID: 2149 SIG: 10
06-04 12:04:38.232 2149 2149 D ProfileInstaller:
06-04 12:04:38.232 2149 2157 I n.learning_tre: Thread[3,tid=2157,WaitingInMainSignalCatcherLoop,Thread*=0x7e5233e1a010,peer=0x137018b8,"Signal Catcher"]: reacting to signal 10
06-04 12:04:38.232 2149 2157 I n.learning_tre:
06-04 12:04:38.232 2149 2157 I n.learning_tre: SIGUSR1 forcing GC (no HPROF) and profile save
06-04 12:04:38.232 2512 2514 I cmd : oneway function results will be dropped but finished with status OK and parcel size 4
06-04 12:04:38.243 2149 2157 I n.learning_tre: Explicit concurrent copying GC freed 129352(4924KB) AllocSpace objects, 5(132KB) LOS objects, 49% free, 6100KB/11MB, paused 11us total 10.955ms
06-04 12:04:38.744 2055 2075 D Benchmark: Killing process com.savethechildren.learning_tree
06-04 12:04:38.744 2055 2075 D UiDevice: Executing shell command: killall com.savethechildren.learning_tree
06-04 12:04:38.775 478 1253 I PackageDexOptimizer: Running dexopt (dexoptNeeded=-3) on: /data/app/~~YydvtuG-I1K6uwq-gJBazQ==/com.savethechildren.learning_tree-1CMBwdveIrDtkv3DFsnSwg==/base.apk pkg=com.savethechildren.learning_tree isa=x86_64 dexoptFlags=boot_complete,profile_guided,force,enable_hidden_api_checks targetFilter=speed-profile oatDir=/data/app/~~YydvtuG-I1K6uwq-gJBazQ==/com.savethechildren.learning_tree-1CMBwdveIrDtkv3DFsnSwg==/oat classLoaderContext=PCL[]{PCL[/system_ext/framework/androidx.window.sidecar.jar]}
06-04 12:04:38.776 380 380 V installd: DexInv: --- BEGIN '/data/app/~~YydvtuG-I1K6uwq-gJBazQ==/com.savethechildren.learning_tree-1CMBwdveIrDtkv3DFsnSwg==/base.apk' ---
06-04 12:04:38.783 2526 2526 W dex2oat32: Unexpected CPU variant for X86 using defaults: x86_64
06-04 12:04:38.871 2526 2526 I dex2oat32: /apex/com.android.art/bin/dex2oat32 --input-vdex-fd=9 --output-vdex-fd=10 --updatable-bcp-packages-file=/system/etc/updatable-bcp-packages.txt --resolve-startup-const-strings=true --max-image-block-size=524288 --compiler-filter=speed-profile --profile-file-fd=12 --classpath-dir=/data/app/~~YydvtuG-I1K6uwq-gJBazQ==/com.savethechildren.learning_tree-1CMBwdveIrDtkv3DFsnSwg== --class-loader-context=PCL[]{PCL[/system_ext/framework/androidx.window.sidecar.jar]} --generate-mini-debug-info --compilation-reason=unknown
06-04 12:04:38.871 2526 2526 I dex2oat32: setting boot class path to /apex/com.android.art/javalib/core-oj.jar:/apex/com.android.art/javalib/core-libart.jar:/apex/com.android.art/javalib/core-icu4j.jar:/apex/com.android.art/javalib/okhttp.jar:/apex/com.android.art/javalib/bouncycastle.jar:/apex/com.android.art/javalib/apache-xml.jar:/system/framework/framework.jar:/system/framework/ext.jar:/system/framework/telephony-common.jar:/system/framework/voip-common.jar:/system/framework/ims-common.jar:/system/framework/framework-atb-backward-compatibility.jar
06-04 12:04:42.530 2526 2526 W dex2oat32: Could not reserve sentinel fault page
06-04 12:04:43.167 2526 2526 W dex2oat32: Accessing hidden method Landroid/graphics/Canvas;->drawPatch(Landroid/graphics/NinePatch;Landroid/graphics/Rect;Landroid/graphics/Paint;)V (greylist-max-o, linking, denied)
06-04 12:04:43.167 2526 2526 W dex2oat32: Accessing hidden method Landroid/graphics/Canvas;->drawPatch(Landroid/graphics/NinePatch;Landroid/graphics/RectF;Landroid/graphics/Paint;)V (greylist-max-o, linking, denied)
06-04 12:04:43.171 2526 2526 W dex2oat32: Accessing hidden method Landroid/graphics/Bitmap;->getHardwareBuffer()Landroid/hardware/HardwareBuffer; (blacklist, linking, denied)
06-04 12:04:43.288 2526 2528 W dex2oat32: Accessing hidden method Landroid/app/job/JobParameters;->getStopReason()I (greylist-max-o, linking, denied)
06-04 12:04:45.072 2526 2526 I dex2oat32: Explicit concurrent copying GC freed 277737(40MB) AllocSpace objects, 0(0B) LOS objects, 49% free, 2216KB/4433KB, paused 12us total 8.382ms
06-04 12:04:45.098 2526 2526 W dex2oat32: Accessing hidden field Ljava/nio/file/FileSystemException;->file:Ljava/lang/String; (greylist-max-o, linking, denied)
06-04 12:04:45.098 2526 2526 W dex2oat32: Accessing hidden field Ljava/nio/file/FileSystemException;->other:Ljava/lang/String; (greylist-max-o, linking, denied)
06-04 12:04:45.098 2526 2526 W dex2oat32: Accessing hidden field Ljava/nio/file/InvalidPathException;->index:I (greylist-max-o, linking, denied)
06-04 12:04:45.098 2526 2526 W dex2oat32: Accessing hidden field Ljava/nio/file/InvalidPathException;->input:Ljava/lang/String; (greylist-max-o, linking, denied)
06-04 12:04:45.099 2526 2526 W dex2oat32: Accessing hidden method Landroid/graphics/Bitmap;->getHardwareBuffer()Landroid/hardware/HardwareBuffer; (blacklist, linking, denied)
06-04 12:04:45.099 2526 2526 W dex2oat32: Accessing hidden method Landroid/graphics/Canvas;->drawPatch(Landroid/graphics/NinePatch;Landroid/graphics/Rect;Landroid/graphics/Paint;)V (greylist-max-o, linking, denied)
06-04 12:04:45.099 2526 2526 W dex2oat32: Accessing hidden method Landroid/graphics/Canvas;->drawPatch(Landroid/graphics/NinePatch;Landroid/graphics/RectF;Landroid/graphics/Paint;)V (greylist-max-o, linking, denied)
06-04 12:04:45.110 2526 2526 W dex2oat32: Accessing hidden method Landroid/app/job/JobParameters;->getStopReason()I (greylist-max-o, linking, denied)
06-04 12:04:45.974 2526 2526 I dex2oat32: dex2oat took 7.191s (8.986s cpu) (threads: 2) arena alloc=4212KB (4313136B) java alloc=2232KB (2286104B) native alloc=81MB (85882112B) free=82MB (86062064B)
06-04 12:04:45.993 380 380 V installd: DexInv: --- END '/data/app/~~YydvtuG-I1K6uwq-gJBazQ==/com.savethechildren.learning_tree-1CMBwdveIrDtkv3DFsnSwg==/base.apk' (success) ---
06-04 12:04:46.009 2055 2075 D Benchmark: Reference profile location: /data/misc/profiles/ref/com.savethechildren.learning_tree/primary.prof
06-04 12:04:46.030 2055 2075 D Benchmark: APK Path: /data/app/~~YydvtuG-I1K6uwq-gJBazQ==/com.savethechildren.learning_tree-1CMBwdveIrDtkv3DFsnSwg==/base.apk
06-04 12:04:46.030 2055 2075 D Benchmark: Converting to human readable profile format
06-04 12:04:46.030 2055 2075 D Benchmark: Using profile location: /data/misc/profiles/ref/com.savethechildren.learning_tree/primary.prof
06-04 12:04:46.289 2554 2554 W profman : profman took 250.704ms
06-04 12:04:46.304 2055 2075 D Benchmark: Using profile location: /data/misc/profiles/cur/0/com.savethechildren.learning_tree/primary.prof
06-04 12:04:46.549 2565 2565 W profman : profman took 233.630ms
06-04 12:04:47.428 2055 2075 D Benchmark: Unstable profiles during iteration 3
06-04 12:04:47.428 2055 2075 D Benchmark: Killing package com.savethechildren.learning_tree
06-04 12:04:47.428 2055 2075 D Benchmark: Killing process com.savethechildren.learning_tree
06-04 12:04:47.428 2055 2075 D UiDevice: Executing shell command: killall com.savethechildren.learning_tree
06-04 12:04:47.434 2055 2075 D Benchmark: Compile iteration (4) for com.savethechildren.learning_tree
06-04 12:04:47.434 2055 2075 D UiDevice: Pressing home button.
06-04 12:04:47.441 638 638 V ShadeControllerImpl: NotificationShadeWindow: com.android.systemui.statusbar.phone.NotificationShadeWindowView{90561f7 I.E...... ......ID 0,0-1080,1920} canPanelBeCollapsed(): false
06-04 12:04:47.441 478 498 D EventSequenceValidator: inc AccIntentStartedEvents to 2
06-04 12:04:47.442 361 361 I perfetto: ing_service_impl.cc:758 Configured tracing session 4, #sources:1, duration:5000 ms, #buffers:1, total buffer size:4096 KB, total sessions:1, uid:1071 session name: ""
06-04 12:04:47.442 478 496 W InputReader: Device virtio_input_multi_touch_10 is associated with display ADISPLAY_ID_NONE.
06-04 12:04:47.442 478 496 W InputReader: Device virtio_input_multi_touch_7 is associated with display ADISPLAY_ID_NONE.
06-04 12:04:47.442 478 496 W InputReader: Device virtio_input_multi_touch_11 is associated with display ADISPLAY_ID_NONE.
06-04 12:04:47.442 478 496 W InputReader: Device virtio_input_multi_touch_5 is associated with display ADISPLAY_ID_NONE.
06-04 12:04:47.442 478 496 W InputReader: Device virtio_input_multi_touch_2 is associated with display ADISPLAY_ID_NONE.
06-04 12:04:47.442 478 496 W InputReader: Device virtio_input_multi_touch_6 is associated with display ADISPLAY_ID_NONE.
06-04 12:04:47.442 478 496 W InputReader: Device virtio_input_multi_touch_8 is associated with display ADISPLAY_ID_NONE.
06-04 12:04:47.442 478 496 W InputReader: Device virtio_input_multi_touch_9 is associated with display ADISPLAY_ID_NONE.
06-04 12:04:47.442 478 496 W InputReader: Device virtio_input_multi_touch_3 is associated with display ADISPLAY_ID_NONE.
06-04 12:04:47.442 478 496 W InputReader: Device virtio_input_multi_touch_4 is associated with display ADISPLAY_ID_NONE.
06-04 12:04:47.442 350 350 I perfetto: probes_producer.cc:230 Ftrace setup (target_buf=4)
06-04 12:04:47.442 478 496 W InputReader: Device virtio_input_multi_touch_10 is associated with display ADISPLAY_ID_NONE.
06-04 12:04:47.442 478 496 W InputReader: Device virtio_input_multi_touch_7 is associated with display ADISPLAY_ID_NONE.
06-04 12:04:47.442 478 496 W InputReader: Device virtio_input_multi_touch_11 is associated with display ADISPLAY_ID_NONE.
06-04 12:04:47.442 478 496 W InputReader: Device virtio_input_multi_touch_5 is associated with display ADISPLAY_ID_NONE.
06-04 12:04:47.442 478 496 W InputReader: Device virtio_input_multi_touch_2 is associated with display ADISPLAY_ID_NONE.
06-04 12:04:47.442 478 496 W InputReader: Device virtio_input_multi_touch_6 is associated with display ADISPLAY_ID_NONE.
06-04 12:04:47.442 478 496 W InputReader: Device virtio_input_multi_touch_8 is associated with display ADISPLAY_ID_NONE.
06-04 12:04:47.442 478 496 W InputReader: Device virtio_input_multi_touch_9 is associated with display ADISPLAY_ID_NONE.
06-04 12:04:47.442 478 496 W InputReader: Device virtio_input_multi_touch_3 is associated with display ADISPLAY_ID_NONE.
06-04 12:04:47.442 478 496 W InputReader: Device virtio_input_multi_touch_4 is associated with display ADISPLAY_ID_NONE.
06-04 12:04:47.444 987 987 D TaplTarget: Launcher.onNewIntent: Intent { act=android.intent.action.MAIN cat=[android.intent.category.HOME] flg=0x10400100 cmp=com.android.launcher3/.uioverrides.QuickstepLauncher (has extras) }
06-04 12:04:47.446 638 638 V ShadeControllerImpl: NotificationShadeWindow: com.android.systemui.statusbar.phone.NotificationShadeWindowView{90561f7 I.E...... ......ID 0,0-1080,1920} canPanelBeCollapsed(): false
06-04 12:04:47.455 350 350 I perfetto: ftrace_procfs.cc:176 enabled ftrace
06-04 12:04:47.456 273 1473 D goldfish-address-space: claimShared: Ask to claim region [0x3f8000000 0x3f87e9000]
06-04 12:04:47.457 273 1473 D goldfish-address-space: claimShared: Ask to claim region [0x3fa8a4000 0x3fb08d000]
06-04 12:04:47.462 273 1473 D goldfish-address-space: claimShared: Ask to claim region [0x3f90e9000 0x3f98d2000]
06-04 12:04:47.465 273 1473 D goldfish-address-space: claimShared: Ask to claim region [0x3f98d2000 0x3fa0bb000]
06-04 12:04:47.468 478 498 D EventSequenceValidator: dec AccIntentStartedEvents to 1
06-04 12:04:47.482 478 504 D ArtManagerInternalImpl: /data/misc/iorapd/com.android.launcher3/30/com.android.launcher3.uioverrides.QuickstepLauncher/compiled_traces/compiled_trace.pb doesn't exist
06-04 12:04:47.531 2055 2075 I System.out: 0 Flags,IntendedVsync,Vsync,OldestInputEvent,NewestInputEvent,HandleInputStart,AnimationStart,PerformTraversalsStart,DrawStart,SyncQueued,SyncStart,IssueDrawCommandsStart,SwapBuffers,FrameCompleted,DequeueBufferDuration,QueueBufferDuration,GpuCompleted,
06-04 12:04:47.531 2055 2075 I System.out: 1 1,120989743563,120989743563,9223372036854775807,0,120991096197,120991096417,120991096527,121046072787,121046493037,121046730454,121046757785,121050151316,121055025891,39475,1443694,121054827929,
06-04 12:04:47.531 2055 2075 I System.out: 2 0,121006413188,121056413186,9223372036854775807,0,121061182087,121061182397,121074974360,121075007302,121075778662,121075832874,121075865576,121076414708,121085548863,22312,99788,121089919410,
06-04 12:04:47.531 2055 2075 I System.out: 3 0,121073093150,121073093150,9223372036854775807,0,121078067736,121078068107,121142513441,121142564467,121181239196,121186162663,121186206646,121186906181,121199490042,20719,142638,121199442012,
06-04 12:04:47.531 2055 2075 I System.out: 4 0,121089762454,121189762450,9223372036854775807,0,121192084407,121192084848,121211953557,121212006356,121216618187,121216681136,121216738233,121219103571,121220534802,28263,112541,121220480359,
06-04 12:04:47.531 2055 2075 I System.out: 5 0,121206448854,121206448854,9223372036854775807,0,121217773219,121217773670,121218680034,121218718707,121220599233,121220644929,121220699071,121222980560,121231266841,518365,395854,121234962500,
06-04 12:04:47.531 2055 2075 I System.out: 6 0,121223117736,121223117736,9223372036854775807,0,121223288249,121223289010,121224428854,121224468278,121225981974,121231311465,121231355998,121233152436,121242939278,7917828,115598,121234989310,
06-04 12:04:47.531 2055 2075 I System.out: 7 0,121239786699,121239786699,9223372036854775807,0,121240550396,121240550557,121241550156,121241591183,121244973803,121249077720,121249128415,121249684050,121265764986,14924592,132810,121250781604,
06-04 12:04:47.531 2055 2075 I System.out: 8 0,121256455506,121256455506,9223372036854775807,0,121257484858,121257485829,121258439032,121258478215,121261216694,121265815091,121265858572,121266360356,121280767575,12824964,81093,121267903758,
06-04 12:04:47.531 2055 2075 I System.out: 9 0,121273124293,121273124293,9223372036854775807,0,121273771851,121273772002,121274717159,121274741114,121276249260,121280823621,121280865599,121281423488,121299621025,15903082,424778,121289921256,
06-04 12:04:47.531 2055 2075 I System.out: 10 0,121289793165,121289793165,9223372036854775807,0,121290223615,121290224487,121291026254,121291075186,121293444150,121299673824,121299706856,121300300061,121310374624,7219053,1203353,121306593024,
06-04 12:04:47.531 2055 2075 I System.out: 11 0,121306462053,121306462053,9223372036854775807,0,121307898548,121307898719,121308751582,121308782721,121310944586,121310988739,121311034665,121311528824,121327373416,13951793,84248,121313385405,
06-04 12:04:47.531 2055 2075 I System.out: 12 0,121323130838,121323130838,9223372036854775807,0,121323287704,121323288566,121326082058,121326124438,121327665956,121328241839,121328272327,121328767107,121343555503,11107294,1378152,121332400228,
06-04 12:04:47.531 2055 2075 I System.out: 13 0,121339799576,121339799576,9223372036854775807,0,121352755852,121352756613,121353962361,121353980855,121355375979,121355429519,121355458333,121356056538,121364887463,5678477,161364,121373252932,
06-04 12:04:47.531 2055 2075 I System.out: 14 0,121356468216,121356468216,9223372036854775807,0,121356913550,121356914040,121365570397,121365613919,121381230372,121381282580,121381308829,121381876577,121387730844,33954,2157316,121387650483,
06-04 12:04:47.531 2055 2075 I System.out: 15 0,121373136920,121373136920,9223372036854775807,0,121385514537,121385514878,121386137578,121386171873,121387637559,121387768765,121387810374,121388374024,121397018938,3830242,88977,121402345794,
06-04 12:04:47.531 2055 2075 I System.out: 16 0,121389805539,121389805539,9223372036854775807,0,121390420131,121390420531,121391096543,121391141026,121392833058,121397144745,121397189689,121397790940,121413207166,10751015,1780077,121402416257,
06-04 12:04:47.531 2055 2075 I System.out: 17 0,121406459405,121406459405,9223372036854775807,0,121407965531,121407967134,121409086048,121409130441,121410828163,121413328234,121413373699,121413894218,121427437273,8690661,177955,121423284975,
06-04 12:04:47.531 2055 2075 I System.out: 18 0,121423128155,121423128155,9223372036854775807,0,121423435959,121423436911,121424370005,121424408498,121425685008,121427493589,121427563099,121428140275,121444321930,12916917,150824,121439937657,
06-04 12:04:47.531 2055 2075 I System.out: 19 0,121439796946,121439796946,9223372036854775807,0,121440112586,121440113978,121440877514,121440915796,121442214147,121444371514,121444416989,121444928932,121459038030,9666586,1529926,121449326059,
06-04 12:04:47.531 2055 2075 I System.out: 20 0,121456465719,121456465719,9223372036854775807,0,121456805723,121456806875,121457679246,121457723128,121459186029,121459300825,121459345799,121459894210,121476493632,13008409,141015,121463445908,
06-04 12:04:47.531 2055 2075 I System.out: 21 0,121473134500,121473134500,9223372036854775807,0,121473415504,121473416456,121474205058,121474240034,121476182006,121476552923,121476586196,121477033016,121492034002,12581126,117882,121479400427,
06-04 12:04:47.531 2055 2075 I System.out: 22 0,121489803140,121489803140,9223372036854775807,0,121490100977,121490101849,121491010988,121491047817,121493076181,121493150391,121493199623,121493732104,121511598909,15107026,119796,121506662216,
06-04 12:04:47.531 2055 2075 I System.out: 23 0,121506471462,121506471462,9223372036854775807,0,121506688516,121506700278,121510602044,121510644274,121511848789,121511899434,121511932115,121512369548,121524316782,8902298,962189,121515371572,
06-04 12:04:47.531 2055 2075 I System.out: 24 0,121523141691,121523141691,9223372036854775807,0,121523305059,121523313185,121526908635,121526955283,121528877808,121528959331,121529014485,121529798940,121543028735,10956812,985423,121532031587,
06-04 12:04:47.531 2055 2075 I System.out: 25 0,121539810202,121539810202,9223372036854775807,0,121539929688,121539930369,121544793363,121544835612,121546003889,121546060636,121546093738,121546738530,121560055420,12138794,144942,121547873514,
06-04 12:04:47.531 2055 2075 I System.out: 26 0,121556478808,121556478808,9223372036854775807,0,121556644075,121556645348,121560638957,121560867827,121563213538,121563280624,121563309779,121563966924,121576059371,10263328,958442,121573275908,
06-04 12:04:47.531 2055 2075 I System.out: 27 0,121573147334,121573147334,9223372036854775807,0,121573279504,121573280266,121574821223,121574860046,121576405933,121576462680,121576517763,121577254258,121593117044,13957334,947000,121589948026,
06-04 12:04:47.531 2055 2075 I System.out: 28 0,121589815869,121589815869,9223372036854775807,0,121590050849,121590051670,121590494904,121590528427,121593286282,121593347067,121593375580,121593955481,121609487214,14567922,101220,121594890930,
06-04 12:04:47.531 2055 2075 I System.out: 29 0,121606484365,121606484365,9223372036854775807,0,121606679485,121606701577,121607143828,121607179796,121609661392,121609728308,121609757693,121610386946,121626568482,14384918,929738,121612149681,
06-04 12:04:47.531 2055 2075 I System.out: 30 0,121623152660,121623152660,9223372036854775807,0,121623403801,121623404422,121623878133,121623912478,121626722371,121626787133,121626832508,121627448436,121640732343,12322008,111199,121628359099,
06-04 12:04:47.531 2055 2075 I System.out: 31 0,121639820958,121639820958,9223372036854775807,0,121639954982,121639955643,121641036145,121641072263,121642522039,121642585017,121642618019,121643236031,121659505251,14493932,945898,121644977465,
06-04 12:04:47.531 2055 2075 I System.out: 32 0,121656489346,121656489346,9223372036854775807,0,121656614797,121656615488,121659690019,121659730836,121659802130,121659859488,121659886779,121660454727,121674102528,11813953,1039154,121662259129,
06-04 12:04:47.531 2055 2075 I System.out: 33 0,121673157708,121673157708,9223372036854775807,0,121673378868,121673379779,121673899827,121673928220,121675763030,121676051823,121676088663,121676716844,121692690889,14893063,87465,121689962529,
06-04 12:04:47.531 2055 2075 I System.out: 34 0,121689826040,121689826040,9223372036854775807,0,121689969713,121689970374,121694685409,121694724042,121696220305,121696289906,121696316246,121696951580,121707624929,8724064,1076354,0,
06-04 12:04:47.531 2055 2075 I System.out: 35 0,121706494331,121706494331,9223372036854775807,0,121706613628,121706613968,121708543506,121708604130,121709163021,121709232572,121709264963,121709911579,121724028813,12129587,937563,0,
06-04 12:04:47.531 2055 2075 I System.out: 36 0,121839834090,121839834090,9223372036854775807,0,121839940036,121839940407,121839940507,121840180148,121840241493,121840315382,121840346140,121841073247,121842096120,27481,147527,0,
06-04 12:04:47.531 2055 2075 D Benchmark: Starting activity with command: am start -W "intent:#Intent;action=android.intent.action.MAIN;category=android.intent.category.LAUNCHER;launchFlags=0x10008000;package=com.savethechildren.learning_tree;component=com.savethechildren.learning_tree/com.ustadmobile.port.android.view.AppActivity;end"
