06-04 12:09:10.629 638 638 V ShadeControllerImpl: NotificationShadeWindow: com.android.systemui.statusbar.phone.NotificationShadeWindowView{90561f7 I.E...... ......ID 0,0-1080,1920} canPanelBeCollapsed(): false
06-04 12:09:10.640 350 350 I perfetto: ftrace_procfs.cc:176 enabled ftrace
06-04 12:09:10.657 273 317 D goldfish-address-space: claimShared: Ask to claim region [0x3f6f76000 0x3f775f000]
06-04 12:09:10.659 273 317 D goldfish-address-space: claimShared: Ask to claim region [0x3f775f000 0x3f7f48000]
06-04 12:09:10.659 273 317 D goldfish-address-space: claimShared: Ask to claim region [0x3f4000000 0x3f47e9000]
06-04 12:09:10.666 273 317 D goldfish-address-space: claimShared: Ask to claim region [0x3f47e9000 0x3f4fd2000]
06-04 12:09:10.673 478 498 D EventSequenceValidator: dec AccIntentStartedEvents to 1
06-04 12:09:10.677 478 504 D ArtManagerInternalImpl: /data/misc/iorapd/com.android.launcher3/30/com.android.launcher3.uioverrides.QuickstepLauncher/compiled_traces/compiled_trace.pb doesn't exist
06-04 12:09:10.748 2055 2075 I System.out: 0 Flags,IntendedVsync,Vsync,OldestInputEvent,NewestInputEvent,HandleInputStart,AnimationStart,PerformTraversalsStart,DrawStart,SyncQueued,SyncStart,IssueDrawCommandsStart,SwapBuffers,FrameCompleted,DequeueBufferDuration,QueueBufferDuration,GpuCompleted,
06-04 12:09:10.748 2055 2075 I System.out: 1 1,384056582875,384056582875,9223372036854775807,0,384068579303,384068579844,384068662820,384088310062,384088505760,384088660360,384088677573,384089462218,384103150105,12453726,119875,384090545645,
06-04 12:09:10.748 2055 2075 I System.out: 2 0,384073249650,384089916316,9223372036854775807,0,384106094100,384106094311,384120197198,384120224750,384120536506,384120580799,384120602961,384120981743,384122668344,22703,309272,384123371877,
06-04 12:09:10.748 2055 2075 I System.out: 3 0,384123249870,384123249870,9223372036854775807,0,384124415109,384124415439,384140167437,384140233832,384151713136,384151833442,384151866524,384152397944,384154295211,22332,118552,384156706575,
06-04 12:09:10.748 2055 2075 I System.out: 4 0,384139916591,384139916591,9223372036854775807,0,384156281386,384156282448,384164355537,384164401043,384166743758,384166986404,384167024676,384167618102,384169695417,1136807,154640,384172919610,
06-04 12:09:10.748 2055 2075 I System.out: 5 0,384156583360,384156583360,9223372036854775807,0,384170096311,384170096852,384170521160,384170546277,384171127490,384171166704,384171202521,384172425831,384174516222,1390545,213912,384173090281,
06-04 12:09:10.748 2055 2075 I System.out: 6 0,384173249664,384173249664,9223372036854775807,0,384173767264,384173767654,384174562840,384174597615,384176125468,384176602024,384176801369,384181122053,384197155049,15091787,134122,384182012577,
06-04 12:09:10.748 2055 2075 I System.out: 7 0,384189916362,384189916362,9223372036854775807,0,384190109451,384190110714,384191581940,384191617306,384192520094,384197432440,384197609273,384198119172,384211304714,12133043,292090,384199120284,
06-04 12:09:10.748 2055 2075 I System.out: 8 0,384206583089,384206583089,9223372036854775807,0,384206724612,384206725454,384211486245,384211521291,384212443655,384212511293,384212550787,384214678538,384224567171,8395957,142779,384216127252,
06-04 12:09:10.748 2055 2075 I System.out: 9 0,384223249856,384223249856,9223372036854775807,0,384223672969,384223673350,384224273198,384224311119,384225449319,384225515444,384225557112,384226074184,384247825402,15499433,175049,384232273891,
06-04 12:09:10.748 2055 2075 I System.out: 10 0,384239916491,384239916491,9223372036854775807,0,384240356930,384240357330,384240986153,384241022541,384241929396,384247902728,384247950918,384248398700,384257741497,7559564,137769,384250141117,
06-04 12:09:10.748 2055 2075 I System.out: 11 0,384256583190,384256583190,9223372036854775807,0,384256992208,384256992479,384258189790,384258227281,384259178740,384259234134,384259277616,384260776324,384275643027,9548884,183795,384273379651,
06-04 12:09:10.748 2055 2075 I System.out: 12 0,384273249942,384273249942,9223372036854775807,0,384273775465,384273775886,384274629140,384274664477,384275772651,384275871236,384275912123,384281617260,384296388293,12435883,227768,384290034096,
06-04 12:09:10.748 2055 2075 I System.out: 13 0,384289916466,384289916466,9223372036854775807,0,384290535679,384290536240,384291210758,384291244742,384293223873,384296432266,384296475107,384296894906,384309128268,9928869,82335,384299162860,
06-04 12:09:10.748 2055 2075 I System.out: 14 0,384306583061,384306583061,9223372036854775807,0,384307456995,384307457416,384308028971,384308060230,384309287036,384309338223,384309481803,384310006629,384325665242,8542542,1472098,384317078136,
06-04 12:09:10.748 2055 2075 I System.out: 15 0,384323249787,384323249787,9223372036854775807,0,384324319511,384324319812,384324948614,384324970696,384329069182,384329152529,384329364728,384329875278,384341117195,7886239,173997,384333187245,
06-04 12:09:10.748 2055 2075 I System.out: 16 0,384339916588,384339916588,9223372036854775807,0,384341141491,384341141932,384341747781,384341769031,384342594874,384344896221,384344938541,384346219579,384362966428,14108758,145223,384356694425,
06-04 12:09:10.748 2055 2075 I System.out: 17 0,384356583392,384356583392,9223372036854775807,0,384356715023,384356715454,384363493559,384363525399,384364369005,384364434007,384364763687,384365260050,384375248351,8054074,85079,384367160614,
06-04 12:09:10.748 2055 2075 I System.out: 18 0,384373250144,384373250144,9223372036854775807,0,384373657169,384373657830,384374274520,384374309947,384375410436,384375482181,384375522987,384376064425,384393115015,12124247,1115117,384390047217,
06-04 12:09:10.748 2055 2075 I System.out: 19 0,384389916896,384389916896,9223372036854775807,0,384393323036,384393323477,384393795785,384393824900,384394568778,384394623902,384394789854,384395294263,384410030170,11695731,890925,384406693767,
06-04 12:09:10.748 2055 2075 I System.out: 20 0,384406583707,384406583707,9223372036854775807,0,384407811438,384407811929,384408397149,384408425703,384409338099,384410315376,384410910976,384411366152,384426482134,13028447,116108,384413428139,
06-04 12:09:10.748 2055 2075 I System.out: 21 0,384423250388,384423250388,9223372036854775807,0,384423596368,384423597099,384424279553,384424314368,384427723979,384427787649,384428105266,384428483096,384442871600,12297533,96081,384440064502,
06-04 12:09:10.748 2055 2075 I System.out: 22 0,384439917138,384439917138,9223372036854775807,0,384440481627,384440482078,384441121840,384441157397,384442403791,384442930541,384442970717,384443402459,384459738364,13283516,995863,384446419121,
06-04 12:09:10.748 2055 2075 I System.out: 23 0,384456583928,384456583928,9223372036854775807,0,384456936015,384456936576,384457592129,384457628357,384458575047,384459813516,384459853801,384460280694,384474273655,10914342,955006,384463320610,
06-04 12:09:10.748 2055 2075 I System.out: 24 0,384473250711,384473250711,9223372036854775807,0,384473530397,384473531669,384475403449,384475442051,384476333377,384476408158,384476448664,384477060104,384493014643,14978884,156775,384490070547,
06-04 12:09:10.748 2055 2075 I System.out: 25 0,384489917432,384489917432,9223372036854775807,0,384490090885,384490091957,384492587239,384492625200,384493577811,384493645709,384493679503,384494254734,384509640163,13559665,971657,384496035503,
06-04 12:09:10.748 2055 2075 I System.out: 26 0,384506584203,384506584203,9223372036854775807,0,384506935998,384506936940,384510159469,384510196289,384511095159,384511151835,384511183875,384511817216,384526079754,12436745,994610,384513605930,
06-04 12:09:10.748 2055 2075 I System.out: 27 0,384523250936,384523250936,9223372036854775807,0,384523422227,384523423299,384526514812,384526550619,384527318192,384527372765,384527405246,384528008781,384543080940,13096325,1034465,384529931316,
06-04 12:09:10.748 2055 2075 I System.out: 28 0,384539917633,384539917633,9223372036854775807,0,384540050773,384540051685,384543362370,384543398898,384544257242,384544313919,384544345418,384544942951,384558342346,11564965,1002645,384546727747,
06-04 12:09:10.748 2055 2075 I System.out: 29 0,384556584411,384556584411,9223372036854775807,0,384556882301,384556883272,384557378764,384557417276,384558606452,384558906967,384559117964,384559997398,384575846248,14792434,223149,384573401271,
06-04 12:09:10.748 2055 2075 I System.out: 30 0,384573251138,384573251138,9223372036854775807,0,384573434393,384573435665,384574545071,384574582472,384575638848,384576073064,384576114091,384576754465,384593067679,15330996,115688,384590089038,
06-04 12:09:10.748 2055 2075 I System.out: 31 0,384589917839,384589917839,9223372036854775807,0,384590133121,384590134724,384593162186,384593197563,384594069532,384594146717,384594188416,384594917366,384608290692,12360511,165130,384606714949,
06-04 12:09:10.748 2055 2075 I System.out: 32 0,384606584578,384606584578,9223372036854775807,0,384606864330,384606865402,384607271155,384607316009,384607390499,384608370231,384608411469,384609979046,384626116880,14710479,308410,384623406894,
06-04 12:09:10.748 2055 2075 I System.out: 33 0,384623251240,384623251240,9223372036854775807,0,384623442050,384623443032,384624649581,384624682383,384625692512,384626190067,384626232046,384627058751,384642764141,14280371,188384,384628442593,
06-04 12:09:10.748 2055 2075 I System.out: 34 0,384639917924,384639917924,9223372036854775807,0,384640087578,384640088620,384644253101,384644289990,384645251358,384645337780,384645371233,384646021335,384659448161,12042893,159380,0,
06-04 12:09:10.748 2055 2075 I System.out: 35 0,384656584401,384656584401,9223372036854775807,0,384656825320,384656826502,384658609765,384658647496,384659224771,384659506902,384659543911,384660164779,384676449969,15327129,145373,0,
06-04 12:09:10.748 2055 2075 I System.out: 36 0,384723251239,384723251239,9223372036854775807,0,384723404797,384723405829,384723405919,384723690023,384723783829,384723896201,384723937568,384725028099,384726168653,25548,134814,0,
06-04 12:09:10.748 2055 2075 D Benchmark: Starting activity with command: am start -W "intent:#Intent;action=android.intent.action.MAIN;category=android.intent.category.LAUNCHER;launchFlags=0x10008000;package=com.savethechildren.learning_tree;component=com.savethechildren.learning_tree/com.ustadmobile.port.android.view.AppActivity;end"
06-04 12:09:10.788 478 498 D EventSequenceValidator: inc AccIntentStartedEvents to 2
06-04 12:09:10.797 478 776 W InputReader: Device virtio_input_multi_touch_10 is associated with display ADISPLAY_ID_NONE.
06-04 12:09:10.797 478 776 W InputReader: Device virtio_input_multi_touch_7 is associated with display ADISPLAY_ID_NONE.
06-04 12:09:10.797 478 776 W InputReader: Device virtio_input_multi_touch_11 is associated with display ADISPLAY_ID_NONE.
06-04 12:09:10.797 478 776 W InputReader: Device virtio_input_multi_touch_5 is associated with display ADISPLAY_ID_NONE.
06-04 12:09:10.797 478 776 W InputReader: Device virtio_input_multi_touch_2 is associated with display ADISPLAY_ID_NONE.
06-04 12:09:10.797 478 776 W InputReader: Device virtio_input_multi_touch_6 is associated with display ADISPLAY_ID_NONE.
06-04 12:09:10.797 478 776 W InputReader: Device virtio_input_multi_touch_8 is associated with display ADISPLAY_ID_NONE.
06-04 12:09:10.797 478 776 W InputReader: Device virtio_input_multi_touch_9 is associated with display ADISPLAY_ID_NONE.
06-04 12:09:10.797 478 776 W InputReader: Device virtio_input_multi_touch_3 is associated with display ADISPLAY_ID_NONE.
06-04 12:09:10.797 478 776 W InputReader: Device virtio_input_multi_touch_4 is associated with display ADISPLAY_ID_NONE.
06-04 12:09:10.797 478 776 W InputReader: Device virtio_input_multi_touch_10 is associated with display ADISPLAY_ID_NONE.
06-04 12:09:10.797 478 776 W InputReader: Device virtio_input_multi_touch_7 is associated with display ADISPLAY_ID_NONE.
06-04 12:09:10.797 478 776 W InputReader: Device virtio_input_multi_touch_11 is associated with display ADISPLAY_ID_NONE.
06-04 12:09:10.797 478 776 W InputReader: Device virtio_input_multi_touch_5 is associated with display ADISPLAY_ID_NONE.
06-04 12:09:10.797 478 776 W InputReader: Device virtio_input_multi_touch_2 is associated with display ADISPLAY_ID_NONE.
06-04 12:09:10.797 478 776 W InputReader: Device virtio_input_multi_touch_6 is associated with display ADISPLAY_ID_NONE.
06-04 12:09:10.797 478 776 W InputReader: Device virtio_input_multi_touch_8 is associated with display ADISPLAY_ID_NONE.
06-04 12:09:10.797 478 776 W InputReader: Device virtio_input_multi_touch_9 is associated with display ADISPLAY_ID_NONE.
06-04 12:09:10.797 478 776 W InputReader: Device virtio_input_multi_touch_3 is associated with display ADISPLAY_ID_NONE.
06-04 12:09:10.797 478 776 W InputReader: Device virtio_input_multi_touch_4 is associated with display ADISPLAY_ID_NONE.
06-04 12:09:10.799 478 498 D EventSequenceValidator: dec AccIntentStartedEvents to 1
06-04 12:09:10.800 361 361 I perfetto: ing_service_impl.cc:758 Configured tracing session 23, #sources:1, duration:5000 ms, #buffers:1, total buffer size:4096 KB, total sessions:2, uid:1071 session name: ""
06-04 12:09:10.800 350 350 I perfetto: probes_producer.cc:230 Ftrace setup (target_buf=23)
06-04 12:09:10.809 273 317 D goldfish-address-space: claimShared: Ask to claim region [0x3f98d2000 0x3fa0bb000]
06-04 12:09:10.810 2149 2149 W CustomTabsClient: Unable to find any Custom Tabs packages, you may need to add a element to your manifest. See the docs for CustomTabsClient#getPackageName.
06-04 12:09:10.810 2149 2149 W AppActivity$bindCustomTabsService: CustomTabs: Service NOT supported
06-04 12:09:10.834 478 572 D UntrustedWifiNetworkFactory: got request NetworkRequest [ TRACK_DEFAULT id=33, [ Capabilities: INTERNET&NOT_RESTRICTED&TRUSTED Uid: 10130 AdministratorUids: [] RequestorUid: 10130 RequestorPackageName: com.savethechildren.learning_tree] ] with score 60 and providerId 3
06-04 12:09:10.834 478 572 D WifiNetworkFactory: got request NetworkRequest [ TRACK_DEFAULT id=33, [ Capabilities: INTERNET&NOT_RESTRICTED&TRUSTED Uid: 10130 AdministratorUids: [] RequestorUid: 10130 RequestorPackageName: com.savethechildren.learning_tree] ] with score 60 and providerId 3
06-04 12:09:10.834 842 842 D PhoneSwitcherNetworkRequstListener: got request NetworkRequest [ TRACK_DEFAULT id=33, [ Capabilities: INTERNET&NOT_RESTRICTED&TRUSTED Uid: 10130 AdministratorUids: [] RequestorUid: 10130 RequestorPackageName: com.savethechildren.learning_tree] ] with score 60 and providerId 3
06-04 12:09:10.847 842 842 D Telephony: isEmergencyPreferredAccount: subId=1, activeData=1
06-04 12:09:10.847 842 842 D Telephony: isEmergencyPreferredAccount: Device does not require preference.
06-04 12:09:10.848 638 638 V KeyguardUpdateMonitor: onSubscriptionInfoChanged()
06-04 12:09:10.849 638 638 V KeyguardUpdateMonitor: SubInfo:{id=1 iccId=89014103211118510720 simSlotIndex=0 carrierId=1 displayName=T-Mobile carrierName=T-Mobile nameSource=3 iconTint=-16746133 number=+15555215554 dataRoaming=0 iconBitmap=android.graphics.Bitmap@4870175 mcc=310 mnc=260 countryIso=us isEmbedded=false nativeAccessRules=null cardString=89014103211118510720 cardId=-1 isOpportunistic=false groupUUID=null isGroupDisabled=false profileClass=-1 ehplmns=null hplmns=null subscriptionType=0 groupOwner=null carrierConfigAccessRules=null areUiccApplicationsEnabled=true}
06-04 12:09:10.852 273 317 D goldfish-address-space: claimShared: Ask to claim region [0x3fa0bb000 0x3fa8a4000]
06-04 12:09:10.853 295 295 E Layer : [Surface(name=Task=1)/@0x31e6f4f - animation-leash#0] No local sync point found
06-04 12:09:10.853 295 295 E Layer : [Surface(name=Task=1)/@0x31e6f4f - animation-leash#0] No local sync point found
06-04 12:09:10.853 295 295 E Layer : [Surface(name=Task=6)/@0xe583fb0 - animation-leash#0] No local sync point found
06-04 12:09:10.853 295 295 E Layer : [Surface(name=Task=6)/@0xe583fb0 - animation-leash#0] No local sync point found
06-04 12:09:10.853 273 317 D goldfish-address-space: claimShared: Ask to claim region [0x3fa8a4000 0x3fb08d000]
06-04 12:09:10.862 273 317 D goldfish-address-space: claimShared: Ask to claim region [0x3fb08d000 0x3fb876000]
06-04 12:09:10.863 478 504 I ActivityTaskManager: Displayed com.savethechildren.learning_tree/com.ustadmobile.port.android.view.AppActivity: +75ms
06-04 12:09:10.864 3841 3843 I cmd : oneway function results will be dropped but finished with status OK and parcel size 4
06-04 12:09:10.870 295 295 E Layer : [Surface(name=Task=1)/@0x31e6f4f - animation-leash#0] No local sync point found
06-04 12:09:10.870 295 295 E Layer : [Surface(name=Task=6)/@0xe583fb0 - animation-leash#0] No local sync point found
06-04 12:09:10.872 2149 2149 D UstadViewModelFunKt$ustadViewModel$viewModel$invoke: ustadViewModel(): create viewmodel for: com.ustadmobile.core.viewmodel.redirect.RedirectViewModel
06-04 12:09:10.881 2149 2149 D UstadNavControllerPreCompose$onCollectNavCommand: NavCommandEffect: Navigate: Go to AddAccountSelectNewOrExisting
06-04 12:09:10.887 295 295 E Layer : [Surface(name=Task=1)/@0x31e6f4f - animation-leash#0] No local sync point found
06-04 12:09:10.887 295 295 E Layer : [Surface(name=Task=6)/@0xe583fb0 - animation-leash#0] No local sync point found
06-04 12:09:10.895 2149 2149 D UstadViewModelFunKt$ustadViewModel$viewModel$invoke: ustadViewModel(): create viewmodel for: com.ustadmobile.core.viewmodel.account.addaccountselectneworexisting.AddAccountSelectNewOrExistingViewModel
06-04 12:09:10.897 2149 2149 W GooglePlayServicesUtil: com.savethechildren.learning_tree requires the Google Play Store, but it is missing.
06-04 12:09:10.897 2149 2149 W PlayServicesImpl: Connection with Google Play Services was not successful. Connection result is: ConnectionResult{statusCode=SERVICE_INVALID, resolution=null, message=null}
06-04 12:09:10.897 2149 2149 E AddAccountSelectNewOrExistingViewModel$getCredentials$invokeSuspend: Error occurred: Failed to get credential: getCredentialAsync no provider dependencies found - please ensure the desired provider dependencies are added
06-04 12:09:10.903 295 295 E Layer : [Surface(name=Task=1)/@0x31e6f4f - animation-leash#0] No local sync point found
06-04 12:09:10.903 295 295 E Layer : [Surface(name=Task=6)/@0xe583fb0 - animation-leash#0] No local sync point found
06-04 12:09:10.920 295 295 E Layer : [Surface(name=Task=1)/@0x31e6f4f - animation-leash#0] No local sync point found
06-04 12:09:10.920 295 295 E Layer : [Surface(name=Task=6)/@0xe583fb0 - animation-leash#0] No local sync point found
06-04 12:09:10.924 2055 2075 D Benchmark: Result: Starting: Intent { act=android.intent.action.MAIN cat=[android.intent.category.LAUNCHER] flg=0x10008000 pkg=com.savethechildren.learning_tree cmp=com.savethechildren.learning_tree/com.ustadmobile.port.android.view.AppActivity }
06-04 12:09:10.924 2055 2075 D Benchmark: Status: ok
06-04 12:09:10.924 2055 2075 D Benchmark: LaunchState: WARM
06-04 12:09:10.924 2055 2075 D Benchmark: Activity: com.savethechildren.learning_tree/com.ustadmobile.port.android.view.AppActivity
06-04 12:09:10.924 2055 2075 D Benchmark: TotalTime: 75
06-04 12:09:10.924 2055 2075 D Benchmark: WaitTime: 76
06-04 12:09:10.924 2055 2075 D Benchmark: Complete
06-04 12:09:10.937 295 295 E Layer : [Surface(name=Task=1)/@0x31e6f4f - animation-leash#0] No local sync point found
06-04 12:09:10.937 295 295 E Layer : [Surface(name=Task=6)/@0xe583fb0 - animation-leash#0] No local sync point found
06-04 12:09:11.051 2055 2075 I System.out: 0 Flags,IntendedVsync,Vsync,OldestInputEvent,NewestInputEvent,HandleInputStart,AnimationStart,PerformTraversalsStart,DrawStart,SyncQueued,SyncStart,IssueDrawCommandsStart,SwapBuffers,FrameCompleted,DequeueBufferDuration,QueueBufferDuration,GpuCompleted,
06-04 12:09:11.051 2055 2075 I System.out: 1 1,384056582875,384056582875,9223372036854775807,0,384068579303,384068579844,384068662820,384088310062,384088505760,384088660360,384088677573,384089462218,384103150105,12453726,119875,384090545645,
06-04 12:09:11.051 2055 2075 I System.out: 2 0,384073249650,384089916316,9223372036854775807,0,384106094100,384106094311,384120197198,384120224750,384120536506,384120580799,384120602961,384120981743,384122668344,22703,309272,384123371877,
06-04 12:09:11.051 2055 2075 I System.out: 3 0,384123249870,384123249870,9223372036854775807,0,384124415109,384124415439,384140167437,384140233832,384151713136,384151833442,384151866524,384152397944,384154295211,22332,118552,384156706575,
06-04 12:09:11.051 2055 2075 I System.out: 4 0,384139916591,384139916591,9223372036854775807,0,384156281386,384156282448,384164355537,384164401043,384166743758,384166986404,384167024676,384167618102,384169695417,1136807,154640,384172919610,
06-04 12:09:11.051 2055 2075 I System.out: 5 0,384156583360,384156583360,9223372036854775807,0,384170096311,384170096852,384170521160,384170546277,384171127490,384171166704,384171202521,384172425831,384174516222,1390545,213912,384173090281,
06-04 12:09:11.051 2055 2075 I System.out: 6 0,384173249664,384173249664,9223372036854775807,0,384173767264,384173767654,384174562840,384174597615,384176125468,384176602024,384176801369,384181122053,384197155049,15091787,134122,384182012577,
06-04 12:09:11.051 2055 2075 I System.out: 7 0,384189916362,384189916362,9223372036854775807,0,384190109451,384190110714,384191581940,384191617306,384192520094,384197432440,384197609273,384198119172,384211304714,12133043,292090,384199120284,
06-04 12:09:11.051 2055 2075 I System.out: 8 0,384206583089,384206583089,9223372036854775807,0,384206724612,384206725454,384211486245,384211521291,384212443655,384212511293,384212550787,384214678538,384224567171,8395957,142779,384216127252,
06-04 12:09:11.051 2055 2075 I System.out: 9 0,384223249856,384223249856,9223372036854775807,0,384223672969,384223673350,384224273198,384224311119,384225449319,384225515444,384225557112,384226074184,384247825402,15499433,175049,384232273891,
06-04 12:09:11.051 2055 2075 I System.out: 10 0,384239916491,384239916491,9223372036854775807,0,384240356930,384240357330,384240986153,384241022541,384241929396,384247902728,384247950918,384248398700,384257741497,7559564,137769,384250141117,
06-04 12:09:11.051 2055 2075 I System.out: 11 0,384256583190,384256583190,9223372036854775807,0,384256992208,384256992479,384258189790,384258227281,384259178740,384259234134,384259277616,384260776324,384275643027,9548884,183795,384273379651,
06-04 12:09:11.051 2055 2075 I System.out: 12 0,384273249942,384273249942,9223372036854775807,0,384273775465,384273775886,384274629140,384274664477,384275772651,384275871236,384275912123,384281617260,384296388293,12435883,227768,384290034096,
06-04 12:09:11.051 2055 2075 I System.out: 13 0,384289916466,384289916466,9223372036854775807,0,384290535679,384290536240,384291210758,384291244742,384293223873,384296432266,384296475107,384296894906,384309128268,9928869,82335,384299162860,
06-04 12:09:11.051 2055 2075 I System.out: 14 0,384306583061,384306583061,9223372036854775807,0,384307456995,384307457416,384308028971,384308060230,384309287036,384309338223,384309481803,384310006629,384325665242,8542542,1472098,384317078136,
06-04 12:09:11.051 2055 2075 I System.out: 15 0,384323249787,384323249787,9223372036854775807,0,384324319511,384324319812,384324948614,384324970696,384329069182,384329152529,384329364728,384329875278,384341117195,7886239,173997,384333187245,
06-04 12:09:11.051 2055 2075 I System.out: 16 0,384339916588,384339916588,9223372036854775807,0,384341141491,384341141932,384341747781,384341769031,384342594874,384344896221,384344938541,384346219579,384362966428,14108758,145223,384356694425,
06-04 12:09:11.051 2055 2075 I System.out: 17 0,384356583392,384356583392,9223372036854775807,0,384356715023,384356715454,384363493559,384363525399,384364369005,384364434007,384364763687,384365260050,384375248351,8054074,85079,384367160614,
06-04 12:09:11.051 2055 2075 I System.out: 18 0,384373250144,384373250144,9223372036854775807,0,384373657169,384373657830,384374274520,384374309947,384375410436,384375482181,384375522987,384376064425,384393115015,12124247,1115117,384390047217,
06-04 12:09:11.051 2055 2075 I System.out: 19 0,384389916896,384389916896,9223372036854775807,0,384393323036,384393323477,384393795785,384393824900,384394568778,384394623902,384394789854,384395294263,384410030170,11695731,890925,384406693767,
06-04 12:09:11.051 2055 2075 I System.out: 20 0,384406583707,384406583707,9223372036854775807,0,384407811438,384407811929,384408397149,384408425703,384409338099,384410315376,384410910976,384411366152,384426482134,13028447,116108,384413428139,
06-04 12:09:11.051 2055 2075 I System.out: 21 0,384423250388,384423250388,9223372036854775807,0,384423596368,384423597099,384424279553,384424314368,384427723979,384427787649,384428105266,384428483096,384442871600,12297533,96081,384440064502,
06-04 12:09:11.051 2055 2075 I System.out: 22 0,384439917138,384439917138,9223372036854775807,0,384440481627,384440482078,384441121840,384441157397,384442403791,384442930541,384442970717,384443402459,384459738364,13283516,995863,384446419121,
06-04 12:09:11.051 2055 2075 I System.out: 23 0,384456583928,384456583928,9223372036854775807,0,384456936015,384456936576,384457592129,384457628357,384458575047,384459813516,384459853801,384460280694,384474273655,10914342,955006,384463320610,
06-04 12:09:11.051 2055 2075 I System.out: 24 0,384473250711,384473250711,9223372036854775807,0,384473530397,384473531669,384475403449,384475442051,384476333377,384476408158,384476448664,384477060104,384493014643,14978884,156775,384490070547,
06-04 12:09:11.051 2055 2075 I System.out: 25 0,384489917432,384489917432,9223372036854775807,0,384490090885,384490091957,384492587239,384492625200,384493577811,384493645709,384493679503,384494254734,384509640163,13559665,971657,384496035503,
06-04 12:09:11.051 2055 2075 I System.out: 26 0,384506584203,384506584203,9223372036854775807,0,384506935998,384506936940,384510159469,384510196289,384511095159,384511151835,384511183875,384511817216,384526079754,12436745,994610,384513605930,
06-04 12:09:11.051 2055 2075 I System.out: 27 0,384523250936,384523250936,9223372036854775807,0,384523422227,384523423299,384526514812,384526550619,384527318192,384527372765,384527405246,384528008781,384543080940,13096325,1034465,384529931316,
06-04 12:09:11.051 2055 2075 I System.out: 28 0,384539917633,384539917633,9223372036854775807,0,384540050773,384540051685,384543362370,384543398898,384544257242,384544313919,384544345418,384544942951,384558342346,11564965,1002645,384546727747,
06-04 12:09:11.051 2055 2075 I System.out: 29 0,384556584411,384556584411,9223372036854775807,0,384556882301,384556883272,384557378764,384557417276,384558606452,384558906967,384559117964,384559997398,384575846248,14792434,223149,384573401271,
06-04 12:09:11.051 2055 2075 I System.out: 30 0,384573251138,384573251138,9223372036854775807,0,384573434393,384573435665,384574545071,384574582472,384575638848,384576073064,384576114091,384576754465,384593067679,15330996,115688,384590089038,
06-04 12:09:11.051 2055 2075 I System.out: 31 0,384589917839,384589917839,9223372036854775807,0,384590133121,384590134724,384593162186,384593197563,384594069532,384594146717,384594188416,384594917366,384608290692,12360511,165130,384606714949,
06-04 12:09:11.051 2055 2075 I System.out: 32 0,384606584578,384606584578,9223372036854775807,0,384606864330,384606865402,384607271155,384607316009,384607390499,384608370231,384608411469,384609979046,384626116880,14710479,308410,384623406894,
06-04 12:09:11.051 2055 2075 I System.out: 33 0,384623251240,384623251240,9223372036854775807,0,384623442050,384623443032,384624649581,384624682383,384625692512,384626190067,384626232046,384627058751,384642764141,14280371,188384,384628442593,
06-04 12:09:11.051 2055 2075 I System.out: 34 0,384639917924,384639917924,9223372036854775807,0,384640087578,384640088620,384644253101,384644289990,384645251358,384645337780,384645371233,384646021335,384659448161,12042893,159380,0,
06-04 12:09:11.051 2055 2075 I System.out: 35 0,384656584401,384656584401,9223372036854775807,0,384656825320,384656826502,384658609765,384658647496,384659224771,384659506902,384659543911,384660164779,384676449969,15327129,145373,0,
06-04 12:09:11.051 2055 2075 I System.out: 36 0,384723251239,384723251239,9223372036854775807,0,384723404797,384723405829,384723405919,384723690023,384723783829,384723896201,384723937568,384725028099,384726168653,25548,134814,0,
06-04 12:09:11.051 2055 2075 I System.out: 0 Flags,IntendedVsync,Vsync,OldestInputEvent,NewestInputEvent,HandleInputStart,AnimationStart,PerformTraversalsStart,DrawStart,SyncQueued,SyncStart,IssueDrawCommandsStart,SwapBuffers,FrameCompleted,DequeueBufferDuration,QueueBufferDuration,GpuCompleted,
06-04 12:09:11.051 2055 2075 I System.out: 1 1,410039916666,410039916666,9223372036854775807,0,410049855668,410049856009,410049856119,410089937593,410090701639,410091349978,410091370948,410092387409,410098985956,16942,110628,410106727282,
06-04 12:09:11.051 2055 2075 I System.out: 2 0,410056583378,410089916710,9223372036854775807,0,410103371352,410103374387,410110636492,410110668492,410111062072,410112301453,410112324837,410113468427,410116511539,24787,245001,410123393028,
06-04 12:09:11.051 2055 2075 I System.out: 3 0,410123250237,410123250237,9223372036854775807,0,410123813208,410123813488,410144362195,410146856776,410155828014,410155876625,410155903977,410156318647,410160357921,19717,130545,410160316223,
06-04 12:09:11.051 2055 2075 I System.out: 4 0,410139916934,410156583600,9223372036854775807,0,410163180919,410163181831,410168265209,410168305144,410173885477,410181343911,410181414183,410183078562,410184375451,22742,171402,410190559388,
06-04 12:09:11.051 2055 2075 I System.out: 5 0,410173249887,410173249887,9223372036854775807,0,410182336858,410182337529,410183446203,410183518690,410185407591,410185502219,410185563284,410188209219,410192376324,826755,1966728,410191485550,
06-04 12:09:11.051 2055 2075 I System.out: 6 0,410189909527,410189909527,9223372036854775807,0,410192477845,410192478076,410192965372,410192997192,410193838383,410195217627,410195283551,410195924165,410207814232,4846463,951109,410202920981,
06-04 12:09:11.051 2055 2075 I System.out: 7 0,410206576327,410206576327,9223372036854775807,0,410206933496,410206933856,410208242988,410208277513,410209388462,410209430110,410209465036,410212201140,410228353431,13828311,122160,357723408370,
06-04 12:09:11.051 2055 2075 I System.out: 8 0,410223243129,410223243129,9223372036854775807,0,410223410076,410223411188,410228684984,410228719169,410229754996,410229801764,410229838273,410231046194,410242282551,8670392,173075,357740066451,
06-04 12:09:11.051 2055 2075 I System.out: 9 0,410239909968,410239909968,9223372036854775807,0,410240070111,410240070963,410241470064,410241507414,410242913558,410244056607,410244100179,410247512405,410257868036,8254932,149330,357751471967,
06-04 12:09:11.052 2055 2075 D UiDevice: Waiting 10000ms for SearchCondition[hasObject=BySelector [TEXT='\QGet Started\E']].
06-04 12:09:11.052 2055 2075 D UiDevice: Searching for node with selector: BySelector [TEXT='\QGet Started\E'].
06-04 12:09:11.141 987 987 D TaplTarget: sendStateEventToTest: 0
06-04 12:09:11.141 987 987 D RecentsOrientedState: current RecentsOrientedState: [this=RecentsOrientedState@5c28903 mOrientationHandler=PortraitPagedViewHandler@4e57080 mDisplayRotation=0 mTouchRotation=0 mRecentsActivityRotation=0 isRecentsActivityRotationAllowed=false mSystemRotation=true mFlags=299]
06-04 12:09:11.141 987 987 I chatty : uid=10118(com.android.launcher3) identical 2 lines
06-04 12:09:11.141 987 987 D RecentsOrientedState: current RecentsOrientedState: [this=RecentsOrientedState@5c28903 mOrientationHandler=PortraitPagedViewHandler@4e57080 mDisplayRotation=0 mTouchRotation=0 mRecentsActivityRotation=0 isRecentsActivityRotationAllowed=false mSystemRotation=true mFlags=299]
06-04 12:09:11.149 478 2384 D HostConnection: HostConnection::get() New Host Connection established 0x7e5153e1b9d0, tid 2384
06-04 12:09:11.151 478 2384 D HostConnection: HostComposition ext ANDROID_EMU_CHECKSUM_HELPER_v1 ANDROID_EMU_native_sync_v2 ANDROID_EMU_dma_v1 ANDROID_EMU_direct_mem ANDROID_EMU_host_composition_v1 ANDROID_EMU_host_composition_v2 ANDROID_EMU_vulkan ANDROID_EMU_deferred_vulkan_commands ANDROID_EMU_vulkan_null_optional_strings ANDROID_EMU_vulkan_create_resources_with_requirements ANDROID_EMU_YUV_Cache ANDROID_EMU_vulkan_ignored_handles ANDROID_EMU_has_shared_slots_host_memory_allocator ANDROID_EMU_vulkan_free_memory_sync ANDROID_EMU_vulkan_shader_float16_int8 ANDROID_EMU_vulkan_async_queue_submit ANDROID_EMU_sync_buffer_data ANDROID_EMU_vulkan_async_qsri ANDROID_EMU_read_color_buffer_dma GL_OES_EGL_image_external_essl3 GL_OES_vertex_array_object GL_KHR_texture_compression_astc_ldr ANDROID_EMU_host_side_tracing ANDROID_EMU_gles_max_version_3_0
06-04 12:09:11.152 478 2384 D EGL_emulation: eglCreateContext: 0x7e5143ec90c0: maj 3 min 0 rcv 3
06-04 12:09:11.152 478 2384 D EGL_emulation: eglMakeCurrent: 0x7e5143ec90c0: ver 3 0 (tinfo 0x7e50e3eba1e0) (first time)
06-04 12:09:11.159 2149 2149 D AppActivity$onDestroy: AppActivity#onDestroy
06-04 12:09:11.756 2055 2075 D UiDevice: Searching for node with selector: BySelector [TEXT='\QGet Started\E'].
06-04 12:09:15.422 2055 2075 I chatty : uid=10131(com.ustadmobile.app_android_baselineprofile) roidJUnitRunner identical 31 lines
06-04 12:09:15.524 2055 2075 D UiDevice: Searching for node with selector: BySelector [TEXT='\QGet Started\E'].
06-04 12:09:15.626 350 350 I perfetto: probes_producer.cc:329 Producer stop (id=22)
06-04 12:09:15.626 361 361 I perfetto: ng_service_impl.cc:1948 Tracing session 22 ended, total sessions:1
06-04 12:09:15.627 2055 2075 D UiDevice: Searching for node with selector: BySelector [TEXT='\QGet Started\E'].
06-04 12:09:15.729 2055 2075 D UiDevice: Searching for node with selector: BySelector [TEXT='\QGet Started\E'].
06-04 12:09:15.800 350 350 I perfetto: probes_producer.cc:329 Producer stop (id=23)
06-04 12:09:15.800 350 350 I perfetto: ftrace_procfs.cc:183 disabled ftrace
06-04 12:09:15.801 361 361 I perfetto: ng_service_impl.cc:1948 Tracing session 23 ended, total sessions:0
06-04 12:09:15.832 2055 2075 D UiDevice: Searching for node with selector: BySelector [TEXT='\QGet Started\E'].
06-04 12:09:20.965 2055 2075 I chatty : uid=10131(com.ustadmobile.app_android_baselineprofile) roidJUnitRunner identical 50 lines
06-04 12:09:21.068 2055 2075 D UiDevice: Searching for node with selector: BySelector [TEXT='\QGet Started\E'].
06-04 12:09:22.071 2055 2075 D UiDevice: Retrieving node with selector: BySelector [TEXT='\QGet Started\E'].
06-04 12:09:22.073 2055 2075 D UiDevice: Node not found with selector: BySelector [TEXT='\QGet Started\E'].
06-04 12:09:27.074 2055 2075 D Benchmark: Profile Installer - Save Profile
06-04 12:09:27.080 2149 2149 I Process : Sending signal. PID: 2149 SIG: 10
06-04 12:09:27.081 2149 2149 D ProfileInstaller:
06-04 12:09:27.081 2149 2157 I n.learning_tre: Thread[3,tid=2157,WaitingInMainSignalCatcherLoop,Thread*=0x7e5233e1a010,peer=0x13381978,"Signal Catcher"]: reacting to signal 10
06-04 12:09:27.081 2149 2157 I n.learning_tre:
06-04 12:09:27.081 2149 2157 I n.learning_tre: SIGUSR1 forcing GC (no HPROF) and profile save
06-04 12:09:27.081 3875 3877 I cmd : oneway function results will be dropped but finished with status OK and parcel size 4
06-04 12:09:27.090 2149 2157 I n.learning_tre: Explicit concurrent copying GC freed 132529(4929KB) AllocSpace objects, 5(132KB) LOS objects, 49% free, 6175KB/12MB, paused 7us total 9.638ms
06-04 12:09:27.582 2055 2075 D Benchmark: Killing process com.savethechildren.learning_tree
06-04 12:09:27.582 2055 2075 D UiDevice: Executing shell command: killall com.savethechildren.learning_tree
06-04 12:09:27.606 478 1253 I PackageDexOptimizer: Running dexopt (dexoptNeeded=-3) on: /data/app/~~YydvtuG-I1K6uwq-gJBazQ==/com.savethechildren.learning_tree-1CMBwdveIrDtkv3DFsnSwg==/base.apk pkg=com.savethechildren.learning_tree isa=x86_64 dexoptFlags=boot_complete,profile_guided,force,enable_hidden_api_checks targetFilter=speed-profile oatDir=/data/app/~~YydvtuG-I1K6uwq-gJBazQ==/com.savethechildren.learning_tree-1CMBwdveIrDtkv3DFsnSwg==/oat classLoaderContext=PCL[]{PCL[/system_ext/framework/androidx.window.sidecar.jar]}
06-04 12:09:27.608 380 552 V installd: DexInv: --- BEGIN '/data/app/~~YydvtuG-I1K6uwq-gJBazQ==/com.savethechildren.learning_tree-1CMBwdveIrDtkv3DFsnSwg==/base.apk' ---
06-04 12:09:27.612 3889 3889 W dex2oat32: Unexpected CPU variant for X86 using defaults: x86_64
06-04 12:09:27.680 3889 3889 I dex2oat32: /apex/com.android.art/bin/dex2oat32 --input-vdex-fd=9 --output-vdex-fd=10 --updatable-bcp-packages-file=/system/etc/updatable-bcp-packages.txt --resolve-startup-const-strings=true --max-image-block-size=524288 --compiler-filter=speed-profile --profile-file-fd=12 --classpath-dir=/data/app/~~YydvtuG-I1K6uwq-gJBazQ==/com.savethechildren.learning_tree-1CMBwdveIrDtkv3DFsnSwg== --class-loader-context=PCL[]{PCL[/system_ext/framework/androidx.window.sidecar.jar]} --generate-mini-debug-info --compilation-reason=unknown
06-04 12:09:27.680 3889 3889 I dex2oat32: setting boot class path to /apex/com.android.art/javalib/core-oj.jar:/apex/com.android.art/javalib/core-libart.jar:/apex/com.android.art/javalib/core-icu4j.jar:/apex/com.android.art/javalib/okhttp.jar:/apex/com.android.art/javalib/bouncycastle.jar:/apex/com.android.art/javalib/apache-xml.jar:/system/framework/framework.jar:/system/framework/ext.jar:/system/framework/telephony-common.jar:/system/framework/voip-common.jar:/system/framework/ims-common.jar:/system/framework/framework-atb-backward-compatibility.jar
06-04 12:09:29.068 2149 2169 D UstadCache: CacheTrimmer: Trim cache run: max (evictable) size = 100000000 bytes
06-04 12:09:29.068 2149 2169 V UstadCache: CacheTrimmer: deleting
06-04 12:09:31.639 3889 3889 W dex2oat32: Could not reserve sentinel fault page
06-04 12:09:32.355 3889 3892 W dex2oat32: Accessing hidden method Landroid/graphics/Canvas;->drawPatch(Landroid/graphics/NinePatch;Landroid/graphics/Rect;Landroid/graphics/Paint;)V (greylist-max-o, linking, denied)
06-04 12:09:32.355 3889 3892 W dex2oat32: Accessing hidden method Landroid/graphics/Canvas;->drawPatch(Landroid/graphics/NinePatch;Landroid/graphics/RectF;Landroid/graphics/Paint;)V (greylist-max-o, linking, denied)
06-04 12:09:32.359 3889 3892 W dex2oat32: Accessing hidden method Landroid/graphics/Bitmap;->getHardwareBuffer()Landroid/hardware/HardwareBuffer; (blacklist, linking, denied)
06-04 12:09:32.475 3889 3892 W dex2oat32: Accessing hidden method Landroid/app/job/JobParameters;->getStopReason()I (greylist-max-o, linking, denied)
06-04 12:09:34.171 3889 3889 I dex2oat32: Explicit concurrent copying GC freed 277745(40MB) AllocSpace objects, 0(0B) LOS objects, 49% free, 2216KB/4433KB, paused 11us total 5.847ms
06-04 12:09:34.195 3889 3889 W dex2oat32: Accessing hidden field Ljava/nio/file/FileSystemException;->file:Ljava/lang/String; (greylist-max-o, linking, denied)
06-04 12:09:34.195 3889 3889 W dex2oat32: Accessing hidden field Ljava/nio/file/FileSystemException;->other:Ljava/lang/String; (greylist-max-o, linking, denied)
06-04 12:09:34.195 3889 3889 W dex2oat32: Accessing hidden field Ljava/nio/file/InvalidPathException;->index:I (greylist-max-o, linking, denied)
06-04 12:09:34.195 3889 3889 W dex2oat32: Accessing hidden field Ljava/nio/file/InvalidPathException;->input:Ljava/lang/String; (greylist-max-o, linking, denied)
06-04 12:09:34.196 3889 3889 W dex2oat32: Accessing hidden method Landroid/graphics/Bitmap;->getHardwareBuffer()Landroid/hardware/HardwareBuffer; (blacklist, linking, denied)
06-04 12:09:34.197 3889 3889 W dex2oat32: Accessing hidden method Landroid/graphics/Canvas;->drawPatch(Landroid/graphics/NinePatch;Landroid/graphics/Rect;Landroid/graphics/Paint;)V (greylist-max-o, linking, denied)
06-04 12:09:34.197 3889 3889 W dex2oat32: Accessing hidden method Landroid/graphics/Canvas;->drawPatch(Landroid/graphics/NinePatch;Landroid/graphics/RectF;Landroid/graphics/Paint;)V (greylist-max-o, linking, denied)
06-04 12:09:34.207 3889 3889 W dex2oat32: Accessing hidden method Landroid/app/job/JobParameters;->getStopReason()I (greylist-max-o, linking, denied)
06-04 12:09:34.975 3889 3889 I dex2oat32: dex2oat took 7.363s (9.069s cpu) (threads: 2) arena alloc=3999KB (4095040B) java alloc=2232KB (2286104B) native alloc=81MB (85882224B) free=82MB (86012784B)
06-04 12:09:34.991 380 552 V installd: DexInv: --- END '/data/app/~~YydvtuG-I1K6uwq-gJBazQ==/com.savethechildren.learning_tree-1CMBwdveIrDtkv3DFsnSwg==/base.apk' (success) ---
06-04 12:09:34.997 3885 3887 I cmd : oneway function results will be dropped but finished with status OK and parcel size 4
06-04 12:09:35.006 2055 2075 D Benchmark: Reference profile location: /data/misc/profiles/ref/com.savethechildren.learning_tree/primary.prof
06-04 12:09:35.024 2055 2075 D Benchmark: APK Path: /data/app/~~YydvtuG-I1K6uwq-gJBazQ==/com.savethechildren.learning_tree-1CMBwdveIrDtkv3DFsnSwg==/base.apk
06-04 12:09:35.024 2055 2075 D Benchmark: Converting to human readable profile format
06-04 12:09:35.024 2055 2075 D Benchmark: Using profile location: /data/misc/profiles/ref/com.savethechildren.learning_tree/primary.prof
06-04 12:09:35.292 3918 3918 W profman : profman took 258.703ms
06-04 12:09:35.308 2055 2075 D Benchmark: Using profile location: /data/misc/profiles/cur/0/com.savethechildren.learning_tree/primary.prof
06-04 12:09:35.369 445 445 E netmgr : qemu_pipe_open_ns:62: Could not connect to the 'pipe:qemud:network' service: Invalid argument
06-04 12:09:35.369 445 445 E netmgr : Failed to open QEMU pipe 'qemud:network': Invalid argument
06-04 12:09:35.436 447 447 E wifi_forwarder: qemu_pipe_open_ns:62: Could not connect to the 'pipe:qemud:wififorward' service: Invalid argument
06-04 12:09:35.436 447 447 E wifi_forwarder: RemoteConnection failed to initialize: RemoteConnection failed to open pipe
06-04 12:09:35.562 3929 3929 W profman : profman took 245.585ms
06-04 12:09:36.447 2055 2075 D Benchmark: Unstable profiles during iteration 14
06-04 12:09:36.447 2055 2075 D Benchmark: Killing package com.savethechildren.learning_tree
06-04 12:09:36.447 2055 2075 D Benchmark: Killing process com.savethechildren.learning_tree
06-04 12:09:36.447 2055 2075 D UiDevice: Executing shell command: killall com.savethechildren.learning_tree
06-04 12:09:36.453 2055 2075 D Benchmark: Compile iteration (15) for com.savethechildren.learning_tree
06-04 12:09:36.453 2055 2075 D UiDevice: Pressing home button.
06-04 12:09:36.474 478 498 D EventSequenceValidator: inc AccIntentStartedEvents to 2
06-04 12:09:36.475 638 638 V ShadeControllerImpl: NotificationShadeWindow: com.android.systemui.statusbar.phone.NotificationShadeWindowView{90561f7 I.E...... ......ID 0,0-1080,1920} canPanelBeCollapsed(): false
06-04 12:09:36.476 478 496 W InputReader: Device virtio_input_multi_touch_10 is associated with display ADISPLAY_ID_NONE.
06-04 12:09:36.476 478 496 W InputReader: Device virtio_input_multi_touch_7 is associated with display ADISPLAY_ID_NONE.
06-04 12:09:36.476 478 496 W InputReader: Device virtio_input_multi_touch_11 is associated with display ADISPLAY_ID_NONE.
06-04 12:09:36.476 478 496 W InputReader: Device virtio_input_multi_touch_5 is associated with display ADISPLAY_ID_NONE.
06-04 12:09:36.476 478 496 W InputReader: Device virtio_input_multi_touch_2 is associated with display ADISPLAY_ID_NONE.
06-04 12:09:36.476 478 496 W InputReader: Device virtio_input_multi_touch_6 is associated with display ADISPLAY_ID_NONE.
06-04 12:09:36.476 478 496 W InputReader: Device virtio_input_multi_touch_8 is associated with display ADISPLAY_ID_NONE.
06-04 12:09:36.476 478 496 W InputReader: Device virtio_input_multi_touch_9 is associated with display ADISPLAY_ID_NONE.
06-04 12:09:36.476 478 496 W InputReader: Device virtio_input_multi_touch_3 is associated with display ADISPLAY_ID_NONE.
06-04 12:09:36.476 478 496 W InputReader: Device virtio_input_multi_touch_4 is associated with display ADISPLAY_ID_NONE.
06-04 12:09:36.476 478 496 W InputReader: Device virtio_input_multi_touch_10 is associated with display ADISPLAY_ID_NONE.
06-04 12:09:36.476 478 496 W InputReader: Device virtio_input_multi_touch_7 is associated with display ADISPLAY_ID_NONE.
06-04 12:09:36.476 478 496 W InputReader: Device virtio_input_multi_touch_11 is associated with display ADISPLAY_ID_NONE.
06-04 12:09:36.476 478 496 W InputReader: Device virtio_input_multi_touch_5 is associated with display ADISPLAY_ID_NONE.
06-04 12:09:36.476 478 496 W InputReader: Device virtio_input_multi_touch_2 is associated with display ADISPLAY_ID_NONE.
06-04 12:09:36.476 478 496 W InputReader: Device virtio_input_multi_touch_6 is associated with display ADISPLAY_ID_NONE.
06-04 12:09:36.476 478 496 W InputReader: Device virtio_input_multi_touch_8 is associated with display ADISPLAY_ID_NONE.
06-04 12:09:36.476 478 496 W InputReader: Device virtio_input_multi_touch_9 is associated with display ADISPLAY_ID_NONE.
06-04 12:09:36.476 478 496 W InputReader: Device virtio_input_multi_touch_3 is associated with display ADISPLAY_ID_NONE.
06-04 12:09:36.476 478 496 W InputReader: Device virtio_input_multi_touch_4 is associated with display ADISPLAY_ID_NONE.
06-04 12:09:36.478 361 361 I perfetto: ing_service_impl.cc:758 Configured tracing session 24, #sources:1, duration:5000 ms, #buffers:1, total buffer size:4096 KB, total sessions:1, uid:1071 session name: ""
06-04 12:09:36.478 350 350 I perfetto: probes_producer.cc:230 Ftrace setup (target_buf=24)
06-04 12:09:36.489 987 987 D TaplTarget: Launcher.onNewIntent: Intent { act=android.intent.action.MAIN cat=[android.intent.category.HOME] flg=0x10400100 cmp=com.android.launcher3/.uioverrides.QuickstepLauncher (has extras) }
06-04 12:09:36.490 638 638 V ShadeControllerImpl: NotificationShadeWindow: com.android.systemui.statusbar.phone.NotificationShadeWindowView{90561f7 I.E...... ......ID 0,0-1080,1920} canPanelBeCollapsed(): false
06-04 12:09:36.491 350 350 I perfetto: ftrace_procfs.cc:176 enabled ftrace
06-04 12:09:36.506 273 317 D goldfish-address-space: claimShared: Ask to claim region [0x3f4000000 0x3f47e9000]
06-04 12:09:36.508 273 317 D goldfish-address-space: claimShared: Ask to claim region [0x3f4fd2000 0x3f57bb000]
06-04 12:09:36.508 273 317 D goldfish-address-space: claimShared: Ask to claim region [0x3f57bb000 0x3f5fa4000]
06-04 12:09:36.515 273 317 D goldfish-address-space: claimShared: Ask to claim region [0x3f5fa4000 0x3f678d000]
06-04 12:09:36.518 478 504 D ArtManagerInternalImpl: /data/misc/iorapd/com.android.launcher3/30/com.android.launcher3.uioverrides.QuickstepLauncher/compiled_traces/compiled_trace.pb doesn't exist
06-04 12:09:36.519 478 498 D EventSequenceValidator: dec AccIntentStartedEvents to 1
06-04 12:09:37.255 2055 2075 I System.out: 0 Flags,IntendedVsync,Vsync,OldestInputEvent,NewestInputEvent,HandleInputStart,AnimationStart,PerformTraversalsStart,DrawStart,SyncQueued,SyncStart,IssueDrawCommandsStart,SwapBuffers,FrameCompleted,DequeueBufferDuration,QueueBufferDuration,GpuCompleted,
06-04 12:09:37.255 2055 2075 I System.out: 1 1,410039916666,410039916666,9223372036854775807,0,410049855668,410049856009,410049856119,410089937593,410090701639,410091349978,410091370948,410092387409,410098985956,16942,110628,410106727282,
06-04 12:09:37.255 2055 2075 I System.out: 2 0,410056583378,410089916710,9223372036854775807,0,410103371352,410103374387,410110636492,410110668492,410111062072,410112301453,410112324837,410113468427,410116511539,24787,245001,410123393028,
06-04 12:09:37.255 2055 2075 I System.out: 3 0,410123250237,410123250237,9223372036854775807,0,410123813208,410123813488,410144362195,410146856776,410155828014,410155876625,410155903977,410156318647,410160357921,19717,130545,410160316223,
06-04 12:09:37.255 2055 2075 I System.out: 4 0,410139916934,410156583600,9223372036854775807,0,410163180919,410163181831,410168265209,410168305144,410173885477,410181343911,410181414183,410183078562,410184375451,22742,171402,410190559388,
06-04 12:09:37.255 2055 2075 I System.out: 5 0,410173249887,410173249887,9223372036854775807,0,410182336858,410182337529,410183446203,410183518690,410185407591,410185502219,410185563284,410188209219,410192376324,826755,1966728,410191485550,
06-04 12:09:37.255 2055 2075 I System.out: 6 0,410189909527,410189909527,9223372036854775807,0,410192477845,410192478076,410192965372,410192997192,410193838383,410195217627,410195283551,410195924165,410207814232,4846463,951109,410202920981,
06-04 12:09:37.255 2055 2075 I System.out: 7 0,410206576327,410206576327,9223372036854775807,0,410206933496,410206933856,410208242988,410208277513,410209388462,410209430110,410209465036,410212201140,410228353431,13828311,122160,410223393264,
06-04 12:09:37.255 2055 2075 I System.out: 8 0,410223243129,410223243129,9223372036854775807,0,410223410076,410223411188,410228684984,410228719169,410229754996,410229801764,410229838273,410231046194,410242282551,8670392,173075,410233570761,
06-04 12:09:37.255 2055 2075 I System.out: 9 0,410239909968,410239909968,9223372036854775807,0,410240070111,410240070963,410241470064,410241507414,410242913558,410244056607,410244100179,410247512405,410257868036,8254932,149330,410249575564,
06-04 12:09:37.255 2055 2075 I System.out: 10 0,410256576806,410256576806,9223372036854775807,0,410256750204,410256751366,410258197205,410258220128,410259172338,410259240266,410259276214,410259993783,410274500570,6507525,251433,410267954541,
06-04 12:09:37.255 2055 2075 I System.out: 11 0,410273243616,410273243616,9223372036854775807,0,410273864914,410273865185,410276135824,410276155912,410277137197,410277219402,410277586943,410279424879,410292885328,7861582,163458,410284972590,
