06-04 12:06:23.730 2149 2149 D ProfileInstaller:
06-04 12:06:23.730 2149 2157 I n.learning_tre: Thread[3,tid=2157,WaitingInMainSignalCatcherLoop,Thread*=0x7e5233e1a010,peer=0x13781900,"Signal Catcher"]: reacting to signal 10
06-04 12:06:23.730 2149 2157 I n.learning_tre:
06-04 12:06:23.730 2149 2157 I n.learning_tre: SIGUSR1 forcing GC (no HPROF) and profile save
06-04 12:06:23.740 2149 2157 I n.learning_tre: Explicit concurrent copying GC freed 132772(4940KB) AllocSpace objects, 5(132KB) LOS objects, 49% free, 6130KB/11MB, paused 7us total 10.076ms
06-04 12:06:24.238 2055 2075 D Benchmark: Killing process com.savethechildren.learning_tree
06-04 12:06:24.238 2055 2075 D UiDevice: Executing shell command: killall com.savethechildren.learning_tree
06-04 12:06:24.271 478 776 I PackageDexOptimizer: Running dexopt (dexoptNeeded=-3) on: /data/app/~~YydvtuG-I1K6uwq-gJBazQ==/com.savethechildren.learning_tree-1CMBwdveIrDtkv3DFsnSwg==/base.apk pkg=com.savethechildren.learning_tree isa=x86_64 dexoptFlags=boot_complete,profile_guided,force,enable_hidden_api_checks targetFilter=speed-profile oatDir=/data/app/~~YydvtuG-I1K6uwq-gJBazQ==/com.savethechildren.learning_tree-1CMBwdveIrDtkv3DFsnSwg==/oat classLoaderContext=PCL[]{PCL[/system_ext/framework/androidx.window.sidecar.jar]}
06-04 12:06:24.272 380 380 V installd: DexInv: --- BEGIN '/data/app/~~YydvtuG-I1K6uwq-gJBazQ==/com.savethechildren.learning_tree-1CMBwdveIrDtkv3DFsnSwg==/base.apk' ---
06-04 12:06:24.278 3023 3023 W dex2oat32: Unexpected CPU variant for X86 using defaults: x86_64
06-04 12:06:24.352 3023 3023 I dex2oat32: /apex/com.android.art/bin/dex2oat32 --input-vdex-fd=9 --output-vdex-fd=10 --updatable-bcp-packages-file=/system/etc/updatable-bcp-packages.txt --resolve-startup-const-strings=true --max-image-block-size=524288 --compiler-filter=speed-profile --profile-file-fd=12 --classpath-dir=/data/app/~~YydvtuG-I1K6uwq-gJBazQ==/com.savethechildren.learning_tree-1CMBwdveIrDtkv3DFsnSwg== --class-loader-context=PCL[]{PCL[/system_ext/framework/androidx.window.sidecar.jar]} --generate-mini-debug-info --compilation-reason=unknown
06-04 12:06:24.353 3023 3023 I dex2oat32: setting boot class path to /apex/com.android.art/javalib/core-oj.jar:/apex/com.android.art/javalib/core-libart.jar:/apex/com.android.art/javalib/core-icu4j.jar:/apex/com.android.art/javalib/okhttp.jar:/apex/com.android.art/javalib/bouncycastle.jar:/apex/com.android.art/javalib/apache-xml.jar:/system/framework/framework.jar:/system/framework/ext.jar:/system/framework/telephony-common.jar:/system/framework/voip-common.jar:/system/framework/ims-common.jar:/system/framework/framework-atb-backward-compatibility.jar
06-04 12:06:28.298 3023 3023 W dex2oat32: Could not reserve sentinel fault page
06-04 12:06:29.024 3023 3025 W dex2oat32: Accessing hidden method Landroid/graphics/Canvas;->drawPatch(Landroid/graphics/NinePatch;Landroid/graphics/Rect;Landroid/graphics/Paint;)V (greylist-max-o, linking, denied)
06-04 12:06:29.025 3023 3025 W dex2oat32: Accessing hidden method Landroid/graphics/Canvas;->drawPatch(Landroid/graphics/NinePatch;Landroid/graphics/RectF;Landroid/graphics/Paint;)V (greylist-max-o, linking, denied)
06-04 12:06:29.030 3023 3023 W dex2oat32: Accessing hidden method Landroid/graphics/Bitmap;->getHardwareBuffer()Landroid/hardware/HardwareBuffer; (blacklist, linking, denied)
06-04 12:06:29.063 2149 2169 D UstadCache: CacheTrimmer: Trim cache run: max (evictable) size = 100000000 bytes
06-04 12:06:29.063 2149 2169 V UstadCache: CacheTrimmer: deleting
06-04 12:06:29.165 3023 3023 W dex2oat32: Accessing hidden method Landroid/app/job/JobParameters;->getStopReason()I (greylist-max-o, linking, denied)
06-04 12:06:30.938 3023 3023 I dex2oat32: Explicit concurrent copying GC freed 277753(40MB) AllocSpace objects, 0(0B) LOS objects, 49% free, 2216KB/4433KB, paused 12us total 7.378ms
06-04 12:06:30.963 3023 3023 W dex2oat32: Accessing hidden field Ljava/nio/file/FileSystemException;->file:Ljava/lang/String; (greylist-max-o, linking, denied)
06-04 12:06:30.963 3023 3023 W dex2oat32: Accessing hidden field Ljava/nio/file/FileSystemException;->other:Ljava/lang/String; (greylist-max-o, linking, denied)
06-04 12:06:30.963 3023 3023 W dex2oat32: Accessing hidden field Ljava/nio/file/InvalidPathException;->index:I (greylist-max-o, linking, denied)
06-04 12:06:30.963 3023 3023 W dex2oat32: Accessing hidden field Ljava/nio/file/InvalidPathException;->input:Ljava/lang/String; (greylist-max-o, linking, denied)
06-04 12:06:30.965 3023 3023 W dex2oat32: Accessing hidden method Landroid/graphics/Bitmap;->getHardwareBuffer()Landroid/hardware/HardwareBuffer; (blacklist, linking, denied)
06-04 12:06:30.965 3023 3023 W dex2oat32: Accessing hidden method Landroid/graphics/Canvas;->drawPatch(Landroid/graphics/NinePatch;Landroid/graphics/Rect;Landroid/graphics/Paint;)V (greylist-max-o, linking, denied)
06-04 12:06:30.965 3023 3023 W dex2oat32: Accessing hidden method Landroid/graphics/Canvas;->drawPatch(Landroid/graphics/NinePatch;Landroid/graphics/RectF;Landroid/graphics/Paint;)V (greylist-max-o, linking, denied)
06-04 12:06:30.976 3023 3023 W dex2oat32: Accessing hidden method Landroid/app/job/JobParameters;->getStopReason()I (greylist-max-o, linking, denied)
06-04 12:06:31.994 3023 3023 I dex2oat32: dex2oat took 7.716s (9.531s cpu) (threads: 2) arena alloc=3592KB (3678984B) java alloc=2232KB (2286104B) native alloc=81MB (85882768B) free=82MB (86061408B)
06-04 12:06:32.010 380 380 V installd: DexInv: --- END '/data/app/~~YydvtuG-I1K6uwq-gJBazQ==/com.savethechildren.learning_tree-1CMBwdveIrDtkv3DFsnSwg==/base.apk' (success) ---
06-04 12:06:32.017 3019 3021 I cmd : oneway function results will be dropped but finished with status OK and parcel size 4
06-04 12:06:32.027 2055 2075 D Benchmark: Reference profile location: /data/misc/profiles/ref/com.savethechildren.learning_tree/primary.prof
06-04 12:06:32.050 2055 2075 D Benchmark: APK Path: /data/app/~~YydvtuG-I1K6uwq-gJBazQ==/com.savethechildren.learning_tree-1CMBwdveIrDtkv3DFsnSwg==/base.apk
06-04 12:06:32.050 2055 2075 D Benchmark: Converting to human readable profile format
06-04 12:06:32.050 2055 2075 D Benchmark: Using profile location: /data/misc/profiles/ref/com.savethechildren.learning_tree/primary.prof
06-04 12:06:32.316 3051 3051 W profman : profman took 256.586ms
06-04 12:06:32.334 2055 2075 D Benchmark: Using profile location: /data/misc/profiles/cur/0/com.savethechildren.learning_tree/primary.prof
06-04 12:06:32.595 3062 3062 W profman : profman took 246.087ms
06-04 12:06:33.511 2055 2075 D Benchmark: Unstable profiles during iteration 7
06-04 12:06:33.511 2055 2075 D Benchmark: Killing package com.savethechildren.learning_tree
06-04 12:06:33.511 2055 2075 D Benchmark: Killing process com.savethechildren.learning_tree
06-04 12:06:33.511 2055 2075 D UiDevice: Executing shell command: killall com.savethechildren.learning_tree
06-04 12:06:33.519 2055 2075 D Benchmark: Compile iteration (8) for com.savethechildren.learning_tree
06-04 12:06:33.519 2055 2075 D UiDevice: Pressing home button.
06-04 12:06:33.541 638 638 V ShadeControllerImpl: NotificationShadeWindow: com.android.systemui.statusbar.phone.NotificationShadeWindowView{90561f7 I.E...... ......ID 0,0-1080,1920} canPanelBeCollapsed(): false
06-04 12:06:33.542 478 498 D EventSequenceValidator: inc AccIntentStartedEvents to 2
06-04 12:06:33.543 478 496 W InputReader: Device virtio_input_multi_touch_10 is associated with display ADISPLAY_ID_NONE.
06-04 12:06:33.543 478 496 W InputReader: Device virtio_input_multi_touch_7 is associated with display ADISPLAY_ID_NONE.
06-04 12:06:33.543 478 496 W InputReader: Device virtio_input_multi_touch_11 is associated with display ADISPLAY_ID_NONE.
06-04 12:06:33.543 478 496 W InputReader: Device virtio_input_multi_touch_5 is associated with display ADISPLAY_ID_NONE.
06-04 12:06:33.543 478 496 W InputReader: Device virtio_input_multi_touch_2 is associated with display ADISPLAY_ID_NONE.
06-04 12:06:33.543 478 496 W InputReader: Device virtio_input_multi_touch_6 is associated with display ADISPLAY_ID_NONE.
06-04 12:06:33.543 478 496 W InputReader: Device virtio_input_multi_touch_8 is associated with display ADISPLAY_ID_NONE.
06-04 12:06:33.543 478 496 W InputReader: Device virtio_input_multi_touch_9 is associated with display ADISPLAY_ID_NONE.
06-04 12:06:33.543 478 496 W InputReader: Device virtio_input_multi_touch_3 is associated with display ADISPLAY_ID_NONE.
06-04 12:06:33.543 478 496 W InputReader: Device virtio_input_multi_touch_4 is associated with display ADISPLAY_ID_NONE.
06-04 12:06:33.543 478 496 W InputReader: Device virtio_input_multi_touch_10 is associated with display ADISPLAY_ID_NONE.
06-04 12:06:33.543 478 496 W InputReader: Device virtio_input_multi_touch_7 is associated with display ADISPLAY_ID_NONE.
06-04 12:06:33.543 478 496 W InputReader: Device virtio_input_multi_touch_11 is associated with display ADISPLAY_ID_NONE.
06-04 12:06:33.543 478 496 W InputReader: Device virtio_input_multi_touch_5 is associated with display ADISPLAY_ID_NONE.
06-04 12:06:33.543 478 496 W InputReader: Device virtio_input_multi_touch_2 is associated with display ADISPLAY_ID_NONE.
06-04 12:06:33.543 478 496 W InputReader: Device virtio_input_multi_touch_6 is associated with display ADISPLAY_ID_NONE.
06-04 12:06:33.543 478 496 W InputReader: Device virtio_input_multi_touch_8 is associated with display ADISPLAY_ID_NONE.
06-04 12:06:33.543 478 496 W InputReader: Device virtio_input_multi_touch_9 is associated with display ADISPLAY_ID_NONE.
06-04 12:06:33.543 478 496 W InputReader: Device virtio_input_multi_touch_3 is associated with display ADISPLAY_ID_NONE.
06-04 12:06:33.543 478 496 W InputReader: Device virtio_input_multi_touch_4 is associated with display ADISPLAY_ID_NONE.
06-04 12:06:33.544 361 361 I perfetto: ing_service_impl.cc:758 Configured tracing session 10, #sources:1, duration:5000 ms, #buffers:1, total buffer size:4096 KB, total sessions:1, uid:1071 session name: ""
06-04 12:06:33.545 350 350 I perfetto: probes_producer.cc:230 Ftrace setup (target_buf=10)
06-04 12:06:33.556 987 987 D TaplTarget: Launcher.onNewIntent: Intent { act=android.intent.action.MAIN cat=[android.intent.category.HOME] flg=0x10400100 cmp=com.android.launcher3/.uioverrides.QuickstepLauncher (has extras) }
06-04 12:06:33.557 638 638 V ShadeControllerImpl: NotificationShadeWindow: com.android.systemui.statusbar.phone.NotificationShadeWindowView{90561f7 I.E...... ......ID 0,0-1080,1920} canPanelBeCollapsed(): false
06-04 12:06:33.563 350 350 I perfetto: ftrace_procfs.cc:176 enabled ftrace
06-04 12:06:33.573 273 1473 D goldfish-address-space: claimShared: Ask to claim region [0x3f4000000 0x3f47e9000]
06-04 12:06:33.575 273 1473 D goldfish-address-space: claimShared: Ask to claim region [0x3f5fa4000 0x3f678d000]
06-04 12:06:33.578 273 1473 D goldfish-address-space: claimShared: Ask to claim region [0x3f678d000 0x3f6f76000]
06-04 12:06:33.581 273 1473 D goldfish-address-space: claimShared: Ask to claim region [0x3f6f76000 0x3f775f000]
06-04 12:06:33.591 478 498 D EventSequenceValidator: dec AccIntentStartedEvents to 1
06-04 12:06:33.599 478 504 D ArtManagerInternalImpl: /data/misc/iorapd/com.android.launcher3/30/com.android.launcher3.uioverrides.QuickstepLauncher/compiled_traces/compiled_trace.pb doesn't exist
06-04 12:06:34.327 2055 2075 I System.out: 0 Flags,IntendedVsync,Vsync,OldestInputEvent,NewestInputEvent,HandleInputStart,AnimationStart,PerformTraversalsStart,DrawStart,SyncQueued,SyncStart,IssueDrawCommandsStart,SwapBuffers,FrameCompleted,DequeueBufferDuration,QueueBufferDuration,GpuCompleted,
06-04 12:06:34.327 2055 2075 I System.out: 1 1,226689921825,226689921825,9223372036854775807,0,226705981976,226705982417,226706071485,226750597756,226751086695,226751284717,226751299004,226752117413,226753988611,30979,697772,226753720417,
06-04 12:06:34.327 2055 2075 I System.out: 2 0,226723255342,226756588674,9223372036854775807,0,226761170155,226761170515,226771548709,226771585348,226771934464,226772159227,226772178724,226772714972,226774238747,16020,100750,226790055456,
06-04 12:06:34.327 2055 2075 I System.out: 3 0,226773255469,226773255469,9223372036854775807,0,226782186441,226782187964,226809412874,226809447348,226823465526,226823987117,226824019388,226824457822,226832351043,20980,156014,226832303424,
06-04 12:06:34.327 2055 2075 I System.out: 4 0,226789922235,226823255567,9223372036854775807,0,226827169140,226827169461,226835573202,226835632173,226838515364,226838604952,226838638976,226839131833,226841351086,1621438,86373,226853694875,
06-04 12:06:34.327 2055 2075 I System.out: 5 0,226839922427,226839922427,9223372036854775807,0,226841902102,226841902402,226842594734,226842618829,226845205062,226845269694,226845309969,226852432712,226857812077,3935720,768265,226853839076,
06-04 12:06:34.327 2055 2075 I System.out: 6 0,226856589191,226856589191,9223372036854775807,0,226856730964,226856731064,226857999880,226858017613,226858904260,226858946971,226858977889,226860908940,226874504823,8811848,3969113,226865651848,
06-04 12:06:34.327 2055 2075 I System.out: 7 0,226873255851,226873255851,9223372036854775807,0,226873789078,226873789398,226875161478,226875181035,226876128697,226876184562,226876221842,226878424153,226892561294,6861071,127830,226885657203,
06-04 12:06:34.327 2055 2075 I System.out: 8 0,226889922571,226889922571,9223372036854775807,0,226890319730,226890320050,226891690056,226891714713,226892692942,226892740972,226892783873,226893320141,226908127483,7858005,96952,226906729354,
06-04 12:06:34.327 2055 2075 I System.out: 9 0,226906589273,226906589273,9223372036854775807,0,226906830885,226906831326,226908326086,226908359960,226909750655,226909796191,226909838310,226915086257,226924795814,7586535,152357,226917173201,
06-04 12:06:34.327 2055 2075 I System.out: 10 0,226923256029,226923256029,9223372036854775807,0,226923949683,226923950033,226924803759,226924824357,226926352791,226926420368,226926623961,226927390202,226942200138,12200541,150743,226940058361,
06-04 12:06:34.327 2055 2075 I System.out: 11 0,226939922844,226939922844,9223372036854775807,0,226940074331,226940074892,226941364828,226941387811,226942432616,226942473402,226942749672,226948067010,226959878809,9303694,119535,226956733675,
06-04 12:06:34.327 2055 2075 I System.out: 12 0,226956589626,226956589626,9223372036854775807,0,226956747071,226956748122,226958492102,226958510586,226959428572,226959921419,226959959020,226960421319,226974740603,11967442,140634,226973378762,
06-04 12:06:34.327 2055 2075 I System.out: 13 0,226973256362,226973256362,9223372036854775807,0,226973905232,226973905423,226975049985,226975071946,226976169049,226976226677,226976261984,226978846894,226991485949,7400835,205546,226984026182,
06-04 12:06:34.327 2055 2075 I System.out: 14 0,226989923102,226989923102,9223372036854775807,0,226991248773,226991249604,226991937388,226991959189,226994320278,226994389799,226994645129,226995263912,227010816275,11866131,86854,226998017119,
06-04 12:06:34.327 2055 2075 I System.out: 15 0,227006589888,227006589888,9223372036854775807,0,227007703221,227007703542,227008365326,227008386366,227009321073,227010872270,227010899912,227011341172,227031069105,15728895,1885725,227015304704,
06-04 12:06:34.327 2055 2075 I System.out: 16 0,227023256642,227023256642,9223372036854775807,0,227038828195,227038828716,227039367589,227039389079,227040249277,227041318988,227042291677,227042775517,227045161272,21140,122250,227048012554,
06-04 12:06:34.327 2055 2075 I System.out: 17 0,227039923271,227039923271,9223372036854775807,0,227041558819,227041558979,227041741342,227041753114,227042246873,227045194254,227045610427,227046004107,227060996517,12910475,89919,227056738911,
06-04 12:06:34.327 2055 2075 I System.out: 18 0,227056590035,227056590035,9223372036854775807,0,227056767255,227056767946,227059990285,227060017195,227060809856,227061035280,227061198376,227061609780,227076249026,12642712,84850,227073405860,
06-04 12:06:34.327 2055 2075 I System.out: 19 0,227073256670,227073256670,9223372036854775807,0,227073594895,227073596147,227074291305,227074327312,227076396663,227076454442,227076672001,227077101959,227094218022,14977031,119675,227079203551,
06-04 12:06:34.327 2055 2075 I System.out: 20 0,227089923382,227089923382,9223372036854775807,0,227090091413,227090092505,227093338208,227093372031,227094173548,227094257035,227094425953,227094837817,227109486671,12610361,88156,227106759213,
06-04 12:06:34.327 2055 2075 I System.out: 21 0,227106589887,227106589887,9223372036854775807,0,227106760505,227106761467,227109809899,227109841248,227110625392,227110665498,227110868169,227111276046,227124278854,10047973,945307,227123389973,
06-04 12:06:34.327 2055 2075 I System.out: 22 0,227123256675,227123256675,9223372036854775807,0,227123419569,227123420500,227124741133,227124779145,227125877991,227125952782,227125993598,227126429999,227142745857,13338640,964052,227129371720,
06-04 12:06:34.327 2055 2075 I System.out: 23 0,227139923392,227139923392,9223372036854775807,0,227140051651,227140053024,227141395899,227141432708,227142423391,227142796843,227142834353,227143256407,227159927894,13850092,895614,227156710494,
06-04 12:06:34.327 2055 2075 I System.out: 24 0,227156590172,227156590172,9223372036854775807,0,227156858943,227156860496,227158836291,227158872710,227159972678,227160034865,227160073387,227160663517,227175804817,13442245,972518,227162324650,
06-04 12:06:34.327 2055 2075 I System.out: 25 0,227173256918,227173256918,9223372036854775807,0,227173401287,227173402189,227175983202,227176019480,227176871182,227176933809,227176963966,227177550599,227190921660,11658441,940839,227179219257,
06-04 12:06:34.327 2055 2075 I System.out: 26 0,227189923635,227189923635,9223372036854775807,0,227190095357,227190096389,227191593253,227191632988,227192671951,227192734439,227192771779,227193410570,227209382572,14260263,988659,227195080069,
06-04 12:06:34.327 2055 2075 I System.out: 27 0,227206590434,227206590434,9223372036854775807,0,227206733741,227206734893,227209981458,227210016664,227210747167,227210798073,227210835534,227211636660,227226454772,13439861,854627,227212972061,
06-04 12:06:34.327 2055 2075 I System.out: 28 0,227223257096,227223257096,9223372036854775807,0,227223479978,227223480920,227226714180,227226750598,227227705383,227227757221,227227785614,227228386865,227242703514,13425673,146014,227240061566,
06-04 12:06:34.327 2055 2075 I System.out: 29 0,227239923808,227239923808,9223372036854775807,0,227240102994,227240104116,227243043513,227243078779,227244088839,227244142529,227244172426,227244787182,227257644998,12012426,119384,227256720590,
06-04 12:06:34.327 2055 2075 I System.out: 30 0,227256590557,227256590557,9223372036854775807,0,227256734446,227256735538,227257809808,227257846066,227259412731,227259494485,227259526405,227260157873,227276024165,15008089,132088,227260973366,
06-04 12:06:34.327 2055 2075 I System.out: 31 0,227273257323,227273257323,9223372036854775807,0,227273381797,227273382859,227276331684,227276367140,227277283503,227277334639,227277363844,227277918006,227290892121,11150285,1004329,227279699235,
06-04 12:06:34.327 2055 2075 I System.out: 32 0,227289924060,227289924060,9223372036854775807,0,227290066048,227290067090,227291056941,227291095543,227291161528,227291228393,227291267878,227292953677,227309351039,14705200,931672,227294599752,
06-04 12:06:34.327 2055 2075 I System.out: 33 0,227306590800,227306590800,9223372036854775807,0,227306745580,227306746541,227309588325,227309624363,227310561114,227310629242,227310657425,227311353193,227324246366,11054656,1032071,227313150973,
06-04 12:06:34.327 2055 2075 I System.out: 34 0,227323257029,227323257029,9223372036854775807,0,227324102335,227324103597,227326677547,227326720157,227327819324,227327873095,227327901669,227328503240,227342893958,12667469,903238,0,
06-04 12:06:34.327 2055 2075 I System.out: 35 0,227339923763,227339923763,9223372036854775807,0,227340187008,227340188351,227341323435,227341357750,227341879581,227342944714,227342977535,227343555943,227359170532,13967493,918797,0,
06-04 12:06:34.327 2055 2075 I System.out: 36 0,227523256941,227523256941,9223372036854775807,0,227523365422,227523365833,227523365913,227523606355,227523674092,227523761867,227523793707,227524408343,227526334575,22452,1055265,0,
06-04 12:06:34.327 2055 2075 D Benchmark: Starting activity with command: am start -W "intent:#Intent;action=android.intent.action.MAIN;category=android.intent.category.LAUNCHER;launchFlags=0x10008000;package=com.savethechildren.learning_tree;component=com.savethechildren.learning_tree/com.ustadmobile.port.android.view.AppActivity;end"
06-04 12:06:34.340 478 498 D EventSequenceValidator: inc AccIntentStartedEvents to 2
06-04 12:06:34.342 361 361 I perfetto: ing_service_impl.cc:758 Configured tracing session 11, #sources:1, duration:5000 ms, #buffers:1, total buffer size:4096 KB, total sessions:2, uid:1071 session name: ""
06-04 12:06:34.342 350 350 I perfetto: probes_producer.cc:230 Ftrace setup (target_buf=11)
06-04 12:06:34.344 478 776 W InputReader: Device virtio_input_multi_touch_10 is associated with display ADISPLAY_ID_NONE.
06-04 12:06:34.344 478 776 W InputReader: Device virtio_input_multi_touch_7 is associated with display ADISPLAY_ID_NONE.
06-04 12:06:34.344 478 776 W InputReader: Device virtio_input_multi_touch_11 is associated with display ADISPLAY_ID_NONE.
06-04 12:06:34.344 478 776 W InputReader: Device virtio_input_multi_touch_5 is associated with display ADISPLAY_ID_NONE.
06-04 12:06:34.344 478 776 W InputReader: Device virtio_input_multi_touch_2 is associated with display ADISPLAY_ID_NONE.
06-04 12:06:34.344 478 776 W InputReader: Device virtio_input_multi_touch_6 is associated with display ADISPLAY_ID_NONE.
06-04 12:06:34.344 478 776 W InputReader: Device virtio_input_multi_touch_8 is associated with display ADISPLAY_ID_NONE.
06-04 12:06:34.344 478 776 W InputReader: Device virtio_input_multi_touch_9 is associated with display ADISPLAY_ID_NONE.
06-04 12:06:34.344 478 776 W InputReader: Device virtio_input_multi_touch_3 is associated with display ADISPLAY_ID_NONE.
06-04 12:06:34.344 478 776 W InputReader: Device virtio_input_multi_touch_4 is associated with display ADISPLAY_ID_NONE.
06-04 12:06:34.344 478 776 W InputReader: Device virtio_input_multi_touch_10 is associated with display ADISPLAY_ID_NONE.
06-04 12:06:34.344 478 776 W InputReader: Device virtio_input_multi_touch_7 is associated with display ADISPLAY_ID_NONE.
06-04 12:06:34.344 478 776 W InputReader: Device virtio_input_multi_touch_11 is associated with display ADISPLAY_ID_NONE.
06-04 12:06:34.344 478 776 W InputReader: Device virtio_input_multi_touch_5 is associated with display ADISPLAY_ID_NONE.
06-04 12:06:34.344 478 776 W InputReader: Device virtio_input_multi_touch_2 is associated with display ADISPLAY_ID_NONE.
06-04 12:06:34.344 478 776 W InputReader: Device virtio_input_multi_touch_6 is associated with display ADISPLAY_ID_NONE.
06-04 12:06:34.344 478 776 W InputReader: Device virtio_input_multi_touch_8 is associated with display ADISPLAY_ID_NONE.
06-04 12:06:34.344 478 776 W InputReader: Device virtio_input_multi_touch_9 is associated with display ADISPLAY_ID_NONE.
06-04 12:06:34.344 478 776 W InputReader: Device virtio_input_multi_touch_3 is associated with display ADISPLAY_ID_NONE.
06-04 12:06:34.344 478 776 W InputReader: Device virtio_input_multi_touch_4 is associated with display ADISPLAY_ID_NONE.
06-04 12:06:34.344 2149 2149 D AppActivity$onDestroy: AppActivity#onDestroy
06-04 12:06:34.352 2149 2149 W CustomTabsClient: Unable to find any Custom Tabs packages, you may need to add a element to your manifest. See the docs for CustomTabsClient#getPackageName.
06-04 12:06:34.352 2149 2149 W AppActivity$bindCustomTabsService: CustomTabs: Service NOT supported
06-04 12:06:34.359 273 1473 D goldfish-address-space: claimShared: Ask to claim region [0x3f47e9000 0x3f4fd2000]
06-04 12:06:34.378 478 572 D UntrustedWifiNetworkFactory: got request NetworkRequest [ TRACK_DEFAULT id=27, [ Capabilities: INTERNET&NOT_RESTRICTED&TRUSTED Uid: 10130 AdministratorUids: [] RequestorUid: 10130 RequestorPackageName: com.savethechildren.learning_tree] ] with score 60 and providerId 3
06-04 12:06:34.378 478 572 D WifiNetworkFactory: got request NetworkRequest [ TRACK_DEFAULT id=27, [ Capabilities: INTERNET&NOT_RESTRICTED&TRUSTED Uid: 10130 AdministratorUids: [] RequestorUid: 10130 RequestorPackageName: com.savethechildren.learning_tree] ] with score 60 and providerId 3
06-04 12:06:34.378 842 842 D PhoneSwitcherNetworkRequstListener: got request NetworkRequest [ TRACK_DEFAULT id=27, [ Capabilities: INTERNET&NOT_RESTRICTED&TRUSTED Uid: 10130 AdministratorUids: [] RequestorUid: 10130 RequestorPackageName: com.savethechildren.learning_tree] ] with score 60 and providerId 3
06-04 12:06:34.384 638 638 V KeyguardUpdateMonitor: onSubscriptionInfoChanged()
06-04 12:06:34.384 638 638 V KeyguardUpdateMonitor: SubInfo:{id=1 iccId=89014103211118510720 simSlotIndex=0 carrierId=1 displayName=T-Mobile carrierName=T-Mobile nameSource=3 iconTint=-16746133 number=+15555215554 dataRoaming=0 iconBitmap=android.graphics.Bitmap@d5e5252 mcc=310 mnc=260 countryIso=us isEmbedded=false nativeAccessRules=null cardString=89014103211118510720 cardId=-1 isOpportunistic=false groupUUID=null isGroupDisabled=false profileClass=-1 ehplmns=null hplmns=null subscriptionType=0 groupOwner=null carrierConfigAccessRules=null areUiccApplicationsEnabled=true}
06-04 12:06:34.385 842 842 D Telephony: isEmergencyPreferredAccount: subId=1, activeData=1
06-04 12:06:34.385 842 842 D Telephony: isEmergencyPreferredAccount: Device does not require preference.
06-04 12:06:34.386 273 1473 D goldfish-address-space: claimShared: Ask to claim region [0x3f4fd2000 0x3f57bb000]
06-04 12:06:34.391 273 1473 D goldfish-address-space: claimShared: Ask to claim region [0x3f57bb000 0x3f5fa4000]
06-04 12:06:34.393 273 1473 D goldfish-address-space: claimShared: Ask to claim region [0x3f90e9000 0x3f98d2000]
06-04 12:06:34.399 478 504 D ArtManagerInternalImpl: /data/misc/iorapd/com.savethechildren.learning_tree/363/com.ustadmobile.port.android.view.AppActivity/compiled_traces/compiled_trace.pb doesn't exist
06-04 12:06:34.399 478 498 D EventSequenceValidator: dec AccIntentStartedEvents to 1
06-04 12:06:34.400 3099 3101 I cmd : oneway function results will be dropped but finished with status OK and parcel size 4
06-04 12:06:34.401 478 504 I ActivityTaskManager: Displayed com.savethechildren.learning_tree/com.ustadmobile.port.android.view.AppActivity: +58ms
06-04 12:06:34.410 2149 2149 D UstadViewModelFunKt$ustadViewModel$viewModel$invoke: ustadViewModel(): create viewmodel for: com.ustadmobile.core.viewmodel.redirect.RedirectViewModel
06-04 12:06:34.419 2149 2149 D UstadNavControllerPreCompose$onCollectNavCommand: NavCommandEffect: Navigate: Go to AddAccountSelectNewOrExisting
06-04 12:06:34.430 2149 2149 D UstadViewModelFunKt$ustadViewModel$viewModel$invoke: ustadViewModel(): create viewmodel for: com.ustadmobile.core.viewmodel.account.addaccountselectneworexisting.AddAccountSelectNewOrExistingViewModel
06-04 12:06:34.432 2149 2149 W GooglePlayServicesUtil: com.savethechildren.learning_tree requires the Google Play Store, but it is missing.
06-04 12:06:34.432 2149 2149 W PlayServicesImpl: Connection with Google Play Services was not successful. Connection result is: ConnectionResult{statusCode=SERVICE_INVALID, resolution=null, message=null}
06-04 12:06:34.432 2149 2149 E AddAccountSelectNewOrExistingViewModel$getCredentials$invokeSuspend: Error occurred: Failed to get credential: getCredentialAsync no provider dependencies found - please ensure the desired provider dependencies are added
06-04 12:06:34.432 2055 2075 D Benchmark: Result: Starting: Intent { act=android.intent.action.MAIN cat=[android.intent.category.LAUNCHER] flg=0x10008000 pkg=com.savethechildren.learning_tree cmp=com.savethechildren.learning_tree/com.ustadmobile.port.android.view.AppActivity }
06-04 12:06:34.432 2055 2075 D Benchmark: Status: ok
06-04 12:06:34.432 2055 2075 D Benchmark: LaunchState: WARM
06-04 12:06:34.432 2055 2075 D Benchmark: Activity: com.savethechildren.learning_tree/com.ustadmobile.port.android.view.AppActivity
06-04 12:06:34.432 2055 2075 D Benchmark: TotalTime: 58
06-04 12:06:34.432 2055 2075 D Benchmark: WaitTime: 61
06-04 12:06:34.432 2055 2075 D Benchmark: Complete
06-04 12:06:34.515 2055 2075 I System.out: 0 Flags,IntendedVsync,Vsync,OldestInputEvent,NewestInputEvent,HandleInputStart,AnimationStart,PerformTraversalsStart,DrawStart,SyncQueued,SyncStart,IssueDrawCommandsStart,SwapBuffers,FrameCompleted,DequeueBufferDuration,QueueBufferDuration,GpuCompleted,
06-04 12:06:34.515 2055 2075 I System.out: 1 1,253589916275,253589916275,9223372036854775807,0,253598856326,253598856957,253598857087,253631722523,253632041863,253632269581,253632284008,253633023849,253634770844,25368,962339,253634636251,
06-04 12:06:34.515 2055 2075 I System.out: 2 0,253606583060,253639916392,9223372036854775807,0,253641319708,253641319938,253650429727,253650460816,253650884743,253650955596,253650982146,253651726345,253653843215,25879,125746,253656711559,
06-04 12:06:34.515 2055 2075 I System.out: 3 0,253656583408,253656583408,9223372036854775807,0,253661369948,253661370378,253677820349,253677903345,253684154929,253684397826,253684425598,253684884050,253687433193,36819,1622170,253687359555,
06-04 12:06:34.515 2055 2075 I System.out: 4 0,253673250208,253673250208,9223372036854775807,0,253687925359,253687926280,253694064342,253694106781,253697270390,253697340632,253697377892,253697852184,253698696331,29766,128452,200156713967,
06-04 12:06:34.515 2055 2075 I System.out: 5 0,253689917019,253689917019,9223372036854775807,0,253699531251,253699531942,253700362804,253700393883,253701488070,253701551019,253701596935,253703024649,253708078291,3327787,1107853,200166723909,
06-04 12:06:34.515 2055 2075 I System.out: 6 0,253706583803,253706583803,9223372036854775807,0,253708091747,253708092007,253708942506,253708977071,253710087189,253713976341,253714028910,253714594744,253730872451,13450871,1544294,200173434045,
06-04 12:06:34.516 2055 2075 D UiDevice: Waiting 10000ms for SearchCondition[hasObject=BySelector [TEXT='\QGet Started\E']].
06-04 12:06:34.516 2055 2075 D UiDevice: Searching for node with selector: BySelector [TEXT='\QGet Started\E'].
06-04 12:06:35.106 2055 2075 D UiDevice: Searching for node with selector: BySelector [TEXT='\QGet Started\E'].
06-04 12:06:35.236 445 445 E netmgr : qemu_pipe_open_ns:62: Could not connect to the 'pipe:qemud:network' service: Invalid argument
06-04 12:06:35.236 445 445 E netmgr : Failed to open QEMU pipe 'qemud:network': Invalid argument
06-04 12:06:35.256 447 447 E wifi_forwarder: qemu_pipe_open_ns:62: Could not connect to the 'pipe:qemud:wififorward' service: Invalid argument
06-04 12:06:35.256 447 447 E wifi_forwarder: RemoteConnection failed to initialize: RemoteConnection failed to open pipe
06-04 12:06:35.705 2055 2075 D UiDevice: Searching for node with selector: BySelector [TEXT='\QGet Started\E'].
06-04 12:06:38.373 2055 2075 I chatty : uid=10131(com.ustadmobile.app_android_baselineprofile) roidJUnitRunner identical 26 lines
06-04 12:06:38.476 2055 2075 D UiDevice: Searching for node with selector: BySelector [TEXT='\QGet Started\E'].
06-04 12:06:38.546 350 350 I perfetto: probes_producer.cc:329 Producer stop (id=10)
06-04 12:06:38.546 361 361 I perfetto: ng_service_impl.cc:1948 Tracing session 10 ended, total sessions:1
06-04 12:06:38.578 2055 2075 D UiDevice: Searching for node with selector: BySelector [TEXT='\QGet Started\E'].
06-04 12:06:39.194 2055 2075 I chatty : uid=10131(com.ustadmobile.app_android_baselineprofile) roidJUnitRunner identical 6 lines
06-04 12:06:39.296 2055 2075 D UiDevice: Searching for node with selector: BySelector [TEXT='\QGet Started\E'].
06-04 12:06:39.344 350 350 I perfetto: probes_producer.cc:329 Producer stop (id=11)
06-04 12:06:39.344 350 350 I perfetto: ftrace_procfs.cc:183 disabled ftrace
06-04 12:06:39.344 361 361 I perfetto: ng_service_impl.cc:1948 Tracing session 11 ended, total sessions:0
06-04 12:06:39.399 2055 2075 D UiDevice: Searching for node with selector: BySelector [TEXT='\QGet Started\E'].
06-04 12:06:44.427 2055 2075 I chatty : uid=10131(com.ustadmobile.app_android_baselineprofile) roidJUnitRunner identical 49 lines
06-04 12:06:44.530 2055 2075 D UiDevice: Searching for node with selector: BySelector [TEXT='\QGet Started\E'].
06-04 12:06:45.532 2055 2075 D UiDevice: Retrieving node with selector: BySelector [TEXT='\QGet Started\E'].
06-04 12:06:45.535 2055 2075 D UiDevice: Node not found with selector: BySelector [TEXT='\QGet Started\E'].
06-04 12:06:50.535 2055 2075 D Benchmark: Profile Installer - Save Profile
06-04 12:06:50.542 2149 2149 I Process : Sending signal. PID: 2149 SIG: 10
06-04 12:06:50.542 2149 2149 D ProfileInstaller:
06-04 12:06:50.542 2149 2157 I n.learning_tre: Thread[3,tid=2157,WaitingInMainSignalCatcherLoop,Thread*=0x7e5233e1a010,peer=0x13381900,"Signal Catcher"]: reacting to signal 10
06-04 12:06:50.542 2149 2157 I n.learning_tre:
06-04 12:06:50.542 2149 2157 I n.learning_tre: SIGUSR1 forcing GC (no HPROF) and profile save
06-04 12:06:50.547 3133 3135 I cmd : oneway function results will be dropped but finished with status OK and parcel size 4
06-04 12:06:50.552 2149 2157 I n.learning_tre: Explicit concurrent copying GC freed 133233(4958KB) AllocSpace objects, 5(132KB) LOS objects, 49% free, 6133KB/11MB, paused 8us total 9.503ms
06-04 12:06:51.048 2055 2075 D Benchmark: Killing process com.savethechildren.learning_tree
06-04 12:06:51.048 2055 2075 D UiDevice: Executing shell command: killall com.savethechildren.learning_tree
06-04 12:06:51.070 478 563 I PackageDexOptimizer: Running dexopt (dexoptNeeded=-3) on: /data/app/~~YydvtuG-I1K6uwq-gJBazQ==/com.savethechildren.learning_tree-1CMBwdveIrDtkv3DFsnSwg==/base.apk pkg=com.savethechildren.learning_tree isa=x86_64 dexoptFlags=boot_complete,profile_guided,force,enable_hidden_api_checks targetFilter=speed-profile oatDir=/data/app/~~YydvtuG-I1K6uwq-gJBazQ==/com.savethechildren.learning_tree-1CMBwdveIrDtkv3DFsnSwg==/oat classLoaderContext=PCL[]{PCL[/system_ext/framework/androidx.window.sidecar.jar]}
06-04 12:06:51.072 380 380 V installd: DexInv: --- BEGIN '/data/app/~~YydvtuG-I1K6uwq-gJBazQ==/com.savethechildren.learning_tree-1CMBwdveIrDtkv3DFsnSwg==/base.apk' ---
06-04 12:06:51.077 3147 3147 W dex2oat32: Unexpected CPU variant for X86 using defaults: x86_64
06-04 12:06:51.148 3147 3147 I dex2oat32: /apex/com.android.art/bin/dex2oat32 --input-vdex-fd=9 --output-vdex-fd=10 --updatable-bcp-packages-file=/system/etc/updatable-bcp-packages.txt --resolve-startup-const-strings=true --max-image-block-size=524288 --compiler-filter=speed-profile --profile-file-fd=12 --classpath-dir=/data/app/~~YydvtuG-I1K6uwq-gJBazQ==/com.savethechildren.learning_tree-1CMBwdveIrDtkv3DFsnSwg== --class-loader-context=PCL[]{PCL[/system_ext/framework/androidx.window.sidecar.jar]} --generate-mini-debug-info --compilation-reason=unknown
06-04 12:06:51.148 3147 3147 I dex2oat32: setting boot class path to /apex/com.android.art/javalib/core-oj.jar:/apex/com.android.art/javalib/core-libart.jar:/apex/com.android.art/javalib/core-icu4j.jar:/apex/com.android.art/javalib/okhttp.jar:/apex/com.android.art/javalib/bouncycastle.jar:/apex/com.android.art/javalib/apache-xml.jar:/system/framework/framework.jar:/system/framework/ext.jar:/system/framework/telephony-common.jar:/system/framework/voip-common.jar:/system/framework/ims-common.jar:/system/framework/framework-atb-backward-compatibility.jar
06-04 12:06:55.492 3147 3147 W dex2oat32: Accessing hidden method Landroid/graphics/Canvas;->drawPatch(Landroid/graphics/NinePatch;Landroid/graphics/Rect;Landroid/graphics/Paint;)V (greylist-max-o, linking, denied)
06-04 12:06:55.492 3147 3147 W dex2oat32: Accessing hidden method Landroid/graphics/Canvas;->drawPatch(Landroid/graphics/NinePatch;Landroid/graphics/RectF;Landroid/graphics/Paint;)V (greylist-max-o, linking, denied)
06-04 12:06:55.496 3147 3147 W dex2oat32: Accessing hidden method Landroid/graphics/Bitmap;->getHardwareBuffer()Landroid/hardware/HardwareBuffer; (blacklist, linking, denied)
06-04 12:06:55.616 3147 3147 W dex2oat32: Accessing hidden method Landroid/app/job/JobParameters;->getStopReason()I (greylist-max-o, linking, denied)
06-04 12:06:57.371 3147 3147 I dex2oat32: Explicit concurrent copying GC freed 277736(40MB) AllocSpace objects, 0(0B) LOS objects, 49% free, 2216KB/4433KB, paused 12us total 6.375ms
06-04 12:06:57.396 3147 3147 W dex2oat32: Accessing hidden field Ljava/nio/file/FileSystemException;->file:Ljava/lang/String; (greylist-max-o, linking, denied)
06-04 12:06:57.396 3147 3147 W dex2oat32: Accessing hidden field Ljava/nio/file/FileSystemException;->other:Ljava/lang/String; (greylist-max-o, linking, denied)
06-04 12:06:57.396 3147 3147 W dex2oat32: Accessing hidden field Ljava/nio/file/InvalidPathException;->index:I (greylist-max-o, linking, denied)
06-04 12:06:57.396 3147 3147 W dex2oat32: Accessing hidden field Ljava/nio/file/InvalidPathException;->input:Ljava/lang/String; (greylist-max-o, linking, denied)
06-04 12:06:57.398 3147 3147 W dex2oat32: Accessing hidden method Landroid/graphics/Bitmap;->getHardwareBuffer()Landroid/hardware/HardwareBuffer; (blacklist, linking, denied)
06-04 12:06:57.398 3147 3147 W dex2oat32: Accessing hidden method Landroid/graphics/Canvas;->drawPatch(Landroid/graphics/NinePatch;Landroid/graphics/Rect;Landroid/graphics/Paint;)V (greylist-max-o, linking, denied)
06-04 12:06:57.398 3147 3147 W dex2oat32: Accessing hidden method Landroid/graphics/Canvas;->drawPatch(Landroid/graphics/NinePatch;Landroid/graphics/RectF;Landroid/graphics/Paint;)V (greylist-max-o, linking, denied)
06-04 12:06:57.408 3147 3147 W dex2oat32: Accessing hidden method Landroid/app/job/JobParameters;->getStopReason()I (greylist-max-o, linking, denied)
06-04 12:06:58.334 3147 3147 I dex2oat32: dex2oat took 7.257s (8.976s cpu) (threads: 2) arena alloc=3999KB (4095000B) java alloc=2232KB (2286104B) native alloc=81MB (85883328B) free=82MB (86060848B)
06-04 12:06:58.350 380 380 V installd: DexInv: --- END '/data/app/~~YydvtuG-I1K6uwq-gJBazQ==/com.savethechildren.learning_tree-1CMBwdveIrDtkv3DFsnSwg==/base.apk' (success) ---
06-04 12:06:58.366 2055 2075 D Benchmark: Reference profile location: /data/misc/profiles/ref/com.savethechildren.learning_tree/primary.prof
06-04 12:06:58.385 2055 2075 D Benchmark: APK Path: /data/app/~~YydvtuG-I1K6uwq-gJBazQ==/com.savethechildren.learning_tree-1CMBwdveIrDtkv3DFsnSwg==/base.apk
06-04 12:06:58.385 2055 2075 D Benchmark: Converting to human readable profile format
06-04 12:06:58.385 2055 2075 D Benchmark: Using profile location: /data/misc/profiles/ref/com.savethechildren.learning_tree/primary.prof
06-04 12:06:58.652 3175 3175 W profman : profman took 258.107ms
06-04 12:06:58.667 2055 2075 D Benchmark: Using profile location: /data/misc/profiles/cur/0/com.savethechildren.learning_tree/primary.prof
06-04 12:06:58.919 3186 3186 W profman : profman took 240.418ms
06-04 12:06:59.063 2149 2170 D UstadCache: CacheTrimmer: Trim cache run: max (evictable) size = 100000000 bytes
06-04 12:06:59.064 2149 2170 V UstadCache: CacheTrimmer: deleting
06-04 12:06:59.811 2055 2075 D Benchmark: Unstable profiles during iteration 8
06-04 12:06:59.811 2055 2075 D Benchmark: Killing package com.savethechildren.learning_tree
06-04 12:06:59.811 2055 2075 D Benchmark: Killing process com.savethechildren.learning_tree
06-04 12:06:59.811 2055 2075 D UiDevice: Executing shell command: killall com.savethechildren.learning_tree
06-04 12:06:59.817 2055 2075 D Benchmark: Compile iteration (9) for com.savethechildren.learning_tree
06-04 12:06:59.817 2055 2075 D UiDevice: Pressing home button.
06-04 12:06:59.824 638 638 V ShadeControllerImpl: NotificationShadeWindow: com.android.systemui.statusbar.phone.NotificationShadeWindowView{90561f7 I.E...... ......ID 0,0-1080,1920} canPanelBeCollapsed(): false
06-04 12:06:59.825 478 498 D EventSequenceValidator: inc AccIntentStartedEvents to 2
06-04 12:06:59.825 478 496 W InputReader: Device virtio_input_multi_touch_10 is associated with display ADISPLAY_ID_NONE.
06-04 12:06:59.825 478 496 W InputReader: Device virtio_input_multi_touch_7 is associated with display ADISPLAY_ID_NONE.
06-04 12:06:59.825 478 496 W InputReader: Device virtio_input_multi_touch_11 is associated with display ADISPLAY_ID_NONE.
06-04 12:06:59.825 478 496 W InputReader: Device virtio_input_multi_touch_5 is associated with display ADISPLAY_ID_NONE.
06-04 12:06:59.825 478 496 W InputReader: Device virtio_input_multi_touch_2 is associated with display ADISPLAY_ID_NONE.
06-04 12:06:59.825 478 496 W InputReader: Device virtio_input_multi_touch_6 is associated with display ADISPLAY_ID_NONE.
06-04 12:06:59.825 478 496 W InputReader: Device virtio_input_multi_touch_8 is associated with display ADISPLAY_ID_NONE.
06-04 12:06:59.825 478 496 W InputReader: Device virtio_input_multi_touch_9 is associated with display ADISPLAY_ID_NONE.
06-04 12:06:59.825 478 496 W InputReader: Device virtio_input_multi_touch_3 is associated with display ADISPLAY_ID_NONE.
06-04 12:06:59.825 478 496 W InputReader: Device virtio_input_multi_touch_4 is associated with display ADISPLAY_ID_NONE.
06-04 12:06:59.825 478 496 W InputReader: Device virtio_input_multi_touch_10 is associated with display ADISPLAY_ID_NONE.
06-04 12:06:59.825 478 496 W InputReader: Device virtio_input_multi_touch_7 is associated with display ADISPLAY_ID_NONE.
06-04 12:06:59.825 478 496 W InputReader: Device virtio_input_multi_touch_11 is associated with display ADISPLAY_ID_NONE.
06-04 12:06:59.825 478 496 W InputReader: Device virtio_input_multi_touch_5 is associated with display ADISPLAY_ID_NONE.
06-04 12:06:59.825 478 496 W InputReader: Device virtio_input_multi_touch_2 is associated with display ADISPLAY_ID_NONE.
06-04 12:06:59.825 478 496 W InputReader: Device virtio_input_multi_touch_6 is associated with display ADISPLAY_ID_NONE.
06-04 12:06:59.825 478 496 W InputReader: Device virtio_input_multi_touch_8 is associated with display ADISPLAY_ID_NONE.
06-04 12:06:59.825 478 496 W InputReader: Device virtio_input_multi_touch_9 is associated with display ADISPLAY_ID_NONE.
06-04 12:06:59.825 478 496 W InputReader: Device virtio_input_multi_touch_3 is associated with display ADISPLAY_ID_NONE.
06-04 12:06:59.825 478 496 W InputReader: Device virtio_input_multi_touch_4 is associated with display ADISPLAY_ID_NONE.
06-04 12:06:59.827 361 361 I perfetto: ing_service_impl.cc:758 Configured tracing session 12, #sources:1, duration:5000 ms, #buffers:1, total buffer size:4096 KB, total sessions:1, uid:1071 session name: ""
06-04 12:06:59.827 350 350 I perfetto: probes_producer.cc:230 Ftrace setup (target_buf=12)
06-04 12:06:59.828 987 987 D TaplTarget: Launcher.onNewIntent: Intent { act=android.intent.action.MAIN cat=[android.intent.category.HOME] flg=0x10400100 cmp=com.android.launcher3/.uioverrides.QuickstepLauncher (has extras) }
06-04 12:06:59.829 638 638 V ShadeControllerImpl: NotificationShadeWindow: com.android.systemui.statusbar.phone.NotificationShadeWindowView{90561f7 I.E...... ......ID 0,0-1080,1920} canPanelBeCollapsed(): false
06-04 12:06:59.835 350 350 I perfetto: ftrace_procfs.cc:176 enabled ftrace
06-04 12:06:59.839 273 1473 D goldfish-address-space: claimShared: Ask to claim region [0x3f775f000 0x3f7f48000]
06-04 12:06:59.841 273 1473 D goldfish-address-space: claimShared: Ask to claim region [0x3f5fa4000 0x3f678d000]
06-04 12:06:59.846 273 1473 D goldfish-address-space: claimShared: Ask to claim region [0x3f678d000 0x3f6f76000]
06-04 12:06:59.848 273 1473 D goldfish-address-space: claimShared: Ask to claim region [0x3f4000000 0x3f47e9000]
06-04 12:06:59.852 478 504 D ArtManagerInternalImpl: /data/misc/iorapd/com.android.launcher3/30/com.android.launcher3.uioverrides.QuickstepLauncher/compiled_traces/compiled_trace.pb doesn't exist
06-04 12:06:59.852 478 498 D EventSequenceValidator: dec AccIntentStartedEvents to 1
06-04 12:06:59.918 2055 2075 I System.out: 0 Flags,IntendedVsync,Vsync,OldestInputEvent,NewestInputEvent,HandleInputStart,AnimationStart,PerformTraversalsStart,DrawStart,SyncQueued,SyncStart,IssueDrawCommandsStart,SwapBuffers,FrameCompleted,DequeueBufferDuration,QueueBufferDuration,GpuCompleted,
06-04 12:06:59.918 2055 2075 I System.out: 1 1,253589916275,253589916275,9223372036854775807,0,253598856326,253598856957,253598857087,253631722523,253632041863,253632269581,253632284008,253633023849,253634770844,25368,962339,253634636251,
06-04 12:06:59.918 2055 2075 I System.out: 2 0,253606583060,253639916392,9223372036854775807,0,253641319708,253641319938,253650429727,253650460816,253650884743,253650955596,253650982146,253651726345,253653843215,25879,125746,253656711559,
06-04 12:06:59.918 2055 2075 I System.out: 3 0,253656583408,253656583408,9223372036854775807,0,253661369948,253661370378,253677820349,253677903345,253684154929,253684397826,253684425598,253684884050,253687433193,36819,1622170,253687359555,
06-04 12:06:59.918 2055 2075 I System.out: 4 0,253673250208,253673250208,9223372036854775807,0,253687925359,253687926280,253694064342,253694106781,253697270390,253697340632,253697377892,253697852184,253698696331,29766,128452,253704642622,
06-04 12:06:59.918 2055 2075 I System.out: 5 0,253689917019,253689917019,9223372036854775807,0,253699531251,253699531942,253700362804,253700393883,253701488070,253701551019,253701596935,253703024649,253708078291,3327787,1107853,253704702865,
06-04 12:06:59.918 2055 2075 I System.out: 6 0,253706583803,253706583803,9223372036854775807,0,253708091747,253708092007,253708942506,253708977071,253710087189,253713976341,253714028910,253714594744,253730872451,13450871,1544294,253717348382,
06-04 12:06:59.918 2055 2075 I System.out: 7 0,253723250544,253723250544,9223372036854775807,0,253723701898,253723702219,253724423224,253724458791,253725515147,253731076574,253731114956,253731548061,253747870762,15364238,80592,253740055848,
06-04 12:06:59.918 2055 2075 I System.out: 8 0,253739917235,253739917235,9223372036854775807,0,253740692405,253740692685,253741323211,253741356213,253742593229,253747962965,253748022577,253748595024,253762067215,11880188,170361,253750141401,
06-04 12:06:59.918 2055 2075 I System.out: 9 0,253756584010,253756584010,9223372036854775807,0,253757043910,253757044200,253757808588,253757843163,253761259927,253762116538,253762177953,253764776178,253781399665,14647381,244910,253766703172,
06-04 12:06:59.918 2055 2075 I System.out: 10 0,253773250837,253773250837,9223372036854775807,0,253773411665,253773412818,253781814194,253781851985,253782692476,253782750735,253782786593,253783221601,253792626374,7821877,129182,253790075267,
06-04 12:06:59.918 2055 2075 I System.out: 11 0,253789917510,253789917510,9223372036854775807,0,253790532878,253790533148,253791986010,253792023210,253793302776,253793351698,253793396141,253794211074,253808089579,5661075,1968361,253806705817,
06-04 12:06:59.918 2055 2075 I System.out: 12 0,253806584363,253806584363,9223372036854775807,0,253807807579,253807808070,253809106912,253809123633,253810140004,253810175381,253810211519,253810640255,253829938531,15610422,143630,253823400197,
06-04 12:06:59.918 2055 2075 I System.out: 13 0,253823251043,253823251043,9223372036854775807,0,253823813364,253823813584,253824506527,253824541192,253830197287,253830268421,253830314918,253830884209,253847004139,13638975,117320,253840099937,
06-04 12:06:59.918 2055 2075 I System.out: 14 0,253839917707,253839917707,9223372036854775807,0,253840992355,253840992896,253841600098,253841620235,253842599978,253847073228,253847114085,253847561276,253860905627,10712653,123272,253856736859,
06-04 12:06:59.918 2055 2075 I System.out: 15 0,253856584395,253856584395,9223372036854775807,0,253857028407,253857028697,253857762317,253857802412,253858746788,253860946394,253860985006,253863231590,253874842803,8521212,94858,253866262299,
06-04 12:06:59.918 2055 2075 I System.out: 16 0,253873251362,253873251362,9223372036854775807,0,253873625323,253873625634,253874624412,253874648267,253875930067,253876032600,253876230191,253876677633,253894013699,12060687,178035,253890047862,
06-04 12:06:59.918 2055 2075 I System.out: 17 0,253889918218,253889918218,9223372036854775807,0,253891145286,253891145686,253891778536,253891811067,253894378705,253894496517,253894827459,253895270592,253909416120,12145346,82616,253906716253,
06-04 12:06:59.918 2055 2075 I System.out: 18 0,253906585049,253906585049,9223372036854775807,0,253907104603,253907105074,253907979789,253908010066,253909993876,253910627187,253910878108,253911285545,253925743650,12065296,91061,253923416083,
06-04 12:06:59.918 2055 2075 I System.out: 19 0,253923251821,253923251821,9223372036854775807,0,253923716258,253923716678,253924793473,253924852644,253926200739,253926721438,253927051809,253927692053,253942141442,12091676,341452,253930011174,
06-04 12:06:59.918 2055 2075 I System.out: 20 0,253939918654,253939918654,9223372036854775807,0,253940334464,253940334765,253941257590,253941303276,253942288388,253942337721,253942548958,253943130842,253957915862,12523317,84850,253945342911,
06-04 12:06:59.918 2055 2075 I System.out: 21 0,253956585149,253956585149,9223372036854775807,0,253957167274,253957167575,253958041157,253958075432,253959597223,253959676382,253959717760,253960162897,253974278157,11001205,1007655,253963236706,
06-04 12:06:59.918 2055 2075 I System.out: 22 0,253973251983,253973251983,9223372036854775807,0,253973557632,253973558744,253974413692,253974450541,253976364660,253976466211,253976501017,253977008882,253993989510,14523558,208182,253979407862,
06-04 12:06:59.918 2055 2075 I System.out: 23 0,253989918119,253989918119,9223372036854775807,0,253990133690,253990134632,253991603543,253991641355,253992694705,253994059231,253994106780,253994615497,254007665594,8660023,988288,253998952031,
