06-04 12:07:52.847 2055 2075 I System.out: 29 0,306406589085,306406589085,9223372036854775807,0,306406702390,306406702881,306407581263,306407613062,306408493869,306408761101,306408792971,306409487076,306426022227,14897602,946379,306411088447,
06-04 12:07:52.847 2055 2075 I System.out: 30 0,306423255761,306423255761,9223372036854775807,0,306423387352,306423387923,306426283267,306426316720,306427182348,306427243813,306427272868,306427850073,306442396785,13703736,102162,306428649797,
06-04 12:07:52.847 2055 2075 I System.out: 31 0,306439922518,306439922518,9223372036854775807,0,306440030947,306440031427,306442591311,306442623642,306443447370,306443495842,306443521911,306444050454,306459094311,13439850,905923,306456698516,
06-04 12:07:52.847 2055 2075 I System.out: 32 0,306456589248,306456589248,9223372036854775807,0,306456691463,306456691884,306459157490,306459193036,306459256916,306459318963,306459352636,306459938298,306475764245,15039969,75853,306473370774,
06-04 12:07:52.847 2055 2075 I System.out: 33 0,306473255986,306473255986,9223372036854775807,0,306473367047,306473367779,306474231212,306475359644,306475449433,306475851248,306475884761,306476705615,306490906035,13605542,75042,254173387335,
06-04 12:07:52.847 2055 2075 I System.out: 34 0,306489922679,306489922679,9223372036854775807,0,306490057860,306490058732,306492732439,306492764920,306494138483,306494197885,306494233572,306494987750,306509804259,12722622,886878,1924618579685082084,
06-04 12:07:52.847 2055 2075 I System.out: 35 0,306506589360,306506589360,9223372036854775807,0,306506816792,306506818094,306510656030,306510699652,306511172221,306511226242,306511273551,306511949132,306524428596,10411727,1093065,2078757996228403584,
06-04 12:07:52.847 2055 2075 I System.out: 36 8,306523256034,306523256034,9223372036854775807,0,306523462850,306523463862,306523463983,306523502255,306523512354,306524498157,254240524520,254241606244,254242693789,23223,136056,5368796221853456077,
06-04 12:07:52.847 2055 2075 I System.out: 0 Flags,IntendedVsync,Vsync,OldestInputEvent,NewestInputEvent,HandleInputStart,AnimationStart,PerformTraversalsStart,DrawStart,SyncQueued,SyncStart,IssueDrawCommandsStart,SwapBuffers,FrameCompleted,DequeueBufferDuration,QueueBufferDuration,GpuCompleted,
06-04 12:07:52.847 2055 2075 I System.out: 1 1,331773254421,331773254421,9223372036854775807,0,331773724266,331773724576,331773724737,331821209481,331821579767,331821775324,331821790202,331822582442,331825483477,93926,1936972,331825281968,
06-04 12:07:52.847 2055 2075 I System.out: 2 0,331789921027,331823254359,9223372036854775807,0,331829544422,331829544803,331841545798,331841572849,331842035559,331842089891,331842115990,331844448236,331849564295,40566,4113815,331849390749,
06-04 12:07:52.847 2055 2075 I System.out: 3 0,331839920777,331839920777,9223372036854775807,0,331851124278,331851124749,331876134153,331876166103,331881391178,331885677207,331885729846,331887451814,331888443348,25047,89248,331888394005,
06-04 12:07:52.847 2055 2075 I System.out: 4 0,331856587483,331889920815,9223372036854775807,0,331901598443,331901599445,331906306115,331906346691,331909854116,331909902687,331909936511,331911973411,331917395105,28403,983399,331920559565,
06-04 12:07:52.847 2055 2075 I System.out: 5 0,331906587400,331906587400,9223372036854775807,0,331916807300,331916807911,331917432946,331917465898,331918316267,331918378714,331918428007,331919921134,331933877636,13192515,152647,331924068833,
06-04 12:07:52.847 2055 2075 I System.out: 6 0,331923254047,331923254047,9223372036854775807,0,331924173540,331924173821,331927398444,331927437377,331934155990,331934219229,331934250678,331935413424,331950242136,12427978,380695,331937767130,
06-04 12:07:52.847 2055 2075 I System.out: 7 0,331939920629,331939920629,9223372036854775807,0,331940224199,331940224530,331950742927,331950829019,331954023816,331954101032,331954142289,331955480656,331959692295,3191531,74831,331956455268,
06-04 12:07:52.847 2055 2075 I System.out: 8 0,331956587317,331956587317,9223372036854775807,0,331956723242,331956723603,331959707473,331959745064,331960878665,331960931084,331960968965,331961902430,331974541986,5553653,241634,331973396522,
06-04 12:07:52.848 2055 2075 I System.out: 9 0,331973254051,331973254051,9223372036854775807,0,331973413173,331973413995,331974902965,331974924395,331976008263,331976069248,331976107710,331976966815,331992879656,11592537,503046,279406726141,
06-04 12:07:52.848 2055 2075 I System.out: 10 0,331989920750,331989920750,9223372036854775807,0,331990082156,331990083408,331992160143,331992182996,331993046219,331993802391,331994056709,331999945141,332015075069,12933248,259318,279420670150,
06-04 12:07:52.848 2055 2075 I System.out: 11 0,332006587262,332006587262,9223372036854775807,0,332006762900,332006763842,332013774493,332013841049,332015027720,332015562956,332015924296,332017488306,332032674761,12362495,157406,279440095094,
06-04 12:07:52.848 2055 2075 D UiDevice: Waiting 10000ms for SearchCondition[hasObject=BySelector [TEXT='\QGet Started\E']].
06-04 12:07:52.848 2055 2075 D UiDevice: Searching for node with selector: BySelector [TEXT='\QGet Started\E'].
06-04 12:07:52.857 2149 2149 D AppActivity$onDestroy: AppActivity#onDestroy
06-04 12:07:52.862 987 987 D TaplTarget: sendStateEventToTest: 0
06-04 12:07:52.862 987 987 D RecentsOrientedState: current RecentsOrientedState: [this=RecentsOrientedState@5c28903 mOrientationHandler=PortraitPagedViewHandler@4e57080 mDisplayRotation=0 mTouchRotation=0 mRecentsActivityRotation=0 isRecentsActivityRotationAllowed=false mSystemRotation=true mFlags=299]
06-04 12:07:52.862 987 987 I chatty : uid=10118(com.android.launcher3) identical 2 lines
06-04 12:07:52.862 987 987 D RecentsOrientedState: current RecentsOrientedState: [this=RecentsOrientedState@5c28903 mOrientationHandler=PortraitPagedViewHandler@4e57080 mDisplayRotation=0 mTouchRotation=0 mRecentsActivityRotation=0 isRecentsActivityRotationAllowed=false mSystemRotation=true mFlags=299]
06-04 12:07:52.869 478 2384 D HostConnection: HostConnection::get() New Host Connection established 0x7e5153e1b9d0, tid 2384
06-04 12:07:52.873 478 2384 D HostConnection: HostComposition ext ANDROID_EMU_CHECKSUM_HELPER_v1 ANDROID_EMU_native_sync_v2 ANDROID_EMU_dma_v1 ANDROID_EMU_direct_mem ANDROID_EMU_host_composition_v1 ANDROID_EMU_host_composition_v2 ANDROID_EMU_vulkan ANDROID_EMU_deferred_vulkan_commands ANDROID_EMU_vulkan_null_optional_strings ANDROID_EMU_vulkan_create_resources_with_requirements ANDROID_EMU_YUV_Cache ANDROID_EMU_vulkan_ignored_handles ANDROID_EMU_has_shared_slots_host_memory_allocator ANDROID_EMU_vulkan_free_memory_sync ANDROID_EMU_vulkan_shader_float16_int8 ANDROID_EMU_vulkan_async_queue_submit ANDROID_EMU_sync_buffer_data ANDROID_EMU_vulkan_async_qsri ANDROID_EMU_read_color_buffer_dma GL_OES_EGL_image_external_essl3 GL_OES_vertex_array_object GL_KHR_texture_compression_astc_ldr ANDROID_EMU_host_side_tracing ANDROID_EMU_gles_max_version_3_0
06-04 12:07:52.874 478 2384 D EGL_emulation: eglCreateContext: 0x7e5143e84f10: maj 3 min 0 rcv 3
06-04 12:07:52.874 478 2384 D EGL_emulation: eglMakeCurrent: 0x7e5143e84f10: ver 3 0 (tinfo 0x7e50e3eba1e0) (first time)
06-04 12:07:53.472 2055 2075 D UiDevice: Searching for node with selector: BySelector [TEXT='\QGet Started\E'].
06-04 12:07:57.179 2055 2075 I chatty : uid=10131(com.ustadmobile.app_android_baselineprofile) roidJUnitRunner identical 31 lines
06-04 12:07:57.283 2055 2075 D UiDevice: Searching for node with selector: BySelector [TEXT='\QGet Started\E'].
06-04 12:07:57.349 350 350 I perfetto: probes_producer.cc:329 Producer stop (id=16)
06-04 12:07:57.349 361 361 I perfetto: ng_service_impl.cc:1948 Tracing session 16 ended, total sessions:1
06-04 12:07:57.388 2055 2075 D UiDevice: Searching for node with selector: BySelector [TEXT='\QGet Started\E'].
06-04 12:07:57.498 2055 2075 D UiDevice: Searching for node with selector: BySelector [TEXT='\QGet Started\E'].
06-04 12:07:57.501 350 350 I perfetto: probes_producer.cc:329 Producer stop (id=17)
06-04 12:07:57.502 350 350 I perfetto: ftrace_procfs.cc:183 disabled ftrace
06-04 12:07:57.502 361 361 I perfetto: ng_service_impl.cc:1948 Tracing session 17 ended, total sessions:0
06-04 12:07:57.604 2055 2075 D UiDevice: Searching for node with selector: BySelector [TEXT='\QGet Started\E'].
06-04 12:07:58.948 2055 2075 I chatty : uid=10131(com.ustadmobile.app_android_baselineprofile) roidJUnitRunner identical 13 lines
06-04 12:07:59.051 2055 2075 D UiDevice: Searching for node with selector: BySelector [TEXT='\QGet Started\E'].
06-04 12:07:59.065 2149 2169 D UstadCache: CacheTrimmer: Trim cache run: max (evictable) size = 100000000 bytes
06-04 12:07:59.066 2149 2169 V UstadCache: CacheTrimmer: deleting
06-04 12:07:59.153 2055 2075 D UiDevice: Searching for node with selector: BySelector [TEXT='\QGet Started\E'].
06-04 12:07:59.875 2055 2075 I chatty : uid=10131(com.ustadmobile.app_android_baselineprofile) roidJUnitRunner identical 7 lines
06-04 12:07:59.978 2055 2075 D UiDevice: Searching for node with selector: BySelector [TEXT='\QGet Started\E'].
06-04 12:08:00.000 638 638 D KeyguardClockSwitch: Updating clock: 1208
06-04 12:08:00.005 638 638 D KeyguardClockSwitch: Updating clock: 1208
06-04 12:08:00.080 2055 2075 D UiDevice: Searching for node with selector: BySelector [TEXT='\QGet Started\E'].
06-04 12:08:02.755 2055 2075 I chatty : uid=10131(com.ustadmobile.app_android_baselineprofile) roidJUnitRunner identical 21 lines
06-04 12:08:02.857 2055 2075 D UiDevice: Searching for node with selector: BySelector [TEXT='\QGet Started\E'].
06-04 12:08:03.860 2055 2075 D UiDevice: Retrieving node with selector: BySelector [TEXT='\QGet Started\E'].
06-04 12:08:03.863 2055 2075 D UiDevice: Node not found with selector: BySelector [TEXT='\QGet Started\E'].
06-04 12:08:07.650 478 941 D WifiNl80211Manager: Scan result ready event
06-04 12:08:07.650 478 941 D WifiNative: Scan result ready event
06-04 12:08:08.863 2055 2075 D Benchmark: Profile Installer - Save Profile
06-04 12:08:08.871 2149 2149 I Process : Sending signal. PID: 2149 SIG: 10
06-04 12:08:08.871 2149 2149 D ProfileInstaller:
06-04 12:08:08.871 2149 2157 I n.learning_tre: Thread[3,tid=2157,WaitingInMainSignalCatcherLoop,Thread*=0x7e5233e1a010,peer=0x13801978,"Signal Catcher"]: reacting to signal 10
06-04 12:08:08.871 2149 2157 I n.learning_tre:
06-04 12:08:08.871 2149 2157 I n.learning_tre: SIGUSR1 forcing GC (no HPROF) and profile save
06-04 12:08:08.871 3503 3505 I cmd : oneway function results will be dropped but finished with status OK and parcel size 4
06-04 12:08:08.882 2149 2157 I n.learning_tre: Explicit concurrent copying GC freed 129287(4860KB) AllocSpace objects, 5(132KB) LOS objects, 49% free, 6167KB/12MB, paused 11us total 10.879ms
06-04 12:08:09.372 2055 2075 D Benchmark: Killing process com.savethechildren.learning_tree
06-04 12:08:09.372 2055 2075 D UiDevice: Executing shell command: killall com.savethechildren.learning_tree
06-04 12:08:09.400 478 493 I PackageDexOptimizer: Running dexopt (dexoptNeeded=-3) on: /data/app/~~YydvtuG-I1K6uwq-gJBazQ==/com.savethechildren.learning_tree-1CMBwdveIrDtkv3DFsnSwg==/base.apk pkg=com.savethechildren.learning_tree isa=x86_64 dexoptFlags=boot_complete,profile_guided,force,enable_hidden_api_checks targetFilter=speed-profile oatDir=/data/app/~~YydvtuG-I1K6uwq-gJBazQ==/com.savethechildren.learning_tree-1CMBwdveIrDtkv3DFsnSwg==/oat classLoaderContext=PCL[]{PCL[/system_ext/framework/androidx.window.sidecar.jar]}
06-04 12:08:09.401 380 552 V installd: DexInv: --- BEGIN '/data/app/~~YydvtuG-I1K6uwq-gJBazQ==/com.savethechildren.learning_tree-1CMBwdveIrDtkv3DFsnSwg==/base.apk' ---
06-04 12:08:09.407 3517 3517 W dex2oat32: Unexpected CPU variant for X86 using defaults: x86_64
06-04 12:08:09.489 3517 3517 I dex2oat32: /apex/com.android.art/bin/dex2oat32 --input-vdex-fd=9 --output-vdex-fd=10 --updatable-bcp-packages-file=/system/etc/updatable-bcp-packages.txt --resolve-startup-const-strings=true --max-image-block-size=524288 --compiler-filter=speed-profile --profile-file-fd=12 --classpath-dir=/data/app/~~YydvtuG-I1K6uwq-gJBazQ==/com.savethechildren.learning_tree-1CMBwdveIrDtkv3DFsnSwg== --class-loader-context=PCL[]{PCL[/system_ext/framework/androidx.window.sidecar.jar]} --generate-mini-debug-info --compilation-reason=unknown
06-04 12:08:09.489 3517 3517 I dex2oat32: setting boot class path to /apex/com.android.art/javalib/core-oj.jar:/apex/com.android.art/javalib/core-libart.jar:/apex/com.android.art/javalib/core-icu4j.jar:/apex/com.android.art/javalib/okhttp.jar:/apex/com.android.art/javalib/bouncycastle.jar:/apex/com.android.art/javalib/apache-xml.jar:/system/framework/framework.jar:/system/framework/ext.jar:/system/framework/telephony-common.jar:/system/framework/voip-common.jar:/system/framework/ims-common.jar:/system/framework/framework-atb-backward-compatibility.jar
06-04 12:08:13.256 3517 3517 W dex2oat32: Could not reserve sentinel fault page
06-04 12:08:13.294 1168 1844 I Dialer : OmtpVvmCarrierCfgHlpr - OmtpEvent:CONFIG_STATUS_SMS_TIME_OUT
06-04 12:08:13.295 1168 1168 I Dialer : RetryPolicy - Retry limit for com.android.voicemail.impl.ActivationTask@d262e17 reached
06-04 12:08:13.295 1168 1168 I Dialer : RetryPolicy - committing deferred status: configuration_state=4
06-04 12:08:13.309 1305 1879 I VoicemailNotifier: receivers for android.intent.action.PROVIDER_CHANGED :[]
06-04 12:08:13.310 1168 1168 I Dialer : VvmTaskExecutor - no more tasks, stopping service if no task are added in 5000 millis
06-04 12:08:13.881 3517 3517 W dex2oat32: Accessing hidden method Landroid/graphics/Canvas;->drawPatch(Landroid/graphics/NinePatch;Landroid/graphics/Rect;Landroid/graphics/Paint;)V (greylist-max-o, linking, denied)
06-04 12:08:13.881 3517 3517 W dex2oat32: Accessing hidden method Landroid/graphics/Canvas;->drawPatch(Landroid/graphics/NinePatch;Landroid/graphics/RectF;Landroid/graphics/Paint;)V (greylist-max-o, linking, denied)
06-04 12:08:13.885 3517 3517 W dex2oat32: Accessing hidden method Landroid/graphics/Bitmap;->getHardwareBuffer()Landroid/hardware/HardwareBuffer; (blacklist, linking, denied)
06-04 12:08:14.004 3517 3517 W dex2oat32: Accessing hidden method Landroid/app/job/JobParameters;->getStopReason()I (greylist-max-o, linking, denied)
06-04 12:08:15.678 3517 3517 I dex2oat32: Explicit concurrent copying GC freed 277753(40MB) AllocSpace objects, 0(0B) LOS objects, 49% free, 2216KB/4433KB, paused 11us total 6.695ms
06-04 12:08:15.703 3517 3517 W dex2oat32: Accessing hidden field Ljava/nio/file/FileSystemException;->file:Ljava/lang/String; (greylist-max-o, linking, denied)
06-04 12:08:15.703 3517 3517 W dex2oat32: Accessing hidden field Ljava/nio/file/FileSystemException;->other:Ljava/lang/String; (greylist-max-o, linking, denied)
06-04 12:08:15.703 3517 3517 W dex2oat32: Accessing hidden field Ljava/nio/file/InvalidPathException;->index:I (greylist-max-o, linking, denied)
06-04 12:08:15.703 3517 3517 W dex2oat32: Accessing hidden field Ljava/nio/file/InvalidPathException;->input:Ljava/lang/String; (greylist-max-o, linking, denied)
06-04 12:08:15.705 3517 3517 W dex2oat32: Accessing hidden method Landroid/graphics/Bitmap;->getHardwareBuffer()Landroid/hardware/HardwareBuffer; (blacklist, linking, denied)
06-04 12:08:15.705 3517 3517 W dex2oat32: Accessing hidden method Landroid/graphics/Canvas;->drawPatch(Landroid/graphics/NinePatch;Landroid/graphics/Rect;Landroid/graphics/Paint;)V (greylist-max-o, linking, denied)
06-04 12:08:15.705 3517 3517 W dex2oat32: Accessing hidden method Landroid/graphics/Canvas;->drawPatch(Landroid/graphics/NinePatch;Landroid/graphics/RectF;Landroid/graphics/Paint;)V (greylist-max-o, linking, denied)
06-04 12:08:15.715 3517 3517 W dex2oat32: Accessing hidden method Landroid/app/job/JobParameters;->getStopReason()I (greylist-max-o, linking, denied)
06-04 12:08:16.626 3517 3517 I dex2oat32: dex2oat took 7.219s (8.865s cpu) (threads: 2) arena alloc=4165KB (4265408B) java alloc=2232KB (2286104B) native alloc=81MB (85883200B) free=82MB (86011808B)
06-04 12:08:16.643 380 552 V installd: DexInv: --- END '/data/app/~~YydvtuG-I1K6uwq-gJBazQ==/com.savethechildren.learning_tree-1CMBwdveIrDtkv3DFsnSwg==/base.apk' (success) ---
06-04 12:08:16.648 3513 3515 I cmd : oneway function results will be dropped but finished with status OK and parcel size 4
06-04 12:08:16.657 2055 2075 D Benchmark: Reference profile location: /data/misc/profiles/ref/com.savethechildren.learning_tree/primary.prof
06-04 12:08:16.688 2055 2075 D Benchmark: APK Path: /data/app/~~YydvtuG-I1K6uwq-gJBazQ==/com.savethechildren.learning_tree-1CMBwdveIrDtkv3DFsnSwg==/base.apk
06-04 12:08:16.688 2055 2075 D Benchmark: Converting to human readable profile format
06-04 12:08:16.688 2055 2075 D Benchmark: Using profile location: /data/misc/profiles/ref/com.savethechildren.learning_tree/primary.prof
06-04 12:08:16.955 3545 3545 W profman : profman took 257.561ms
06-04 12:08:16.973 2055 2075 D Benchmark: Using profile location: /data/misc/profiles/cur/0/com.savethechildren.learning_tree/primary.prof
06-04 12:08:17.223 3556 3556 W profman : profman took 240.834ms
06-04 12:08:18.103 2055 2075 D Benchmark: Unstable profiles during iteration 11
06-04 12:08:18.103 2055 2075 D Benchmark: Killing package com.savethechildren.learning_tree
06-04 12:08:18.103 2055 2075 D Benchmark: Killing process com.savethechildren.learning_tree
06-04 12:08:18.103 2055 2075 D UiDevice: Executing shell command: killall com.savethechildren.learning_tree
06-04 12:08:18.110 2055 2075 D Benchmark: Compile iteration (12) for com.savethechildren.learning_tree
06-04 12:08:18.110 2055 2075 D UiDevice: Pressing home button.
06-04 12:08:18.124 638 638 V ShadeControllerImpl: NotificationShadeWindow: com.android.systemui.statusbar.phone.NotificationShadeWindowView{90561f7 I.E...... ......ID 0,0-1080,1920} canPanelBeCollapsed(): false
06-04 12:08:18.124 478 498 D EventSequenceValidator: inc AccIntentStartedEvents to 2
06-04 12:08:18.125 478 496 W InputReader: Device virtio_input_multi_touch_10 is associated with display ADISPLAY_ID_NONE.
06-04 12:08:18.125 478 496 W InputReader: Device virtio_input_multi_touch_7 is associated with display ADISPLAY_ID_NONE.
06-04 12:08:18.125 478 496 W InputReader: Device virtio_input_multi_touch_11 is associated with display ADISPLAY_ID_NONE.
06-04 12:08:18.125 478 496 W InputReader: Device virtio_input_multi_touch_5 is associated with display ADISPLAY_ID_NONE.
06-04 12:08:18.125 478 496 W InputReader: Device virtio_input_multi_touch_2 is associated with display ADISPLAY_ID_NONE.
06-04 12:08:18.125 478 496 W InputReader: Device virtio_input_multi_touch_6 is associated with display ADISPLAY_ID_NONE.
06-04 12:08:18.125 478 496 W InputReader: Device virtio_input_multi_touch_8 is associated with display ADISPLAY_ID_NONE.
06-04 12:08:18.125 478 496 W InputReader: Device virtio_input_multi_touch_9 is associated with display ADISPLAY_ID_NONE.
06-04 12:08:18.125 478 496 W InputReader: Device virtio_input_multi_touch_3 is associated with display ADISPLAY_ID_NONE.
06-04 12:08:18.125 478 496 W InputReader: Device virtio_input_multi_touch_4 is associated with display ADISPLAY_ID_NONE.
06-04 12:08:18.125 478 496 W InputReader: Device virtio_input_multi_touch_10 is associated with display ADISPLAY_ID_NONE.
06-04 12:08:18.125 478 496 W InputReader: Device virtio_input_multi_touch_7 is associated with display ADISPLAY_ID_NONE.
06-04 12:08:18.125 478 496 W InputReader: Device virtio_input_multi_touch_11 is associated with display ADISPLAY_ID_NONE.
06-04 12:08:18.125 478 496 W InputReader: Device virtio_input_multi_touch_5 is associated with display ADISPLAY_ID_NONE.
06-04 12:08:18.125 478 496 W InputReader: Device virtio_input_multi_touch_2 is associated with display ADISPLAY_ID_NONE.
06-04 12:08:18.125 478 496 W InputReader: Device virtio_input_multi_touch_6 is associated with display ADISPLAY_ID_NONE.
06-04 12:08:18.125 478 496 W InputReader: Device virtio_input_multi_touch_8 is associated with display ADISPLAY_ID_NONE.
06-04 12:08:18.125 478 496 W InputReader: Device virtio_input_multi_touch_9 is associated with display ADISPLAY_ID_NONE.
06-04 12:08:18.125 478 496 W InputReader: Device virtio_input_multi_touch_3 is associated with display ADISPLAY_ID_NONE.
06-04 12:08:18.125 478 496 W InputReader: Device virtio_input_multi_touch_4 is associated with display ADISPLAY_ID_NONE.
06-04 12:08:18.126 361 361 I perfetto: ing_service_impl.cc:758 Configured tracing session 18, #sources:1, duration:5000 ms, #buffers:1, total buffer size:4096 KB, total sessions:1, uid:1071 session name: ""
06-04 12:08:18.126 350 350 I perfetto: probes_producer.cc:230 Ftrace setup (target_buf=18)
06-04 12:08:18.140 350 350 I perfetto: ftrace_procfs.cc:176 enabled ftrace
06-04 12:08:18.142 987 987 D TaplTarget: Launcher.onNewIntent: Intent { act=android.intent.action.MAIN cat=[android.intent.category.HOME] flg=0x10400100 cmp=com.android.launcher3/.uioverrides.QuickstepLauncher (has extras) }
06-04 12:08:18.142 638 638 V ShadeControllerImpl: NotificationShadeWindow: com.android.systemui.statusbar.phone.NotificationShadeWindowView{90561f7 I.E...... ......ID 0,0-1080,1920} canPanelBeCollapsed(): false
06-04 12:08:18.157 273 1473 D goldfish-address-space: claimShared: Ask to claim region [0x3f4000000 0x3f47e9000]
06-04 12:08:18.158 273 1473 D goldfish-address-space: claimShared: Ask to claim region [0x3f4fd2000 0x3f57bb000]
06-04 12:08:18.161 273 1473 D goldfish-address-space: claimShared: Ask to claim region [0x3f5fa4000 0x3f678d000]
06-04 12:08:18.165 273 1473 D goldfish-address-space: claimShared: Ask to claim region [0x3f678d000 0x3f6f76000]
06-04 12:08:18.168 478 498 D EventSequenceValidator: dec AccIntentStartedEvents to 1
06-04 12:08:18.179 478 504 D ArtManagerInternalImpl: /data/misc/iorapd/com.android.launcher3/30/com.android.launcher3.uioverrides.QuickstepLauncher/compiled_traces/compiled_trace.pb doesn't exist
06-04 12:08:18.252 2055 2075 I System.out: 0 Flags,IntendedVsync,Vsync,OldestInputEvent,NewestInputEvent,HandleInputStart,AnimationStart,PerformTraversalsStart,DrawStart,SyncQueued,SyncStart,IssueDrawCommandsStart,SwapBuffers,FrameCompleted,DequeueBufferDuration,QueueBufferDuration,GpuCompleted,
06-04 12:08:18.252 2055 2075 I System.out: 1 1,331773254421,331773254421,9223372036854775807,0,331773724266,331773724576,331773724737,331821209481,331821579767,331821775324,331821790202,331822582442,331825483477,93926,1936972,331825281968,
06-04 12:08:18.252 2055 2075 I System.out: 2 0,331789921027,331823254359,9223372036854775807,0,331829544422,331829544803,331841545798,331841572849,331842035559,331842089891,331842115990,331844448236,331849564295,40566,4113815,331849390749,
06-04 12:08:18.252 2055 2075 I System.out: 3 0,331839920777,331839920777,9223372036854775807,0,331851124278,331851124749,331876134153,331876166103,331881391178,331885677207,331885729846,331887451814,331888443348,25047,89248,331888394005,
06-04 12:08:18.252 2055 2075 I System.out: 4 0,331856587483,331889920815,9223372036854775807,0,331901598443,331901599445,331906306115,331906346691,331909854116,331909902687,331909936511,331911973411,331917395105,28403,983399,331920559565,
06-04 12:08:18.252 2055 2075 I System.out: 5 0,331906587400,331906587400,9223372036854775807,0,331916807300,331916807911,331917432946,331917465898,331918316267,331918378714,331918428007,331919921134,331933877636,13192515,152647,331924068833,
06-04 12:08:18.252 2055 2075 I System.out: 6 0,331923254047,331923254047,9223372036854775807,0,331924173540,331924173821,331927398444,331927437377,331934155990,331934219229,331934250678,331935413424,331950242136,12427978,380695,331937767130,
06-04 12:08:18.252 2055 2075 I System.out: 7 0,331939920629,331939920629,9223372036854775807,0,331940224199,331940224530,331950742927,331950829019,331954023816,331954101032,331954142289,331955480656,331959692295,3191531,74831,331956455268,
06-04 12:08:18.252 2055 2075 I System.out: 8 0,331956587317,331956587317,9223372036854775807,0,331956723242,331956723603,331959707473,331959745064,331960878665,331960931084,331960968965,331961902430,331974541986,5553653,241634,331973396522,
06-04 12:08:18.252 2055 2075 I System.out: 9 0,331973254051,331973254051,9223372036854775807,0,331973413173,331973413995,331974902965,331974924395,331976008263,331976069248,331976107710,331976966815,331992879656,11592537,503046,331981251041,
06-04 12:08:18.252 2055 2075 I System.out: 10 0,331989920750,331989920750,9223372036854775807,0,331990082156,331990083408,331992160143,331992182996,331993046219,331993802391,331994056709,331999945141,332015075069,12933248,259318,332002101124,
06-04 12:08:18.252 2055 2075 I System.out: 11 0,332006587262,332006587262,9223372036854775807,0,332006762900,332006763842,332013774493,332013841049,332015027720,332015562956,332015924296,332017488306,332032674761,12362495,157406,332020279825,
06-04 12:08:18.252 2055 2075 I System.out: 12 0,332023253870,332023253870,9223372036854775807,0,332023455466,332023456648,332031631559,332031668759,332032634175,332033000022,332033260913,332033738421,332044412160,6754040,76364,332040253020,
06-04 12:08:18.252 2055 2075 I System.out: 13 0,332039920457,332039920457,9223372036854775807,0,332040255164,332040256677,332043337580,332043367225,332044358730,332044465791,332044685705,332045368468,332061905472,10985024,210306,332056736934,
06-04 12:08:18.252 2055 2075 I System.out: 14 0,332056587086,332056587086,9223372036854775807,0,332056839737,332056840098,332060465304,332060505470,332061846702,332061956368,332061995111,332062584449,332076637192,8558121,765359,332073386059,
06-04 12:08:18.252 2055 2075 I System.out: 15 0,332073253780,332073253780,9223372036854775807,0,332073482751,332073483001,332077236248,332077264722,332078269581,332078306180,332078337359,332078776765,332091033080,9541080,491745,332081454039,
06-04 12:08:18.252 2055 2075 I System.out: 16 0,332089920396,332089920396,9223372036854775807,0,332097343285,332097344086,332097766130,332097797519,332098549964,332098598966,332098625566,332099056646,332109425993,8260672,196239,332106712571,
06-04 12:08:18.252 2055 2075 I System.out: 17 0,332106587019,332106587019,9223372036854775807,0,332112735686,332112736468,332113460830,332113549366,332114942536,332115022256,332115053364,332115482952,332127596699,9139134,984231,332123386092,
06-04 12:08:18.252 2055 2075 I System.out: 18 0,332123253581,332123253581,9223372036854775807,0,332127414186,332127414476,332128162733,332128202518,332129161922,332129211776,332129250709,332129828706,332141247987,8536241,444676,332140051938,
06-04 12:08:18.252 2055 2075 I System.out: 19 0,332139920283,332139920283,9223372036854775807,0,332140176773,332140177003,332141790697,332141825553,332142827998,332143252606,332143293473,332143752306,332157680725,11760343,149772,332145868595,
06-04 12:08:18.252 2055 2075 I System.out: 20 0,332156586837,332156586837,9223372036854775807,0,332156924954,332156926006,332157862116,332157896020,332159138706,332159207345,332159259153,332159756157,332176022392,13340604,505500,332173401785,
06-04 12:08:18.252 2055 2075 I System.out: 21 0,332173253424,332173253424,9223372036854775807,0,332173575241,332173576343,332174214513,332174250741,332175585561,332176074270,332176114585,332176526560,332194149746,15573392,90289,332190053985,
06-04 12:08:18.252 2055 2075 I System.out: 22 0,332189920150,332189920150,9223372036854775807,0,332190069945,332190070777,332193353329,332193394186,332194286513,332194327210,332194355223,332194750336,332207769164,10248369,704083,332197475860,
06-04 12:08:18.252 2055 2075 I System.out: 23 0,332206586869,332206586869,9223372036854775807,0,332206740630,332206741432,332208055302,332208091019,332208985491,332209048430,332209089387,332209668706,332226033206,14285580,122621,332223410584,
06-04 12:08:18.252 2055 2075 I System.out: 24 0,332223253520,332223253520,9223372036854775807,0,332223427186,332223428067,332227319043,332227352296,332228149254,332228202234,332228237891,332228790550,332241376244,11567570,116710,332229767557,
06-04 12:08:18.252 2055 2075 I System.out: 25 0,332239919889,332239919889,9223372036854775807,0,332240064458,332240065550,332242376886,332242412643,332243248094,332243314639,332243352140,332243938502,332259609708,13884607,951779,332245685377,
06-04 12:08:18.252 2055 2075 I System.out: 26 0,332256586394,332256586394,9223372036854775807,0,332256764949,332256765871,332260028405,332260063471,332260837777,332260886850,332260916355,332261513327,332275854733,12636851,929537,332273382364,
06-04 12:08:18.252 2055 2075 I System.out: 27 0,332273253181,332273253181,9223372036854775807,0,332273388806,332273389668,332274711514,332274751328,332275918773,332275990288,332276020906,332276600095,332292776621,14490616,913819,332278252431,
06-04 12:08:18.253 2055 2075 I System.out: 28 0,332289919935,332289919935,9223372036854775807,0,332290073458,332290074209,332292919820,332292954555,332293839199,332293893080,332293922064,332294509058,332309392172,13835234,314090,332295522383,
06-04 12:08:18.253 2055 2075 I System.out: 29 0,332306586699,332306586699,9223372036854775807,0,332306869719,332306870601,332307331888,332307367155,332308390088,332309456533,332309485969,332310037225,332325935929,14911107,258206,332323371357,
06-04 12:08:18.253 2055 2075 I System.out: 30 0,332323253449,332323253449,9223372036854775807,0,332323500660,332323501301,332323861839,332323896665,332324847052,332325991804,332326025307,332326623261,332342771434,15343369,99818,332327397036,
06-04 12:08:18.253 2055 2075 I System.out: 31 0,332339920233,332339920233,9223372036854775807,0,332340030140,332340030861,332342762407,332342812161,332343674632,332343729305,332343757328,332344339683,332359408025,14196143,115828,332356713459,
06-04 12:08:18.253 2055 2075 I System.out: 32 0,332356586947,332356586947,9223372036854775807,0,332356737374,332356738366,332359645141,332359678915,332359732315,332359791396,332359820932,332360893949,332374289055,11801420,910371,332373430271,
06-04 12:08:18.253 2055 2075 I System.out: 33 0,332373253640,332373253640,9223372036854775807,0,332373429950,332373430601,332374537322,332374565425,332375489823,332375548574,332375768988,332376434139,332392820249,14525943,879283,332378260232,
06-04 12:08:18.253 2055 2075 I System.out: 34 0,332389920311,332389920311,9223372036854775807,0,332390122517,332390123599,332392482674,332392520816,332393610565,332393671920,332393702508,332394265436,332409202732,13645577,532591,0,
06-04 12:08:18.253 2055 2075 I System.out: 35 0,332406587040,332406587040,9223372036854775807,0,332406695678,332406696760,332409937284,332409975876,332410381709,332410429659,332410457361,332410997848,332425841748,13240456,914720,0,
06-04 12:08:18.253 2055 2075 I System.out: 36 0,332606586755,332606586755,9223372036854775807,0,332606692385,332606692866,332606693006,332606989834,332607051159,332607123305,332607326327,332608010623,332609095263,67837,186721,0,
06-04 12:08:18.253 2055 2075 D Benchmark: Starting activity with command: am start -W "intent:#Intent;action=android.intent.action.MAIN;category=android.intent.category.LAUNCHER;launchFlags=0x10008000;package=com.savethechildren.learning_tree;component=com.savethechildren.learning_tree/com.ustadmobile.port.android.view.AppActivity;end"
06-04 12:08:18.275 478 498 D EventSequenceValidator: inc AccIntentStartedEvents to 2
06-04 12:08:18.281 478 493 W InputReader: Device virtio_input_multi_touch_10 is associated with display ADISPLAY_ID_NONE.
06-04 12:08:18.281 478 493 W InputReader: Device virtio_input_multi_touch_7 is associated with display ADISPLAY_ID_NONE.
06-04 12:08:18.281 478 493 W InputReader: Device virtio_input_multi_touch_11 is associated with display ADISPLAY_ID_NONE.
06-04 12:08:18.281 478 493 W InputReader: Device virtio_input_multi_touch_5 is associated with display ADISPLAY_ID_NONE.
06-04 12:08:18.281 478 493 W InputReader: Device virtio_input_multi_touch_2 is associated with display ADISPLAY_ID_NONE.
06-04 12:08:18.281 478 493 W InputReader: Device virtio_input_multi_touch_6 is associated with display ADISPLAY_ID_NONE.
06-04 12:08:18.281 478 493 W InputReader: Device virtio_input_multi_touch_8 is associated with display ADISPLAY_ID_NONE.
06-04 12:08:18.281 478 493 W InputReader: Device virtio_input_multi_touch_9 is associated with display ADISPLAY_ID_NONE.
06-04 12:08:18.281 478 493 W InputReader: Device virtio_input_multi_touch_3 is associated with display ADISPLAY_ID_NONE.
06-04 12:08:18.281 478 493 W InputReader: Device virtio_input_multi_touch_4 is associated with display ADISPLAY_ID_NONE.
06-04 12:08:18.281 478 493 W InputReader: Device virtio_input_multi_touch_10 is associated with display ADISPLAY_ID_NONE.
06-04 12:08:18.281 478 493 W InputReader: Device virtio_input_multi_touch_7 is associated with display ADISPLAY_ID_NONE.
06-04 12:08:18.281 478 493 W InputReader: Device virtio_input_multi_touch_11 is associated with display ADISPLAY_ID_NONE.
06-04 12:08:18.281 478 493 W InputReader: Device virtio_input_multi_touch_5 is associated with display ADISPLAY_ID_NONE.
06-04 12:08:18.281 478 493 W InputReader: Device virtio_input_multi_touch_2 is associated with display ADISPLAY_ID_NONE.
06-04 12:08:18.281 478 493 W InputReader: Device virtio_input_multi_touch_6 is associated with display ADISPLAY_ID_NONE.
06-04 12:08:18.281 478 493 W InputReader: Device virtio_input_multi_touch_8 is associated with display ADISPLAY_ID_NONE.
06-04 12:08:18.281 478 493 W InputReader: Device virtio_input_multi_touch_9 is associated with display ADISPLAY_ID_NONE.
06-04 12:08:18.281 478 493 W InputReader: Device virtio_input_multi_touch_3 is associated with display ADISPLAY_ID_NONE.
06-04 12:08:18.281 478 493 W InputReader: Device virtio_input_multi_touch_4 is associated with display ADISPLAY_ID_NONE.
06-04 12:08:18.282 361 361 I perfetto: ing_service_impl.cc:758 Configured tracing session 19, #sources:1, duration:5000 ms, #buffers:1, total buffer size:4096 KB, total sessions:2, uid:1071 session name: ""
06-04 12:08:18.282 350 350 I perfetto: probes_producer.cc:230 Ftrace setup (target_buf=19)
06-04 12:08:18.283 478 498 D EventSequenceValidator: dec AccIntentStartedEvents to 1
06-04 12:08:18.286 2149 2149 W CustomTabsClient: Unable to find any Custom Tabs packages, you may need to add a element to your manifest. See the docs for CustomTabsClient#getPackageName.
06-04 12:08:18.286 2149 2149 W AppActivity$bindCustomTabsService: CustomTabs: Service NOT supported
06-04 12:08:18.293 273 1473 D goldfish-address-space: claimShared: Ask to claim region [0x3f6f76000 0x3f775f000]
06-04 12:08:18.318 478 572 D UntrustedWifiNetworkFactory: got request NetworkRequest [ TRACK_DEFAULT id=31, [ Capabilities: INTERNET&NOT_RESTRICTED&TRUSTED Uid: 10130 AdministratorUids: [] RequestorUid: 10130 RequestorPackageName: com.savethechildren.learning_tree] ] with score 60 and providerId 3
06-04 12:08:18.318 478 572 D WifiNetworkFactory: got request NetworkRequest [ TRACK_DEFAULT id=31, [ Capabilities: INTERNET&NOT_RESTRICTED&TRUSTED Uid: 10130 AdministratorUids: [] RequestorUid: 10130 RequestorPackageName: com.savethechildren.learning_tree] ] with score 60 and providerId 3
06-04 12:08:18.319 842 842 D PhoneSwitcherNetworkRequstListener: got request NetworkRequest [ TRACK_DEFAULT id=31, [ Capabilities: INTERNET&NOT_RESTRICTED&TRUSTED Uid: 10130 AdministratorUids: [] RequestorUid: 10130 RequestorPackageName: com.savethechildren.learning_tree] ] with score 60 and providerId 3
06-04 12:08:18.321 842 842 D Telephony: isEmergencyPreferredAccount: subId=1, activeData=1
06-04 12:08:18.321 842 842 D Telephony: isEmergencyPreferredAccount: Device does not require preference.
06-04 12:08:18.333 638 638 V KeyguardUpdateMonitor: onSubscriptionInfoChanged()
06-04 12:08:18.334 638 638 V KeyguardUpdateMonitor: SubInfo:{id=1 iccId=89014103211118510720 simSlotIndex=0 carrierId=1 displayName=T-Mobile carrierName=T-Mobile nameSource=3 iconTint=-16746133 number=+15555215554 dataRoaming=0 iconBitmap=android.graphics.Bitmap@3553481 mcc=310 mnc=260 countryIso=us isEmbedded=false nativeAccessRules=null cardString=89014103211118510720 cardId=-1 isOpportunistic=false groupUUID=null isGroupDisabled=false profileClass=-1 ehplmns=null hplmns=null subscriptionType=0 groupOwner=null carrierConfigAccessRules=null areUiccApplicationsEnabled=true}
06-04 12:08:18.336 273 1473 D goldfish-address-space: claimShared: Ask to claim region [0x3f775f000 0x3f7f48000]
06-04 12:08:18.337 295 295 E Layer : [Surface(name=Task=1)/@0x31e6f4f - animation-leash#0] No local sync point found
06-04 12:08:18.337 295 295 E Layer : [Surface(name=Task=6)/@0xe583fb0 - animation-leash#0] No local sync point found
06-04 12:08:18.337 273 1473 D goldfish-address-space: claimShared: Ask to claim region [0x3f90e9000 0x3f98d2000]
06-04 12:08:18.344 273 1473 D goldfish-address-space: claimShared: Ask to claim region [0x3fb08d000 0x3fb876000]
06-04 12:08:18.347 478 504 I ActivityTaskManager: Displayed com.savethechildren.learning_tree/com.ustadmobile.port.android.view.AppActivity: +72ms
06-04 12:08:18.348 3592 3595 I cmd : oneway function results will be dropped but finished with status OK and parcel size 4
06-04 12:08:18.350 1168 1168 I Dialer : VvmTaskExecutor - Stopping service
06-04 12:08:18.350 1168 1168 I Dialer : VvmTaskExecutor - finishing Job
06-04 12:08:18.350 1168 1168 I Dialer : TaskSchedulerJobService - finishing job
06-04 12:08:18.353 295 295 E Layer : [Surface(name=Task=1)/@0x31e6f4f - animation-leash#0] No local sync point found
06-04 12:08:18.353 295 295 E Layer : [Surface(name=Task=6)/@0xe583fb0 - animation-leash#0] No local sync point found
06-04 12:08:18.359 2149 2149 D UstadViewModelFunKt$ustadViewModel$viewModel$invoke: ustadViewModel(): create viewmodel for: com.ustadmobile.core.viewmodel.redirect.RedirectViewModel
06-04 12:08:18.362 1168 1168 I Dialer : JobFinishedPoller.run - Job finished
06-04 12:08:18.362 1168 1168 I Dialer : VvmTaskExecutor - terminated
06-04 12:08:18.369 2149 2149 D UstadNavControllerPreCompose$onCollectNavCommand: NavCommandEffect: Navigate: Go to AddAccountSelectNewOrExisting
06-04 12:08:18.370 295 295 E Layer : [Surface(name=Task=1)/@0x31e6f4f - animation-leash#0] No local sync point found
06-04 12:08:18.370 295 295 E Layer : [Surface(name=Task=6)/@0xe583fb0 - animation-leash#0] No local sync point found
06-04 12:08:18.384 2149 2149 D UstadViewModelFunKt$ustadViewModel$viewModel$invoke: ustadViewModel(): create viewmodel for: com.ustadmobile.core.viewmodel.account.addaccountselectneworexisting.AddAccountSelectNewOrExistingViewModel
06-04 12:08:18.385 2149 2149 W GooglePlayServicesUtil: com.savethechildren.learning_tree requires the Google Play Store, but it is missing.
06-04 12:08:18.385 2149 2149 W PlayServicesImpl: Connection with Google Play Services was not successful. Connection result is: ConnectionResult{statusCode=SERVICE_INVALID, resolution=null, message=null}
06-04 12:08:18.385 2149 2149 E AddAccountSelectNewOrExistingViewModel$getCredentials$invokeSuspend: Error occurred: Failed to get credential: getCredentialAsync no provider dependencies found - please ensure the desired provider dependencies are added
06-04 12:08:18.387 295 295 E Layer : [Surface(name=Task=1)/@0x31e6f4f - animation-leash#0] No local sync point found
06-04 12:08:18.387 295 295 E Layer : [Surface(name=Task=6)/@0xe583fb0 - animation-leash#0] No local sync point found
06-04 12:08:18.403 295 295 E Layer : [Surface(name=Task=1)/@0x31e6f4f - animation-leash#0] No local sync point found
06-04 12:08:18.403 295 295 E Layer : [Surface(name=Task=6)/@0xe583fb0 - animation-leash#0] No local sync point found
06-04 12:08:18.419 2055 2075 D Benchmark: Result: Starting: Intent { act=android.intent.action.MAIN cat=[android.intent.category.LAUNCHER] flg=0x10008000 pkg=com.savethechildren.learning_tree cmp=com.savethechildren.learning_tree/com.ustadmobile.port.android.view.AppActivity }
06-04 12:08:18.419 2055 2075 D Benchmark: Status: ok
06-04 12:08:18.419 2055 2075 D Benchmark: LaunchState: WARM
06-04 12:08:18.419 2055 2075 D Benchmark: Activity: com.savethechildren.learning_tree/com.ustadmobile.port.android.view.AppActivity
06-04 12:08:18.419 2055 2075 D Benchmark: TotalTime: 72
06-04 12:08:18.419 2055 2075 D Benchmark: WaitTime: 73
06-04 12:08:18.419 2055 2075 D Benchmark: Complete
06-04 12:08:18.420 295 295 E Layer : [Surface(name=Task=1)/@0x31e6f4f - animation-leash#0] No local sync point found
06-04 12:08:18.420 295 295 E Layer : [Surface(name=Task=6)/@0xe583fb0 - animation-leash#0] No local sync point found
06-04 12:08:18.437 295 295 E Layer : [Surface(name=Task=1)/@0x31e6f4f - animation-leash#0] No local sync point found
06-04 12:08:18.437 295 295 E Layer : [Surface(name=Task=6)/@0xe583fb0 - animation-leash#0] No local sync point found
06-04 12:08:18.582 2055 2075 I System.out: 0 Flags,IntendedVsync,Vsync,OldestInputEvent,NewestInputEvent,HandleInputStart,AnimationStart,PerformTraversalsStart,DrawStart,SyncQueued,SyncStart,IssueDrawCommandsStart,SwapBuffers,FrameCompleted,DequeueBufferDuration,QueueBufferDuration,GpuCompleted,
06-04 12:08:18.582 2055 2075 I System.out: 1 1,331773254421,331773254421,9223372036854775807,0,331773724266,331773724576,331773724737,331821209481,331821579767,331821775324,331821790202,331822582442,331825483477,93926,1936972,331825281968,
06-04 12:08:18.582 2055 2075 I System.out: 2 0,331789921027,331823254359,9223372036854775807,0,331829544422,331829544803,331841545798,331841572849,331842035559,331842089891,331842115990,331844448236,331849564295,40566,4113815,331849390749,
06-04 12:08:18.582 2055 2075 I System.out: 3 0,331839920777,331839920777,9223372036854775807,0,331851124278,331851124749,331876134153,331876166103,331881391178,331885677207,331885729846,331887451814,331888443348,25047,89248,331888394005,
06-04 12:08:18.582 2055 2075 I System.out: 4 0,331856587483,331889920815,9223372036854775807,0,331901598443,331901599445,331906306115,331906346691,331909854116,331909902687,331909936511,331911973411,331917395105,28403,983399,331920559565,
06-04 12:08:18.582 2055 2075 I System.out: 5 0,331906587400,331906587400,9223372036854775807,0,331916807300,331916807911,331917432946,331917465898,331918316267,331918378714,331918428007,331919921134,331933877636,13192515,152647,331924068833,
06-04 12:08:18.582 2055 2075 I System.out: 6 0,331923254047,331923254047,9223372036854775807,0,331924173540,331924173821,331927398444,331927437377,331934155990,331934219229,331934250678,331935413424,331950242136,12427978,380695,331937767130,
06-04 12:08:18.582 2055 2075 I System.out: 7 0,331939920629,331939920629,9223372036854775807,0,331940224199,331940224530,331950742927,331950829019,331954023816,331954101032,331954142289,331955480656,331959692295,3191531,74831,331956455268,
06-04 12:08:18.582 2055 2075 I System.out: 8 0,331956587317,331956587317,9223372036854775807,0,331956723242,331956723603,331959707473,331959745064,331960878665,331960931084,331960968965,331961902430,331974541986,5553653,241634,331973396522,
06-04 12:08:18.582 2055 2075 I System.out: 9 0,331973254051,331973254051,9223372036854775807,0,331973413173,331973413995,331974902965,331974924395,331976008263,331976069248,331976107710,331976966815,331992879656,11592537,503046,331981251041,
06-04 12:08:18.582 2055 2075 I System.out: 10 0,331989920750,331989920750,9223372036854775807,0,331990082156,331990083408,331992160143,331992182996,331993046219,331993802391,331994056709,331999945141,332015075069,12933248,259318,332002101124,
06-04 12:08:18.582 2055 2075 I System.out: 11 0,332006587262,332006587262,9223372036854775807,0,332006762900,332006763842,332013774493,332013841049,332015027720,332015562956,332015924296,332017488306,332032674761,12362495,157406,332020279825,
06-04 12:08:18.582 2055 2075 I System.out: 12 0,332023253870,332023253870,9223372036854775807,0,332023455466,332023456648,332031631559,332031668759,332032634175,332033000022,332033260913,332033738421,332044412160,6754040,76364,332040253020,
06-04 12:08:18.582 2055 2075 I System.out: 13 0,332039920457,332039920457,9223372036854775807,0,332040255164,332040256677,332043337580,332043367225,332044358730,332044465791,332044685705,332045368468,332061905472,10985024,210306,332056736934,
06-04 12:08:18.582 2055 2075 I System.out: 14 0,332056587086,332056587086,9223372036854775807,0,332056839737,332056840098,332060465304,332060505470,332061846702,332061956368,332061995111,332062584449,332076637192,8558121,765359,332073386059,
06-04 12:08:18.582 2055 2075 I System.out: 15 0,332073253780,332073253780,9223372036854775807,0,332073482751,332073483001,332077236248,332077264722,332078269581,332078306180,332078337359,332078776765,332091033080,9541080,491745,332081454039,
06-04 12:08:18.582 2055 2075 I System.out: 16 0,332089920396,332089920396,9223372036854775807,0,332097343285,332097344086,332097766130,332097797519,332098549964,332098598966,332098625566,332099056646,332109425993,8260672,196239,332106712571,
06-04 12:08:18.582 2055 2075 I System.out: 17 0,332106587019,332106587019,9223372036854775807,0,332112735686,332112736468,332113460830,332113549366,332114942536,332115022256,332115053364,332115482952,332127596699,9139134,984231,332123386092,
06-04 12:08:18.582 2055 2075 I System.out: 18 0,332123253581,332123253581,9223372036854775807,0,332127414186,332127414476,332128162733,332128202518,332129161922,332129211776,332129250709,332129828706,332141247987,8536241,444676,332140051938,
06-04 12:08:18.582 2055 2075 I System.out: 19 0,332139920283,332139920283,9223372036854775807,0,332140176773,332140177003,332141790697,332141825553,332142827998,332143252606,332143293473,332143752306,332157680725,11760343,149772,332145868595,
06-04 12:08:18.582 2055 2075 I System.out: 20 0,332156586837,332156586837,9223372036854775807,0,332156924954,332156926006,332157862116,332157896020,332159138706,332159207345,332159259153,332159756157,332176022392,13340604,505500,332173401785,
06-04 12:08:18.582 2055 2075 I System.out: 21 0,332173253424,332173253424,9223372036854775807,0,332173575241,332173576343,332174214513,332174250741,332175585561,332176074270,332176114585,332176526560,332194149746,15573392,90289,332190053985,
06-04 12:08:18.582 2055 2075 I System.out: 22 0,332189920150,332189920150,9223372036854775807,0,332190069945,332190070777,332193353329,332193394186,332194286513,332194327210,332194355223,332194750336,332207769164,10248369,704083,332197475860,
06-04 12:08:18.582 2055 2075 I System.out: 23 0,332206586869,332206586869,9223372036854775807,0,332206740630,332206741432,332208055302,332208091019,332208985491,332209048430,332209089387,332209668706,332226033206,14285580,122621,332223410584,
06-04 12:08:18.582 2055 2075 I System.out: 24 0,332223253520,332223253520,9223372036854775807,0,332223427186,332223428067,332227319043,332227352296,332228149254,332228202234,332228237891,332228790550,332241376244,11567570,116710,332229767557,
06-04 12:08:18.582 2055 2075 I System.out: 25 0,332239919889,332239919889,9223372036854775807,0,332240064458,332240065550,332242376886,332242412643,332243248094,332243314639,332243352140,332243938502,332259609708,13884607,951779,332245685377,
06-04 12:08:18.582 2055 2075 I System.out: 26 0,332256586394,332256586394,9223372036854775807,0,332256764949,332256765871,332260028405,332260063471,332260837777,332260886850,332260916355,332261513327,332275854733,12636851,929537,332273382364,
06-04 12:08:18.582 2055 2075 I System.out: 27 0,332273253181,332273253181,9223372036854775807,0,332273388806,332273389668,332274711514,332274751328,332275918773,332275990288,332276020906,332276600095,332292776621,14490616,913819,332278252431,
06-04 12:08:18.582 2055 2075 I System.out: 28 0,332289919935,332289919935,9223372036854775807,0,332290073458,332290074209,332292919820,332292954555,332293839199,332293893080,332293922064,332294509058,332309392172,13835234,314090,332295522383,
06-04 12:08:18.582 2055 2075 I System.out: 29 0,332306586699,332306586699,9223372036854775807,0,332306869719,332306870601,332307331888,332307367155,332308390088,332309456533,332309485969,332310037225,332325935929,14911107,258206,332323371357,
06-04 12:08:18.582 2055 2075 I System.out: 30 0,332323253449,332323253449,9223372036854775807,0,332323500660,332323501301,332323861839,332323896665,332324847052,332325991804,332326025307,332326623261,332342771434,15343369,99818,332327397036,
06-04 12:08:18.582 2055 2075 I System.out: 31 0,332339920233,332339920233,9223372036854775807,0,332340030140,332340030861,332342762407,332342812161,332343674632,332343729305,332343757328,332344339683,332359408025,14196143,115828,332356713459,
06-04 12:08:18.582 2055 2075 I System.out: 32 0,332356586947,332356586947,9223372036854775807,0,332356737374,332356738366,332359645141,332359678915,332359732315,332359791396,332359820932,332360893949,332374289055,11801420,910371,332373430271,
06-04 12:08:18.582 2055 2075 I System.out: 33 0,332373253640,332373253640,9223372036854775807,0,332373429950,332373430601,332374537322,332374565425,332375489823,332375548574,332375768988,332376434139,332392820249,14525943,879283,332378260232,
06-04 12:08:18.582 2055 2075 I System.out: 34 0,332389920311,332389920311,9223372036854775807,0,332390122517,332390123599,332392482674,332392520816,332393610565,332393671920,332393702508,332394265436,332409202732,13645577,532591,0,
06-04 12:08:18.582 2055 2075 I System.out: 35 0,332406587040,332406587040,9223372036854775807,0,332406695678,332406696760,332409937284,332409975876,332410381709,332410429659,332410457361,332410997848,332425841748,13240456,914720,0,
06-04 12:08:18.582 2055 2075 I System.out: 36 0,332606586755,332606586755,9223372036854775807,0,332606692385,332606692866,332606693006,332606989834,332607051159,332607123305,332607326327,332608010623,332609095263,67837,186721,0,
