06-04 12:04:47.552 478 498 D EventSequenceValidator: inc AccIntentStartedEvents to 2
06-04 12:04:47.557 478 563 W InputReader: Device virtio_input_multi_touch_10 is associated with display ADISPLAY_ID_NONE.
06-04 12:04:47.557 478 563 W InputReader: Device virtio_input_multi_touch_7 is associated with display ADISPLAY_ID_NONE.
06-04 12:04:47.557 478 563 W InputReader: Device virtio_input_multi_touch_11 is associated with display ADISPLAY_ID_NONE.
06-04 12:04:47.557 478 563 W InputReader: Device virtio_input_multi_touch_5 is associated with display ADISPLAY_ID_NONE.
06-04 12:04:47.557 478 563 W InputReader: Device virtio_input_multi_touch_2 is associated with display ADISPLAY_ID_NONE.
06-04 12:04:47.557 478 563 W InputReader: Device virtio_input_multi_touch_6 is associated with display ADISPLAY_ID_NONE.
06-04 12:04:47.557 478 563 W InputReader: Device virtio_input_multi_touch_8 is associated with display ADISPLAY_ID_NONE.
06-04 12:04:47.557 478 563 W InputReader: Device virtio_input_multi_touch_9 is associated with display ADISPLAY_ID_NONE.
06-04 12:04:47.557 478 563 W InputReader: Device virtio_input_multi_touch_3 is associated with display ADISPLAY_ID_NONE.
06-04 12:04:47.557 478 563 W InputReader: Device virtio_input_multi_touch_4 is associated with display ADISPLAY_ID_NONE.
06-04 12:04:47.557 478 563 W InputReader: Device virtio_input_multi_touch_10 is associated with display ADISPLAY_ID_NONE.
06-04 12:04:47.557 478 563 W InputReader: Device virtio_input_multi_touch_7 is associated with display ADISPLAY_ID_NONE.
06-04 12:04:47.557 478 563 W InputReader: Device virtio_input_multi_touch_11 is associated with display ADISPLAY_ID_NONE.
06-04 12:04:47.557 478 563 W InputReader: Device virtio_input_multi_touch_5 is associated with display ADISPLAY_ID_NONE.
06-04 12:04:47.557 478 563 W InputReader: Device virtio_input_multi_touch_2 is associated with display ADISPLAY_ID_NONE.
06-04 12:04:47.557 478 563 W InputReader: Device virtio_input_multi_touch_6 is associated with display ADISPLAY_ID_NONE.
06-04 12:04:47.557 478 563 W InputReader: Device virtio_input_multi_touch_8 is associated with display ADISPLAY_ID_NONE.
06-04 12:04:47.557 478 563 W InputReader: Device virtio_input_multi_touch_9 is associated with display ADISPLAY_ID_NONE.
06-04 12:04:47.557 478 563 W InputReader: Device virtio_input_multi_touch_3 is associated with display ADISPLAY_ID_NONE.
06-04 12:04:47.557 478 563 W InputReader: Device virtio_input_multi_touch_4 is associated with display ADISPLAY_ID_NONE.
06-04 12:04:47.562 478 498 D EventSequenceValidator: dec AccIntentStartedEvents to 1
06-04 12:04:47.565 2149 2149 W CustomTabsClient: Unable to find any Custom Tabs packages, you may need to add a element to your manifest. See the docs for CustomTabsClient#getPackageName.
06-04 12:04:47.565 2149 2149 W AppActivity$bindCustomTabsService: CustomTabs: Service NOT supported
06-04 12:04:47.572 273 1473 D goldfish-address-space: claimShared: Ask to claim region [0x3fe6d7000 0x3feec0000]
06-04 12:04:47.604 478 572 D UntrustedWifiNetworkFactory: got request NetworkRequest [ TRACK_DEFAULT id=23, [ Capabilities: INTERNET&NOT_RESTRICTED&TRUSTED Uid: 10130 AdministratorUids: [] RequestorUid: 10130 RequestorPackageName: com.savethechildren.learning_tree] ] with score 60 and providerId 3
06-04 12:04:47.604 478 572 D WifiNetworkFactory: got request NetworkRequest [ TRACK_DEFAULT id=23, [ Capabilities: INTERNET&NOT_RESTRICTED&TRUSTED Uid: 10130 AdministratorUids: [] RequestorUid: 10130 RequestorPackageName: com.savethechildren.learning_tree] ] with score 60 and providerId 3
06-04 12:04:47.609 842 842 D PhoneSwitcherNetworkRequstListener: got request NetworkRequest [ TRACK_DEFAULT id=23, [ Capabilities: INTERNET&NOT_RESTRICTED&TRUSTED Uid: 10130 AdministratorUids: [] RequestorUid: 10130 RequestorPackageName: com.savethechildren.learning_tree] ] with score 60 and providerId 3
06-04 12:04:47.616 842 842 D Telephony: isEmergencyPreferredAccount: subId=1, activeData=1
06-04 12:04:47.616 842 842 D Telephony: isEmergencyPreferredAccount: Device does not require preference.
06-04 12:04:47.634 273 1473 D goldfish-address-space: claimShared: Ask to claim region [0x3fc7e9000 0x3fcfd2000]
06-04 12:04:47.635 273 1473 D goldfish-address-space: claimShared: Ask to claim region [0x3fcfd2000 0x3fd7bb000]
06-04 12:04:47.636 273 1473 D goldfish-address-space: claimShared: Ask to claim region [0x3f4000000 0x3f47e9000]
06-04 12:04:47.637 295 295 E Layer : [Surface(name=Task=6)/@0xe583fb0 - animation-leash#0] No local sync point found
06-04 12:04:47.637 295 295 E Layer : [Surface(name=Task=1)/@0x31e6f4f - animation-leash#0] No local sync point found
06-04 12:04:47.647 638 638 V KeyguardUpdateMonitor: onSubscriptionInfoChanged()
06-04 12:04:47.647 638 638 V KeyguardUpdateMonitor: SubInfo:{id=1 iccId=89014103211118510720 simSlotIndex=0 carrierId=1 displayName=T-Mobile carrierName=T-Mobile nameSource=3 iconTint=-16746133 number=+15555215554 dataRoaming=0 iconBitmap=android.graphics.Bitmap@1f96e4a mcc=310 mnc=260 countryIso=us isEmbedded=false nativeAccessRules=null cardString=89014103211118510720 cardId=-1 isOpportunistic=false groupUUID=null isGroupDisabled=false profileClass=-1 ehplmns=null hplmns=null subscriptionType=0 groupOwner=null carrierConfigAccessRules=null areUiccApplicationsEnabled=true}
06-04 12:04:47.650 478 504 I ActivityTaskManager: Displayed com.savethechildren.learning_tree/com.ustadmobile.port.android.view.AppActivity: +97ms
06-04 12:04:47.651 2602 2604 I cmd : oneway function results will be dropped but finished with status OK and parcel size 4
06-04 12:04:47.653 295 295 E Layer : [Surface(name=Task=6)/@0xe583fb0 - animation-leash#0] No local sync point found
06-04 12:04:47.653 295 295 E Layer : [Surface(name=Task=1)/@0x31e6f4f - animation-leash#0] No local sync point found
06-04 12:04:47.654 2149 2149 D UstadViewModelFunKt$ustadViewModel$viewModel$invoke: ustadViewModel(): create viewmodel for: com.ustadmobile.core.viewmodel.redirect.RedirectViewModel
06-04 12:04:47.665 2149 2149 D UstadNavControllerPreCompose$onCollectNavCommand: NavCommandEffect: Navigate: Go to AddAccountSelectNewOrExisting
06-04 12:04:47.670 295 295 E Layer : [Surface(name=Task=6)/@0xe583fb0 - animation-leash#0] No local sync point found
06-04 12:04:47.670 295 295 E Layer : [Surface(name=Task=1)/@0x31e6f4f - animation-leash#0] No local sync point found
06-04 12:04:47.677 2149 2149 D UstadViewModelFunKt$ustadViewModel$viewModel$invoke: ustadViewModel(): create viewmodel for: com.ustadmobile.core.viewmodel.account.addaccountselectneworexisting.AddAccountSelectNewOrExistingViewModel
06-04 12:04:47.684 2149 2149 W GooglePlayServicesUtil: com.savethechildren.learning_tree requires the Google Play Store, but it is missing.
06-04 12:04:47.684 2149 2149 W PlayServicesImpl: Connection with Google Play Services was not successful. Connection result is: ConnectionResult{statusCode=SERVICE_INVALID, resolution=null, message=null}
06-04 12:04:47.685 2149 2149 E AddAccountSelectNewOrExistingViewModel$getCredentials$invokeSuspend: Error occurred: Failed to get credential: getCredentialAsync no provider dependencies found - please ensure the desired provider dependencies are added
06-04 12:04:47.687 295 295 E Layer : [Surface(name=Task=6)/@0xe583fb0 - animation-leash#0] No local sync point found
06-04 12:04:47.687 295 295 E Layer : [Surface(name=Task=1)/@0x31e6f4f - animation-leash#0] No local sync point found
06-04 12:04:47.703 295 295 E Layer : [Surface(name=Task=6)/@0xe583fb0 - animation-leash#0] No local sync point found
06-04 12:04:47.703 295 295 E Layer : [Surface(name=Task=1)/@0x31e6f4f - animation-leash#0] No local sync point found
06-04 12:04:47.720 2055 2075 D Benchmark: Result: Starting: Intent { act=android.intent.action.MAIN cat=[android.intent.category.LAUNCHER] flg=0x10008000 pkg=com.savethechildren.learning_tree cmp=com.savethechildren.learning_tree/com.ustadmobile.port.android.view.AppActivity }
06-04 12:04:47.720 2055 2075 D Benchmark: Status: ok
06-04 12:04:47.720 2055 2075 D Benchmark: LaunchState: WARM
06-04 12:04:47.720 2055 2075 D Benchmark: Activity: com.savethechildren.learning_tree/com.ustadmobile.port.android.view.AppActivity
06-04 12:04:47.720 2055 2075 D Benchmark: TotalTime: 97
06-04 12:04:47.720 2055 2075 D Benchmark: WaitTime: 98
06-04 12:04:47.720 2055 2075 D Benchmark: Complete
06-04 12:04:47.720 295 295 E Layer : [Surface(name=Task=6)/@0xe583fb0 - animation-leash#0] No local sync point found
06-04 12:04:47.720 295 295 E Layer : [Surface(name=Task=1)/@0x31e6f4f - animation-leash#0] No local sync point found
06-04 12:04:47.737 295 295 E Layer : [Surface(name=Task=6)/@0xe583fb0 - animation-leash#0] No local sync point found
06-04 12:04:47.737 295 295 E Layer : [Surface(name=Task=1)/@0x31e6f4f - animation-leash#0] No local sync point found
06-04 12:04:47.869 2055 2075 I System.out: 0 Flags,IntendedVsync,Vsync,OldestInputEvent,NewestInputEvent,HandleInputStart,AnimationStart,PerformTraversalsStart,DrawStart,SyncQueued,SyncStart,IssueDrawCommandsStart,SwapBuffers,FrameCompleted,DequeueBufferDuration,QueueBufferDuration,GpuCompleted,
06-04 12:04:47.869 2055 2075 I System.out: 1 1,120989743563,120989743563,9223372036854775807,0,120991096197,120991096417,120991096527,121046072787,121046493037,121046730454,121046757785,121050151316,121055025891,39475,1443694,121054827929,
06-04 12:04:47.869 2055 2075 I System.out: 2 0,121006413188,121056413186,9223372036854775807,0,121061182087,121061182397,121074974360,121075007302,121075778662,121075832874,121075865576,121076414708,121085548863,22312,99788,121089919410,
06-04 12:04:47.869 2055 2075 I System.out: 3 0,121073093150,121073093150,9223372036854775807,0,121078067736,121078068107,121142513441,121142564467,121181239196,121186162663,121186206646,121186906181,121199490042,20719,142638,121199442012,
06-04 12:04:47.869 2055 2075 I System.out: 4 0,121089762454,121189762450,9223372036854775807,0,121192084407,121192084848,121211953557,121212006356,121216618187,121216681136,121216738233,121219103571,121220534802,28263,112541,121220480359,
06-04 12:04:47.869 2055 2075 I System.out: 5 0,121206448854,121206448854,9223372036854775807,0,121217773219,121217773670,121218680034,121218718707,121220599233,121220644929,121220699071,121222980560,121231266841,518365,395854,121234962500,
06-04 12:04:47.869 2055 2075 I System.out: 6 0,121223117736,121223117736,9223372036854775807,0,121223288249,121223289010,121224428854,121224468278,121225981974,121231311465,121231355998,121233152436,121242939278,7917828,115598,121234989310,
06-04 12:04:47.869 2055 2075 I System.out: 7 0,121239786699,121239786699,9223372036854775807,0,121240550396,121240550557,121241550156,121241591183,121244973803,121249077720,121249128415,121249684050,121265764986,14924592,132810,121250781604,
06-04 12:04:47.869 2055 2075 I System.out: 8 0,121256455506,121256455506,9223372036854775807,0,121257484858,121257485829,121258439032,121258478215,121261216694,121265815091,121265858572,121266360356,121280767575,12824964,81093,121267903758,
06-04 12:04:47.869 2055 2075 I System.out: 9 0,121273124293,121273124293,9223372036854775807,0,121273771851,121273772002,121274717159,121274741114,121276249260,121280823621,121280865599,121281423488,121299621025,15903082,424778,121289921256,
06-04 12:04:47.869 2055 2075 I System.out: 10 0,121289793165,121289793165,9223372036854775807,0,121290223615,121290224487,121291026254,121291075186,121293444150,121299673824,121299706856,121300300061,121310374624,7219053,1203353,121306593024,
06-04 12:04:47.869 2055 2075 I System.out: 11 0,121306462053,121306462053,9223372036854775807,0,121307898548,121307898719,121308751582,121308782721,121310944586,121310988739,121311034665,121311528824,121327373416,13951793,84248,121313385405,
06-04 12:04:47.869 2055 2075 I System.out: 12 0,121323130838,121323130838,9223372036854775807,0,121323287704,121323288566,121326082058,121326124438,121327665956,121328241839,121328272327,121328767107,121343555503,11107294,1378152,121332400228,
06-04 12:04:47.869 2055 2075 I System.out: 13 0,121339799576,121339799576,9223372036854775807,0,121352755852,121352756613,121353962361,121353980855,121355375979,121355429519,121355458333,121356056538,121364887463,5678477,161364,121373252932,
06-04 12:04:47.869 2055 2075 I System.out: 14 0,121356468216,121356468216,9223372036854775807,0,121356913550,121356914040,121365570397,121365613919,121381230372,121381282580,121381308829,121381876577,121387730844,33954,2157316,121387650483,
06-04 12:04:47.869 2055 2075 I System.out: 15 0,121373136920,121373136920,9223372036854775807,0,121385514537,121385514878,121386137578,121386171873,121387637559,121387768765,121387810374,121388374024,121397018938,3830242,88977,121402345794,
06-04 12:04:47.869 2055 2075 I System.out: 16 0,121389805539,121389805539,9223372036854775807,0,121390420131,121390420531,121391096543,121391141026,121392833058,121397144745,121397189689,121397790940,121413207166,10751015,1780077,121402416257,
06-04 12:04:47.869 2055 2075 I System.out: 17 0,121406459405,121406459405,9223372036854775807,0,121407965531,121407967134,121409086048,121409130441,121410828163,121413328234,121413373699,121413894218,121427437273,8690661,177955,121423284975,
06-04 12:04:47.869 2055 2075 I System.out: 18 0,121423128155,121423128155,9223372036854775807,0,121423435959,121423436911,121424370005,121424408498,121425685008,121427493589,121427563099,121428140275,121444321930,12916917,150824,121439937657,
06-04 12:04:47.869 2055 2075 I System.out: 19 0,121439796946,121439796946,9223372036854775807,0,121440112586,121440113978,121440877514,121440915796,121442214147,121444371514,121444416989,121444928932,121459038030,9666586,1529926,121449326059,
06-04 12:04:47.869 2055 2075 I System.out: 20 0,121456465719,121456465719,9223372036854775807,0,121456805723,121456806875,121457679246,121457723128,121459186029,121459300825,121459345799,121459894210,121476493632,13008409,141015,121463445908,
06-04 12:04:47.869 2055 2075 I System.out: 21 0,121473134500,121473134500,9223372036854775807,0,121473415504,121473416456,121474205058,121474240034,121476182006,121476552923,121476586196,121477033016,121492034002,12581126,117882,121479400427,
06-04 12:04:47.869 2055 2075 I System.out: 22 0,121489803140,121489803140,9223372036854775807,0,121490100977,121490101849,121491010988,121491047817,121493076181,121493150391,121493199623,121493732104,121511598909,15107026,119796,121506662216,
06-04 12:04:47.869 2055 2075 I System.out: 23 0,121506471462,121506471462,9223372036854775807,0,121506688516,121506700278,121510602044,121510644274,121511848789,121511899434,121511932115,121512369548,121524316782,8902298,962189,121515371572,
06-04 12:04:47.869 2055 2075 I System.out: 24 0,121523141691,121523141691,9223372036854775807,0,121523305059,121523313185,121526908635,121526955283,121528877808,121528959331,121529014485,121529798940,121543028735,10956812,985423,121532031587,
06-04 12:04:47.869 2055 2075 I System.out: 25 0,121539810202,121539810202,9223372036854775807,0,121539929688,121539930369,121544793363,121544835612,121546003889,121546060636,121546093738,121546738530,121560055420,12138794,144942,121547873514,
06-04 12:04:47.869 2055 2075 I System.out: 26 0,121556478808,121556478808,9223372036854775807,0,121556644075,121556645348,121560638957,121560867827,121563213538,121563280624,121563309779,121563966924,121576059371,10263328,958442,121573275908,
06-04 12:04:47.869 2055 2075 I System.out: 27 0,121573147334,121573147334,9223372036854775807,0,121573279504,121573280266,121574821223,121574860046,121576405933,121576462680,121576517763,121577254258,121593117044,13957334,947000,121589948026,
06-04 12:04:47.869 2055 2075 I System.out: 28 0,121589815869,121589815869,9223372036854775807,0,121590050849,121590051670,121590494904,121590528427,121593286282,121593347067,121593375580,121593955481,121609487214,14567922,101220,121594890930,
06-04 12:04:47.869 2055 2075 I System.out: 29 0,121606484365,121606484365,9223372036854775807,0,121606679485,121606701577,121607143828,121607179796,121609661392,121609728308,121609757693,121610386946,121626568482,14384918,929738,121612149681,
06-04 12:04:47.869 2055 2075 I System.out: 30 0,121623152660,121623152660,9223372036854775807,0,121623403801,121623404422,121623878133,121623912478,121626722371,121626787133,121626832508,121627448436,121640732343,12322008,111199,121628359099,
06-04 12:04:47.869 2055 2075 I System.out: 31 0,121639820958,121639820958,9223372036854775807,0,121639954982,121639955643,121641036145,121641072263,121642522039,121642585017,121642618019,121643236031,121659505251,14493932,945898,121644977465,
06-04 12:04:47.869 2055 2075 I System.out: 32 0,121656489346,121656489346,9223372036854775807,0,121656614797,121656615488,121659690019,121659730836,121659802130,121659859488,121659886779,121660454727,121674102528,11813953,1039154,121662259129,
06-04 12:04:47.869 2055 2075 I System.out: 33 0,121673157708,121673157708,9223372036854775807,0,121673378868,121673379779,121673899827,121673928220,121675763030,121676051823,121676088663,121676716844,121692690889,14893063,87465,121689962529,
06-04 12:04:47.869 2055 2075 I System.out: 34 0,121689826040,121689826040,9223372036854775807,0,121689969713,121689970374,121694685409,121694724042,121696220305,121696289906,121696316246,121696951580,121707624929,8724064,1076354,0,
06-04 12:04:47.869 2055 2075 I System.out: 35 0,121706494331,121706494331,9223372036854775807,0,121706613628,121706613968,121708543506,121708604130,121709163021,121709232572,121709264963,121709911579,121724028813,12129587,937563,0,
06-04 12:04:47.869 2055 2075 I System.out: 36 0,121839834090,121839834090,9223372036854775807,0,121839940036,121839940407,121839940507,121840180148,121840241493,121840315382,121840346140,121841073247,121842096120,27481,147527,0,
06-04 12:04:47.869 2055 2075 I System.out: 0 Flags,IntendedVsync,Vsync,OldestInputEvent,NewestInputEvent,HandleInputStart,AnimationStart,PerformTraversalsStart,DrawStart,SyncQueued,SyncStart,IssueDrawCommandsStart,SwapBuffers,FrameCompleted,DequeueBufferDuration,QueueBufferDuration,GpuCompleted,
06-04 12:04:47.869 2055 2075 I System.out: 1 1,146806513885,146823180551,9223372036854775807,0,146828337108,146828337719,146828337819,146871947226,146872170055,146872576470,146872590115,146874319126,146879250258,26129,3768526,146878857960,
06-04 12:04:47.869 2055 2075 I System.out: 2 0,146839849675,146873183007,9223372036854775807,0,146883671100,146883671551,146892825613,146892848797,146893342044,146899298123,146899326246,146899810947,146901778136,471266,120527,146900974044,
06-04 12:04:47.869 2055 2075 I System.out: 3 0,146906522182,146906522182,9223372036854775807,0,146907241850,146907242330,146937024809,146937069894,146952216784,146952391853,146952446907,146953164787,146957861889,16000,47639,146970006754,
06-04 12:04:47.869 2055 2075 I System.out: 4 0,146923190006,146956523338,9223372036854775807,0,146959723769,146959724160,146966459655,146966495392,146968797771,146968877701,146968908188,146969408289,146975801009,5707592,93837,146973340693,
06-04 12:04:47.869 2055 2075 I System.out: 5 0,146973193399,146973193399,9223372036854775807,0,146974032423,146974032604,146975237399,146975269700,146976795739,146976842387,146976893042,146979786483,146992755077,7753038,231165,146984962234,
06-04 12:04:47.869 2055 2075 I System.out: 6 0,146989860682,146989860682,9223372036854775807,0,146990405589,146990405850,146991229899,146991253273,146992397334,146992828655,146992866867,146993348062,147011303974,13034468,63640,147006688495,
06-04 12:04:47.869 2055 2075 I System.out: 7 0,147006529355,147006529355,9223372036854775807,0,147006892078,147006892228,147011923468,147011958033,147016286843,147016372694,147016412990,147016866443,147024775183,5558332,134833,440233581006816796,
06-04 12:04:47.869 2055 2075 I System.out: 8 0,147023197089,147023197089,9223372036854775807,0,147023330968,147023332050,147025200673,147025227854,147026349553,147026391532,147026423893,147030472636,147043418748,7050026,139893,-827382181898803666,
06-04 12:04:47.869 2055 2075 I System.out: 9 0,147039864805,147039864805,9223372036854775807,0,147040018044,147040018955,147041604487,147041625827,147043768836,147044163999,147044195819,147044618504,147059633015,5912107,2937684,-765390796147175154,
06-04 12:04:47.869 2055 2075 D UiDevice: Waiting 10000ms for SearchCondition[hasObject=BySelector [TEXT='\QGet Started\E']].
06-04 12:04:47.869 2055 2075 D UiDevice: Searching for node with selector: BySelector [TEXT='\QGet Started\E'].
06-04 12:04:47.925 2149 2149 D AppActivity$onDestroy: AppActivity#onDestroy
06-04 12:04:47.928 987 987 D TaplTarget: sendStateEventToTest: 0
06-04 12:04:47.928 987 987 D RecentsOrientedState: current RecentsOrientedState: [this=RecentsOrientedState@5c28903 mOrientationHandler=PortraitPagedViewHandler@4e57080 mDisplayRotation=0 mTouchRotation=0 mRecentsActivityRotation=0 isRecentsActivityRotationAllowed=false mSystemRotation=true mFlags=299]
06-04 12:04:47.928 987 987 I chatty : uid=10118(com.android.launcher3) identical 2 lines
06-04 12:04:47.928 987 987 D RecentsOrientedState: current RecentsOrientedState: [this=RecentsOrientedState@5c28903 mOrientationHandler=PortraitPagedViewHandler@4e57080 mDisplayRotation=0 mTouchRotation=0 mRecentsActivityRotation=0 isRecentsActivityRotationAllowed=false mSystemRotation=true mFlags=299]
06-04 12:04:47.944 478 2384 D HostConnection: HostConnection::get() New Host Connection established 0x7e5153e1c150, tid 2384
06-04 12:04:47.946 478 2384 D HostConnection: HostComposition ext ANDROID_EMU_CHECKSUM_HELPER_v1 ANDROID_EMU_native_sync_v2 ANDROID_EMU_dma_v1 ANDROID_EMU_direct_mem ANDROID_EMU_host_composition_v1 ANDROID_EMU_host_composition_v2 ANDROID_EMU_vulkan ANDROID_EMU_deferred_vulkan_commands ANDROID_EMU_vulkan_null_optional_strings ANDROID_EMU_vulkan_create_resources_with_requirements ANDROID_EMU_YUV_Cache ANDROID_EMU_vulkan_ignored_handles ANDROID_EMU_has_shared_slots_host_memory_allocator ANDROID_EMU_vulkan_free_memory_sync ANDROID_EMU_vulkan_shader_float16_int8 ANDROID_EMU_vulkan_async_queue_submit ANDROID_EMU_sync_buffer_data ANDROID_EMU_vulkan_async_qsri ANDROID_EMU_read_color_buffer_dma GL_OES_EGL_image_external_essl3 GL_OES_vertex_array_object GL_KHR_texture_compression_astc_ldr ANDROID_EMU_host_side_tracing ANDROID_EMU_gles_max_version_3_0
06-04 12:04:47.947 478 2384 D EGL_emulation: eglCreateContext: 0x7e5143e926f0: maj 3 min 0 rcv 3
06-04 12:04:47.947 478 2384 D EGL_emulation: eglMakeCurrent: 0x7e5143e926f0: ver 3 0 (tinfo 0x7e50e3eba1e0) (first time)
06-04 12:04:48.541 2055 2075 D UiDevice: Searching for node with selector: BySelector [TEXT='\QGet Started\E'].
06-04 12:04:52.330 2055 2075 I chatty : uid=10131(com.ustadmobile.app_android_baselineprofile) roidJUnitRunner identical 32 lines
06-04 12:04:52.433 2055 2075 D UiDevice: Searching for node with selector: BySelector [TEXT='\QGet Started\E'].
06-04 12:04:52.445 350 350 I perfetto: probes_producer.cc:329 Producer stop (id=4)
06-04 12:04:52.445 350 350 I perfetto: ftrace_procfs.cc:183 disabled ftrace
06-04 12:04:52.446 361 361 I perfetto: ng_service_impl.cc:1948 Tracing session 4 ended, total sessions:0
06-04 12:04:52.536 2055 2075 D UiDevice: Searching for node with selector: BySelector [TEXT='\QGet Started\E'].
06-04 12:04:57.796 2055 2075 I chatty : uid=10131(com.ustadmobile.app_android_baselineprofile) roidJUnitRunner identical 51 lines
06-04 12:04:57.899 2055 2075 D UiDevice: Searching for node with selector: BySelector [TEXT='\QGet Started\E'].
06-04 12:04:58.112 1168 1844 I Dialer : OmtpVvmCarrierCfgHlpr - OmtpEvent:CONFIG_STATUS_SMS_TIME_OUT
06-04 12:04:58.112 1168 1168 I Dialer : RetryPolicy - discarding deferred status: configuration_state=4
06-04 12:04:58.113 1168 1168 I Dialer : VvmTaskExecutor - no more tasks, stopping service if no task are added in 5000 millis
06-04 12:04:58.113 1168 1168 I Dialer : VvmTaskReceiver - task received
06-04 12:04:58.113 1168 1168 I Dialer : VvmTaskReceiver - TaskExecutor already running
06-04 12:04:58.113 1168 1168 I Dialer : Task.createTask - create task:com.android.voicemail.impl.ActivationTask
06-04 12:04:58.113 1168 1168 I Dialer : RetryPolicy - retry #2 for com.android.voicemail.impl.ActivationTask@82869be queued, executing in 5000
06-04 12:04:58.113 1168 1168 I Dialer : VvmTaskExecutor - com.android.voicemail.impl.ActivationTask@82869be added
06-04 12:04:58.113 1168 1168 I Dialer : VvmTaskExecutor - minimal wait time:5000
06-04 12:04:58.113 1168 1168 I Dialer : VvmTaskExecutor - sleep for 5000 millis
06-04 12:04:58.901 2055 2075 D UiDevice: Retrieving node with selector: BySelector [TEXT='\QGet Started\E'].
06-04 12:04:58.904 2055 2075 D UiDevice: Node not found with selector: BySelector [TEXT='\QGet Started\E'].
06-04 12:04:59.058 2149 2170 D UstadCache: CacheTrimmer: Trim cache run: max (evictable) size = 100000000 bytes
06-04 12:04:59.059 2149 2170 V UstadCache: CacheTrimmer: deleting
06-04 12:05:00.001 638 638 D KeyguardClockSwitch: Updating clock: 1205
06-04 12:05:03.119 1168 1844 I Dialer : VvmTaskExecutor - executing task com.android.voicemail.impl.ActivationTask@82869be
06-04 12:05:03.119 1168 1844 I Dialer : PreOMigrationHandler - ComponentInfo{com.android.phone/com.android.services.telephony.TelephonyConnectionService}, ***, UserHandle{0} already migrated
06-04 12:05:03.125 1305 1879 I VoicemailNotifier: receivers for android.intent.action.PROVIDER_CHANGED :[]
06-04 12:05:03.125 1168 1844 I Dialer : VvmActivationTask - VVM content provider configured - vvm_type_cvvm
06-04 12:05:03.126 1168 1844 I Dialer : OmtpVvmCarrierCfgHlpr - OmtpEvent:CONFIG_ACTIVATING
06-04 12:05:03.128 1305 1879 I VoicemailNotifier: receivers for android.intent.action.PROVIDER_CHANGED :[]
06-04 12:05:03.131 842 1096 D SmsNumberUtils: enter filterDestAddr. destAddr="[BajqU4K5_YhSYbs-7QUn0dOwcmI]"
06-04 12:05:03.131 842 1096 D SmsNumberUtils: destAddr is not formatted.
06-04 12:05:03.131 842 1096 D SmsNumberUtils: leave filterDestAddr, new destAddr="[BajqU4K5_YhSYbs-7QUn0dOwcmI]"
06-04 12:05:03.904 2055 2075 D Benchmark: Profile Installer - Save Profile
06-04 12:05:03.911 2149 2149 I Process : Sending signal. PID: 2149 SIG: 10
06-04 12:05:03.911 2149 2149 D ProfileInstaller:
06-04 12:05:03.911 2149 2157 I n.learning_tre: Thread[3,tid=2157,WaitingInMainSignalCatcherLoop,Thread*=0x7e5233e1a010,peer=0x13381810,"Signal Catcher"]: reacting to signal 10
06-04 12:05:03.911 2149 2157 I n.learning_tre:
06-04 12:05:03.911 2149 2157 I n.learning_tre: SIGUSR1 forcing GC (no HPROF) and profile save
06-04 12:05:03.912 2638 2640 I cmd : oneway function results will be dropped but finished with status OK and parcel size 4
06-04 12:05:03.923 2149 2157 I n.learning_tre: Explicit concurrent copying GC freed 132668(4960KB) AllocSpace objects, 5(132KB) LOS objects, 49% free, 6117KB/11MB, paused 7us total 11.714ms
06-04 12:05:04.420 2055 2075 D Benchmark: Killing process com.savethechildren.learning_tree
06-04 12:05:04.420 2055 2075 D UiDevice: Executing shell command: killall com.savethechildren.learning_tree
06-04 12:05:04.450 478 535 I PackageDexOptimizer: Running dexopt (dexoptNeeded=-3) on: /data/app/~~YydvtuG-I1K6uwq-gJBazQ==/com.savethechildren.learning_tree-1CMBwdveIrDtkv3DFsnSwg==/base.apk pkg=com.savethechildren.learning_tree isa=x86_64 dexoptFlags=boot_complete,profile_guided,force,enable_hidden_api_checks targetFilter=speed-profile oatDir=/data/app/~~YydvtuG-I1K6uwq-gJBazQ==/com.savethechildren.learning_tree-1CMBwdveIrDtkv3DFsnSwg==/oat classLoaderContext=PCL[]{PCL[/system_ext/framework/androidx.window.sidecar.jar]}
06-04 12:05:04.451 380 380 V installd: DexInv: --- BEGIN '/data/app/~~YydvtuG-I1K6uwq-gJBazQ==/com.savethechildren.learning_tree-1CMBwdveIrDtkv3DFsnSwg==/base.apk' ---
06-04 12:05:04.457 2652 2652 W dex2oat32: Unexpected CPU variant for X86 using defaults: x86_64
06-04 12:05:04.545 2652 2652 I dex2oat32: /apex/com.android.art/bin/dex2oat32 --input-vdex-fd=9 --output-vdex-fd=10 --updatable-bcp-packages-file=/system/etc/updatable-bcp-packages.txt --resolve-startup-const-strings=true --max-image-block-size=524288 --compiler-filter=speed-profile --profile-file-fd=12 --classpath-dir=/data/app/~~YydvtuG-I1K6uwq-gJBazQ==/com.savethechildren.learning_tree-1CMBwdveIrDtkv3DFsnSwg== --class-loader-context=PCL[]{PCL[/system_ext/framework/androidx.window.sidecar.jar]} --generate-mini-debug-info --compilation-reason=unknown
06-04 12:05:04.545 2652 2652 I dex2oat32: setting boot class path to /apex/com.android.art/javalib/core-oj.jar:/apex/com.android.art/javalib/core-libart.jar:/apex/com.android.art/javalib/core-icu4j.jar:/apex/com.android.art/javalib/okhttp.jar:/apex/com.android.art/javalib/bouncycastle.jar:/apex/com.android.art/javalib/apache-xml.jar:/system/framework/framework.jar:/system/framework/ext.jar:/system/framework/telephony-common.jar:/system/framework/voip-common.jar:/system/framework/ims-common.jar:/system/framework/framework-atb-backward-compatibility.jar
06-04 12:05:08.978 2652 2652 W dex2oat32: Accessing hidden method Landroid/graphics/Canvas;->drawPatch(Landroid/graphics/NinePatch;Landroid/graphics/Rect;Landroid/graphics/Paint;)V (greylist-max-o, linking, denied)
06-04 12:05:08.978 2652 2652 W dex2oat32: Accessing hidden method Landroid/graphics/Canvas;->drawPatch(Landroid/graphics/NinePatch;Landroid/graphics/RectF;Landroid/graphics/Paint;)V (greylist-max-o, linking, denied)
06-04 12:05:08.982 2652 2654 W dex2oat32: Accessing hidden method Landroid/graphics/Bitmap;->getHardwareBuffer()Landroid/hardware/HardwareBuffer; (blacklist, linking, denied)
06-04 12:05:09.098 2652 2652 W dex2oat32: Accessing hidden method Landroid/app/job/JobParameters;->getStopReason()I (greylist-max-o, linking, denied)
06-04 12:05:10.908 2652 2652 I dex2oat32: Explicit concurrent copying GC freed 277745(40MB) AllocSpace objects, 0(0B) LOS objects, 49% free, 2216KB/4433KB, paused 12us total 7.008ms
06-04 12:05:10.934 2652 2652 W dex2oat32: Accessing hidden field Ljava/nio/file/FileSystemException;->file:Ljava/lang/String; (greylist-max-o, linking, denied)
06-04 12:05:10.934 2652 2652 W dex2oat32: Accessing hidden field Ljava/nio/file/FileSystemException;->other:Ljava/lang/String; (greylist-max-o, linking, denied)
06-04 12:05:10.934 2652 2652 W dex2oat32: Accessing hidden field Ljava/nio/file/InvalidPathException;->index:I (greylist-max-o, linking, denied)
06-04 12:05:10.934 2652 2652 W dex2oat32: Accessing hidden field Ljava/nio/file/InvalidPathException;->input:Ljava/lang/String; (greylist-max-o, linking, denied)
06-04 12:05:10.935 2652 2652 W dex2oat32: Accessing hidden method Landroid/graphics/Bitmap;->getHardwareBuffer()Landroid/hardware/HardwareBuffer; (blacklist, linking, denied)
06-04 12:05:10.935 2652 2652 W dex2oat32: Accessing hidden method Landroid/graphics/Canvas;->drawPatch(Landroid/graphics/NinePatch;Landroid/graphics/Rect;Landroid/graphics/Paint;)V (greylist-max-o, linking, denied)
06-04 12:05:10.935 2652 2652 W dex2oat32: Accessing hidden method Landroid/graphics/Canvas;->drawPatch(Landroid/graphics/NinePatch;Landroid/graphics/RectF;Landroid/graphics/Paint;)V (greylist-max-o, linking, denied)
06-04 12:05:10.946 2652 2652 W dex2oat32: Accessing hidden method Landroid/app/job/JobParameters;->getStopReason()I (greylist-max-o, linking, denied)
06-04 12:05:11.860 2652 2652 I dex2oat32: dex2oat took 7.403s (9.239s cpu) (threads: 2) arena alloc=3975KB (4071408B) java alloc=2232KB (2286104B) native alloc=81MB (85883008B) free=82MB (86012000B)
06-04 12:05:11.875 380 380 V installd: DexInv: --- END '/data/app/~~YydvtuG-I1K6uwq-gJBazQ==/com.savethechildren.learning_tree-1CMBwdveIrDtkv3DFsnSwg==/base.apk' (success) ---
06-04 12:05:11.880 2648 2650 I cmd : oneway function results will be dropped but finished with status OK and parcel size 4
06-04 12:05:11.889 2055 2075 D Benchmark: Reference profile location: /data/misc/profiles/ref/com.savethechildren.learning_tree/primary.prof
06-04 12:05:11.909 2055 2075 D Benchmark: APK Path: /data/app/~~YydvtuG-I1K6uwq-gJBazQ==/com.savethechildren.learning_tree-1CMBwdveIrDtkv3DFsnSwg==/base.apk
06-04 12:05:11.909 2055 2075 D Benchmark: Converting to human readable profile format
06-04 12:05:11.909 2055 2075 D Benchmark: Using profile location: /data/misc/profiles/ref/com.savethechildren.learning_tree/primary.prof
06-04 12:05:12.162 2680 2680 W profman : profman took 244.861ms
06-04 12:05:12.182 2055 2075 D Benchmark: Using profile location: /data/misc/profiles/cur/0/com.savethechildren.learning_tree/primary.prof
06-04 12:05:12.443 2691 2691 W profman : profman took 239.914ms
06-04 12:05:13.302 2055 2075 D Benchmark: Unstable profiles during iteration 4
06-04 12:05:13.302 2055 2075 D Benchmark: Killing package com.savethechildren.learning_tree
06-04 12:05:13.302 2055 2075 D Benchmark: Killing process com.savethechildren.learning_tree
06-04 12:05:13.302 2055 2075 D UiDevice: Executing shell command: killall com.savethechildren.learning_tree
06-04 12:05:13.308 2055 2075 D Benchmark: Compile iteration (5) for com.savethechildren.learning_tree
06-04 12:05:13.308 2055 2075 D UiDevice: Pressing home button.
06-04 12:05:13.323 638 638 V ShadeControllerImpl: NotificationShadeWindow: com.android.systemui.statusbar.phone.NotificationShadeWindowView{90561f7 I.E...... ......ID 0,0-1080,1920} canPanelBeCollapsed(): false
06-04 12:05:13.323 478 498 D EventSequenceValidator: inc AccIntentStartedEvents to 2
06-04 12:05:13.324 478 496 W InputReader: Device virtio_input_multi_touch_10 is associated with display ADISPLAY_ID_NONE.
06-04 12:05:13.324 478 496 W InputReader: Device virtio_input_multi_touch_7 is associated with display ADISPLAY_ID_NONE.
06-04 12:05:13.324 478 496 W InputReader: Device virtio_input_multi_touch_11 is associated with display ADISPLAY_ID_NONE.
06-04 12:05:13.324 478 496 W InputReader: Device virtio_input_multi_touch_5 is associated with display ADISPLAY_ID_NONE.
06-04 12:05:13.324 478 496 W InputReader: Device virtio_input_multi_touch_2 is associated with display ADISPLAY_ID_NONE.
06-04 12:05:13.324 478 496 W InputReader: Device virtio_input_multi_touch_6 is associated with display ADISPLAY_ID_NONE.
06-04 12:05:13.324 478 496 W InputReader: Device virtio_input_multi_touch_8 is associated with display ADISPLAY_ID_NONE.
06-04 12:05:13.324 478 496 W InputReader: Device virtio_input_multi_touch_9 is associated with display ADISPLAY_ID_NONE.
06-04 12:05:13.324 478 496 W InputReader: Device virtio_input_multi_touch_3 is associated with display ADISPLAY_ID_NONE.
06-04 12:05:13.324 478 496 W InputReader: Device virtio_input_multi_touch_4 is associated with display ADISPLAY_ID_NONE.
06-04 12:05:13.324 478 496 W InputReader: Device virtio_input_multi_touch_10 is associated with display ADISPLAY_ID_NONE.
06-04 12:05:13.324 478 496 W InputReader: Device virtio_input_multi_touch_7 is associated with display ADISPLAY_ID_NONE.
06-04 12:05:13.324 478 496 W InputReader: Device virtio_input_multi_touch_11 is associated with display ADISPLAY_ID_NONE.
06-04 12:05:13.324 478 496 W InputReader: Device virtio_input_multi_touch_5 is associated with display ADISPLAY_ID_NONE.
06-04 12:05:13.324 478 496 W InputReader: Device virtio_input_multi_touch_2 is associated with display ADISPLAY_ID_NONE.
06-04 12:05:13.324 478 496 W InputReader: Device virtio_input_multi_touch_6 is associated with display ADISPLAY_ID_NONE.
06-04 12:05:13.324 478 496 W InputReader: Device virtio_input_multi_touch_8 is associated with display ADISPLAY_ID_NONE.
06-04 12:05:13.324 478 496 W InputReader: Device virtio_input_multi_touch_9 is associated with display ADISPLAY_ID_NONE.
06-04 12:05:13.324 478 496 W InputReader: Device virtio_input_multi_touch_3 is associated with display ADISPLAY_ID_NONE.
06-04 12:05:13.324 478 496 W InputReader: Device virtio_input_multi_touch_4 is associated with display ADISPLAY_ID_NONE.
06-04 12:05:13.326 361 361 I perfetto: ing_service_impl.cc:758 Configured tracing session 5, #sources:1, duration:5000 ms, #buffers:1, total buffer size:4096 KB, total sessions:1, uid:1071 session name: ""
06-04 12:05:13.326 350 350 I perfetto: probes_producer.cc:230 Ftrace setup (target_buf=5)
06-04 12:05:13.329 987 987 D TaplTarget: Launcher.onNewIntent: Intent { act=android.intent.action.MAIN cat=[android.intent.category.HOME] flg=0x10400100 cmp=com.android.launcher3/.uioverrides.QuickstepLauncher (has extras) }
06-04 12:05:13.339 273 1473 D goldfish-address-space: claimShared: Ask to claim region [0x3f47e9000 0x3f4fd2000]
06-04 12:05:13.340 273 1473 D goldfish-address-space: claimShared: Ask to claim region [0x3f4fd2000 0x3f57bb000]
06-04 12:05:13.345 273 1473 D goldfish-address-space: claimShared: Ask to claim region [0x3f57bb000 0x3f5fa4000]
06-04 12:05:13.347 350 350 I perfetto: ftrace_procfs.cc:176 enabled ftrace
06-04 12:05:13.349 273 1473 D goldfish-address-space: claimShared: Ask to claim region [0x3f5fa4000 0x3f678d000]
06-04 12:05:13.353 478 498 D EventSequenceValidator: dec AccIntentStartedEvents to 1
06-04 12:05:13.357 638 638 V ShadeControllerImpl: NotificationShadeWindow: com.android.systemui.statusbar.phone.NotificationShadeWindowView{90561f7 I.E...... ......ID 0,0-1080,1920} canPanelBeCollapsed(): false
06-04 12:05:13.360 478 504 D ArtManagerInternalImpl: /data/misc/iorapd/com.android.launcher3/30/com.android.launcher3.uioverrides.QuickstepLauncher/compiled_traces/compiled_trace.pb doesn't exist
06-04 12:05:14.085 2055 2075 I System.out: 0 Flags,IntendedVsync,Vsync,OldestInputEvent,NewestInputEvent,HandleInputStart,AnimationStart,PerformTraversalsStart,DrawStart,SyncQueued,SyncStart,IssueDrawCommandsStart,SwapBuffers,FrameCompleted,DequeueBufferDuration,QueueBufferDuration,GpuCompleted,
06-04 12:05:14.085 2055 2075 I System.out: 1 1,146806513885,146823180551,9223372036854775807,0,146828337108,146828337719,146828337819,146871947226,146872170055,146872576470,146872590115,146874319126,146879250258,26129,3768526,146878857960,
06-04 12:05:14.085 2055 2075 I System.out: 2 0,146839849675,146873183007,9223372036854775807,0,146883671100,146883671551,146892825613,146892848797,146893342044,146899298123,146899326246,146899810947,146901778136,471266,120527,146900974044,
06-04 12:05:14.085 2055 2075 I System.out: 3 0,146906522182,146906522182,9223372036854775807,0,146907241850,146907242330,146937024809,146937069894,146952216784,146952391853,146952446907,146953164787,146957861889,16000,47639,146970006754,
06-04 12:05:14.085 2055 2075 I System.out: 4 0,146923190006,146956523338,9223372036854775807,0,146959723769,146959724160,146966459655,146966495392,146968797771,146968877701,146968908188,146969408289,146975801009,5707592,93837,146973340693,
06-04 12:05:14.085 2055 2075 I System.out: 5 0,146973193399,146973193399,9223372036854775807,0,146974032423,146974032604,146975237399,146975269700,146976795739,146976842387,146976893042,146979786483,146992755077,7753038,231165,146984962234,
06-04 12:05:14.085 2055 2075 I System.out: 6 0,146989860682,146989860682,9223372036854775807,0,146990405589,146990405850,146991229899,146991253273,146992397334,146992828655,146992866867,146993348062,147011303974,13034468,63640,147006688495,
06-04 12:05:14.085 2055 2075 I System.out: 7 0,147006529355,147006529355,9223372036854775807,0,147006892078,147006892228,147011923468,147011958033,147016286843,147016372694,147016412990,147016866443,147024775183,5558332,134833,147023324936,
06-04 12:05:14.085 2055 2075 I System.out: 8 0,147023197089,147023197089,9223372036854775807,0,147023330968,147023332050,147025200673,147025227854,147026349553,147026391532,147026423893,147030472636,147043418748,7050026,139893,147036340098,
06-04 12:05:14.085 2055 2075 I System.out: 9 0,147039864805,147039864805,9223372036854775807,0,147040018044,147040018955,147041604487,147041625827,147043768836,147044163999,147044195819,147044618504,147059633015,5912107,2937684,147052032103,
06-04 12:05:14.085 2055 2075 I System.out: 10 0,147056532506,147056532506,9223372036854775807,0,147057024871,147057025101,147058710150,147058742350,147061091738,147064714169,147064754264,147065436407,147079560364,12509091,103816,147067002652,
06-04 12:05:14.085 2055 2075 I System.out: 11 0,147073200159,147073200159,9223372036854775807,0,147078101931,147078102903,147078868393,147078896976,147080696981,147080746734,147080777302,147081941371,147092225758,8601073,93736,147089999993,
06-04 12:05:14.085 2055 2075 I System.out: 12 0,147089867698,147089867698,9223372036854775807,0,147090124647,147090124868,147091423299,147091444339,147092979766,147093021434,147093051120,147093578361,147109682752,10156016,1530377,147099493653,
06-04 12:05:14.085 2055 2075 I System.out: 13 0,147106535356,147106535356,9223372036854775807,0,147106658195,147106659086,147108787057,147108814599,147110155430,147110701136,147110765347,147111408176,147129632372,12725467,185519,147123350290,
06-04 12:05:14.085 2055 2075 I System.out: 14 0,147123203815,147123203815,9223372036854775807,0,147123373654,147123374215,147128684510,147128711561,147129923740,147129969035,147129997198,147131272466,147144034792,9628514,90711,147139989767,
06-04 12:05:14.085 2055 2075 I System.out: 15 0,147139871474,147139871474,9223372036854775807,0,147142340707,147142340847,147143049971,147143076030,147144028420,147144079807,147144277809,147145898817,147158079350,10029328,104246,147148017872,
06-04 12:05:14.085 2055 2075 I System.out: 16 0,147156539061,147156539061,9223372036854775807,0,147164751946,147164752137,147165054034,147165071848,147166719536,147166774970,147166814965,147167191593,147175894557,6031932,648730,147169829243,
06-04 12:05:14.085 2055 2075 I System.out: 17 0,147173206660,147173206660,9223372036854775807,0,147173325917,147173326408,147174904285,147174933500,147176047795,147176108600,147176140560,147176641151,147194788473,15522116,474762,147179235880,
06-04 12:05:14.085 2055 2075 I System.out: 18 0,147189874151,147189874151,9223372036854775807,0,147190021780,147190022802,147193862061,147193886837,147195003447,147195041278,147195064742,147195416904,147210936285,13098338,398229,147197794325,
06-04 12:05:14.085 2055 2075 I System.out: 19 0,147206541735,147206541735,9223372036854775807,0,147206694108,147206694189,147210100203,147210134537,147211133586,147211179111,147211212464,147211758401,147228421892,14355722,91181,147223332212,
06-04 12:05:14.085 2055 2075 I System.out: 20 0,147223209172,147223209172,9223372036854775807,0,147223381275,147223382257,147227385764,147227427573,147228623932,147228671271,147228706387,147229174047,147243154784,11761604,91302,147240041009,
06-04 12:05:14.085 2055 2075 I System.out: 21 0,147239877321,147239877321,9223372036854775807,0,147240040178,147240041160,147243732520,147243764721,147244888764,147244945361,147244973724,147245474015,147257518973,9523186,335972,147256676689,
06-04 12:05:14.085 2055 2075 I System.out: 22 0,147256544850,147256544850,9223372036854775807,0,147256678081,147256678833,147257989066,147258020776,147259043479,147259292878,147259325970,147259727365,147276071025,14026864,255370,147273330713,
06-04 12:05:14.085 2055 2075 I System.out: 23 0,147273212328,147273212328,9223372036854775807,0,147273328799,147273329561,147276501715,147276533555,147277417667,147277475296,147277504290,147277906567,147292722454,12667388,124845,147280022114,
06-04 12:05:14.085 2055 2075 I System.out: 24 0,147289879701,147289879701,9223372036854775807,0,147290021315,147290022367,147294394969,147294426458,147295531236,147295609543,147295649929,147296245889,147309622040,12482149,119525,147297105295,
06-04 12:05:14.085 2055 2075 I System.out: 25 0,147306547153,147306547153,9223372036854775807,0,147306695507,147306696299,147309313700,147309349157,147310476707,147310534225,147310563280,147311216879,147326336568,14148543,252815,147323366112,
06-04 12:05:14.085 2055 2075 I System.out: 26 0,147323214581,147323214581,9223372036854775807,0,147323374618,147323375580,147327049408,147327099212,147328061331,147328130070,147328172099,147328784200,147342876096,12311720,969052,147330528780,
06-04 12:05:14.085 2055 2075 I System.out: 27 0,147339882017,147339882017,9223372036854775807,0,147340047588,147340048500,147343466496,147343500040,147344446890,147344507855,147344538753,147345146075,147357738291,10822519,934707,147356710218,
06-04 12:05:14.085 2055 2075 I System.out: 28 0,147356549884,147356549884,9223372036854775807,0,147356723934,147356725046,147358014761,147358068041,147359531924,147360010103,147360053294,147361465259,147374278742,11197034,152426,147363043767,
06-04 12:05:14.085 2055 2075 I System.out: 29 0,147373217286,147373217286,9223372036854775807,0,147373529723,147373530976,147374015226,147374051284,147375239849,147375293520,147375567535,147376333826,147393057771,15366794,169098,147377649219,
06-04 12:05:14.085 2055 2075 I System.out: 30 0,147389884659,147389884659,9223372036854775807,0,147390043764,147390044616,147393326196,147393372914,147394538796,147394620019,147394656016,147395350001,147409426939,12033887,1012985,147397344862,
06-04 12:05:14.085 2055 2075 I System.out: 31 0,147406552077,147406552077,9223372036854775807,0,147406672240,147406673051,147409660348,147409711274,147410761749,147410839666,147410873660,147411481503,147426032552,12655876,730203,147413324648,
06-04 12:05:14.085 2055 2075 I System.out: 32 0,147423219457,147423219457,9223372036854775807,0,147423374945,147423375917,147424519347,147424559332,147424642529,147426079982,147426116741,147426873814,147443007941,14784459,209825,147440065418,
06-04 12:05:14.085 2055 2075 I System.out: 33 0,147439886745,147439886745,9223372036854775807,0,147440106575,147440107818,147443319917,147443349853,147444417872,147444476802,147444506578,147445321841,147460231956,13128655,998277,147447064398,
06-04 12:05:14.085 2055 2075 I System.out: 34 0,147456554137,147456554137,9223372036854775807,0,147456712238,147456713220,147462056136,147462092985,147463396076,147463465576,147463502145,147464237989,147476462724,10673238,554533,1924618579685082084,
06-04 12:05:14.085 2055 2075 I System.out: 35 0,147473221411,147473221411,9223372036854775807,0,147473394355,147473395156,147477242300,147477300480,147477805679,147477872325,147477909625,147478632023,147490908837,11228182,169168,2078757996228403584,
06-04 12:05:14.085 2055 2075 I System.out: 36 0,147673224194,147673224194,9223372036854775807,0,147673331189,147673331780,147673331920,147673586819,147673641683,147673725260,147673754445,147674377015,147676272539,29355,989811,5368796221853456077,
06-04 12:05:14.085 2055 2075 D Benchmark: Starting activity with command: am start -W "intent:#Intent;action=android.intent.action.MAIN;category=android.intent.category.LAUNCHER;launchFlags=0x10008000;package=com.savethechildren.learning_tree;component=com.savethechildren.learning_tree/com.ustadmobile.port.android.view.AppActivity;end"
06-04 12:05:14.097 478 498 D EventSequenceValidator: inc AccIntentStartedEvents to 2
06-04 12:05:14.098 361 361 I perfetto: ing_service_impl.cc:758 Configured tracing session 6, #sources:1, duration:5000 ms, #buffers:1, total buffer size:4096 KB, total sessions:2, uid:1071 session name: ""
06-04 12:05:14.098 350 350 I perfetto: probes_producer.cc:230 Ftrace setup (target_buf=6)
06-04 12:05:14.100 478 776 W InputReader: Device virtio_input_multi_touch_10 is associated with display ADISPLAY_ID_NONE.
06-04 12:05:14.100 478 776 W InputReader: Device virtio_input_multi_touch_7 is associated with display ADISPLAY_ID_NONE.
06-04 12:05:14.100 478 776 W InputReader: Device virtio_input_multi_touch_11 is associated with display ADISPLAY_ID_NONE.
06-04 12:05:14.100 478 776 W InputReader: Device virtio_input_multi_touch_5 is associated with display ADISPLAY_ID_NONE.
06-04 12:05:14.100 478 776 W InputReader: Device virtio_input_multi_touch_2 is associated with display ADISPLAY_ID_NONE.
06-04 12:05:14.100 478 776 W InputReader: Device virtio_input_multi_touch_6 is associated with display ADISPLAY_ID_NONE.
06-04 12:05:14.100 478 776 W InputReader: Device virtio_input_multi_touch_8 is associated with display ADISPLAY_ID_NONE.
06-04 12:05:14.100 478 776 W InputReader: Device virtio_input_multi_touch_9 is associated with display ADISPLAY_ID_NONE.
06-04 12:05:14.100 478 776 W InputReader: Device virtio_input_multi_touch_3 is associated with display ADISPLAY_ID_NONE.
06-04 12:05:14.100 478 776 W InputReader: Device virtio_input_multi_touch_4 is associated with display ADISPLAY_ID_NONE.
06-04 12:05:14.100 478 776 W InputReader: Device virtio_input_multi_touch_10 is associated with display ADISPLAY_ID_NONE.
06-04 12:05:14.100 478 776 W InputReader: Device virtio_input_multi_touch_7 is associated with display ADISPLAY_ID_NONE.
06-04 12:05:14.100 478 776 W InputReader: Device virtio_input_multi_touch_11 is associated with display ADISPLAY_ID_NONE.
06-04 12:05:14.100 478 776 W InputReader: Device virtio_input_multi_touch_5 is associated with display ADISPLAY_ID_NONE.
06-04 12:05:14.100 478 776 W InputReader: Device virtio_input_multi_touch_2 is associated with display ADISPLAY_ID_NONE.
06-04 12:05:14.100 478 776 W InputReader: Device virtio_input_multi_touch_6 is associated with display ADISPLAY_ID_NONE.
06-04 12:05:14.100 478 776 W InputReader: Device virtio_input_multi_touch_8 is associated with display ADISPLAY_ID_NONE.
06-04 12:05:14.100 478 776 W InputReader: Device virtio_input_multi_touch_9 is associated with display ADISPLAY_ID_NONE.
06-04 12:05:14.101 478 776 W InputReader: Device virtio_input_multi_touch_3 is associated with display ADISPLAY_ID_NONE.
06-04 12:05:14.101 478 776 W InputReader: Device virtio_input_multi_touch_4 is associated with display ADISPLAY_ID_NONE.
06-04 12:05:14.103 2149 2149 D AppActivity$onDestroy: AppActivity#onDestroy
06-04 12:05:14.108 273 1473 D goldfish-address-space: claimShared: Ask to claim region [0x3f4000000 0x3f47e9000]
06-04 12:05:14.112 2149 2149 W CustomTabsClient: Unable to find any Custom Tabs packages, you may need to add a element to your manifest. See the docs for CustomTabsClient#getPackageName.
